[INFO] fetching crate urtorrent-wire 0.14.3...
[INFO] testing urtorrent-wire-0.14.3 against 1.100.0-beta.1+cargoflags=--release for beta-release-1.100-2
[INFO] extracting crate urtorrent-wire 0.14.3 into /workspace/builds/worker-4-tc2/source
[INFO] started tweaking crates.io crate urtorrent-wire 0.14.3
[INFO] removed 0 missing tests
[INFO] finished tweaking crates.io crate urtorrent-wire 0.14.3
[INFO] tweaked toml for crates.io crate urtorrent-wire 0.14.3 written to /workspace/builds/worker-4-tc2/source/Cargo.toml
[INFO] validating manifest of crates.io crate urtorrent-wire 0.14.3 on toolchain 1.100.0-beta.1
[INFO] running `Command { std: CARGO_HOME="/workspace/cargo-home" RUSTUP_HOME="/workspace/rustup-home" "/workspace/cargo-home/bin/cargo" "+1.100.0-beta.1" "metadata" "--manifest-path" "Cargo.toml" "--no-deps", kill_on_drop: false }`
[INFO] crate crates.io crate urtorrent-wire 0.14.3 already has a lockfile, it will not be regenerated
[INFO] running `Command { std: CARGO_HOME="/workspace/cargo-home" RUSTUP_HOME="/workspace/rustup-home" "/workspace/cargo-home/bin/cargo" "+1.100.0-beta.1" "fetch" "--manifest-path" "Cargo.toml", kill_on_drop: false }`
[INFO] running `Command { std: "docker" "create" "-v" "/var/lib/crater-agent-workspace/builds/worker-4-tc2/source:/opt/rustwide/workdir:ro,Z" "-v" "/var/lib/crater-agent-workspace/builds/worker-4-tc2/target:/opt/rustwide/target:rw,Z" "-v" "/var/lib/crater-agent-workspace/cargo-home:/opt/rustwide/cargo-home:ro,Z" "-v" "/var/lib/crater-agent-workspace/rustup-home:/opt/rustwide/rustup-home:ro,Z" "-m" "1610612736" "--network" "none" "ghcr.io/rust-lang/crates-build-env/linux@sha256:77db811e55d90add9212f6832c23229e3de5f1c1f9905e8cb07319ea15df73ac" "sleep" "infinity", kill_on_drop: false }`
[INFO] [stdout] 32fbb45796bd959df6c358130f72dcad2f424614137073d69e9bf2bdf55fa841
[INFO] running `Command { std: "docker" "start" "32fbb45796bd959df6c358130f72dcad2f424614137073d69e9bf2bdf55fa841", kill_on_drop: false }`
[INFO] running `Command { std: "docker" "inspect" "32fbb45796bd959df6c358130f72dcad2f424614137073d69e9bf2bdf55fa841", kill_on_drop: false }`
[INFO] running `Command { std: "docker" "exec" "-e" "SOURCE_DIR=/opt/rustwide/workdir" "-e" "CARGO_HOME=/opt/rustwide/cargo-home" "-e" "RUSTUP_HOME=/opt/rustwide/rustup-home" "-e" "CARGO_TARGET_DIR=/opt/rustwide/target" "-w" "/opt/rustwide/workdir" "--user" "0:0" "32fbb45796bd959df6c358130f72dcad2f424614137073d69e9bf2bdf55fa841" "/opt/rustwide/cargo-home/bin/cargo" "+1.100.0-beta.1" "metadata" "--no-deps" "--format-version=1", kill_on_drop: false }`
[INFO] running `Command { std: "docker" "inspect" "32fbb45796bd959df6c358130f72dcad2f424614137073d69e9bf2bdf55fa841", kill_on_drop: false }`
[INFO] running `Command { std: "docker" "exec" "-e" "SOURCE_DIR=/opt/rustwide/workdir" "-e" "CARGO_HOME=/opt/rustwide/cargo-home" "-e" "RUSTUP_HOME=/opt/rustwide/rustup-home" "-e" "CARGO_TARGET_DIR=/opt/rustwide/target" "-e" "CARGO_INCREMENTAL=0" "-e" "RUST_BACKTRACE=full" "-e" "RUSTFLAGS=--cap-lints=warn" "-e" "RUSTDOCFLAGS=--cap-lints=warn" "-w" "/opt/rustwide/workdir" "--user" "0:0" "32fbb45796bd959df6c358130f72dcad2f424614137073d69e9bf2bdf55fa841" "/opt/rustwide/cargo-home/bin/cargo" "+1.100.0-beta.1" "build" "--frozen" "--message-format=json" "--release", kill_on_drop: false }`
[INFO] [stderr]    Compiling urtorrent-profile v0.14.3
[INFO] [stderr]    Compiling syn v3.0.6
[INFO] [stderr]    Compiling syn v2.0.119
[INFO] [stderr]    Compiling thiserror-impl v2.0.20
[INFO] [stderr]    Compiling thiserror v2.0.20
[INFO] [stderr]    Compiling urtorrent-bencode v0.14.3
[INFO] [stderr]    Compiling urtorrent-metainfo v0.14.3
[INFO] [stderr]    Compiling tracing-attributes v0.1.31
[INFO] [stderr]    Compiling tracing v0.1.44
[INFO] [stderr]    Compiling urtorrent-wire v0.14.3 (/opt/rustwide/workdir)
[INFO] [stderr] warning: unused dependency `tracing`
[INFO] [stderr]   --> Cargo.toml:19:15
[INFO] [stderr]    |
[INFO] [stderr] 19 | [dependencies.tracing]
[INFO] [stderr]    |               ^^^^^^^^
[INFO] [stderr]    |
[INFO] [stderr]    = note: `cargo::unused_dependencies` is set to `warn` by default
[INFO] [stderr] help: consider removing the dependency on `tracing`
[INFO] [stderr] warning: `urtorrent-wire` (manifest) generated 1 warning
[INFO] [stderr]     Finished `release` profile [optimized] target(s) in 9.67s
[INFO] running `Command { std: "docker" "inspect" "32fbb45796bd959df6c358130f72dcad2f424614137073d69e9bf2bdf55fa841", kill_on_drop: false }`
[INFO] running `Command { std: "docker" "exec" "-e" "SOURCE_DIR=/opt/rustwide/workdir" "-e" "CARGO_HOME=/opt/rustwide/cargo-home" "-e" "RUSTUP_HOME=/opt/rustwide/rustup-home" "-e" "CARGO_TARGET_DIR=/opt/rustwide/target" "-e" "CARGO_INCREMENTAL=0" "-e" "RUST_BACKTRACE=full" "-e" "RUSTFLAGS=--cap-lints=warn" "-e" "RUSTDOCFLAGS=--cap-lints=warn" "-w" "/opt/rustwide/workdir" "--user" "0:0" "32fbb45796bd959df6c358130f72dcad2f424614137073d69e9bf2bdf55fa841" "/opt/rustwide/cargo-home/bin/cargo" "+1.100.0-beta.1" "test" "--frozen" "--no-run" "--message-format=json" "--release", kill_on_drop: false }`
[INFO] [stderr]    Compiling getrandom v0.3.4
[INFO] [stderr]    Compiling ppv-lite86 v0.2.21
[INFO] [stderr]    Compiling rusty-fork v0.3.1
[INFO] [stderr]    Compiling rand_core v0.9.5
[INFO] [stderr]    Compiling rand v0.9.5
[INFO] [stderr]    Compiling rand_xorshift v0.4.0
[INFO] [stderr]    Compiling rand_chacha v0.9.0
[INFO] [stderr]    Compiling proptest v1.11.0
[INFO] [stderr]    Compiling urtorrent-wire v0.14.3 (/opt/rustwide/workdir)
[INFO] [stderr] warning: unused dependency `tracing`
[INFO] [stderr]   --> Cargo.toml:19:15
[INFO] [stderr]    |
[INFO] [stderr] 19 | [dependencies.tracing]
[INFO] [stderr]    |               ^^^^^^^^
[INFO] [stderr]    |
[INFO] [stderr]    = note: `cargo::unused_dependencies` is set to `warn` by default
[INFO] [stderr] help: consider removing the dependency on `tracing`
[INFO] [stderr] warning: `urtorrent-wire` (manifest) generated 1 warning
[INFO] [stderr]     Finished `release` profile [optimized] target(s) in 15.34s
[INFO] running `Command { std: "docker" "inspect" "32fbb45796bd959df6c358130f72dcad2f424614137073d69e9bf2bdf55fa841", kill_on_drop: false }`
[INFO] running `Command { std: "docker" "exec" "-e" "SOURCE_DIR=/opt/rustwide/workdir" "-e" "CARGO_HOME=/opt/rustwide/cargo-home" "-e" "RUSTUP_HOME=/opt/rustwide/rustup-home" "-e" "CARGO_TARGET_DIR=/opt/rustwide/target" "-e" "CARGO_INCREMENTAL=0" "-e" "RUST_BACKTRACE=full" "-e" "RUSTFLAGS=--cap-lints=warn" "-e" "RUSTDOCFLAGS=--cap-lints=warn" "-w" "/opt/rustwide/workdir" "--user" "0:0" "32fbb45796bd959df6c358130f72dcad2f424614137073d69e9bf2bdf55fa841" "/opt/rustwide/cargo-home/bin/cargo" "+1.100.0-beta.1" "test" "--frozen" "--release", kill_on_drop: false }`
[INFO] [stderr] warning: unused dependency `tracing`
[INFO] [stderr]   --> Cargo.toml:19:15
[INFO] [stderr]    |
[INFO] [stderr] 19 | [dependencies.tracing]
[INFO] [stderr]    |               ^^^^^^^^
[INFO] [stderr]    |
[INFO] [stderr]    = note: `cargo::unused_dependencies` is set to `warn` by default
[INFO] [stderr] help: consider removing the dependency on `tracing`
[INFO] [stderr] warning: `urtorrent-wire` (manifest) generated 1 warning
[INFO] [stderr]     Finished `release` profile [optimized] target(s) in 0.09s
[INFO] [stderr]      Running unittests src/lib.rs (/opt/rustwide/target/release/build/urtorrent-wire/d55d5d7f8eb85fce/out/urtorrent_wire-d55d5d7f8eb85fce)
[INFO] [stdout] 
[INFO] [stdout] running 44 tests
[INFO] [stdout] test conn::tests::a_finished_partial_torrent_says_upload_only ... ok
[INFO] [stdout] test conn::tests::allowed_fast_abuse_while_choked_ends_the_connection ... ok
[INFO] [stdout] test conn::tests::choke_spares_allowed_fast_and_cancel_is_rejected ... ok
[INFO] [stdout] test conn::tests::cancelled_requests_are_answered_once ... ok
[INFO] [stdout] test conn::tests::endless_requests_while_choked_end_the_connection ... ok
[INFO] [stdout] test conn::tests::extended_messages_need_ltep_and_ids_follow_peer_m ... ok
[INFO] [stdout] test conn::tests::have_state_tracking ... ok
[INFO] [stdout] test conn::tests::plain_peer_gets_bitfield_and_no_ltep ... ok
[INFO] [stdout] test ext::tests::metadata_roundtrip ... ok
[INFO] [stdout] test conn::tests::choke_semantics_with_and_without_fast ... ok
[INFO] [stdout] test conn::tests::initiator_handshake_then_first_messages ... ok
[INFO] [stdout] test conn::tests::self_connection_detected ... ok
[INFO] [stdout] test conn::tests::responder_waits_then_answers ... ok
[INFO] [stdout] test conn::tests::repeated_ext_handshake_merges ... ok
[INFO] [stdout] test conn::tests::peer_requests_while_we_choke_are_rejected_with_fast ... ok
[INFO] [stdout] test conn::tests::wrong_info_hash_rejected ... ok
[INFO] [stdout] test framer::tests::frames_across_chunks ... ok
[INFO] [stdout] test framer::tests::oversized_frame_rejected ... ok
[INFO] [stdout] test handshake::tests::roundtrip_and_partial ... ok
[INFO] [stdout] test framer::tests::whole_frames_are_not_copied ... ok
[INFO] [stdout] test identify::tests::azureus_style_names ... ok
[INFO] [stdout] test identify::tests::other_styles ... ok
[INFO] [stdout] test conn::tests::allowed_fast_skips_peer_pieces_and_covers_small_torrents ... ok
[INFO] [stdout] test ltep::tests::lenient_on_bad_types_strict_on_shape ... ok
[INFO] [stdout] test conn::tests::metadata_arrives_later ... ok
[INFO] [stdout] test framer::tests::many_small_frames_stay_bounded ... ok
[INFO] [stdout] test message::tests::all_variants_roundtrip ... ok
[INFO] [stdout] test conn::tests::request_block_flow ... ok
[INFO] [stdout] test priority::tests::bep40_vectors ... ok
[INFO] [stdout] test ext::tests::pex_roundtrip_and_shape ... ok
[INFO] [stdout] test ext::tests::upload_only ... ok
[INFO] [stdout] test fast::tests::bep6_reference_vector ... ok
[INFO] [stdout] test fast::tests::bounds ... ok
[INFO] [stdout] test priority::tests::crc32c_check_value ... ok
[INFO] [stdout] test priority::tests::same_ip_uses_ports_and_families_must_match ... ok
[INFO] [stdout] test message::tests::golden_encodings ... ok
[INFO] [stdout] test message::tests::decode_encode_is_identity ... ok
[INFO] [stdout] test conn::tests::a_piece_gained_during_the_handshake_is_in_the_bitfield ... ok
[INFO] [stdout] test conn::tests::dht_port_follows_the_have_state ... ok
[INFO] [stdout] test ltep::tests::roundtrip ... ok
[INFO] [stdout] test message::tests::decode_never_panics ... ok
[INFO] [stdout] test message::tests::bad_lengths_rejected ... ok
[INFO] [stdout] test handshake::tests::garbage_is_rejected_early ... ok
[INFO] [stdout] test framer::tests::stash_and_drain_for_the_handshake ... ok
[INFO] [stdout] 
[INFO] [stdout] test result: ok. 44 passed; 0 failed; 0 ignored; 0 measured; 0 filtered out; finished in 0.03s
[INFO] [stdout] 
[INFO] [stderr]      Running tests/replay.rs (/opt/rustwide/target/release/build/urtorrent-wire/653ed415647c49ba/out/replay-653ed415647c49ba)
[INFO] [stdout] 
[INFO] [stdout] running 8 tests
[INFO] [stdout] test qbt_handshake_peer_id_is_per_connection ... ok
[INFO] [stdout] test qbt_magnet_mode_matches_capture ... ok
[INFO] [stdout] test qbt_reserved_bits_match_capture ... ok
[INFO] [stdout] test replay_oracle_leeching_from_us ... ok
[INFO] [stdout] test qbt_ltep_handshake_is_byte_exact ... FAILED
[INFO] [stdout] test qbt_private_ltep_handshake_is_byte_exact ... FAILED
[INFO] [stdout] test allowed_fast_set_matches_oracle ... FAILED
[INFO] [stdout] test every_captured_frame_decodes ... FAILED
[INFO] [stdout] 
[INFO] [stdout] failures:
[INFO] [stdout] 
[INFO] [stdout] ---- qbt_ltep_handshake_is_byte_exact stdout ----
[INFO] [stdout] 
[INFO] [stdout] thread 'qbt_ltep_handshake_is_byte_exact' (550) panicked at tests/replay.rs:251:5:
[INFO] [stdout] checked 0 handshakes
[INFO] [stdout] stack backtrace:
[INFO] [stdout]    0:     0x5ba83669b021 - <<std[617be2ca0a6fd877]::sys::backtrace::BacktraceLock>::print::DisplayBacktrace as core[a373ad73a504971]::fmt::Display>::fmt
[INFO] [stdout]    1:     0x5ba8366b042a - core[a373ad73a504971]::fmt::write
[INFO] [stdout]    2:     0x5ba83669f23c - <alloc[2e1b2a31b91974c5]::vec::Vec<u8> as core[a373ad73a504971]::io::write::Write>::write_fmt
[INFO] [stdout]    3:     0x5ba836676f96 - std[617be2ca0a6fd877]::panicking::default_hook::{closure#0}
[INFO] [stdout]    4:     0x5ba836693359 - std[617be2ca0a6fd877]::panicking::default_hook
[INFO] [stdout]    5:     0x5ba836617d10 - test[aada8e7e76ba119b]::test_main_inner::{closure#0}
[INFO] [stdout]    6:     0x5ba836693512 - std[617be2ca0a6fd877]::panicking::panic_with_hook
[INFO] [stdout]    7:     0x5ba836677042 - std[617be2ca0a6fd877]::panicking::panic_handler::{closure#0}
[INFO] [stdout]    8:     0x5ba83666fbc9 - std[617be2ca0a6fd877]::sys::backtrace::__rust_end_short_backtrace::<std[617be2ca0a6fd877]::panicking::panic_handler::{closure#0}, !>
[INFO] [stdout]    9:     0x5ba836677c4d - __rustc[ea4f61d10b84890b]::rust_begin_unwind
[INFO] [stdout]   10:     0x5ba8366b0b5c - core[a373ad73a504971]::panicking::panic_fmt
[INFO] [stdout]   11:     0x5ba8365ff8c3 - <replay[78c272810156613e]::qbt_ltep_handshake_is_byte_exact::{closure#0} as core[a373ad73a504971]::ops::function::FnOnce<()>>::call_once
[INFO] [stdout]   12:     0x5ba83660b15b - test[aada8e7e76ba119b]::__rust_begin_short_backtrace::<core[a373ad73a504971]::result::Result<(), alloc[2e1b2a31b91974c5]::string::String>, fn() -> core[a373ad73a504971]::result::Result<(), alloc[2e1b2a31b91974c5]::string::String>>
[INFO] [stdout]   13:     0x5ba836618335 - test[aada8e7e76ba119b]::run_test::{closure#0}
[INFO] [stdout]   14:     0x5ba836611c24 - std[617be2ca0a6fd877]::sys::backtrace::__rust_begin_short_backtrace::<test[aada8e7e76ba119b]::run_test::{closure#1}, ()>
[INFO] [stdout]   15:     0x5ba83661b3c2 - <std[617be2ca0a6fd877]::thread::lifecycle::spawn_unchecked<test[aada8e7e76ba119b]::run_test::{closure#1}, ()>::{closure#1} as core[a373ad73a504971]::ops::function::FnOnce<()>>::call_once::{shim:vtable#0}
[INFO] [stdout]   16:     0x5ba83669a51f - <std[617be2ca0a6fd877]::sys::thread::unix::Thread>::new::thread_start
[INFO] [stdout]   17:     0x7ff38e48bdfa - <unknown>
[INFO] [stdout]   18:     0x7ff38e51f3d4 - clone
[INFO] [stdout]   19:                0x0 - <unknown>
[INFO] [stdout] 
[INFO] [stdout] ---- qbt_private_ltep_handshake_is_byte_exact stdout ----
[INFO] [stdout] 
[INFO] [stdout] thread 'qbt_private_ltep_handshake_is_byte_exact' (552) panicked at tests/replay.rs:370:5:
[INFO] [stdout] no private capture
[INFO] [stdout] stack backtrace:
[INFO] [stdout]    0:     0x5ba83669b021 - <<std[617be2ca0a6fd877]::sys::backtrace::BacktraceLock>::print::DisplayBacktrace as core[a373ad73a504971]::fmt::Display>::fmt
[INFO] [stdout]    1:     0x5ba8366b042a - core[a373ad73a504971]::fmt::write
[INFO] [stdout]    2:     0x5ba83669f23c - <alloc[2e1b2a31b91974c5]::vec::Vec<u8> as core[a373ad73a504971]::io::write::Write>::write_fmt
[INFO] [stdout]    3:     0x5ba836676f96 - std[617be2ca0a6fd877]::panicking::default_hook::{closure#0}
[INFO] [stdout]    4:     0x5ba836693359 - std[617be2ca0a6fd877]::panicking::default_hook
[INFO] [stdout]    5:     0x5ba836617d10 - test[aada8e7e76ba119b]::test_main_inner::{closure#0}
[INFO] [stdout]    6:     0x5ba836693512 - std[617be2ca0a6fd877]::panicking::panic_with_hook
[INFO] [stdout]    7:     0x5ba836677074 - std[617be2ca0a6fd877]::panicking::panic_handler::{closure#0}
[INFO] [stdout]    8:     0x5ba83666fbc9 - std[617be2ca0a6fd877]::sys::backtrace::__rust_end_short_backtrace::<std[617be2ca0a6fd877]::panicking::panic_handler::{closure#0}, !>
[INFO] [stdout]    9:     0x5ba836677c4d - __rustc[ea4f61d10b84890b]::rust_begin_unwind
[INFO] [stdout]   10:     0x5ba8366b0b5c - core[a373ad73a504971]::panicking::panic_fmt
[INFO] [stdout]   11:     0x5ba836601927 - <replay[78c272810156613e]::qbt_private_ltep_handshake_is_byte_exact::{closure#0} as core[a373ad73a504971]::ops::function::FnOnce<()>>::call_once
[INFO] [stdout]   12:     0x5ba83660b15b - test[aada8e7e76ba119b]::__rust_begin_short_backtrace::<core[a373ad73a504971]::result::Result<(), alloc[2e1b2a31b91974c5]::string::String>, fn() -> core[a373ad73a504971]::result::Result<(), alloc[2e1b2a31b91974c5]::string::String>>
[INFO] [stdout]   13:     0x5ba836618335 - test[aada8e7e76ba119b]::run_test::{closure#0}
[INFO] [stdout]   14:     0x5ba836611c24 - std[617be2ca0a6fd877]::sys::backtrace::__rust_begin_short_backtrace::<test[aada8e7e76ba119b]::run_test::{closure#1}, ()>
[INFO] [stdout]   15:     0x5ba83661b3c2 - <std[617be2ca0a6fd877]::thread::lifecycle::spawn_unchecked<test[aada8e7e76ba119b]::run_test::{closure#1}, ()>::{closure#1} as core[a373ad73a504971]::ops::function::FnOnce<()>>::call_once::{shim:vtable#0}
[INFO] [stdout]   16:     0x5ba83669a51f - <std[617be2ca0a6fd877]::sys::thread::unix::Thread>::new::thread_start
[INFO] [stdout]   17:     0x7ff38e48bdfa - <unknown>
[INFO] [stdout]   18:     0x7ff38e51f3d4 - clone
[INFO] [stdout]   19:                0x0 - <unknown>
[INFO] [stdout] 
[INFO] [stdout] ---- allowed_fast_set_matches_oracle stdout ----
[INFO] [stdout] 
[INFO] [stdout] thread 'allowed_fast_set_matches_oracle' (547) panicked at tests/replay.rs:315:5:
[INFO] [stdout] no capture with allowed_fast grants
[INFO] [stdout] stack backtrace:
[INFO] [stdout]    0:     0x5ba83669b021 - <<std[617be2ca0a6fd877]::sys::backtrace::BacktraceLock>::print::DisplayBacktrace as core[a373ad73a504971]::fmt::Display>::fmt
[INFO] [stdout]    1:     0x5ba8366b042a - core[a373ad73a504971]::fmt::write
[INFO] [stdout]    2:     0x5ba83669f23c - <alloc[2e1b2a31b91974c5]::vec::Vec<u8> as core[a373ad73a504971]::io::write::Write>::write_fmt
[INFO] [stdout]    3:     0x5ba836676f96 - std[617be2ca0a6fd877]::panicking::default_hook::{closure#0}
[INFO] [stdout]    4:     0x5ba836693359 - std[617be2ca0a6fd877]::panicking::default_hook
[INFO] [stdout]    5:     0x5ba836617d10 - test[aada8e7e76ba119b]::test_main_inner::{closure#0}
[INFO] [stdout]    6:     0x5ba836693512 - std[617be2ca0a6fd877]::panicking::panic_with_hook
[INFO] [stdout]    7:     0x5ba836677074 - std[617be2ca0a6fd877]::panicking::panic_handler::{closure#0}
[INFO] [stdout]    8:     0x5ba83666fbc9 - std[617be2ca0a6fd877]::sys::backtrace::__rust_end_short_backtrace::<std[617be2ca0a6fd877]::panicking::panic_handler::{closure#0}, !>
[INFO] [stdout]    9:     0x5ba836677c4d - __rustc[ea4f61d10b84890b]::rust_begin_unwind
[INFO] [stdout]   10:     0x5ba8366b0b5c - core[a373ad73a504971]::panicking::panic_fmt
[INFO] [stdout]   11:     0x5ba8365fd67d - <replay[78c272810156613e]::allowed_fast_set_matches_oracle::{closure#0} as core[a373ad73a504971]::ops::function::FnOnce<()>>::call_once
[INFO] [stdout]   12:     0x5ba83660b15b - test[aada8e7e76ba119b]::__rust_begin_short_backtrace::<core[a373ad73a504971]::result::Result<(), alloc[2e1b2a31b91974c5]::string::String>, fn() -> core[a373ad73a504971]::result::Result<(), alloc[2e1b2a31b91974c5]::string::String>>
[INFO] [stdout]   13:     0x5ba836618335 - test[aada8e7e76ba119b]::run_test::{closure#0}
[INFO] [stdout]   14:     0x5ba836611c24 - std[617be2ca0a6fd877]::sys::backtrace::__rust_begin_short_backtrace::<test[aada8e7e76ba119b]::run_test::{closure#1}, ()>
[INFO] [stdout]   15:     0x5ba83661b3c2 - <std[617be2ca0a6fd877]::thread::lifecycle::spawn_unchecked<test[aada8e7e76ba119b]::run_test::{closure#1}, ()>::{closure#1} as core[a373ad73a504971]::ops::function::FnOnce<()>>::call_once::{shim:vtable#0}
[INFO] [stdout]   16:     0x5ba83669a51f - <std[617be2ca0a6fd877]::sys::thread::unix::Thread>::new::thread_start
[INFO] [stdout]   17:     0x7ff38e48bdfa - <unknown>
[INFO] [stdout]   18:     0x7ff38e51f3d4 - clone
[INFO] [stdout]   19:                0x0 - <unknown>
[INFO] [stdout] 
[INFO] [stdout] ---- every_captured_frame_decodes stdout ----
[INFO] [stdout] 
[INFO] [stdout] thread 'every_captured_frame_decodes' (548) panicked at tests/replay.rs:73:5:
[INFO] [stdout] decoded 0 frames
[INFO] [stdout] stack backtrace:
[INFO] [stdout]    0:     0x5ba83669b021 - <<std[617be2ca0a6fd877]::sys::backtrace::BacktraceLock>::print::DisplayBacktrace as core[a373ad73a504971]::fmt::Display>::fmt
[INFO] [stdout]    1:     0x5ba8366b042a - core[a373ad73a504971]::fmt::write
[INFO] [stdout]    2:     0x5ba83669f23c - <alloc[2e1b2a31b91974c5]::vec::Vec<u8> as core[a373ad73a504971]::io::write::Write>::write_fmt
[INFO] [stdout]    3:     0x5ba836676f96 - std[617be2ca0a6fd877]::panicking::default_hook::{closure#0}
[INFO] [stdout]    4:     0x5ba836693359 - std[617be2ca0a6fd877]::panicking::default_hook
[INFO] [stdout]    5:     0x5ba836617d10 - test[aada8e7e76ba119b]::test_main_inner::{closure#0}
[INFO] [stdout]    6:     0x5ba836693512 - std[617be2ca0a6fd877]::panicking::panic_with_hook
[INFO] [stdout]    7:     0x5ba836677042 - std[617be2ca0a6fd877]::panicking::panic_handler::{closure#0}
[INFO] [stdout]    8:     0x5ba83666fbc9 - std[617be2ca0a6fd877]::sys::backtrace::__rust_end_short_backtrace::<std[617be2ca0a6fd877]::panicking::panic_handler::{closure#0}, !>
[INFO] [stdout]    9:     0x5ba836677c4d - __rustc[ea4f61d10b84890b]::rust_begin_unwind
[INFO] [stdout]   10:     0x5ba8366b0b5c - core[a373ad73a504971]::panicking::panic_fmt
[INFO] [stdout]   11:     0x5ba8365fb99e - <replay[78c272810156613e]::every_captured_frame_decodes::{closure#0} as core[a373ad73a504971]::ops::function::FnOnce<()>>::call_once
[INFO] [stdout]   12:     0x5ba83660b15b - test[aada8e7e76ba119b]::__rust_begin_short_backtrace::<core[a373ad73a504971]::result::Result<(), alloc[2e1b2a31b91974c5]::string::String>, fn() -> core[a373ad73a504971]::result::Result<(), alloc[2e1b2a31b91974c5]::string::String>>
[INFO] [stdout]   13:     0x5ba836618335 - test[aada8e7e76ba119b]::run_test::{closure#0}
[INFO] [stdout]   14:     0x5ba836611c24 - std[617be2ca0a6fd877]::sys::backtrace::__rust_begin_short_backtrace::<test[aada8e7e76ba119b]::run_test::{closure#1}, ()>
[INFO] [stdout]   15:     0x5ba83661b3c2 - <std[617be2ca0a6fd877]::thread::lifecycle::spawn_unchecked<test[aada8e7e76ba119b]::run_test::{closure#1}, ()>::{closure#1} as core[a373ad73a504971]::ops::function::FnOnce<()>>::call_once::{shim:vtable#0}
[INFO] [stdout]   16:     0x5ba83669a51f - <std[617be2ca0a6fd877]::sys::thread::unix::Thread>::new::thread_start
[INFO] [stdout]   17:     0x7ff38e48bdfa - <unknown>
[INFO] [stdout]   18:     0x7ff38e51f3d4 - clone
[INFO] [stdout]   19:                0x0 - <unknown>
[INFO] [stdout] 
[INFO] [stdout] 
[INFO] [stdout] failures:
[INFO] [stdout]     allowed_fast_set_matches_oracle
[INFO] [stdout]     every_captured_frame_decodes
[INFO] [stdout]     qbt_ltep_handshake_is_byte_exact
[INFO] [stdout]     qbt_private_ltep_handshake_is_byte_exact
[INFO] [stdout] 
[INFO] [stdout] test result: FAILED. 4 passed; 4 failed; 0 ignored; 0 measured; 0 filtered out; finished in 0.01s
[INFO] [stdout] 
[INFO] [stderr] error: test failed, to rerun pass `--test replay`
[INFO] running `Command { std: "docker" "inspect" "32fbb45796bd959df6c358130f72dcad2f424614137073d69e9bf2bdf55fa841", kill_on_drop: false }`
[INFO] running `Command { std: "docker" "rm" "-f" "32fbb45796bd959df6c358130f72dcad2f424614137073d69e9bf2bdf55fa841", kill_on_drop: false }`
[INFO] [stdout] 32fbb45796bd959df6c358130f72dcad2f424614137073d69e9bf2bdf55fa841
