[INFO] fetching crate ursula-ctl 0.7.4...
[INFO] testing ursula-ctl-0.7.4 against 1.99.0-beta.8+cargoflags=--release for beta-release-1.100-2
[INFO] extracting crate ursula-ctl 0.7.4 into /workspace/builds/worker-3-tc1/source
[INFO] started tweaking crates.io crate ursula-ctl 0.7.4
[INFO] removed 0 missing tests
[INFO] finished tweaking crates.io crate ursula-ctl 0.7.4
[INFO] tweaked toml for crates.io crate ursula-ctl 0.7.4 written to /workspace/builds/worker-3-tc1/source/Cargo.toml
[INFO] validating manifest of crates.io crate ursula-ctl 0.7.4 on toolchain 1.99.0-beta.8
[INFO] running `Command { std: CARGO_HOME="/workspace/cargo-home" RUSTUP_HOME="/workspace/rustup-home" "/workspace/cargo-home/bin/cargo" "+1.99.0-beta.8" "metadata" "--manifest-path" "Cargo.toml" "--no-deps", kill_on_drop: false }`
[INFO] crate crates.io crate ursula-ctl 0.7.4 already has a lockfile, it will not be regenerated
[INFO] running `Command { std: CARGO_HOME="/workspace/cargo-home" RUSTUP_HOME="/workspace/rustup-home" "/workspace/cargo-home/bin/cargo" "+1.99.0-beta.8" "fetch" "--manifest-path" "Cargo.toml", kill_on_drop: false }`
[INFO] [stderr]     Updating crates.io index
[INFO] [stderr]  Downloading crates ...
[INFO] [stderr]   Downloaded yaml_serde v0.10.4
[INFO] [stderr]   Downloaded ursula-shard v0.7.4
[INFO] [stderr]   Downloaded libyaml-rs v0.3.0
[INFO] [stderr]   Downloaded ursula-proto v0.7.4
[INFO] [stderr]   Downloaded ursula-observability v0.7.4
[INFO] [stderr]   Downloaded ursula-stream v0.7.4
[INFO] [stderr]   Downloaded reqsign v0.16.5
[INFO] [stderr]   Downloaded opendal v0.51.2
[INFO] running `Command { std: "docker" "create" "-v" "/var/lib/crater-agent-workspace/builds/worker-3-tc1/source:/opt/rustwide/workdir:ro,Z" "-v" "/var/lib/crater-agent-workspace/builds/worker-3-tc1/target:/opt/rustwide/target:rw,Z" "-v" "/var/lib/crater-agent-workspace/cargo-home:/opt/rustwide/cargo-home:ro,Z" "-v" "/var/lib/crater-agent-workspace/rustup-home:/opt/rustwide/rustup-home:ro,Z" "-m" "1610612736" "--network" "none" "ghcr.io/rust-lang/crates-build-env/linux@sha256:77db811e55d90add9212f6832c23229e3de5f1c1f9905e8cb07319ea15df73ac" "sleep" "infinity", kill_on_drop: false }`
[INFO] [stdout] e6ecf8db0980b51a2259f120e114bde98fdb7df631d49850f04bffb116cddab2
[INFO] running `Command { std: "docker" "start" "e6ecf8db0980b51a2259f120e114bde98fdb7df631d49850f04bffb116cddab2", kill_on_drop: false }`
[INFO] running `Command { std: "docker" "inspect" "e6ecf8db0980b51a2259f120e114bde98fdb7df631d49850f04bffb116cddab2", kill_on_drop: false }`
[INFO] running `Command { std: "docker" "exec" "-e" "SOURCE_DIR=/opt/rustwide/workdir" "-e" "CARGO_HOME=/opt/rustwide/cargo-home" "-e" "RUSTUP_HOME=/opt/rustwide/rustup-home" "-e" "CARGO_TARGET_DIR=/opt/rustwide/target" "-w" "/opt/rustwide/workdir" "--user" "0:0" "e6ecf8db0980b51a2259f120e114bde98fdb7df631d49850f04bffb116cddab2" "/opt/rustwide/cargo-home/bin/cargo" "+1.99.0-beta.8" "metadata" "--no-deps" "--format-version=1", kill_on_drop: false }`
[INFO] running `Command { std: "docker" "inspect" "e6ecf8db0980b51a2259f120e114bde98fdb7df631d49850f04bffb116cddab2", kill_on_drop: false }`
[INFO] running `Command { std: "docker" "exec" "-e" "SOURCE_DIR=/opt/rustwide/workdir" "-e" "CARGO_HOME=/opt/rustwide/cargo-home" "-e" "RUSTUP_HOME=/opt/rustwide/rustup-home" "-e" "CARGO_TARGET_DIR=/opt/rustwide/target" "-e" "CARGO_INCREMENTAL=0" "-e" "RUST_BACKTRACE=full" "-e" "RUSTFLAGS=--cap-lints=warn" "-e" "RUSTDOCFLAGS=--cap-lints=warn" "-w" "/opt/rustwide/workdir" "--user" "0:0" "e6ecf8db0980b51a2259f120e114bde98fdb7df631d49850f04bffb116cddab2" "/opt/rustwide/cargo-home/bin/cargo" "+1.99.0-beta.8" "build" "--frozen" "--message-format=json" "--release", kill_on_drop: false }`
[INFO] [stderr]    Compiling libc v0.2.186
[INFO] [stderr]    Compiling itertools v0.14.0
[INFO] [stderr]    Compiling ring v0.17.14
[INFO] [stderr]    Compiling serde v1.0.228
[INFO] [stderr]    Compiling tracing v0.1.44
[INFO] [stderr]    Compiling futures-util v0.3.32
[INFO] [stderr]    Compiling tiny-keccak v2.0.2
[INFO] [stderr]    Compiling zerofrom v0.1.8
[INFO] [stderr]    Compiling rustix v1.1.4
[INFO] [stderr]    Compiling bytes v1.11.1
[INFO] [stderr]    Compiling bitflags v2.11.1
[INFO] [stderr]    Compiling regex-syntax v0.8.10
[INFO] [stderr]    Compiling linux-raw-sys v0.12.1
[INFO] [stderr]    Compiling prettyplease v0.2.37
[INFO] [stderr]    Compiling fastrand v2.4.1
[INFO] [stderr]    Compiling fixedbitset v0.5.7
[INFO] [stderr]    Compiling serde_json v1.0.149
[INFO] [stderr]    Compiling yoke v0.8.2
[INFO] [stderr]    Compiling rustls v0.23.40
[INFO] [stderr]    Compiling petgraph v0.7.1
[INFO] [stderr]    Compiling digest v0.10.7
[INFO] [stderr]    Compiling protoc-bin-vendored-linux-x86_64 v3.2.0
[INFO] [stderr]    Compiling zerovec v0.11.6
[INFO] [stderr]    Compiling zerotrie v0.2.4
[INFO] [stderr]    Compiling protoc-bin-vendored-linux-aarch_64 v3.2.0
[INFO] [stderr]    Compiling protoc-bin-vendored-macos-aarch_64 v3.2.0
[INFO] [stderr]    Compiling protoc-bin-vendored-linux-ppcle_64 v3.2.0
[INFO] [stderr]    Compiling protoc-bin-vendored-macos-x86_64 v3.2.0
[INFO] [stderr]    Compiling protoc-bin-vendored-linux-s390_64 v3.2.0
[INFO] [stderr]    Compiling protoc-bin-vendored-win32 v3.2.0
[INFO] [stderr]    Compiling multimap v0.10.1
[INFO] [stderr]    Compiling protoc-bin-vendored-linux-x86_32 v3.2.0
[INFO] [stderr]    Compiling protoc-bin-vendored v3.2.0
[INFO] [stderr]    Compiling serde_urlencoded v0.7.1
[INFO] [stderr]    Compiling webpki-roots v1.0.7
[INFO] [stderr]    Compiling hashbrown v0.14.5
[INFO] [stderr]    Compiling rand_chacha v0.3.1
[INFO] [stderr]    Compiling crc32c v0.6.8
[INFO] [stderr]    Compiling blake3 v1.8.5
[INFO] [stderr]    Compiling slotmap v1.1.1
[INFO] [stderr]    Compiling chrono v0.4.44
[INFO] [stderr]    Compiling rand v0.8.6
[INFO] [stderr]    Compiling sha2 v0.10.9
[INFO] [stderr]    Compiling tokio v1.52.3
[INFO] [stderr]    Compiling http v1.4.0
[INFO] [stderr]    Compiling tinystr v0.8.3
[INFO] [stderr]    Compiling icu_locale_core v2.2.0
[INFO] [stderr]    Compiling potential_utf v0.1.5
[INFO] [stderr]    Compiling icu_collections v2.2.0
[INFO] [stderr]    Compiling regex-automata v0.4.14
[INFO] [stderr]    Compiling getrandom v0.2.17
[INFO] [stderr]    Compiling getrandom v0.4.2
[INFO] [stderr]    Compiling sha1 v0.10.6
[INFO] [stderr]    Compiling prost-derive v0.13.5
[INFO] [stderr]    Compiling const-random-macro v0.1.16
[INFO] [stderr]    Compiling hmac v0.12.1
[INFO] [stderr]    Compiling const-random v0.1.18
[INFO] [stderr]    Compiling dlv-list v0.5.2
[INFO] [stderr]    Compiling quick-xml v0.37.5
[INFO] [stderr]    Compiling ordered-multimap v0.7.3
[INFO] [stderr]    Compiling home v0.5.12
[INFO] [stderr]    Compiling tempfile v3.27.0
[INFO] [stderr]    Compiling winnow v1.0.3
[INFO] [stderr]    Compiling http-body v1.0.1
[INFO] [stderr]    Compiling http-body-util v0.1.3
[INFO] [stderr]    Compiling rust-ini v0.21.3
[INFO] [stderr]    Compiling icu_provider v2.2.0
[INFO] [stderr]    Compiling icu_normalizer v2.2.0
[INFO] [stderr]    Compiling icu_properties v2.2.0
[INFO] [stderr]    Compiling axum-core v0.5.6
[INFO] [stderr]    Compiling toml_parser v1.1.2+spec-1.1.0
[INFO] [stderr]    Compiling clap_builder v4.6.0
[INFO] [stderr]    Compiling prost v0.13.5
[INFO] [stderr]    Compiling idna_adapter v1.2.2
[INFO] [stderr]    Compiling regex v1.12.3
[INFO] [stderr]    Compiling idna v1.1.0
[INFO] [stderr]    Compiling prost-types v0.13.5
[INFO] [stderr]    Compiling tracing-subscriber v0.3.23
[INFO] [stderr]    Compiling url v2.5.8
[INFO] [stderr]    Compiling futures v0.3.32
[INFO] [stderr]    Compiling uuid v1.23.1
[INFO] [stderr]    Compiling md-5 v0.10.6
[INFO] [stderr]    Compiling rmp v0.8.15
[INFO] [stderr]    Compiling quick-xml v0.36.2
[INFO] [stderr]    Compiling clap_derive v4.6.1
[INFO] [stderr]    Compiling serde_spanned v1.1.1
[INFO] [stderr]    Compiling toml_datetime v0.7.5+spec-1.1.0
[INFO] [stderr]    Compiling winnow v0.7.15
[INFO] [stderr]    Compiling libyaml-rs v0.3.0
[INFO] [stderr]    Compiling prost-build v0.13.5
[INFO] [stderr]    Compiling rmp-serde v1.3.1
[INFO] [stderr]    Compiling yaml_serde v0.10.4
[INFO] [stderr]    Compiling ursula-proto v0.7.4
[INFO] [stderr]    Compiling clap v4.6.1
[INFO] [stderr]    Compiling toml v0.9.12+spec-1.1.0
[INFO] [stderr]    Compiling ursula-shard v0.7.4
[INFO] [stderr]    Compiling hyper v1.9.0
[INFO] [stderr]    Compiling tower v0.5.3
[INFO] [stderr]    Compiling tokio-util v0.7.18
[INFO] [stderr]    Compiling backon v1.6.0
[INFO] [stderr]    Compiling ursula-stream v0.7.4
[INFO] [stderr]    Compiling tower-http v0.6.10
[INFO] [stderr]    Compiling hyper-util v0.1.20
[INFO] [stderr]    Compiling rustls-webpki v0.103.13
[INFO] [stderr]    Compiling axum v0.8.9
[INFO] [stderr]    Compiling ursula-observability v0.7.4
[INFO] [stderr]    Compiling tokio-rustls v0.26.4
[INFO] [stderr]    Compiling hyper-rustls v0.27.9
[INFO] [stderr]    Compiling reqwest v0.12.28
[INFO] [stderr]    Compiling reqsign v0.16.5
[INFO] [stderr]    Compiling opendal v0.51.2
[INFO] [stderr]    Compiling ursula-ctl v0.7.4 (/opt/rustwide/workdir)
[INFO] [stderr]     Finished `release` profile [optimized] target(s) in 3m 02s
[INFO] running `Command { std: "docker" "inspect" "e6ecf8db0980b51a2259f120e114bde98fdb7df631d49850f04bffb116cddab2", kill_on_drop: false }`
[INFO] running `Command { std: "docker" "exec" "-e" "SOURCE_DIR=/opt/rustwide/workdir" "-e" "CARGO_HOME=/opt/rustwide/cargo-home" "-e" "RUSTUP_HOME=/opt/rustwide/rustup-home" "-e" "CARGO_TARGET_DIR=/opt/rustwide/target" "-e" "CARGO_INCREMENTAL=0" "-e" "RUST_BACKTRACE=full" "-e" "RUSTFLAGS=--cap-lints=warn" "-e" "RUSTDOCFLAGS=--cap-lints=warn" "-w" "/opt/rustwide/workdir" "--user" "0:0" "e6ecf8db0980b51a2259f120e114bde98fdb7df631d49850f04bffb116cddab2" "/opt/rustwide/cargo-home/bin/cargo" "+1.99.0-beta.8" "test" "--frozen" "--no-run" "--message-format=json" "--release", kill_on_drop: false }`
[INFO] [stderr]    Compiling tower-http v0.6.10
[INFO] [stderr]    Compiling backon v1.6.0
[INFO] [stderr]    Compiling rustix v1.1.4
[INFO] [stderr]    Compiling reqwest v0.12.28
[INFO] [stderr]    Compiling reqsign v0.16.5
[INFO] [stderr]    Compiling tempfile v3.27.0
[INFO] [stderr]    Compiling opendal v0.51.2
[INFO] [stderr]    Compiling ursula-ctl v0.7.4 (/opt/rustwide/workdir)
[INFO] [stderr]     Finished `release` profile [optimized] target(s) in 2m 49s
[INFO] running `Command { std: "docker" "inspect" "e6ecf8db0980b51a2259f120e114bde98fdb7df631d49850f04bffb116cddab2", kill_on_drop: false }`
[INFO] running `Command { std: "docker" "exec" "-e" "SOURCE_DIR=/opt/rustwide/workdir" "-e" "CARGO_HOME=/opt/rustwide/cargo-home" "-e" "RUSTUP_HOME=/opt/rustwide/rustup-home" "-e" "CARGO_TARGET_DIR=/opt/rustwide/target" "-e" "CARGO_INCREMENTAL=0" "-e" "RUST_BACKTRACE=full" "-e" "RUSTFLAGS=--cap-lints=warn" "-e" "RUSTDOCFLAGS=--cap-lints=warn" "-w" "/opt/rustwide/workdir" "--user" "0:0" "e6ecf8db0980b51a2259f120e114bde98fdb7df631d49850f04bffb116cddab2" "/opt/rustwide/cargo-home/bin/cargo" "+1.99.0-beta.8" "test" "--frozen" "--release", kill_on_drop: false }`
[INFO] [stderr]     Finished `release` profile [optimized] target(s) in 0.42s
[INFO] [stderr]      Running unittests src/lib.rs (/opt/rustwide/target/release/deps/ursula_ctl-0183400c6ae6d08e)
[INFO] [stdout] 
[INFO] [stdout] running 112 tests
[INFO] [stdout] test maintenance::tests::missing_target_timeout_hint_points_to_the_leaders_rebuild ... ok
[INFO] [stdout] test maintenance::tests::target_progress_advances_on_applied_or_voter_gain ... ok
[INFO] [stdout] test maintenance::tests::cluster_readiness_formats_each_unready_node ... ok
[INFO] [stdout] test maintenance::tests::target_progress_ignores_writes_in_already_ready_groups ... ok
[INFO] [stdout] test metrics::tests::consensus_admin_operations_require_process_identity ... ok
[INFO] [stdout] test metrics::tests::metrics_fall_back_to_admin_url_for_legacy_manifests ... ok
[INFO] [stdout] test metrics::tests::current_self_election_is_guarded_and_never_falls_back_after_identity_failure ... ok
[INFO] [stdout] test maintenance::tests::drain_uses_every_nodes_leader_reports ... ok
[INFO] [stdout] test metrics::tests::metrics_require_non_null_process_identity ... ok
[INFO] [stdout] test metrics::tests::metrics_client_rejects_missing_safety_fields_and_unknown_versions ... ok
[INFO] [stdout] test metrics::tests::metrics_use_client_url_when_available ... ok
[INFO] [stdout] test metrics::tests::missing_identity_cannot_be_pinned_even_for_an_explicit_replacement ... ok
[INFO] [stdout] test metrics::tests::metrics_refuse_each_misdirected_identity_before_pinning ... ok
[INFO] [stdout] test observe::tests::cluster_ready_false_when_group_is_uninitialized ... ok
[INFO] [stdout] test metrics::tests::tunneled_metrics_do_not_replace_the_advertised_learner_address ... ok
[INFO] [stdout] test metrics::tests::cached_incarnation_rejects_rebound_endpoint_and_cannot_be_refreshed ... ok
[INFO] [stdout] test observe::tests::cluster_ready_false_when_group_lacks_leader ... ok
[INFO] [stdout] test metrics::tests::transfer_conflicts_replan_only_for_typed_retryable_rejections ... ok
[INFO] [stdout] test observe::tests::cluster_ready_requires_every_node_and_leader_per_group ... ok
[INFO] [stdout] test plan::tests::absent_expected_peers_do_not_become_a_single_voter_baseline ... ok
[INFO] [stdout] test plan::tests::drain_apply_barrier_does_not_chase_continuously_advancing_writes ... ok
[INFO] [stdout] test maintenance::tests::drain_requires_recovery_proofs_before_any_maintenance_mutation ... ok
[INFO] [stdout] test plan::tests::configured_maintenance_inventory_catches_a_group_missing_from_every_peer ... ok
[INFO] [stdout] test metrics::tests::saved_manifest_binds_survivors_and_only_explicit_replacement_can_change ... ok
[INFO] [stdout] test plan::tests::plan_drain_empty_when_target_leads_nothing ... ok
[INFO] [stdout] test plan::tests::plan_drain_picks_most_caught_up_successor ... ok
[INFO] [stdout] test metrics::tests::current_quorum_proof_uses_guarded_admin_without_a_raft_endpoint ... ok
[INFO] [stdout] test plan::tests::drain_never_selects_an_unknown_lagging_recovering_or_drained_successor ... ok
[INFO] [stdout] test maintenance::tests::missing_target_timeout_hint_absent_when_target_has_applied_entries ... ok
[INFO] [stdout] test observe::tests::write_status_emits_one_line_per_node ... ok
[INFO] [stdout] test plan::tests::plan_drain_spreads_multiple_transfers_by_projected_leader_count ... ok
[INFO] [stdout] test plan::tests::readiness_fails_on_large_gap ... ok
[INFO] [stdout] test plan::tests::readiness_cannot_infer_zero_lag_from_unknown_peer_commit ... ok
[INFO] [stdout] test plan::tests::readiness_rejects_an_empty_voter_within_lag_tolerance ... ok
[INFO] [stdout] test plan::tests::single_voter_readiness_uses_its_own_committed_prefix ... ok
[INFO] [stdout] test plan::tests::readiness_rejects_configured_uninitialized_groups ... ok
[INFO] [stdout] test plan::tests::readiness_requires_voter_membership_and_low_lag ... ok
[INFO] [stdout] test metrics::tests::identity_checks_apply_even_before_raft_groups_are_registered ... ok
[INFO] [stdout] test observe::tests::wait_ready_follows_an_unpinned_restart_but_not_a_pinned_one ... ok
[INFO] [stdout] test maintenance::tests::cluster_verification_timeout_explains_a_single_ready_sample ... ok
[INFO] [stdout] test backup::tests::import_identity_failure_never_hops_to_another_restore_target ... ok
[INFO] [stdout] test provider::tests::metrics_tunnel_is_independent_of_the_advertised_peer_address ... ok
[INFO] [stdout] test provider::tests::json_manifest_defaults_admin_url_from_host ... ok
[INFO] [stdout] test provider::fence_tests::cell_token_survives_saved_nodes_and_rejects_inconsistent_plans ... ok
[INFO] [stdout] test provider::tests::manifests_round_trip_pinned_incarnations_and_refuse_malformed_identity ... ok
[INFO] [stdout] test provider::tests::toml_manifest_resolves_admin_urls ... ok
[INFO] [stdout] test quorum::tests::captured_apply_target_does_not_follow_continuous_commits ... ok
[INFO] [stdout] test quorum::tests::duplicate_node_or_group_is_rejected ... ok
[INFO] [stdout] test quorum::tests::executor_evidence_requires_same_saved_token_and_healthy_admission_everywhere ... ok
[INFO] [stdout] test provider::tests::stdin_sniffing_dispatches_on_content ... ok
[INFO] [stdout] test backup::tests::restore_refuses_a_cluster_of_another_format_before_any_import ... ok
[INFO] [stdout] test quorum::tests::learner_joint_membership_or_closed_recovery_is_ineligible ... ok
[INFO] [stdout] test quorum::tests::missing_maintenance_reports_never_certify_participation ... ok
[INFO] [stdout] test quorum::tests::missing_group_on_every_node_does_not_shrink_expected_inventory ... ok
[INFO] [stdout] test quorum::tests::proof_has_one_schema_and_no_vacuous_certification_fields ... ok
[INFO] [stdout] test quorum::tests::survivor_observation_cannot_exclude_a_second_required_replica ... ok
[INFO] [stdout] test quorum::tests::stale_term_or_changed_leader_cannot_reuse_a_prefix ... ok
[INFO] [stdout] test quorum::tests::survivor_api_refuses_unknown_exclusions_or_a_changed_topology ... ok
[INFO] [stdout] test reservation::tests::acknowledgement_requires_original_store_identity_and_exact_committed_state ... ok
[INFO] [stdout] test quorum::tests::survivor_observation_preserves_the_full_configured_membership ... ok
[INFO] [stdout] test reservation::tests::captured_api_identity_rejects_misdirected_or_deleting_objects ... ok
[INFO] [stdout] test reservation::tests::ephemeral_deleting_misdirected_or_missing_stores_fail_closed ... ok
[INFO] [stdout] test reservation::tests::clearing_an_active_operation_or_wrapping_generation_never_opens_a_new_source ... ok
[INFO] [stdout] test reservation::tests::concurrent_owners_cannot_both_acknowledge_one_store_revision ... ok
[INFO] [stdout] test reservation::tests::healthy_refresh_cannot_forget_a_changed_or_reused_physical_host ... ok
[INFO] [stdout] test reservation::tests::host_recovery::host_ownership_requires_prefault_catalog_and_uses_the_same_global_exclusion ... ok
[INFO] [stdout] test backup::tests::verify_accepts_a_well_formed_backup ... ok
[INFO] [stdout] test reservation::tests::host_recovery::initially_refreshed_survivor_boots_require_new_proof_and_remain_fixed ... ok
[INFO] [stdout] test reservation::tests::host_recovery::host_acquisition_changes_only_locators_and_keeps_termination_unadmitted ... ok
[INFO] [stdout] test reservation::tests::host_recovery::replacement_cannot_share_old_or_surviving_hosts_or_refresh_a_survivor ... ok
[INFO] [stdout] test reservation::tests::host_recovery::extra_retirement_requires_the_exact_old_node_and_never_uses_a_recreated_name ... ok
[INFO] [stdout] test reservation::tests::host_recovery::minority_admission_requires_fresh_certified_survivors_and_the_acknowledged_floor ... ok
[INFO] [stdout] test reservation::tests::host_inventory_publication_is_whole_store_cas_and_preserves_schema ... ok
[INFO] [stdout] test reservation::tests::host_recovery::restage::candidate_retirement_requires_current_fresh_survivors_and_retains_the_new_prefix_floor ... ok
[INFO] [stdout] test quorum::tests::absolute_deadline_includes_a_blocked_metrics_request ... ok
[INFO] [stdout] test reservation::tests::host_recovery::host_completion_requires_all_three_current_retired_processes_and_nonregressing_prefixes ... ok
[INFO] [stdout] test reservation::tests::host_recovery::restage::extra_pod_retirement_requires_the_recorded_irreversibly_fenced_physical_host ... ok
[INFO] [stdout] test reservation::tests::host_recovery::restage::delayed_actions_cannot_retarget_a_later_candidate_in_the_same_generation ... ok
[INFO] [stdout] test reservation::tests::host_recovery::restage::candidate_intent_cannot_deserialize_into_another_bound_identity ... ok
[INFO] [stdout] test reservation::tests::host_recovery::restage::stale_delete_or_previous_physical_boot_can_never_bind_after_restaging ... ok
[INFO] [stdout] test reservation::tests::incomplete_duplicate_or_rebound_process_plans_cannot_reserve ... ok
[INFO] [stdout] test reservation::tests::oversized_declared_inventory_cannot_allocate_missing_group_evidence ... ok
[INFO] [stdout] test reservation::tests::host_recovery::stopped_missing_unknown_or_wrong_provider_is_never_a_host_fence ... ok
[INFO] [stdout] test reservation::tests::initial_store_uses_one_schema_and_rejects_other_versions ... ok
[INFO] [stdout] test reservation::tests::planned_reservation_accepts_new_locators_but_keeps_identity_and_binding_fixed ... ok
[INFO] [stdout] test backup::tests::verify_fails_closed_on_corruption_and_other_formats ... ok
[INFO] [stdout] test reservation::tests::host_recovery::every_host_request_round_trips_through_json_integer_map_keys_and_revalidated_state ... ok
[INFO] [stdout] test reservation::tests::release_requires_retired_original_uid_and_all_retired_current_prefixes ... ok
[INFO] [stdout] test reservation::tests::host_recovery::restage::takeover_keeps_candidate_intent_receipt_floor_and_delete_history ... ok
[INFO] [stdout] test reservation::tests::stale_future_or_incomplete_admission_cannot_authorize_pod_deletion ... ok
[INFO] [stdout] test backup::tests::restore_imports_nothing_when_the_target_lacks_cold_objects ... ok
[INFO] [stdout] test reservation::tests::incomplete_or_uncertified_healthy_inventory_cannot_anchor_host_recovery ... ok
[INFO] [stdout] test reservation::tests::recovered_process_can_refresh_only_after_full_nonregressing_proof ... ok
[INFO] [stdout] test reservation::tests::host_recovery::restage::bound_candidate_cannot_be_cleared_until_exact_irreversible_fence_is_recorded ... ok
[INFO] [stdout] test reservation::tests::takeover_cannot_discard_admitted_source_or_replay_old_executor_proofs ... ok
[INFO] [stdout] test reservation::tests::host_recovery::restage::restaged_state_preserves_schema_and_cannot_prune_its_floor ... ok
[INFO] [stdout] test reservation::tests::host_recovery::force_intent_and_binding_race_cannot_leave_a_bound_pod_subject_to_stale_deletion ... ok
[INFO] [stdout] test reservation::tests::host_recovery::restage::repeated_candidate_loss_is_bounded_before_another_provider_intent_can_be_admitted ... ok
[INFO] [stdout] test reservation::tests::planned_completion_advances_host_catalog_without_discarding_old_physical_identity ... ok
[INFO] [stdout] test reservation::tests::takeover_preserves_source_and_processes_and_advances_only_executor_authority ... ok
[INFO] [stdout] test reservation::tests::startup::idle_startup_requires_exact_catalogued_physical_pod_and_live_owner ... ok
[INFO] [stdout] test observe::tests::wait_ready_uses_existing_probes_and_preserves_refusal_causes ... ok
[INFO] [stdout] test reservation::tests::startup::host_startup_commits_one_boot_before_transport_and_never_refreshes_it ... ok
[INFO] [stdout] test reservation::tests::host_recovery::retirement_history_is_bounded_and_cannot_be_pruned_by_takeover ... ok
[INFO] [stdout] test reservation::tests::host_recovery::takeover_retains_terminal_provider_intent_and_every_stale_delete_uid ... ok
[INFO] [stdout] test reservation::tests::two_proposals_over_mock_http_have_one_successful_compare_and_swap ... ok
[INFO] [stdout] test startup::tests::idle_original_owner_starts_closed_without_writing_or_inventing_a_fence ... ok
[INFO] [stdout] test startup::tests::kernel_identity_is_bounded_and_cannot_be_replaced_by_a_node_label ... ok
[INFO] [stdout] test startup::tests::startup_http_claim_commits_one_nonce_and_rejects_a_second_boot ... ok
[INFO] [stdout] test startup::tests::idle_restart_returns_the_last_persistent_retired_generation ... ok
[INFO] [stdout] test reservation::tests::host_recovery::restage::restaging_requires_exact_committed_cas_and_then_allows_only_one_new_startup_boot ... ok
[INFO] [stderr]      Running unittests src/bin/ursulactl.rs (/opt/rustwide/target/release/deps/ursulactl-f97ab0db8aa40c6f)
[INFO] [stdout] test startup::tests::failed_conflicting_ambiguous_or_changed_startup_never_returns_permission ... ok
[INFO] [stdout] 
[INFO] [stdout] test result: ok. 112 passed; 0 failed; 0 ignored; 0 measured; 0 filtered out; finished in 0.18s
[INFO] [stdout] 
[INFO] [stdout] 
[INFO] [stdout] running 1 test
[INFO] [stdout] test cli_tests::pin_incarnations_rejects_the_removed_legacy_override ... ok
[INFO] [stdout] 
[INFO] [stdout] test result: ok. 1 passed; 0 failed; 0 ignored; 0 measured; 0 filtered out; finished in 0.00s
[INFO] [stdout] 
[INFO] [stderr]      Running tests/maintenance_rollout.rs (/opt/rustwide/target/release/deps/maintenance_rollout-afc047ae0cf92e4c)
[INFO] [stdout] 
[INFO] [stdout] running 1 test
[INFO] [stdout] test shared_rollout_consumer_conflict_resume_and_retirement ... FAILED
[INFO] [stdout] 
[INFO] [stdout] failures:
[INFO] [stdout] 
[INFO] [stdout] ---- shared_rollout_consumer_conflict_resume_and_retirement stdout ----
[INFO] [stdout] 
[INFO] [stdout] thread 'shared_rollout_consumer_conflict_resume_and_retirement' (2866) panicked at tests/maintenance_rollout.rs:17:5:
[INFO] [stdout] 
[INFO] [stdout] python3: can't open file '/opt/scripts/maintenance_rollout_test.py': [Errno 2] No such file or directory
[INFO] [stdout] 
[INFO] [stdout] stack backtrace:
[INFO] [stdout]    0:     0x5ac5eb0f5fe1 - <<std[70759c8f55707aa4]::sys::backtrace::BacktraceLock>::print::DisplayBacktrace as core[df12db4294e9bfd3]::fmt::Display>::fmt
[INFO] [stdout]    1:     0x5ac5eb10a1ba - core[df12db4294e9bfd3]::fmt::write
[INFO] [stdout]    2:     0x5ac5eb0fa47c - <alloc[2182bb758b4b3781]::vec::Vec<u8> as core[df12db4294e9bfd3]::io::write::Write>::write_fmt
[INFO] [stdout]    3:     0x5ac5eb0d22c6 - std[70759c8f55707aa4]::panicking::default_hook::{closure#0}
[INFO] [stdout]    4:     0x5ac5eb0ee749 - std[70759c8f55707aa4]::panicking::default_hook
[INFO] [stdout]    5:     0x5ac5eb08a8c0 - test[9d35eded1c95d3be]::test_main_inner::<test[9d35eded1c95d3be]::test_main_static::{closure#0}>::{closure#0}
[INFO] [stdout]    6:     0x5ac5eb0ee902 - std[70759c8f55707aa4]::panicking::panic_with_hook
[INFO] [stdout]    7:     0x5ac5eb0d2372 - std[70759c8f55707aa4]::panicking::panic_handler::{closure#0}
[INFO] [stdout]    8:     0x5ac5eb0cb0f9 - std[70759c8f55707aa4]::sys::backtrace::__rust_end_short_backtrace::<std[70759c8f55707aa4]::panicking::panic_handler::{closure#0}, !>
[INFO] [stdout]    9:     0x5ac5eb0d2f6d - __rustc[8fa7c3cbc660c2b3]::rust_begin_unwind
[INFO] [stdout]   10:     0x5ac5eb10a8ec - core[df12db4294e9bfd3]::panicking::panic_fmt
[INFO] [stdout]   11:     0x5ac5eb07daaa - <maintenance_rollout[fe3ef2dce0881184]::shared_rollout_consumer_conflict_resume_and_retirement::{closure#0} as core[df12db4294e9bfd3]::ops::function::FnOnce<()>>::call_once
[INFO] [stdout]   12:     0x5ac5eb07dbab - test[9d35eded1c95d3be]::__rust_begin_short_backtrace::<core[df12db4294e9bfd3]::result::Result<(), alloc[2182bb758b4b3781]::string::String>, fn() -> core[df12db4294e9bfd3]::result::Result<(), alloc[2182bb758b4b3781]::string::String>>
[INFO] [stdout]   13:     0x5ac5eb08b215 - test[9d35eded1c95d3be]::run_test::{closure#0}
[INFO] [stdout]   14:     0x5ac5eb084ad4 - std[70759c8f55707aa4]::sys::backtrace::__rust_begin_short_backtrace::<test[9d35eded1c95d3be]::run_test::{closure#1}, ()>
[INFO] [stdout]   15:     0x5ac5eb08e372 - <std[70759c8f55707aa4]::thread::lifecycle::spawn_unchecked<test[9d35eded1c95d3be]::run_test::{closure#1}, ()>::{closure#1} as core[df12db4294e9bfd3]::ops::function::FnOnce<()>>::call_once::{shim:vtable#0}
[INFO] [stdout]   16:     0x5ac5eb0f58b9 - <std[70759c8f55707aa4]::sys::thread::unix::Thread>::new::thread_start
[INFO] [stdout]   17:     0x785aef55fdfa - <unknown>
[INFO] [stdout]   18:     0x785aef5f33d4 - clone
[INFO] [stdout]   19:                0x0 - <unknown>
[INFO] [stdout] 
[INFO] [stdout] 
[INFO] [stdout] failures:
[INFO] [stdout]     shared_rollout_consumer_conflict_resume_and_retirement
[INFO] [stdout] 
[INFO] [stdout] test result: FAILED. 0 passed; 1 failed; 0 ignored; 0 measured; 0 filtered out; finished in 0.09s
[INFO] [stdout] 
[INFO] [stderr] error: test failed, to rerun pass `--test maintenance_rollout`
[INFO] running `Command { std: "docker" "inspect" "e6ecf8db0980b51a2259f120e114bde98fdb7df631d49850f04bffb116cddab2", kill_on_drop: false }`
[INFO] running `Command { std: "docker" "rm" "-f" "e6ecf8db0980b51a2259f120e114bde98fdb7df631d49850f04bffb116cddab2", kill_on_drop: false }`
[INFO] [stdout] e6ecf8db0980b51a2259f120e114bde98fdb7df631d49850f04bffb116cddab2
