[INFO] fetching crate urna 0.5.6...
[INFO] testing urna-0.5.6 against 1.99.0-beta.8+cargoflags=--release for beta-release-1.100-2
[INFO] extracting crate urna 0.5.6 into /workspace/builds/worker-0-tc1/source
[INFO] started tweaking crates.io crate urna 0.5.6
[INFO] removed 0 missing tests
[INFO] finished tweaking crates.io crate urna 0.5.6
[INFO] tweaked toml for crates.io crate urna 0.5.6 written to /workspace/builds/worker-0-tc1/source/Cargo.toml
[INFO] validating manifest of crates.io crate urna 0.5.6 on toolchain 1.99.0-beta.8
[INFO] running `Command { std: CARGO_HOME="/workspace/cargo-home" RUSTUP_HOME="/workspace/rustup-home" "/workspace/cargo-home/bin/cargo" "+1.99.0-beta.8" "metadata" "--manifest-path" "Cargo.toml" "--no-deps", kill_on_drop: false }`
[INFO] crate crates.io crate urna 0.5.6 already has a lockfile, it will not be regenerated
[INFO] running `Command { std: CARGO_HOME="/workspace/cargo-home" RUSTUP_HOME="/workspace/rustup-home" "/workspace/cargo-home/bin/cargo" "+1.99.0-beta.8" "fetch" "--manifest-path" "Cargo.toml", kill_on_drop: false }`
[INFO] [stderr]     Updating crates.io index
[INFO] [stderr]  Downloading crates ...
[INFO] [stderr]   Downloaded zip v9.0.1
[INFO] [stderr]   Downloaded tui-scrollbar v0.2.8
[INFO] [stderr]   Downloaded anpa v0.11.0
[INFO] [stderr]   Downloaded urna-engine v0.5.6
[INFO] [stderr]   Downloaded bon v3.10.1
[INFO] [stderr]   Downloaded bon-macros v3.10.1
[INFO] [stderr]   Downloaded urna-format v0.5.6
[INFO] [stderr]   Downloaded micromath v2.1.0
[INFO] [stderr]   Downloaded sysinfo v0.38.4
[INFO] [stderr]   Downloaded tachyonfx v0.25.2
[INFO] [stderr]   Downloaded ratatui-explorer v0.3.0
[INFO] [stderr]   Downloaded pest_derive v2.9.2
[INFO] [stderr]   Downloaded pest_generator v2.9.2
[INFO] [stderr]   Downloaded finl_unicode v1.5.0
[INFO] [stderr]   Downloaded pest v2.9.2
[INFO] [stderr]   Downloaded pest_meta v2.9.2
[INFO] [stderr]   Downloaded ratatui-cheese v0.7.0
[INFO] [stderr]   Downloaded hyperrat v0.1.3
[INFO] [stderr]   Downloaded coolor v1.1.0
[INFO] running `Command { std: "docker" "create" "-v" "/var/lib/crater-agent-workspace/builds/worker-0-tc1/source:/opt/rustwide/workdir:ro,Z" "-v" "/var/lib/crater-agent-workspace/builds/worker-0-tc1/target:/opt/rustwide/target:rw,Z" "-v" "/var/lib/crater-agent-workspace/cargo-home:/opt/rustwide/cargo-home:ro,Z" "-v" "/var/lib/crater-agent-workspace/rustup-home:/opt/rustwide/rustup-home:ro,Z" "-m" "1610612736" "--network" "none" "ghcr.io/rust-lang/crates-build-env/linux@sha256:77db811e55d90add9212f6832c23229e3de5f1c1f9905e8cb07319ea15df73ac" "sleep" "infinity", kill_on_drop: false }`
[INFO] [stdout] 98070b8edc0b4ab2f7761b3175ab8fe80f4442e558ba915cffb9090beb75fe96
[INFO] running `Command { std: "docker" "start" "98070b8edc0b4ab2f7761b3175ab8fe80f4442e558ba915cffb9090beb75fe96", kill_on_drop: false }`
[INFO] running `Command { std: "docker" "inspect" "98070b8edc0b4ab2f7761b3175ab8fe80f4442e558ba915cffb9090beb75fe96", kill_on_drop: false }`
[INFO] running `Command { std: "docker" "exec" "-e" "SOURCE_DIR=/opt/rustwide/workdir" "-e" "CARGO_HOME=/opt/rustwide/cargo-home" "-e" "RUSTUP_HOME=/opt/rustwide/rustup-home" "-e" "CARGO_TARGET_DIR=/opt/rustwide/target" "-w" "/opt/rustwide/workdir" "--user" "0:0" "98070b8edc0b4ab2f7761b3175ab8fe80f4442e558ba915cffb9090beb75fe96" "/opt/rustwide/cargo-home/bin/cargo" "+1.99.0-beta.8" "metadata" "--no-deps" "--format-version=1", kill_on_drop: false }`
[INFO] running `Command { std: "docker" "inspect" "98070b8edc0b4ab2f7761b3175ab8fe80f4442e558ba915cffb9090beb75fe96", kill_on_drop: false }`
[INFO] running `Command { std: "docker" "exec" "-e" "SOURCE_DIR=/opt/rustwide/workdir" "-e" "CARGO_HOME=/opt/rustwide/cargo-home" "-e" "RUSTUP_HOME=/opt/rustwide/rustup-home" "-e" "CARGO_TARGET_DIR=/opt/rustwide/target" "-e" "CARGO_INCREMENTAL=0" "-e" "RUST_BACKTRACE=full" "-e" "RUSTFLAGS=--cap-lints=warn" "-e" "RUSTDOCFLAGS=--cap-lints=warn" "-w" "/opt/rustwide/workdir" "--user" "0:0" "98070b8edc0b4ab2f7761b3175ab8fe80f4442e558ba915cffb9090beb75fe96" "/opt/rustwide/cargo-home/bin/cargo" "+1.99.0-beta.8" "build" "--frozen" "--message-format=json" "--release", kill_on_drop: false }`
[INFO] [stderr]    Compiling syn v3.0.5
[INFO] [stderr]    Compiling darling_core v0.20.11
[INFO] [stderr]    Compiling libc v0.2.189
[INFO] [stderr]    Compiling bitflags v2.13.1
[INFO] [stderr]    Compiling either v1.18.0
[INFO] [stderr]    Compiling castaway v0.2.4
[INFO] [stderr]    Compiling strum_macros v0.28.0
[INFO] [stderr]    Compiling lru v0.18.5
[INFO] [stderr]    Compiling compact_str v0.9.1
[INFO] [stderr]    Compiling critical-section v1.2.0
[INFO] [stderr]    Compiling rustix v1.1.4
[INFO] [stderr]    Compiling itertools v0.14.0
[INFO] [stderr]    Compiling find-msvc-tools v0.1.12
[INFO] [stderr]    Compiling errno v0.3.14
[INFO] [stderr]    Compiling convert_case v0.10.0
[INFO] [stderr]    Compiling signal-hook-registry v1.4.8
[INFO] [stderr]    Compiling smallvec v1.16.2
[INFO] [stderr]    Compiling jobserver v0.1.35
[INFO] [stderr]    Compiling mio v1.2.3
[INFO] [stderr]    Compiling hybrid-array v0.4.14
[INFO] [stderr]    Compiling cc v1.4.5
[INFO] [stderr]    Compiling parking_lot_core v0.9.12
[INFO] [stderr]    Compiling signal-hook v0.3.18
[INFO] [stderr]    Compiling derive_more-impl v2.1.1
[INFO] [stderr]    Compiling anyhow v1.0.104
[INFO] [stderr]    Compiling strum v0.28.0
[INFO] [stderr]    Compiling vergen-lib v9.1.0
[INFO] [stderr]    Compiling unicode-truncate v2.0.1
[INFO] [stderr]    Compiling time-core v0.1.9
[INFO] [stderr]    Compiling deranged v0.5.8
[INFO] [stderr]    Compiling num-conv v0.2.2
[INFO] [stderr]    Compiling signal-hook-mio v0.2.5
[INFO] [stderr]    Compiling parking_lot v0.12.5
[INFO] [stderr]    Compiling derive_more v2.1.1
[INFO] [stderr]    Compiling line-clipping v0.3.8
[INFO] [stderr]    Compiling vergen v9.1.0
[INFO] [stderr]    Compiling zstd-safe v7.3.0
[INFO] [stderr]    Compiling darling_macro v0.20.11
[INFO] [stderr]    Compiling prettyplease v0.3.0
[INFO] [stderr]    Compiling crypto-common v0.2.2
[INFO] [stderr]    Compiling block-buffer v0.12.1
[INFO] [stderr]    Compiling zstd-sys v2.1.0+zstd.1.5.7
[INFO] [stderr]    Compiling vergen-gitcl v9.1.0
[INFO] [stderr]    Compiling darling v0.20.11
[INFO] [stderr]    Compiling derive_builder_core v0.20.2
[INFO] [stderr]    Compiling instability v0.3.10
[INFO] [stderr]    Compiling crossterm v0.29.0
[INFO] [stderr]    Compiling num_threads v0.1.7
[INFO] [stderr]    Compiling time v0.3.55
[INFO] [stderr]    Compiling derive_builder_macro v0.20.2
[INFO] [stderr]    Compiling derive_builder v0.20.2
[INFO] [stderr]    Compiling powerfmt v0.2.0
[INFO] [stderr]    Compiling darling_core v0.24.1
[INFO] [stderr]    Compiling digest v0.11.3
[INFO] [stderr]    Compiling serde_json v1.0.151
[INFO] [stderr]    Compiling indexmap v2.14.2
[INFO] [stderr]    Compiling enum-ordinalize-derive v4.3.2
[INFO] [stderr]    Compiling crc32fast v1.5.2
[INFO] [stderr]    Compiling enum-ordinalize v4.3.2
[INFO] [stderr]    Compiling rayon v1.12.0
[INFO] [stderr]    Compiling sha2 v0.11.0
[INFO] [stderr]    Compiling thiserror-impl v2.0.20
[INFO] [stderr]    Compiling bytemuck_derive v1.12.0
[INFO] [stderr]    Compiling thiserror v2.0.20
[INFO] [stderr]    Compiling bytemuck v1.25.2
[INFO] [stderr]    Compiling kasuari v0.4.12
[INFO] [stderr]    Compiling serde_derive v1.0.229
[INFO] [stderr]    Compiling half v2.7.1
[INFO] [stderr]    Compiling ratatui-core v0.1.2
[INFO] [stderr]    Compiling darling_macro v0.24.1
[INFO] [stderr]    Compiling darling v0.24.1
[INFO] [stderr]    Compiling bon-macros v3.10.1
[INFO] [stderr]    Compiling smawk v0.3.3
[INFO] [stderr]    Compiling urna-engine v0.5.6
[INFO] [stderr]    Compiling clap_builder v4.6.6
[INFO] [stderr]    Compiling urna v0.5.6 (/opt/rustwide/workdir)
[INFO] [stderr]    Compiling textwrap v0.16.2
[INFO] [stderr]    Compiling clap_derive v4.6.4
[INFO] [stderr]    Compiling educe v0.6.0
[INFO] [stderr]    Compiling ratatui-widgets v0.3.2
[INFO] [stderr]    Compiling ratatui-crossterm v0.1.2
[INFO] [stderr]    Compiling serde v1.0.229
[INFO] [stderr]    Compiling xattr v1.6.1
[INFO] [stderr]    Compiling compact_str v0.10.0
[INFO] [stderr]    Compiling memmap2 v0.9.11
[INFO] [stderr]    Compiling filetime v0.2.29
[INFO] [stderr]    Compiling micromath v2.1.0
[INFO] [stderr]    Compiling anpa v0.11.0
[INFO] [stderr]    Compiling ratatui-macros v0.7.2
[INFO] [stderr]    Compiling ratatui v0.30.2
[INFO] [stderr]    Compiling ratatui-explorer v0.3.0
[INFO] [stderr]    Compiling ratatui-cheese v0.7.0
[INFO] [stderr]    Compiling clap v4.6.6
[INFO] [stderr]    Compiling tar v0.4.46
[INFO] [stderr]    Compiling bon v3.10.1
[INFO] [stderr]    Compiling tachyonfx v0.25.2
[INFO] [stderr]    Compiling flate2 v1.1.10
[INFO] [stderr]    Compiling tui-scrollbar v0.2.8
[INFO] [stderr]    Compiling hyperrat v0.1.3
[INFO] [stderr]    Compiling sysinfo v0.38.4
[INFO] [stderr]    Compiling coolor v1.1.0
[INFO] [stderr]    Compiling zstd v0.13.3
[INFO] [stderr]    Compiling urna-format v0.5.6
[INFO] [stderr]     Finished `release` profile [optimized] target(s) in 4m 02s
[INFO] running `Command { std: "docker" "inspect" "98070b8edc0b4ab2f7761b3175ab8fe80f4442e558ba915cffb9090beb75fe96", kill_on_drop: false }`
[INFO] running `Command { std: "docker" "exec" "-e" "SOURCE_DIR=/opt/rustwide/workdir" "-e" "CARGO_HOME=/opt/rustwide/cargo-home" "-e" "RUSTUP_HOME=/opt/rustwide/rustup-home" "-e" "CARGO_TARGET_DIR=/opt/rustwide/target" "-e" "CARGO_INCREMENTAL=0" "-e" "RUST_BACKTRACE=full" "-e" "RUSTFLAGS=--cap-lints=warn" "-e" "RUSTDOCFLAGS=--cap-lints=warn" "-w" "/opt/rustwide/workdir" "--user" "0:0" "98070b8edc0b4ab2f7761b3175ab8fe80f4442e558ba915cffb9090beb75fe96" "/opt/rustwide/cargo-home/bin/cargo" "+1.99.0-beta.8" "test" "--frozen" "--no-run" "--message-format=json" "--release", kill_on_drop: false }`
[INFO] [stderr]    Compiling urna v0.5.6 (/opt/rustwide/workdir)
[INFO] [stderr]     Finished `release` profile [optimized] target(s) in 38.35s
[INFO] running `Command { std: "docker" "inspect" "98070b8edc0b4ab2f7761b3175ab8fe80f4442e558ba915cffb9090beb75fe96", kill_on_drop: false }`
[INFO] running `Command { std: "docker" "exec" "-e" "SOURCE_DIR=/opt/rustwide/workdir" "-e" "CARGO_HOME=/opt/rustwide/cargo-home" "-e" "RUSTUP_HOME=/opt/rustwide/rustup-home" "-e" "CARGO_TARGET_DIR=/opt/rustwide/target" "-e" "CARGO_INCREMENTAL=0" "-e" "RUST_BACKTRACE=full" "-e" "RUSTFLAGS=--cap-lints=warn" "-e" "RUSTDOCFLAGS=--cap-lints=warn" "-w" "/opt/rustwide/workdir" "--user" "0:0" "98070b8edc0b4ab2f7761b3175ab8fe80f4442e558ba915cffb9090beb75fe96" "/opt/rustwide/cargo-home/bin/cargo" "+1.99.0-beta.8" "test" "--frozen" "--release", kill_on_drop: false }`
[INFO] [stderr]     Finished `release` profile [optimized] target(s) in 0.28s
[INFO] [stderr]      Running unittests src/main.rs (/opt/rustwide/target/release/deps/urna-69532fd2a7021831)
[INFO] [stdout] 
[INFO] [stdout] running 139 tests
[INFO] [stdout] test cmd::embed_failure::tests::the_stable_lines_name_packages_and_weights ... ok
[INFO] [stdout] test cmd::health::tests::exit_code_is_the_first_failure ... ok
[INFO] [stdout] test cmd::embed_failure::tests::a_refusal_is_incompatible_and_noise_is_a_plain_failure ... ok
[INFO] [stdout] test cmd::embed_failure::tests::every_message_names_its_fix ... ok
[INFO] [stdout] test cmd::embed_failure::tests::a_python_import_error_is_a_missing_package ... ok
[INFO] [stdout] test cmd::embed_failure::tests::a_payload_module_that_does_not_import_is_never_a_pip_package ... ok
[INFO] [stdout] test cmd::health::tests::exit_code_ignores_warnings ... ok
[INFO] [stdout] test cli::tests::the_help_footer_names_the_terminal_ui_only_when_it_is_built ... ok
[INFO] [stdout] test cmd::paths::tests::venv_python_follows_the_platform_layout ... ok
[INFO] [stdout] test cmd::pyenv::tests::anything_but_the_stub_may_run ... ok
[INFO] [stdout] test cmd::paths::tests::data_roots_is_never_empty_on_a_normal_host ... ok
[INFO] [stdout] test cmd::pyenv::tests::only_the_macos_stub_path_counts_as_the_stub ... ok
[INFO] [stdout] test cmd::payload::tests::home_of_finds_an_installed_payload_and_not_a_checkout ... ok
[INFO] [stdout] test cmd::pyenv::tests::discovers_a_venv_in_an_ancestor ... ok
[INFO] [stdout] test cmd::pyenv::tests::urna_python_overrides_everything ... ok
[INFO] [stdout] test cmd::pyenv::tests::falls_back_to_python3_without_a_venv ... ok
[INFO] [stdout] test cmd::tone::tests::ansi256_keeps_the_ground_grey_and_the_accents_teal ... ok
[INFO] [stdout] test cmd::tone::tests::colorterm_truecolor_and_apple_terminal_fall_back ... ok
[INFO] [stdout] test cmd::tone::tests::no_color_beats_every_probe ... ok
[INFO] [stdout] test cmd::tone::tests::ansi256_stays_out_of_the_themeable_sixteen ... ok
[INFO] [stdout] test cmd::tone::tests::plain_tone_emits_no_escape ... ok
[INFO] [stdout] test cmd::paths::tests::which_finds_a_shell_and_misses_nonsense ... ok
[INFO] [stdout] test tui::app::ask::tests::explain_names_each_cause_and_its_fix ... ok
[INFO] [stdout] test tui::app::ask::tests::the_hit_list_scrolls_to_keep_the_selection_visible ... ok
[INFO] [stdout] test tui::app::chrome::tests::header_reports_a_hit_rect_per_visible_tab ... ok
[INFO] [stdout] test tui::app::corpus::tests::loads_and_validates_the_golden_fixture ... FAILED
[INFO] [stdout] test tui::app::ask::tests::only_missing_packages_or_weights_open_the_install_panel ... ok
[INFO] [stdout] test tui::app::corpus::tests::a_missing_file_is_an_error_not_a_panic ... ok
[INFO] [stdout] test tui::app::corpus::tests::render_fits_small_bodies ... FAILED
[INFO] [stdout] test tui::app::keys::tests::clicking_a_tab_switches_to_it ... ok
[INFO] [stdout] test tui::app::home::tests::recent_finds_urna_files_one_level_down ... ok
[INFO] [stdout] test tui::app::home::tests::render_survives_any_size ... ok
[INFO] [stdout] test tui::app::keys::tests::enter_on_the_first_run_screen_opens_the_sample_ready_to_ask ... ok
[INFO] [stdout] test tui::app::keys::tests::tab_cycles_and_letters_jump ... ok
[INFO] [stdout] test tui::app::keys::tests::the_ask_tab_keeps_letters_as_text ... ok
[INFO] [stdout] test tui::app::offer::tests::a_failure_keeps_the_facts_and_offers_a_retry ... ok
[INFO] [stdout] test tui::app::offer::tests::an_env_urna_does_not_manage_gets_the_command_not_an_install ... ok
[INFO] [stdout] test tui::app::offer::tests::repo_code_waits_for_its_own_consent ... ok
[INFO] [stdout] test tui::app::offer::tests::the_panel_says_what_the_install_takes_before_any_key ... ok
[INFO] [stdout] test tui::app::pick::tests::picker_lists_dirs_and_urna_files_only ... ok
[INFO] [stdout] test tui::app::state::tests::a_missing_or_broken_file_is_a_first_run ... ok
[INFO] [stdout] test tui::app::keys::tests::q_leaves_outside_the_ask_tab ... ok
[INFO] [stdout] test tui::app::offer::tests::a_running_install_keeps_its_step_above_the_log_tail ... ok
[INFO] [stdout] test tui::app::ask::tests::a_query_without_an_embedder_fails_with_words_not_a_panic ... ok
[INFO] [stdout] test tui::app::state::tests::a_forgotten_corpus_goes_and_the_others_keep_their_order ... ok
[INFO] [stdout] test tui::app::state::tests::a_moved_last_corpus_is_none_and_gone_files_drop_out ... ok
[INFO] [stdout] test tui::app::state::tests::it_keeps_at_most_nine ... ok
[INFO] [stdout] test tui::app::tests::a_file_given_wins_then_the_last_corpus_then_the_first_run ... ok
[INFO] [stdout] test tui::app::state::tests::the_last_corpus_comes_first_once_and_resolved ... ok
[INFO] [stdout] test tui::app::tests::a_corpus_that_will_not_open_lands_on_the_first_run_screen_forgotten ... ok
[INFO] [stdout] test tui::art::tests::paint_leaves_blank_cells_alone ... ok
[INFO] [stdout] test tui::hud::tests::gauge_fills_proportionally ... ok
[INFO] [stdout] test tui::hud::tests::panel_returns_the_padded_inner_area ... ok
[INFO] [stdout] test tui::hud::tests::primitives_survive_tiny_and_offscreen_areas ... ok
[INFO] [stdout] test tui::pal::tests::fit_downsamples_and_strips ... ok
[INFO] [stdout] test tui::pal::tests::thermo_runs_low_mid_high ... ok
[INFO] [stdout] test tui::pal::tests::tint_hits_the_site_anchors ... ok
[INFO] [stdout] test tui::rain::tests::empty_area_draws_nothing ... ok
[INFO] [stdout] test tui::app::tests::the_first_run_screen_shows_until_a_corpus_opens ... ok
[INFO] [stdout] test tui::rain::tests::rain_is_deterministic_for_a_given_time ... ok
[INFO] [stdout] test tui::rain::tests::rain_stays_inside_an_offset_area ... ok
[INFO] [stdout] test tui::fx::tests::every_preset_runs_to_completion_or_loops_without_panicking ... ok
[INFO] [stdout] test tui::art::tests::every_row_of_an_art_has_the_same_width ... ok
[INFO] [stdout] test tui::setup::catalog::tests::a_non_commercial_license_says_so ... ok
[INFO] [stdout] test tui::setup::catalog::tests::torch_counts_once_and_a_platform_without_it_cannot_install ... ok
[INFO] [stdout] test tui::setup::catalog::tests::ram_is_the_parameters_in_the_devices_dtype_plus_torch ... ok
[INFO] [stdout] test tui::setup::job::tests::sweep_removes_only_interrupted_leftovers ... ok
[INFO] [stdout] test tui::setup::models::tests::a_failed_install_keeps_uvs_whole_error ... ok
[INFO] [stdout] test tui::app::tests::a_sample_setup_downloads_again_changes_its_stamp ... ok
[INFO] [stdout] test tui::setup::models::tests::packages_go_only_into_the_venv_queries_run ... ok
[INFO] [stdout] test tui::setup::models::tests::select_resolves_names_models_and_all_in_catalog_order ... ok
[INFO] [stdout] test tui::setup::models::tests::progress_lines_and_errors_are_read_off_the_fetch ... ok
[INFO] [stdout] test tui::setup::models::tests::sizes_and_refusals_read_plainly ... ok
[INFO] [stdout] test tui::setup::net::tests::a_404_on_a_release_names_the_missing_tag ... ok
[INFO] [stdout] test tui::setup::net::tests::release_base_defaults_to_the_tagged_github_release ... ok
[INFO] [stdout] test tui::setup::net::tests::content_length_takes_the_final_hop ... ok
[INFO] [stdout] test tui::setup::plan::tests::a_development_build_installs_its_own_checkout ... ok
[INFO] [stdout] test tui::setup::plan::tests::a_catalogue_naming_a_sample_offers_it_unless_opted_out ... ok
[INFO] [stdout] test tui::setup::net::tests::sha256_line_is_parsed_or_rejected ... ok
[INFO] [stdout] test tui::setup::plan::tests::a_fresh_brew_install_plans_everything ... ok
[INFO] [stdout] test tui::setup::plan::tests::a_payload_in_another_data_root_does_not_count_as_installed ... ok
[INFO] [stdout] test tui::setup::plan::tests::a_development_build_whose_checkout_is_gone_is_blocked ... ok
[INFO] [stdout] test tui::setup::plan::tests::a_pinned_interpreter_without_deps_blocks_the_python_step ... ok
[INFO] [stdout] test tui::setup::plan::tests::a_payload_missing_a_required_file_is_repaired ... ok
[INFO] [stdout] test tui::setup::plan::tests::an_env_on_a_python_outside_the_range_is_rebuilt ... ok
[INFO] [stdout] test tui::setup::plan::tests::an_excluded_model_or_unallowed_repo_code_blocks_with_the_reason ... ok
[INFO] [stdout] test tui::setup::plan::tests::an_upgraded_binary_replaces_the_payload_of_another_release ... ok
[INFO] [stdout] test tui::setup::plan::tests::a_ready_machine_only_verifies_unless_forced ... ok
[INFO] [stdout] test tui::setup::plan::tests::chosen_models_build_the_managed_venv_even_when_python_has_the_deps ... ok
[INFO] [stdout] test tui::setup::plan::tests::models_are_opt_in_named_by_the_catalog_and_sized ... ok
[INFO] [stdout] test tui::setup::plan::tests::models_go_only_into_the_managed_venv_and_wait_for_the_payload ... ok
[INFO] [stdout] test tui::setup::plan::tests::missing_tools_block_with_a_reason ... ok
[INFO] [stdout] test tui::setup::plan::tests::picking_a_model_in_the_picker_turns_the_managed_venv_on ... ok
[INFO] [stdout] test tui::setup::plan::tests::the_env_is_planned_on_the_catalogue_uv_and_range ... ok
[INFO] [stdout] test tui::setup::plan::tests::the_done_hint_names_setup_only_when_the_sample_was_left_out ... ok
[INFO] [stdout] test tui::setup::plan::tests::the_sample_waits_for_a_payload_to_name_it ... ok
[INFO] [stdout] test tui::setup::plan::tests::pip_needs_a_base_python_inside_the_catalogue_range ... ok
[INFO] [stdout] test tui::setup::plan::tests::version_picks_the_payload_release_and_matching_skips_it ... ok
[INFO] [stdout] test tui::setup::scan::tests::channel_reads_the_install_path ... ok
[INFO] [stdout] test tui::setup::scan::tests::every_channel_with_a_source_names_its_update ... ok
[INFO] [stdout] test tui::setup::scan::tests::channel_finds_a_conda_env_before_the_path ... ok
[INFO] [stdout] test tui::setup::scan::tests::channel_reads_the_dpkg_list_for_usr_bin ... ok
[INFO] [stdout] test tui::setup::tree::tests::a_missing_checkout_names_its_path_and_the_fix ... ok
[INFO] [stdout] test tui::setup::scan::tests::torch_is_read_off_the_venvs_site_packages ... ok
[INFO] [stdout] test tui::setup::models::tests::an_install_ends_with_an_offline_query_that_must_match_the_corpus ... ok
[INFO] [stdout] test tui::setup::tree::tests::reads_the_oid_of_an_lfs_pointer_only ... ok
[INFO] [stdout] test tui::setup::tree::tests::the_potion_revision_is_the_one_getpotion_fetches ... FAILED
[INFO] [stdout] test tui::setup::tree::tests::leaves_a_pointer_table_to_fetch ... ok
[INFO] [stdout] test tui::setup::unpack::tests::a_failed_first_install_leaves_no_stamp_and_no_half_payload ... ok
[INFO] [stdout] test tui::setup::tree::tests::stages_a_checkout_with_the_real_table_completely ... ok
[INFO] [stdout] test tui::setup::unpack::tests::a_failed_restore_that_cannot_move_the_copy_keeps_the_staging_dir ... ok
[INFO] [stdout] test tui::setup::unpack::tests::a_failed_restore_keeps_the_previous_files_and_names_where ... ok
[INFO] [stdout] test tui::setup::unpack::tests::installs_a_payload_and_keeps_the_venv ... ok
[INFO] [stdout] test tui::setup::unpack::tests::missing_names_what_an_installed_payload_lacks ... ok
[INFO] [stdout] test tui::setup::unpack::tests::an_upgrade_replaces_every_file_of_the_previous_release ... ok
[INFO] [stdout] test tui::setup::unpack::tests::a_failed_upgrade_puts_the_previous_payload_back ... ok
[INFO] [stdout] test tui::setup::unpack::tests::rejects_path_traversal_and_leaves_the_old_payload ... ok
[INFO] [stdout] test tui::setup::unpack::tests::refuses_a_payload_that_carries_a_venv_and_moves_nothing ... ok
[INFO] [stdout] test tui::setup::unpack::tests::refuses_an_incomplete_payload_and_moves_nothing ... ok
[INFO] [stdout] test tui::setup::venv::tests::a_redrawn_progress_bar_logs_each_state_once ... ok
[INFO] [stdout] test tui::setup::venv::tests::an_env_outside_the_range_is_rebuilt ... ok
[INFO] [stdout] test tui::setup::venv::tests::packages_go_through_uv_or_the_envs_own_pip ... ok
[INFO] [stdout] test tui::setup::venv::tests::python_versions_are_read_off_the_banner ... ok
[INFO] [stdout] test tui::setup::net::tests::download_streams_a_file_url_and_hashes_it ... ok
[INFO] [stdout] test tui::setup::venv::tests::no_python_fits_an_impossible_range ... ok
[INFO] [stdout] test tui::setup::venv::tests::the_catalogue_range_reads_and_holds_minors ... ok
[INFO] [stdout] test tui::setup::venv::tests::the_missing_tool_is_worded_once_with_the_fix ... ok
[INFO] [stdout] test tui::setup::venv::tests::usr_bin_is_left_out_of_uvs_path_and_nothing_else ... ok
[INFO] [stdout] test tui::setup::venv::tests::with_a_lock_only_the_models_packages_install_at_its_versions_on_cpu_torch ... ok
[INFO] [stdout] test tui::toast::tests::a_new_toast_is_reported_once ... ok
[INFO] [stdout] test tui::toast::tests::the_stack_is_capped_and_clipped ... ok
[INFO] [stdout] test tui::txt::tests::tail_keeps_the_end_of_long_values ... ok
[INFO] [stdout] test tui::txt::tests::wrap_breaks_on_words ... ok
[INFO] [stdout] test tui::setup::venv::tests::stream_forwards_both_pipes_and_reports_failure ... ok
[INFO] [stdout] test tui::setup::uv::tests::installs_the_checked_archive_and_refuses_other_bytes ... ok
[INFO] [stdout] test cmd::health::tests::collect_always_reports_the_version_first ... ok
[INFO] [stdout] test cmd::health::tests::verify_fails_a_payload_missing_a_file_wherever_it_runs ... ok
[INFO] [stdout] test tui::app::health::tests::refresh_runs_the_checks_once_and_reports_them ... ok
[INFO] [stdout] test tui::setup::scan::tests::probe_reports_the_running_binary ... ok
[INFO] [stdout] 
[INFO] [stdout] failures:
[INFO] [stdout] 
[INFO] [stdout] ---- tui::app::corpus::tests::loads_and_validates_the_golden_fixture stdout ----
[INFO] [stdout] 
[INFO] [stdout] thread 'tui::app::corpus::tests::loads_and_validates_the_golden_fixture' (2145) panicked at src/tui/app/corpus.rs:267:33:
[INFO] [stdout] called `Result::unwrap()` on an `Err` value: No such file or directory (os error 2)
[INFO] [stdout] 
[INFO] [stdout] Caused by:
[INFO] [stdout]     No such file or directory (os error 2)
[INFO] [stdout] 
[INFO] [stdout] Stack backtrace:
[INFO] [stdout]    0: <anyhow::Error as core::convert::From<urna_engine::error::RuntimeError>>::from
[INFO] [stdout]    1: urna::tui::app::corpus::load
[INFO] [stdout]    2: urna::tui::app::corpus::tests::loads_and_validates_the_golden_fixture
[INFO] [stdout]    3: <urna::tui::app::corpus::tests::loads_and_validates_the_golden_fixture::{closure#0} as core::ops::function::FnOnce<()>>::call_once
[INFO] [stdout]    4: test::__rust_begin_short_backtrace::<core::result::Result<(), alloc::string::String>, fn() -> core::result::Result<(), alloc::string::String>>
[INFO] [stdout]    5: test::run_test::{closure#0}
[INFO] [stdout]    6: std::sys::backtrace::__rust_begin_short_backtrace::<test::run_test::{closure#1}, ()>
[INFO] [stdout]    7: <std::thread::lifecycle::spawn_unchecked<test::run_test::{closure#1}, ()>::{closure#1} as core::ops::function::FnOnce<()>>::call_once::{shim:vtable#0}
[INFO] [stdout]    8: <std::sys::thread::unix::Thread>::new::thread_start
[INFO] [stdout]    9: <unknown>
[INFO] [stdout]   10: clone
[INFO] [stdout] stack backtrace:
[INFO] [stdout]    0:     0x5df6d244cf21 - <<std[70759c8f55707aa4]::sys::backtrace::BacktraceLock>::print::DisplayBacktrace as core[df12db4294e9bfd3]::fmt::Display>::fmt
[INFO] [stdout]    1:     0x5df6d246688a - core[df12db4294e9bfd3]::fmt::write
[INFO] [stdout]    2:     0x5df6d245333c - <alloc[2182bb758b4b3781]::vec::Vec<u8> as core[df12db4294e9bfd3]::io::write::Write>::write_fmt
[INFO] [stdout]    3:     0x5df6d24234f6 - std[70759c8f55707aa4]::panicking::default_hook::{closure#0}
[INFO] [stdout]    4:     0x5df6d2442919 - std[70759c8f55707aa4]::panicking::default_hook
[INFO] [stdout]    5:     0x5df6d22abd90 - test[9d35eded1c95d3be]::test_main_inner::<test[9d35eded1c95d3be]::test_main_static::{closure#0}>::{closure#0}
[INFO] [stdout]    6:     0x5df6d2442ad2 - std[70759c8f55707aa4]::panicking::panic_with_hook
[INFO] [stdout]    7:     0x5df6d24235a2 - std[70759c8f55707aa4]::panicking::panic_handler::{closure#0}
[INFO] [stdout]    8:     0x5df6d241b919 - std[70759c8f55707aa4]::sys::backtrace::__rust_end_short_backtrace::<std[70759c8f55707aa4]::panicking::panic_handler::{closure#0}, !>
[INFO] [stdout]    9:     0x5df6d242463d - __rustc[8fa7c3cbc660c2b3]::rust_begin_unwind
[INFO] [stdout]   10:     0x5df6d2466fec - core[df12db4294e9bfd3]::panicking::panic_fmt
[INFO] [stdout]   11:     0x5df6d2466dc2 - core[df12db4294e9bfd3]::result::unwrap_failed
[INFO] [stdout]   12:     0x5df6d224af76 - urna[fc9cd8960df89e5b]::tui::app::corpus::tests::loads_and_validates_the_golden_fixture
[INFO] [stdout]   13:     0x5df6d2211319 - <urna[fc9cd8960df89e5b]::tui::app::corpus::tests::loads_and_validates_the_golden_fixture::{closure#0} as core[df12db4294e9bfd3]::ops::function::FnOnce<()>>::call_once
[INFO] [stdout]   14:     0x5df6d229f07b - test[9d35eded1c95d3be]::__rust_begin_short_backtrace::<core[df12db4294e9bfd3]::result::Result<(), alloc[2182bb758b4b3781]::string::String>, fn() -> core[df12db4294e9bfd3]::result::Result<(), alloc[2182bb758b4b3781]::string::String>>
[INFO] [stdout]   15:     0x5df6d22ac6e5 - test[9d35eded1c95d3be]::run_test::{closure#0}
[INFO] [stdout]   16:     0x5df6d22a5fa4 - std[70759c8f55707aa4]::sys::backtrace::__rust_begin_short_backtrace::<test[9d35eded1c95d3be]::run_test::{closure#1}, ()>
[INFO] [stdout]   17:     0x5df6d22af842 - <std[70759c8f55707aa4]::thread::lifecycle::spawn_unchecked<test[9d35eded1c95d3be]::run_test::{closure#1}, ()>::{closure#1} as core[df12db4294e9bfd3]::ops::function::FnOnce<()>>::call_once::{shim:vtable#0}
[INFO] [stdout]   18:     0x5df6d244be39 - <std[70759c8f55707aa4]::sys::thread::unix::Thread>::new::thread_start
[INFO] [stdout]   19:     0x753722377dfa - <unknown>
[INFO] [stdout]   20:     0x75372240b3d4 - clone
[INFO] [stdout]   21:                0x0 - <unknown>
[INFO] [stdout] 
[INFO] [stdout] ---- tui::app::corpus::tests::render_fits_small_bodies stdout ----
[INFO] [stdout] 
[INFO] [stdout] thread 'tui::app::corpus::tests::render_fits_small_bodies' (2146) panicked at src/tui/app/corpus.rs:281:33:
[INFO] [stdout] called `Result::unwrap()` on an `Err` value: No such file or directory (os error 2)
[INFO] [stdout] 
[INFO] [stdout] Caused by:
[INFO] [stdout]     No such file or directory (os error 2)
[INFO] [stdout] 
[INFO] [stdout] Stack backtrace:
[INFO] [stdout]    0: <anyhow::Error as core::convert::From<urna_engine::error::RuntimeError>>::from
[INFO] [stdout]    1: urna::tui::app::corpus::load
[INFO] [stdout]    2: urna::tui::app::corpus::tests::render_fits_small_bodies
[INFO] [stdout]    3: <urna::tui::app::corpus::tests::render_fits_small_bodies::{closure#0} as core::ops::function::FnOnce<()>>::call_once
[INFO] [stdout]    4: test::__rust_begin_short_backtrace::<core::result::Result<(), alloc::string::String>, fn() -> core::result::Result<(), alloc::string::String>>
[INFO] [stdout]    5: test::run_test::{closure#0}
[INFO] [stdout]    6: std::sys::backtrace::__rust_begin_short_backtrace::<test::run_test::{closure#1}, ()>
[INFO] [stdout]    7: <std::thread::lifecycle::spawn_unchecked<test::run_test::{closure#1}, ()>::{closure#1} as core::ops::function::FnOnce<()>>::call_once::{shim:vtable#0}
[INFO] [stdout]    8: <std::sys::thread::unix::Thread>::new::thread_start
[INFO] [stdout]    9: <unknown>
[INFO] [stdout]   10: clone
[INFO] [stdout] stack backtrace:
[INFO] [stdout]    0:     0x5df6d244cf21 - <<std[70759c8f55707aa4]::sys::backtrace::BacktraceLock>::print::DisplayBacktrace as core[df12db4294e9bfd3]::fmt::Display>::fmt
[INFO] [stdout]    1:     0x5df6d246688a - core[df12db4294e9bfd3]::fmt::write
[INFO] [stdout]    2:     0x5df6d245333c - <alloc[2182bb758b4b3781]::vec::Vec<u8> as core[df12db4294e9bfd3]::io::write::Write>::write_fmt
[INFO] [stdout]    3:     0x5df6d24234f6 - std[70759c8f55707aa4]::panicking::default_hook::{closure#0}
[INFO] [stdout]    4:     0x5df6d2442919 - std[70759c8f55707aa4]::panicking::default_hook
[INFO] [stdout]    5:     0x5df6d22abd90 - test[9d35eded1c95d3be]::test_main_inner::<test[9d35eded1c95d3be]::test_main_static::{closure#0}>::{closure#0}
[INFO] [stdout]    6:     0x5df6d2442ad2 - std[70759c8f55707aa4]::panicking::panic_with_hook
[INFO] [stdout]    7:     0x5df6d24235a2 - std[70759c8f55707aa4]::panicking::panic_handler::{closure#0}
[INFO] [stdout]    8:     0x5df6d241b919 - std[70759c8f55707aa4]::sys::backtrace::__rust_end_short_backtrace::<std[70759c8f55707aa4]::panicking::panic_handler::{closure#0}, !>
[INFO] [stdout]    9:     0x5df6d242463d - __rustc[8fa7c3cbc660c2b3]::rust_begin_unwind
[INFO] [stdout]   10:     0x5df6d2466fec - core[df12db4294e9bfd3]::panicking::panic_fmt
[INFO] [stdout]   11:     0x5df6d2466dc2 - core[df12db4294e9bfd3]::result::unwrap_failed
[INFO] [stdout]   12:     0x5df6d224ac35 - urna[fc9cd8960df89e5b]::tui::app::corpus::tests::render_fits_small_bodies
[INFO] [stdout]   13:     0x5df6d2211289 - <urna[fc9cd8960df89e5b]::tui::app::corpus::tests::render_fits_small_bodies::{closure#0} as core[df12db4294e9bfd3]::ops::function::FnOnce<()>>::call_once
[INFO] [stdout]   14:     0x5df6d229f07b - test[9d35eded1c95d3be]::__rust_begin_short_backtrace::<core[df12db4294e9bfd3]::result::Result<(), alloc[2182bb758b4b3781]::string::String>, fn() -> core[df12db4294e9bfd3]::result::Result<(), alloc[2182bb758b4b3781]::string::String>>
[INFO] [stdout]   15:     0x5df6d22ac6e5 - test[9d35eded1c95d3be]::run_test::{closure#0}
[INFO] [stdout]   16:     0x5df6d22a5fa4 - std[70759c8f55707aa4]::sys::backtrace::__rust_begin_short_backtrace::<test[9d35eded1c95d3be]::run_test::{closure#1}, ()>
[INFO] [stdout]   17:     0x5df6d22af842 - <std[70759c8f55707aa4]::thread::lifecycle::spawn_unchecked<test[9d35eded1c95d3be]::run_test::{closure#1}, ()>::{closure#1} as core[df12db4294e9bfd3]::ops::function::FnOnce<()>>::call_once::{shim:vtable#0}
[INFO] [stdout]   18:     0x5df6d244be39 - <std[70759c8f55707aa4]::sys::thread::unix::Thread>::new::thread_start
[INFO] [stdout]   19:     0x753722377dfa - <unknown>
[INFO] [stdout]   20:     0x75372240b3d4 - clone
[INFO] [stdout]   21:                0x0 - <unknown>
[INFO] [stdout] 
[INFO] [stdout] ---- tui::setup::tree::tests::the_potion_revision_is_the_one_getpotion_fetches stdout ----
[INFO] [stdout] 
[INFO] [stdout] thread 'tui::setup::tree::tests::the_potion_revision_is_the_one_getpotion_fetches' (2282) panicked at src/tui/setup/tree.rs:132:53:
[INFO] [stdout] called `Result::unwrap()` on an `Err` value: Os { code: 2, kind: NotFound, message: "No such file or directory" }
[INFO] [stdout] stack backtrace:
[INFO] [stdout]    0:     0x5df6d244cf21 - <<std[70759c8f55707aa4]::sys::backtrace::BacktraceLock>::print::DisplayBacktrace as core[df12db4294e9bfd3]::fmt::Display>::fmt
[INFO] [stdout]    1:     0x5df6d246688a - core[df12db4294e9bfd3]::fmt::write
[INFO] [stdout]    2:     0x5df6d245333c - <alloc[2182bb758b4b3781]::vec::Vec<u8> as core[df12db4294e9bfd3]::io::write::Write>::write_fmt
[INFO] [stdout]    3:     0x5df6d24234f6 - std[70759c8f55707aa4]::panicking::default_hook::{closure#0}
[INFO] [stdout]    4:     0x5df6d2442919 - std[70759c8f55707aa4]::panicking::default_hook
[INFO] [stdout]    5:     0x5df6d22abd90 - test[9d35eded1c95d3be]::test_main_inner::<test[9d35eded1c95d3be]::test_main_static::{closure#0}>::{closure#0}
[INFO] [stdout]    6:     0x5df6d2442ad2 - std[70759c8f55707aa4]::panicking::panic_with_hook
[INFO] [stdout]    7:     0x5df6d24235a2 - std[70759c8f55707aa4]::panicking::panic_handler::{closure#0}
[INFO] [stdout]    8:     0x5df6d241b919 - std[70759c8f55707aa4]::sys::backtrace::__rust_end_short_backtrace::<std[70759c8f55707aa4]::panicking::panic_handler::{closure#0}, !>
[INFO] [stdout]    9:     0x5df6d242463d - __rustc[8fa7c3cbc660c2b3]::rust_begin_unwind
[INFO] [stdout]   10:     0x5df6d2466fec - core[df12db4294e9bfd3]::panicking::panic_fmt
[INFO] [stdout]   11:     0x5df6d2466dc2 - core[df12db4294e9bfd3]::result::unwrap_failed
[INFO] [stdout]   12:     0x5df6d21b9291 - urna[fc9cd8960df89e5b]::tui::setup::tree::tests::the_potion_revision_is_the_one_getpotion_fetches
[INFO] [stdout]   13:     0x5df6d2211899 - <urna[fc9cd8960df89e5b]::tui::setup::tree::tests::the_potion_revision_is_the_one_getpotion_fetches::{closure#0} as core[df12db4294e9bfd3]::ops::function::FnOnce<()>>::call_once
[INFO] [stdout]   14:     0x5df6d229f07b - test[9d35eded1c95d3be]::__rust_begin_short_backtrace::<core[df12db4294e9bfd3]::result::Result<(), alloc[2182bb758b4b3781]::string::String>, fn() -> core[df12db4294e9bfd3]::result::Result<(), alloc[2182bb758b4b3781]::string::String>>
[INFO] [stdout]   15:     0x5df6d22ac6e5 - test[9d35eded1c95d3be]::run_test::{closure#0}
[INFO] [stdout]   16:     0x5df6d22a5fa4 - std[70759c8f55707aa4]::sys::backtrace::__rust_begin_short_backtrace::<test[9d35eded1c95d3be]::run_test::{closure#1}, ()>
[INFO] [stdout]   17:     0x5df6d22af842 - <std[70759c8f55707aa4]::thread::lifecycle::spawn_unchecked<test[9d35eded1c95d3be]::run_test::{closure#1}, ()>::{closure#1} as core[df12db4294e9bfd3]::ops::function::FnOnce<()>>::call_once::{shim:vtable#0}
[INFO] [stdout]   18:     0x5df6d244be39 - <std[70759c8f55707aa4]::sys::thread::unix::Thread>::new::thread_start
[INFO] [stdout]   19:     0x753722377dfa - <unknown>
[INFO] [stdout]   20:     0x75372240b3d4 - clone
[INFO] [stdout]   21:                0x0 - <unknown>
[INFO] [stdout] 
[INFO] [stdout] 
[INFO] [stdout] failures:
[INFO] [stdout]     tui::app::corpus::tests::loads_and_validates_the_golden_fixture
[INFO] [stdout]     tui::app::corpus::tests::render_fits_small_bodies
[INFO] [stdout]     tui::setup::tree::tests::the_potion_revision_is_the_one_getpotion_fetches
[INFO] [stdout] 
[INFO] [stdout] test result: FAILED. 136 passed; 3 failed; 0 ignored; 0 measured; 0 filtered out; finished in 3.01s
[INFO] [stdout] 
[INFO] [stderr] error: test failed, to rerun pass `--bin urna`
[INFO] running `Command { std: "docker" "inspect" "98070b8edc0b4ab2f7761b3175ab8fe80f4442e558ba915cffb9090beb75fe96", kill_on_drop: false }`
[INFO] running `Command { std: "docker" "rm" "-f" "98070b8edc0b4ab2f7761b3175ab8fe80f4442e558ba915cffb9090beb75fe96", kill_on_drop: false }`
[INFO] [stdout] 98070b8edc0b4ab2f7761b3175ab8fe80f4442e558ba915cffb9090beb75fe96
