[INFO] fetching crate ureeves-userfaultfd-sys 0.5.0...
[INFO] testing ureeves-userfaultfd-sys-0.5.0 against 1.100.0-beta.1+cargoflags=--release for beta-release-1.100-2
[INFO] extracting crate ureeves-userfaultfd-sys 0.5.0 into /workspace/builds/worker-1-tc2/source
[INFO] started tweaking crates.io crate ureeves-userfaultfd-sys 0.5.0
[INFO] finished tweaking crates.io crate ureeves-userfaultfd-sys 0.5.0
[INFO] tweaked toml for crates.io crate ureeves-userfaultfd-sys 0.5.0 written to /workspace/builds/worker-1-tc2/source/Cargo.toml
[INFO] validating manifest of crates.io crate ureeves-userfaultfd-sys 0.5.0 on toolchain 1.100.0-beta.1
[INFO] running `Command { std: CARGO_HOME="/workspace/cargo-home" RUSTUP_HOME="/workspace/rustup-home" "/workspace/cargo-home/bin/cargo" "+1.100.0-beta.1" "metadata" "--manifest-path" "Cargo.toml" "--no-deps", kill_on_drop: false }`
[INFO] running `Command { std: CARGO_HOME="/workspace/cargo-home" RUSTUP_HOME="/workspace/rustup-home" "/workspace/cargo-home/bin/cargo" "+1.100.0-beta.1" "generate-lockfile" "--manifest-path" "Cargo.toml", kill_on_drop: false }`
[INFO] [stderr]     Updating crates.io index
[INFO] [stderr]      Locking 28 packages to highest compatible versions
[INFO] [stderr]       Adding bindgen v0.68.1 (available: v0.73.2)
[INFO] running `Command { std: CARGO_HOME="/workspace/cargo-home" RUSTUP_HOME="/workspace/rustup-home" "/workspace/cargo-home/bin/cargo" "+1.100.0-beta.1" "fetch" "--manifest-path" "Cargo.toml", kill_on_drop: false }`
[INFO] running `Command { std: "docker" "create" "-v" "/var/lib/crater-agent-workspace/builds/worker-1-tc2/source:/opt/rustwide/workdir:ro,Z" "-v" "/var/lib/crater-agent-workspace/builds/worker-1-tc2/target:/opt/rustwide/target:rw,Z" "-v" "/var/lib/crater-agent-workspace/cargo-home:/opt/rustwide/cargo-home:ro,Z" "-v" "/var/lib/crater-agent-workspace/rustup-home:/opt/rustwide/rustup-home:ro,Z" "-m" "1610612736" "--network" "none" "ghcr.io/rust-lang/crates-build-env/linux@sha256:77db811e55d90add9212f6832c23229e3de5f1c1f9905e8cb07319ea15df73ac" "sleep" "infinity", kill_on_drop: false }`
[INFO] [stdout] ab7d29d28cf5a3158435c2e383ab3999c5afa75f9b77e3d9e4d8c976584bbfed
[INFO] running `Command { std: "docker" "start" "ab7d29d28cf5a3158435c2e383ab3999c5afa75f9b77e3d9e4d8c976584bbfed", kill_on_drop: false }`
[INFO] running `Command { std: "docker" "inspect" "ab7d29d28cf5a3158435c2e383ab3999c5afa75f9b77e3d9e4d8c976584bbfed", kill_on_drop: false }`
[INFO] running `Command { std: "docker" "exec" "-e" "SOURCE_DIR=/opt/rustwide/workdir" "-e" "CARGO_HOME=/opt/rustwide/cargo-home" "-e" "RUSTUP_HOME=/opt/rustwide/rustup-home" "-e" "CARGO_TARGET_DIR=/opt/rustwide/target" "-w" "/opt/rustwide/workdir" "--user" "0:0" "ab7d29d28cf5a3158435c2e383ab3999c5afa75f9b77e3d9e4d8c976584bbfed" "/opt/rustwide/cargo-home/bin/cargo" "+1.100.0-beta.1" "metadata" "--no-deps" "--format-version=1", kill_on_drop: false }`
[INFO] running `Command { std: "docker" "inspect" "ab7d29d28cf5a3158435c2e383ab3999c5afa75f9b77e3d9e4d8c976584bbfed", kill_on_drop: false }`
[INFO] running `Command { std: "docker" "exec" "-e" "SOURCE_DIR=/opt/rustwide/workdir" "-e" "CARGO_HOME=/opt/rustwide/cargo-home" "-e" "RUSTUP_HOME=/opt/rustwide/rustup-home" "-e" "CARGO_TARGET_DIR=/opt/rustwide/target" "-e" "CARGO_INCREMENTAL=0" "-e" "RUST_BACKTRACE=full" "-e" "RUSTFLAGS=--cap-lints=warn" "-e" "RUSTDOCFLAGS=--cap-lints=warn" "-w" "/opt/rustwide/workdir" "--user" "0:0" "ab7d29d28cf5a3158435c2e383ab3999c5afa75f9b77e3d9e4d8c976584bbfed" "/opt/rustwide/cargo-home/bin/cargo" "+1.100.0-beta.1" "build" "--frozen" "--message-format=json" "--release", kill_on_drop: false }`
[INFO] [stderr]    Compiling glob v0.3.4
[INFO] [stderr]    Compiling regex-syntax v0.8.11
[INFO] [stderr]    Compiling bindgen v0.68.1
[INFO] [stderr]    Compiling peeking_take_while v0.1.2
[INFO] [stderr]    Compiling libc v0.2.191
[INFO] [stderr]    Compiling libloading v0.8.9
[INFO] [stderr]    Compiling nom v7.1.3
[INFO] [stderr]    Compiling lazy_static v1.5.1
[INFO] [stderr]    Compiling quote v1.0.47
[INFO] [stderr]    Compiling clang-sys v1.9.1
[INFO] [stderr]    Compiling syn v2.0.119
[INFO] [stderr]    Compiling cexpr v0.6.0
[INFO] [stderr]    Compiling regex-automata v0.4.18
[INFO] [stderr]    Compiling regex v1.13.1
[INFO] [stderr]    Compiling ureeves-userfaultfd-sys v0.5.0 (/opt/rustwide/workdir)
[INFO] [stderr]     Finished `release` profile [optimized] target(s) in 17.98s
[INFO] running `Command { std: "docker" "inspect" "ab7d29d28cf5a3158435c2e383ab3999c5afa75f9b77e3d9e4d8c976584bbfed", kill_on_drop: false }`
[INFO] running `Command { std: "docker" "exec" "-e" "SOURCE_DIR=/opt/rustwide/workdir" "-e" "CARGO_HOME=/opt/rustwide/cargo-home" "-e" "RUSTUP_HOME=/opt/rustwide/rustup-home" "-e" "CARGO_TARGET_DIR=/opt/rustwide/target" "-e" "CARGO_INCREMENTAL=0" "-e" "RUST_BACKTRACE=full" "-e" "RUSTFLAGS=--cap-lints=warn" "-e" "RUSTDOCFLAGS=--cap-lints=warn" "-w" "/opt/rustwide/workdir" "--user" "0:0" "ab7d29d28cf5a3158435c2e383ab3999c5afa75f9b77e3d9e4d8c976584bbfed" "/opt/rustwide/cargo-home/bin/cargo" "+1.100.0-beta.1" "test" "--frozen" "--no-run" "--message-format=json" "--release", kill_on_drop: false }`
[INFO] [stderr]    Compiling ureeves-userfaultfd-sys v0.5.0 (/opt/rustwide/workdir)
[INFO] [stderr]     Finished `release` profile [optimized] target(s) in 0.71s
[INFO] running `Command { std: "docker" "inspect" "ab7d29d28cf5a3158435c2e383ab3999c5afa75f9b77e3d9e4d8c976584bbfed", kill_on_drop: false }`
[INFO] running `Command { std: "docker" "exec" "-e" "SOURCE_DIR=/opt/rustwide/workdir" "-e" "CARGO_HOME=/opt/rustwide/cargo-home" "-e" "RUSTUP_HOME=/opt/rustwide/rustup-home" "-e" "CARGO_TARGET_DIR=/opt/rustwide/target" "-e" "CARGO_INCREMENTAL=0" "-e" "RUST_BACKTRACE=full" "-e" "RUSTFLAGS=--cap-lints=warn" "-e" "RUSTDOCFLAGS=--cap-lints=warn" "-w" "/opt/rustwide/workdir" "--user" "0:0" "ab7d29d28cf5a3158435c2e383ab3999c5afa75f9b77e3d9e4d8c976584bbfed" "/opt/rustwide/cargo-home/bin/cargo" "+1.100.0-beta.1" "test" "--frozen" "--release", kill_on_drop: false }`
[INFO] [stderr]     Finished `release` profile [optimized] target(s) in 0.05s
[INFO] [stderr]      Running unittests src/lib.rs (/opt/rustwide/target/release/build/ureeves-userfaultfd-sys/166f5ecf6e6de3ce/out/ureeves_userfaultfd_sys-166f5ecf6e6de3ce)
[INFO] [stdout] 
[INFO] [stdout] running 20 tests
[INFO] [stdout] test bindgen_test_layout___kernel_fd_set ... ok
[INFO] [stdout] test bindgen_test_layout_uffd_msg__bindgen_ty_1__bindgen_ty_3 ... ok
[INFO] [stdout] test bindgen_test_layout_uffd_msg__bindgen_ty_1__bindgen_ty_4 ... ok
[INFO] [stdout] test bindgen_test_layout_uffd_msg__bindgen_ty_1__bindgen_ty_5 ... ok
[INFO] [stdout] test bindgen_test_layout_uffdio_move ... ok
[INFO] [stdout] test bindgen_test_layout_uffdio_range ... ok
[INFO] [stdout] test bindgen_test_layout_uffd_msg__bindgen_ty_1__bindgen_ty_1__bindgen_ty_1 ... ok
[INFO] [stdout] test bindgen_test_layout___kernel_fsid_t ... ok
[INFO] [stdout] test bindgen_test_layout_uffdio_continue ... ok
[INFO] [stdout] test bindgen_test_layout_uffdio_copy ... ok
[INFO] [stdout] test bindgen_test_layout_uffdio_poison ... ok
[INFO] [stdout] test bindgen_test_layout_uffd_msg__bindgen_ty_1__bindgen_ty_2 ... ok
[INFO] [stdout] test bindgen_test_layout_uffdio_api ... ok
[INFO] [stdout] test bindgen_test_layout_uffdio_register ... ok
[INFO] [stdout] test bindgen_test_layout_uffd_msg ... ok
[INFO] [stdout] test bindgen_test_layout_uffd_msg__bindgen_ty_1__bindgen_ty_1 ... ok
[INFO] [stdout] test bindgen_test_layout_uffd_msg__bindgen_ty_1 ... ok
[INFO] [stdout] test bindgen_test_layout_uffdio_writeprotect ... ok
[INFO] [stdout] test bindgen_test_layout_uffdio_zeropage ... ok
[INFO] [stdout] test linux4_11::const_tests::consts_correct ... FAILED
[INFO] [stderr] error: test failed, to rerun pass `--lib`
[INFO] [stdout] 
[INFO] [stdout] failures:
[INFO] [stdout] 
[INFO] [stdout] ---- linux4_11::const_tests::consts_correct stdout ----
[INFO] [stdout] 
[INFO] [stdout] thread 'linux4_11::const_tests::consts_correct' (609) panicked at src/linux4_11.rs:61:13:
[INFO] [stdout] assertion `left == right` failed: UFFD_API_FEATURES
[INFO] [stdout]   left: 126
[INFO] [stdout]  right: 131071
[INFO] [stdout] stack backtrace:
[INFO] [stdout]    0:     0x5d30bb6d2aa1 - <<std[617be2ca0a6fd877]::sys::backtrace::BacktraceLock>::print::DisplayBacktrace as core[a373ad73a504971]::fmt::Display>::fmt
[INFO] [stdout]    1:     0x5d30bb6e699a - core[a373ad73a504971]::fmt::write
[INFO] [stdout]    2:     0x5d30bb6d6cbc - <alloc[2e1b2a31b91974c5]::vec::Vec<u8> as core[a373ad73a504971]::io::write::Write>::write_fmt
[INFO] [stdout]    3:     0x5d30bb6aef06 - std[617be2ca0a6fd877]::panicking::default_hook::{closure#0}
[INFO] [stdout]    4:     0x5d30bb6cb139 - std[617be2ca0a6fd877]::panicking::default_hook
[INFO] [stdout]    5:     0x5d30bb6677e0 - test[aada8e7e76ba119b]::test_main_inner::{closure#0}
[INFO] [stdout]    6:     0x5d30bb6cb2f2 - std[617be2ca0a6fd877]::panicking::panic_with_hook
[INFO] [stdout]    7:     0x5d30bb6aefb2 - std[617be2ca0a6fd877]::panicking::panic_handler::{closure#0}
[INFO] [stdout]    8:     0x5d30bb6a7cc9 - std[617be2ca0a6fd877]::sys::backtrace::__rust_end_short_backtrace::<std[617be2ca0a6fd877]::panicking::panic_handler::{closure#0}, !>
[INFO] [stdout]    9:     0x5d30bb6afbbd - __rustc[ea4f61d10b84890b]::rust_begin_unwind
[INFO] [stdout]   10:     0x5d30bb6e70cc - core[a373ad73a504971]::panicking::panic_fmt
[INFO] [stdout]   11:     0x5d30bb6e7043 - core[a373ad73a504971]::panicking::assert_failed_inner
[INFO] [stdout]   12:     0x5d30bb6e3898 - core[a373ad73a504971]::panicking::assert_failed::<u64, u64>
[INFO] [stdout]   13:     0x5d30bb65a97b - <ureeves_userfaultfd_sys[f4a844b8388ff561]::linux4_11::const_tests::consts_correct::{closure#0} as core[a373ad73a504971]::ops::function::FnOnce<()>>::call_once
[INFO] [stdout]   14:     0x5d30bb65ac2b - test[aada8e7e76ba119b]::__rust_begin_short_backtrace::<core[a373ad73a504971]::result::Result<(), alloc[2e1b2a31b91974c5]::string::String>, fn() -> core[a373ad73a504971]::result::Result<(), alloc[2e1b2a31b91974c5]::string::String>>
[INFO] [stdout]   15:     0x5d30bb667e05 - test[aada8e7e76ba119b]::run_test::{closure#0}
[INFO] [stdout]   16:     0x5d30bb6616f4 - std[617be2ca0a6fd877]::sys::backtrace::__rust_begin_short_backtrace::<test[aada8e7e76ba119b]::run_test::{closure#1}, ()>
[INFO] [stdout]   17:     0x5d30bb66ae92 - <std[617be2ca0a6fd877]::thread::lifecycle::spawn_unchecked<test[aada8e7e76ba119b]::run_test::{closure#1}, ()>::{closure#1} as core[a373ad73a504971]::ops::function::FnOnce<()>>::call_once::{shim:vtable#0}
[INFO] [stdout]   18:     0x5d30bb6d22ff - <std[617be2ca0a6fd877]::sys::thread::unix::Thread>::new::thread_start
[INFO] [stdout]   19:     0x7bf1b0ed1dfa - <unknown>
[INFO] [stdout]   20:     0x7bf1b0f653d4 - clone
[INFO] [stdout]   21:                0x0 - <unknown>
[INFO] [stdout] 
[INFO] [stdout] 
[INFO] [stdout] failures:
[INFO] [stdout]     linux4_11::const_tests::consts_correct
[INFO] [stdout] 
[INFO] [stdout] test result: FAILED. 19 passed; 1 failed; 0 ignored; 0 measured; 0 filtered out; finished in 0.01s
[INFO] [stdout] 
[INFO] running `Command { std: "docker" "inspect" "ab7d29d28cf5a3158435c2e383ab3999c5afa75f9b77e3d9e4d8c976584bbfed", kill_on_drop: false }`
[INFO] running `Command { std: "docker" "rm" "-f" "ab7d29d28cf5a3158435c2e383ab3999c5afa75f9b77e3d9e4d8c976584bbfed", kill_on_drop: false }`
[INFO] [stdout] ab7d29d28cf5a3158435c2e383ab3999c5afa75f9b77e3d9e4d8c976584bbfed
