[INFO] fetching crate upwhen 0.1.0...
[INFO] testing upwhen-0.1.0 against 1.99.0-beta.8+cargoflags=--release for beta-release-1.100-2
[INFO] extracting crate upwhen 0.1.0 into /workspace/builds/worker-3-tc1/source
[INFO] removed /workspace/builds/worker-3-tc1/source/rust-toolchain.toml
[INFO] started tweaking crates.io crate upwhen 0.1.0
[INFO] removed 0 missing tests
[INFO] finished tweaking crates.io crate upwhen 0.1.0
[INFO] tweaked toml for crates.io crate upwhen 0.1.0 written to /workspace/builds/worker-3-tc1/source/Cargo.toml
[INFO] validating manifest of crates.io crate upwhen 0.1.0 on toolchain 1.99.0-beta.8
[INFO] running `Command { std: CARGO_HOME="/workspace/cargo-home" RUSTUP_HOME="/workspace/rustup-home" "/workspace/cargo-home/bin/cargo" "+1.99.0-beta.8" "metadata" "--manifest-path" "Cargo.toml" "--no-deps", kill_on_drop: false }`
[INFO] crate crates.io crate upwhen 0.1.0 already has a lockfile, it will not be regenerated
[INFO] running `Command { std: CARGO_HOME="/workspace/cargo-home" RUSTUP_HOME="/workspace/rustup-home" "/workspace/cargo-home/bin/cargo" "+1.99.0-beta.8" "fetch" "--manifest-path" "Cargo.toml", kill_on_drop: false }`
[INFO] [stderr]  Downloading crates ...
[INFO] [stderr]   Downloaded predicates-core v1.0.10
[INFO] [stderr]   Downloaded float-cmp v0.10.0
[INFO] [stderr]   Downloaded predicates v3.1.4
[INFO] [stderr]   Downloaded predicates-tree v1.0.13
[INFO] [stderr]   Downloaded clap_builder v4.6.5
[INFO] [stderr]   Downloaded assert_cmd v2.2.2
[INFO] [stderr]   Downloaded clap v4.6.5
[INFO] [stderr]   Downloaded bstr v1.13.0
[INFO] running `Command { std: "docker" "create" "-v" "/var/lib/crater-agent-workspace/builds/worker-3-tc1/source:/opt/rustwide/workdir:ro,Z" "-v" "/var/lib/crater-agent-workspace/builds/worker-3-tc1/target:/opt/rustwide/target:rw,Z" "-v" "/var/lib/crater-agent-workspace/cargo-home:/opt/rustwide/cargo-home:ro,Z" "-v" "/var/lib/crater-agent-workspace/rustup-home:/opt/rustwide/rustup-home:ro,Z" "-m" "1610612736" "--network" "none" "ghcr.io/rust-lang/crates-build-env/linux@sha256:77db811e55d90add9212f6832c23229e3de5f1c1f9905e8cb07319ea15df73ac" "sleep" "infinity", kill_on_drop: false }`
[INFO] [stdout] 215d48b8ff86968d6a186f77726d3cf77d42f83526b0424fd22e19c7cae58c20
[INFO] running `Command { std: "docker" "start" "215d48b8ff86968d6a186f77726d3cf77d42f83526b0424fd22e19c7cae58c20", kill_on_drop: false }`
[INFO] running `Command { std: "docker" "inspect" "215d48b8ff86968d6a186f77726d3cf77d42f83526b0424fd22e19c7cae58c20", kill_on_drop: false }`
[INFO] running `Command { std: "docker" "exec" "-e" "SOURCE_DIR=/opt/rustwide/workdir" "-e" "CARGO_HOME=/opt/rustwide/cargo-home" "-e" "RUSTUP_HOME=/opt/rustwide/rustup-home" "-e" "CARGO_TARGET_DIR=/opt/rustwide/target" "-w" "/opt/rustwide/workdir" "--user" "0:0" "215d48b8ff86968d6a186f77726d3cf77d42f83526b0424fd22e19c7cae58c20" "/opt/rustwide/cargo-home/bin/cargo" "+1.99.0-beta.8" "metadata" "--no-deps" "--format-version=1", kill_on_drop: false }`
[INFO] running `Command { std: "docker" "inspect" "215d48b8ff86968d6a186f77726d3cf77d42f83526b0424fd22e19c7cae58c20", kill_on_drop: false }`
[INFO] running `Command { std: "docker" "exec" "-e" "SOURCE_DIR=/opt/rustwide/workdir" "-e" "CARGO_HOME=/opt/rustwide/cargo-home" "-e" "RUSTUP_HOME=/opt/rustwide/rustup-home" "-e" "CARGO_TARGET_DIR=/opt/rustwide/target" "-e" "CARGO_INCREMENTAL=0" "-e" "RUST_BACKTRACE=full" "-e" "RUSTFLAGS=--cap-lints=warn" "-e" "RUSTDOCFLAGS=--cap-lints=warn" "-w" "/opt/rustwide/workdir" "--user" "0:0" "215d48b8ff86968d6a186f77726d3cf77d42f83526b0424fd22e19c7cae58c20" "/opt/rustwide/cargo-home/bin/cargo" "+1.99.0-beta.8" "build" "--frozen" "--message-format=json" "--release", kill_on_drop: false }`
[INFO] [stderr]    Compiling proc-macro2 v1.0.107
[INFO] [stderr]    Compiling unicode-ident v1.0.24
[INFO] [stderr]    Compiling quote v1.0.47
[INFO] [stderr]    Compiling utf8parse v0.2.2
[INFO] [stderr]    Compiling is_terminal_polyfill v1.70.2
[INFO] [stderr]    Compiling colorchoice v1.0.5
[INFO] [stderr]    Compiling anstyle-query v1.1.5
[INFO] [stderr]    Compiling anstyle v1.0.14
[INFO] [stderr]    Compiling strsim v0.11.1
[INFO] [stderr]    Compiling clap_lex v1.1.0
[INFO] [stderr]    Compiling anyhow v1.0.104
[INFO] [stderr]    Compiling libc v0.2.189
[INFO] [stderr]    Compiling heck v0.5.0
[INFO] [stderr]    Compiling same-file v1.0.6
[INFO] [stderr]    Compiling glob v0.3.4
[INFO] [stderr]    Compiling anstyle-parse v1.0.0
[INFO] [stderr]    Compiling walkdir v2.5.0
[INFO] [stderr]    Compiling anstream v1.0.0
[INFO] [stderr]    Compiling clap_builder v4.6.5
[INFO] [stderr]    Compiling syn v3.0.3
[INFO] [stderr]    Compiling clap_derive v4.6.4
[INFO] [stderr]    Compiling clap v4.6.5
[INFO] [stderr]    Compiling upwhen v0.1.0 (/opt/rustwide/workdir)
[INFO] [stderr]     Finished `release` profile [optimized] target(s) in 17.18s
[INFO] running `Command { std: "docker" "inspect" "215d48b8ff86968d6a186f77726d3cf77d42f83526b0424fd22e19c7cae58c20", kill_on_drop: false }`
[INFO] running `Command { std: "docker" "exec" "-e" "SOURCE_DIR=/opt/rustwide/workdir" "-e" "CARGO_HOME=/opt/rustwide/cargo-home" "-e" "RUSTUP_HOME=/opt/rustwide/rustup-home" "-e" "CARGO_TARGET_DIR=/opt/rustwide/target" "-e" "CARGO_INCREMENTAL=0" "-e" "RUST_BACKTRACE=full" "-e" "RUSTFLAGS=--cap-lints=warn" "-e" "RUSTDOCFLAGS=--cap-lints=warn" "-w" "/opt/rustwide/workdir" "--user" "0:0" "215d48b8ff86968d6a186f77726d3cf77d42f83526b0424fd22e19c7cae58c20" "/opt/rustwide/cargo-home/bin/cargo" "+1.99.0-beta.8" "test" "--frozen" "--no-run" "--message-format=json" "--release", kill_on_drop: false }`
[INFO] [stderr]    Compiling autocfg v1.5.1
[INFO] [stderr]    Compiling memchr v2.8.3
[INFO] [stderr]    Compiling regex-syntax v0.8.11
[INFO] [stderr]    Compiling predicates-core v1.0.10
[INFO] [stderr]    Compiling rustix v1.1.4
[INFO] [stderr]    Compiling getrandom v0.4.3
[INFO] [stderr]    Compiling normalize-line-endings v0.3.0
[INFO] [stderr]    Compiling difflib v0.4.0
[INFO] [stderr]    Compiling assert_cmd v2.2.2
[INFO] [stderr]    Compiling bitflags v2.13.1
[INFO] [stderr]    Compiling linux-raw-sys v0.12.1
[INFO] [stderr]    Compiling termtree v0.5.1
[INFO] [stderr]    Compiling cfg-if v1.0.4
[INFO] [stderr]    Compiling wait-timeout v0.2.1
[INFO] [stderr]    Compiling once_cell v1.21.4
[INFO] [stderr]    Compiling fastrand v2.5.0
[INFO] [stderr]    Compiling predicates-tree v1.0.13
[INFO] [stderr]    Compiling num-traits v0.2.19
[INFO] [stderr]    Compiling aho-corasick v1.1.4
[INFO] [stderr]    Compiling float-cmp v0.10.0
[INFO] [stderr]    Compiling regex-automata v0.4.16
[INFO] [stderr]    Compiling tempfile v3.27.0
[INFO] [stderr]    Compiling regex v1.13.1
[INFO] [stderr]    Compiling bstr v1.13.0
[INFO] [stderr]    Compiling predicates v3.1.4
[INFO] [stderr]    Compiling upwhen v0.1.0 (/opt/rustwide/workdir)
[INFO] [stderr]     Finished `release` profile [optimized] target(s) in 39.13s
[INFO] running `Command { std: "docker" "inspect" "215d48b8ff86968d6a186f77726d3cf77d42f83526b0424fd22e19c7cae58c20", kill_on_drop: false }`
[INFO] running `Command { std: "docker" "exec" "-e" "SOURCE_DIR=/opt/rustwide/workdir" "-e" "CARGO_HOME=/opt/rustwide/cargo-home" "-e" "RUSTUP_HOME=/opt/rustwide/rustup-home" "-e" "CARGO_TARGET_DIR=/opt/rustwide/target" "-e" "CARGO_INCREMENTAL=0" "-e" "RUST_BACKTRACE=full" "-e" "RUSTFLAGS=--cap-lints=warn" "-e" "RUSTDOCFLAGS=--cap-lints=warn" "-w" "/opt/rustwide/workdir" "--user" "0:0" "215d48b8ff86968d6a186f77726d3cf77d42f83526b0424fd22e19c7cae58c20" "/opt/rustwide/cargo-home/bin/cargo" "+1.99.0-beta.8" "test" "--frozen" "--release", kill_on_drop: false }`
[INFO] [stderr]     Finished `release` profile [optimized] target(s) in 0.08s
[INFO] [stderr]      Running unittests src/lib.rs (/opt/rustwide/target/release/deps/upwhen-79e5d37b477570da)
[INFO] [stdout] 
[INFO] [stdout] running 14 tests
[INFO] [stdout] test commands::tests::expands_sticky_paths ... ok
[INFO] [stdout] test config::tests::parses_asimov_compatible_configuration_and_library_policy ... ok
[INFO] [stdout] test commands::tests::refuses_broad_or_indirect_library_exclusions ... ok
[INFO] [stdout] test discovery::tests::electron_profiles_require_preferences_and_two_cache_markers ... ok
[INFO] [stdout] test install::tests::plist_escapes_binary_path_and_has_daily_interval ... ok
[INFO] [stdout] test discovery::tests::full_scan_skips_library_by_default ... ok
[INFO] [stdout] test cache::tests::cache_filters_stale_out_of_scope_and_nested_paths ... ok
[INFO] [stdout] test time_machine::tests::dry_run_checks_status_but_never_changes_time_machine_or_cache ... ok
[INFO] [stdout] test time_machine::tests::formats_sizes ... ok
[INFO] [stdout] test discovery::tests::electron_profiles_only_yield_allowlisted_regeneratable_caches ... ok
[INFO] [stdout] test config::tests::records_unknown_and_invalid_entries_for_doctor ... ok
[INFO] [stdout] test discovery::tests::full_scan_requires_a_sibling_sentinel_and_prunes_nested_matches ... ok
[INFO] [stdout] test time_machine::tests::already_excluded_paths_are_not_added_again ... ok
[INFO] [stdout] test discovery::tests::every_embedded_sentinel_discovers_its_directory ... ok
[INFO] [stdout] 
[INFO] [stdout] test result: ok. 14 passed; 0 failed; 0 ignored; 0 measured; 0 filtered out; finished in 0.07s
[INFO] [stdout] 
[INFO] [stderr]      Running unittests src/main.rs (/opt/rustwide/target/release/deps/upwhen-7e65d2ea8144b0e8)
[INFO] [stdout] 
[INFO] [stdout] running 0 tests
[INFO] [stdout] 
[INFO] [stdout] test result: ok. 0 passed; 0 failed; 0 ignored; 0 measured; 0 filtered out; finished in 0.00s
[INFO] [stdout] 
[INFO] [stderr]      Running tests/cli.rs (/opt/rustwide/target/release/deps/cli-8bf80929977a180e)
[INFO] [stdout] 
[INFO] [stdout] running 3 tests
[INFO] [stdout] test help_describes_scan_and_operational_commands ... FAILED
[INFO] [stdout] test version_matches_the_crate ... FAILED
[INFO] [stdout] test quiet_and_verbose_are_mutually_exclusive ... FAILED
[INFO] [stdout] 
[INFO] [stdout] failures:
[INFO] [stdout] 
[INFO] [stdout] ---- help_describes_scan_and_operational_commands stdout ----
[INFO] [stdout] 
[INFO] [stdout] thread 'help_describes_scan_and_operational_commands' (884) panicked at tests/cli.rs:10:10:
[INFO] [stdout] Unexpected failure.
[INFO] [stdout] code=1
[INFO] [stdout] stderr=```"upwhen: Upwhen only supports macOS because it manages Time Machine exclusions\n"```
[INFO] [stdout] command=`"/opt/rustwide/target/release/upwhen" "--help"`
[INFO] [stdout] code=1
[INFO] [stdout] stdout=""
[INFO] [stdout] stderr="upwhen: Upwhen only supports macOS because it manages Time Machine exclusions\n"
[INFO] [stdout] 
[INFO] [stdout] stack backtrace:
[INFO] [stdout]    0:     0x5dbdb9e65ca7 - <unknown>
[INFO] [stdout]    1:     0x5dbdb9e4b42a - <unknown>
[INFO] [stdout]    2:     0x5dbdb9e6525b - <unknown>
[INFO] [stdout]    3:     0x5dbdb9e64d3f - <unknown>
[INFO] [stdout]    4:     0x5dbdb9e6496a - <unknown>
[INFO] [stdout]    5:     0x5dbdb9e644a2 - <unknown>
[INFO] [stdout]    6:     0x5dbdb9e8b1c1 - <unknown>
[INFO] [stdout]    7:     0x5dbdb9e8b179 - <unknown>
[INFO] [stdout]    8:     0x5dbdb9e8b68c - <unknown>
[INFO] [stdout]    9:     0x5dbdb9e4b2bb - <unknown>
[INFO] [stdout]   10:     0x5dbdb9e48acf - <unknown>
[INFO] [stdout]   11:     0x5dbdb9e41539 - <unknown>
[INFO] [stdout]   12:     0x5dbdb9ea66eb - <unknown>
[INFO] [stdout]   13:     0x5dbdb9ea234c - <unknown>
[INFO] [stdout]   14:     0x5dbdb9ea1a7c - <unknown>
[INFO] [stdout]   15:     0x5dbdb9ebe38c - <unknown>
[INFO] [stdout]   16:     0x5dbdb9e8ce02 - <unknown>
[INFO] [stdout]   17:     0x74b35f264dfa - <unknown>
[INFO] [stdout]   18:     0x74b35f2f83d4 - clone
[INFO] [stdout]   19:                0x0 - <unknown>
[INFO] [stdout] 
[INFO] [stdout] ---- version_matches_the_crate stdout ----
[INFO] [stdout] 
[INFO] [stdout] thread 'version_matches_the_crate' (886) panicked at tests/cli.rs:22:10:
[INFO] [stdout] Unexpected failure.
[INFO] [stdout] code=1
[INFO] [stdout] stderr=```"upwhen: Upwhen only supports macOS because it manages Time Machine exclusions\n"```
[INFO] [stdout] command=`"/opt/rustwide/target/release/upwhen" "--version"`
[INFO] [stdout] code=1
[INFO] [stdout] stdout=""
[INFO] [stdout] stderr="upwhen: Upwhen only supports macOS because it manages Time Machine exclusions\n"
[INFO] [stdout] 
[INFO] [stdout] stack backtrace:
[INFO] [stdout]    0:     0x5dbdb9e65ca7 - <unknown>
[INFO] [stdout]    1:     0x5dbdb9e4b42a - <unknown>
[INFO] [stdout]    2:     0x5dbdb9e6525b - <unknown>
[INFO] [stdout]    3:     0x5dbdb9e64d3f - <unknown>
[INFO] [stdout]    4:     0x5dbdb9e6496a - <unknown>
[INFO] [stdout]    5:     0x5dbdb9e644a2 - <unknown>
[INFO] [stdout]    6:     0x5dbdb9e8b1c1 - <unknown>
[INFO] [stdout]    7:     0x5dbdb9e8b179 - <unknown>
[INFO] [stdout]    8:     0x5dbdb9e8b68c - <unknown>
[INFO] [stdout]    9:     0x5dbdb9e4b2bb - <unknown>
[INFO] [stdout]   10:     0x5dbdb9e48acf - <unknown>
[INFO] [stdout]   11:     0x5dbdb9e40b2b - <unknown>
[INFO] [stdout]   12:     0x5dbdb9ea66eb - <unknown>
[INFO] [stdout]   13:     0x5dbdb9ea234c - <unknown>
[INFO] [stdout]   14:     0x5dbdb9ea1a7c - <unknown>
[INFO] [stdout]   15:     0x5dbdb9ebe38c - <unknown>
[INFO] [stdout]   16:     0x5dbdb9e8ce02 - <unknown>
[INFO] [stdout]   17:     0x74b35f264dfa - <unknown>
[INFO] [stdout]   18:     0x74b35f2f83d4 - clone
[INFO] [stdout]   19:                0x0 - <unknown>
[INFO] [stdout] 
[INFO] [stdout] ---- quiet_and_verbose_are_mutually_exclusive stdout ----
[INFO] [stdout] 
[INFO] [stdout] thread 'quiet_and_verbose_are_mutually_exclusive' (885) panicked at tests/cli.rs:36:10:
[INFO] [stdout] Unexpected stderr, failed var.contains(cannot be used with)
[INFO] [stdout] ├── var: upwhen: Upwhen only supports macOS because it manages Time Machine exclusions
[INFO] [stdout] └── var as str: upwhen: Upwhen only supports macOS because it manages Time Machine exclusions
[INFO] [stdout] 
[INFO] [stdout] command=`"/opt/rustwide/target/release/upwhen" "--quiet" "--verbose"`
[INFO] [stdout] code=1
[INFO] [stdout] stdout=""
[INFO] [stdout] stderr="upwhen: Upwhen only supports macOS because it manages Time Machine exclusions\n"
[INFO] [stdout] 
[INFO] [stdout] stack backtrace:
[INFO] [stdout]    0:     0x5dbdb9e65ca7 - <unknown>
[INFO] [stdout]    1:     0x5dbdb9e4b42a - <unknown>
[INFO] [stdout]    2:     0x5dbdb9e6525b - <unknown>
[INFO] [stdout]    3:     0x5dbdb9e64d3f - <unknown>
[INFO] [stdout]    4:     0x5dbdb9e6496a - <unknown>
[INFO] [stdout]    5:     0x5dbdb9e644a2 - <unknown>
[INFO] [stdout]    6:     0x5dbdb9e8b1c1 - <unknown>
[INFO] [stdout]    7:     0x5dbdb9e8b179 - <unknown>
[INFO] [stdout]    8:     0x5dbdb9e8b68c - <unknown>
[INFO] [stdout]    9:     0x5dbdb9e4b2bb - <unknown>
[INFO] [stdout]   10:     0x5dbdb9e3bc2f - <unknown>
[INFO] [stdout]   11:     0x5dbdb9e40e76 - <unknown>
[INFO] [stdout]   12:     0x5dbdb9ea66eb - <unknown>
[INFO] [stdout]   13:     0x5dbdb9ea234c - <unknown>
[INFO] [stdout]   14:     0x5dbdb9ea1a7c - <unknown>
[INFO] [stdout]   15:     0x5dbdb9ebe38c - <unknown>
[INFO] [stdout]   16:     0x5dbdb9e8ce02 - <unknown>
[INFO] [stdout]   17:     0x74b35f264dfa - <unknown>
[INFO] [stdout]   18:     0x74b35f2f83d4 - clone
[INFO] [stdout]   19:                0x0 - <unknown>
[INFO] [stdout] 
[INFO] [stdout] 
[INFO] [stdout] failures:
[INFO] [stdout]     help_describes_scan_and_operational_commands
[INFO] [stdout]     quiet_and_verbose_are_mutually_exclusive
[INFO] [stdout]     version_matches_the_crate
[INFO] [stdout] 
[INFO] [stdout] test result: FAILED. 0 passed; 3 failed; 0 ignored; 0 measured; 0 filtered out; finished in 0.01s
[INFO] [stdout] 
[INFO] [stderr] error: test failed, to rerun pass `--test cli`
[INFO] running `Command { std: "docker" "inspect" "215d48b8ff86968d6a186f77726d3cf77d42f83526b0424fd22e19c7cae58c20", kill_on_drop: false }`
[INFO] running `Command { std: "docker" "rm" "-f" "215d48b8ff86968d6a186f77726d3cf77d42f83526b0424fd22e19c7cae58c20", kill_on_drop: false }`
[INFO] [stdout] 215d48b8ff86968d6a186f77726d3cf77d42f83526b0424fd22e19c7cae58c20
