[INFO] fetching crate upwell-transport 0.20.0...
[INFO] testing upwell-transport-0.20.0 against 1.100.0-beta.1+cargoflags=--release for beta-release-1.100-2
[INFO] extracting crate upwell-transport 0.20.0 into /workspace/builds/worker-7-tc2/source
[INFO] started tweaking crates.io crate upwell-transport 0.20.0
[INFO] finished tweaking crates.io crate upwell-transport 0.20.0
[INFO] tweaked toml for crates.io crate upwell-transport 0.20.0 written to /workspace/builds/worker-7-tc2/source/Cargo.toml
[INFO] validating manifest of crates.io crate upwell-transport 0.20.0 on toolchain 1.100.0-beta.1
[INFO] running `Command { std: CARGO_HOME="/workspace/cargo-home" RUSTUP_HOME="/workspace/rustup-home" "/workspace/cargo-home/bin/cargo" "+1.100.0-beta.1" "metadata" "--manifest-path" "Cargo.toml" "--no-deps", kill_on_drop: false }`
[INFO] crate crates.io crate upwell-transport 0.20.0 already has a lockfile, it will not be regenerated
[INFO] running `Command { std: CARGO_HOME="/workspace/cargo-home" RUSTUP_HOME="/workspace/rustup-home" "/workspace/cargo-home/bin/cargo" "+1.100.0-beta.1" "fetch" "--manifest-path" "Cargo.toml", kill_on_drop: false }`
[INFO] [stderr] warning: `package.homepage` is redundant with `package.repository`
[INFO] [stderr]   --> Cargo.toml:48:12
[INFO] [stderr]    |
[INFO] [stderr] 48 | homepage = "https://github.com/retrokiller543/upwell"
[INFO] [stderr]    |            ^^^^^^^^^^^^^^^^^^^^^^^^^^^^^^^^^^^^^^^^^^
[INFO] [stderr] ...
[INFO] [stderr] 53 | repository = "https://github.com/retrokiller543/upwell"
[INFO] [stderr]    |              ------------------------------------------
[INFO] [stderr]    |
[INFO] [stderr]    = note: `cargo::redundant_homepage` is set to `warn` by default
[INFO] [stderr] help: consider removing `package.homepage`
[INFO] [stderr] warning: `upwell-transport` (manifest) generated 1 warning
[INFO] running `Command { std: "docker" "create" "-v" "/var/lib/crater-agent-workspace/builds/worker-7-tc2/source:/opt/rustwide/workdir:ro,Z" "-v" "/var/lib/crater-agent-workspace/builds/worker-7-tc2/target:/opt/rustwide/target:rw,Z" "-v" "/var/lib/crater-agent-workspace/cargo-home:/opt/rustwide/cargo-home:ro,Z" "-v" "/var/lib/crater-agent-workspace/rustup-home:/opt/rustwide/rustup-home:ro,Z" "-m" "1610612736" "--network" "none" "ghcr.io/rust-lang/crates-build-env/linux@sha256:77db811e55d90add9212f6832c23229e3de5f1c1f9905e8cb07319ea15df73ac" "sleep" "infinity", kill_on_drop: false }`
[INFO] [stdout] 0e367905fc1807d3c5ad15adb15e74da14665423debdee2bfb2465c15a785a63
[INFO] running `Command { std: "docker" "start" "0e367905fc1807d3c5ad15adb15e74da14665423debdee2bfb2465c15a785a63", kill_on_drop: false }`
[INFO] running `Command { std: "docker" "inspect" "0e367905fc1807d3c5ad15adb15e74da14665423debdee2bfb2465c15a785a63", kill_on_drop: false }`
[INFO] running `Command { std: "docker" "exec" "-e" "SOURCE_DIR=/opt/rustwide/workdir" "-e" "CARGO_HOME=/opt/rustwide/cargo-home" "-e" "RUSTUP_HOME=/opt/rustwide/rustup-home" "-e" "CARGO_TARGET_DIR=/opt/rustwide/target" "-w" "/opt/rustwide/workdir" "--user" "0:0" "0e367905fc1807d3c5ad15adb15e74da14665423debdee2bfb2465c15a785a63" "/opt/rustwide/cargo-home/bin/cargo" "+1.100.0-beta.1" "metadata" "--no-deps" "--format-version=1", kill_on_drop: false }`
[INFO] running `Command { std: "docker" "inspect" "0e367905fc1807d3c5ad15adb15e74da14665423debdee2bfb2465c15a785a63", kill_on_drop: false }`
[INFO] running `Command { std: "docker" "exec" "-e" "SOURCE_DIR=/opt/rustwide/workdir" "-e" "CARGO_HOME=/opt/rustwide/cargo-home" "-e" "RUSTUP_HOME=/opt/rustwide/rustup-home" "-e" "CARGO_TARGET_DIR=/opt/rustwide/target" "-e" "CARGO_INCREMENTAL=0" "-e" "RUST_BACKTRACE=full" "-e" "RUSTFLAGS=--cap-lints=warn" "-e" "RUSTDOCFLAGS=--cap-lints=warn" "-w" "/opt/rustwide/workdir" "--user" "0:0" "0e367905fc1807d3c5ad15adb15e74da14665423debdee2bfb2465c15a785a63" "/opt/rustwide/cargo-home/bin/cargo" "+1.100.0-beta.1" "build" "--frozen" "--message-format=json" "--release", kill_on_drop: false }`
[INFO] [stderr] warning: `package.homepage` is redundant with `package.repository`
[INFO] [stderr]   --> Cargo.toml:48:12
[INFO] [stderr]    |
[INFO] [stderr] 48 | homepage = "https://github.com/retrokiller543/upwell"
[INFO] [stderr]    |            ^^^^^^^^^^^^^^^^^^^^^^^^^^^^^^^^^^^^^^^^^^
[INFO] [stderr] ...
[INFO] [stderr] 53 | repository = "https://github.com/retrokiller543/upwell"
[INFO] [stderr]    |              ------------------------------------------
[INFO] [stderr]    |
[INFO] [stderr]    = note: `cargo::redundant_homepage` is set to `warn` by default
[INFO] [stderr] help: consider removing `package.homepage`
[INFO] [stderr] warning: `upwell-transport` (manifest) generated 1 warning
[INFO] [stderr]    Compiling futures-core v0.3.34
[INFO] [stderr]    Compiling futures-sink v0.3.34
[INFO] [stderr]    Compiling smallvec v1.15.2
[INFO] [stderr]    Compiling syn v3.0.3
[INFO] [stderr]    Compiling errno v0.3.14
[INFO] [stderr]    Compiling heapless v0.7.17
[INFO] [stderr]    Compiling futures-task v0.3.34
[INFO] [stderr]    Compiling futures-io v0.3.34
[INFO] [stderr]    Compiling slab v0.4.12
[INFO] [stderr]    Compiling futures-channel v0.3.34
[INFO] [stderr]    Compiling signal-hook-registry v1.4.8
[INFO] [stderr]    Compiling socket2 v0.6.5
[INFO] [stderr]    Compiling mio v1.2.2
[INFO] [stderr]    Compiling syn v2.0.119
[INFO] [stderr]    Compiling spin v0.9.9
[INFO] [stderr]    Compiling parking_lot_core v0.9.12
[INFO] [stderr]    Compiling bytes v1.12.1
[INFO] [stderr]    Compiling bitflags v2.13.1
[INFO] [stderr]    Compiling parking_lot v0.12.5
[INFO] [stderr]    Compiling serde_derive v1.0.229
[INFO] [stderr]    Compiling thiserror-impl v2.0.20
[INFO] [stderr]    Compiling futures-macro v0.3.34
[INFO] [stderr]    Compiling tokio-macros v2.7.2
[INFO] [stderr]    Compiling tokio v1.53.1
[INFO] [stderr]    Compiling futures-util v0.3.34
[INFO] [stderr]    Compiling thiserror v2.0.20
[INFO] [stderr]    Compiling cobs v0.3.0
[INFO] [stderr]    Compiling tracing-attributes v0.1.31
[INFO] [stderr]    Compiling tracing v0.1.44
[INFO] [stderr]    Compiling serde v1.0.229
[INFO] [stderr]    Compiling futures-executor v0.3.34
[INFO] [stderr]    Compiling futures v0.3.34
[INFO] [stderr]    Compiling postcard v1.1.3
[INFO] [stderr]    Compiling tokio-util v0.7.19
[INFO] [stderr]    Compiling upwell-transport v0.20.0 (/opt/rustwide/workdir)
[INFO] [stderr]     Finished `release` profile [optimized] target(s) in 45.85s
[INFO] running `Command { std: "docker" "inspect" "0e367905fc1807d3c5ad15adb15e74da14665423debdee2bfb2465c15a785a63", kill_on_drop: false }`
[INFO] running `Command { std: "docker" "exec" "-e" "SOURCE_DIR=/opt/rustwide/workdir" "-e" "CARGO_HOME=/opt/rustwide/cargo-home" "-e" "RUSTUP_HOME=/opt/rustwide/rustup-home" "-e" "CARGO_TARGET_DIR=/opt/rustwide/target" "-e" "CARGO_INCREMENTAL=0" "-e" "RUST_BACKTRACE=full" "-e" "RUSTFLAGS=--cap-lints=warn" "-e" "RUSTDOCFLAGS=--cap-lints=warn" "-w" "/opt/rustwide/workdir" "--user" "0:0" "0e367905fc1807d3c5ad15adb15e74da14665423debdee2bfb2465c15a785a63" "/opt/rustwide/cargo-home/bin/cargo" "+1.100.0-beta.1" "test" "--frozen" "--no-run" "--message-format=json" "--release", kill_on_drop: false }`
[INFO] [stderr] warning: `package.homepage` is redundant with `package.repository`
[INFO] [stderr]   --> Cargo.toml:48:12
[INFO] [stderr]    |
[INFO] [stderr] 48 | homepage = "https://github.com/retrokiller543/upwell"
[INFO] [stderr]    |            ^^^^^^^^^^^^^^^^^^^^^^^^^^^^^^^^^^^^^^^^^^
[INFO] [stderr] ...
[INFO] [stderr] 53 | repository = "https://github.com/retrokiller543/upwell"
[INFO] [stderr]    |              ------------------------------------------
[INFO] [stderr]    |
[INFO] [stderr]    = note: `cargo::redundant_homepage` is set to `warn` by default
[INFO] [stderr] help: consider removing `package.homepage`
[INFO] [stderr] warning: `upwell-transport` (manifest) generated 1 warning
[INFO] [stderr]    Compiling tokio v1.53.1
[INFO] [stderr]    Compiling tokio-util v0.7.19
[INFO] [stderr]    Compiling upwell-transport v0.20.0 (/opt/rustwide/workdir)
[INFO] [stderr]     Finished `release` profile [optimized] target(s) in 32.57s
[INFO] running `Command { std: "docker" "inspect" "0e367905fc1807d3c5ad15adb15e74da14665423debdee2bfb2465c15a785a63", kill_on_drop: false }`
[INFO] running `Command { std: "docker" "exec" "-e" "SOURCE_DIR=/opt/rustwide/workdir" "-e" "CARGO_HOME=/opt/rustwide/cargo-home" "-e" "RUSTUP_HOME=/opt/rustwide/rustup-home" "-e" "CARGO_TARGET_DIR=/opt/rustwide/target" "-e" "CARGO_INCREMENTAL=0" "-e" "RUST_BACKTRACE=full" "-e" "RUSTFLAGS=--cap-lints=warn" "-e" "RUSTDOCFLAGS=--cap-lints=warn" "-w" "/opt/rustwide/workdir" "--user" "0:0" "0e367905fc1807d3c5ad15adb15e74da14665423debdee2bfb2465c15a785a63" "/opt/rustwide/cargo-home/bin/cargo" "+1.100.0-beta.1" "test" "--frozen" "--release", kill_on_drop: false }`
[INFO] [stderr] warning: `package.homepage` is redundant with `package.repository`
[INFO] [stderr]   --> Cargo.toml:48:12
[INFO] [stderr]    |
[INFO] [stderr] 48 | homepage = "https://github.com/retrokiller543/upwell"
[INFO] [stderr]    |            ^^^^^^^^^^^^^^^^^^^^^^^^^^^^^^^^^^^^^^^^^^
[INFO] [stderr] ...
[INFO] [stderr] 53 | repository = "https://github.com/retrokiller543/upwell"
[INFO] [stderr]    |              ------------------------------------------
[INFO] [stderr]    |
[INFO] [stderr]    = note: `cargo::redundant_homepage` is set to `warn` by default
[INFO] [stderr] help: consider removing `package.homepage`
[INFO] [stderr] warning: `upwell-transport` (manifest) generated 1 warning
[INFO] [stderr]     Finished `release` profile [optimized] target(s) in 0.14s
[INFO] [stderr]      Running unittests src/lib.rs (/opt/rustwide/target/release/build/upwell-transport/fdad5b8d0d336f43/out/upwell_transport-fdad5b8d0d336f43)
[INFO] [stdout] 
[INFO] [stdout] running 37 tests
[INFO] [stdout] test protocol::codec::tests::releases_large_payload_capacity_after_decode ... ok
[INFO] [stdout] test protocol::codec::tests::cancellation_does_not_refresh_an_in_progress_frame_idle_deadline ... ok
[INFO] [stdout] test protocol::codec::tests::rejects_oversized_frame_before_allocating_payload ... ok
[INFO] [stdout] test status::tests::custom_section_is_isolated ... ok
[INFO] [stdout] test status::tests::round_trips_through_packed_wire_form ... ok
[INFO] [stdout] test transports::stream::tests::cancelling_a_partially_written_response_poison_connection ... ok
[INFO] [stdout] test status::tests::unknown_predefined_byte_decodes_totally ... ok
[INFO] [stdout] test status::tests::flags_are_testable_and_isolated ... ok
[INFO] [stdout] test transports::stream::tests::closing_peer_does_not_wait_for_idle_timeout ... ok
[INFO] [stdout] test transports::stream::tests::control_response_tasks_are_bounded_by_connection_limit ... ok
[INFO] [stdout] test transports::stream::tests::default_inbound_budget_accepts_one_configured_maximum_frame ... ok
[INFO] [stdout] test transports::stream::tests::enforces_per_connection_call_limit ... ok
[INFO] [stdout] test transports::stream::tests::failed_stream_item_poison_connection_and_reaps_call ... ok
[INFO] [stdout] test transports::stream::tests::dropped_inbound_receiver_releases_connection_byte_budget ... ok
[INFO] [stdout] test transports::stream::tests::duplicate_call_id_cannot_replace_active_slot ... ok
[INFO] [stdout] test transports::stream::tests::failed_terminal_write_poison_connection ... ok
[INFO] [stdout] test protocol::codec::tests::times_out_when_a_frame_stops_making_progress ... ok
[INFO] [stdout] test transports::stream::tests::inbound_byte_budget_reconciles_other_calls_and_rejects_only_offender ... ok
[INFO] [stdout] test transports::stream::tests::overflow_tombstone_prevents_id_reuse_before_terminal_write ... ok
[INFO] [stdout] test transports::stream::tests::overflowing_input_terminates_only_that_call ... ok
[INFO] [stdout] test transports::stream::tests::partially_failed_normal_response_poison_connection_and_reaps_call ... ok
[INFO] [stdout] test transports::stream::tests::periodic_stream_end_reconciliation_does_not_extend_frame_idle_deadline ... ok
[INFO] [stdout] test transports::stream::tests::stream_cancel_is_terminal_and_stale_items_cannot_reactivate_call ... ok
[INFO] [stdout] test transports::stream::tests::stream_end_reconciles_before_an_already_ready_request ... ok
[INFO] [stdout] test transports::stream::tests::control_timeout_after_a_partial_write_poison_connection ... ok
[INFO] [stdout] test transports::unix::tests::group_writable_socket_parent_is_rejected_before_permissions_change ... ok
[INFO] [stdout] test transports::unix::tests::group_writable_socket_ancestor_is_rejected ... ok
[INFO] [stdout] test protocol::codec::tests::retains_partial_frame_across_cancellation ... ok
[INFO] [stdout] test transports::unix::tests::intermediate_symlink_in_socket_path_is_rejected ... FAILED
[INFO] [stdout] test transports::unix::tests::socket_and_parent_are_private ... ok
[INFO] [stdout] test protocol::codec::tests::allocates_only_for_payload_bytes_received ... ok
[INFO] [stdout] test transports::unix::tests::relative_socket_path_without_a_parent_still_binds ... FAILED
[INFO] [stdout] test transports::stream::tests::terminal_write_lock_timeout_poison_connection ... ok
[INFO] [stdout] test protocol::codec::tests::idle_connection_has_no_deadline_before_frame_starts ... ok
[INFO] [stdout] test transports::stream::tests::partial_prefix_survives_completion_branch_cancellation ... ok
[INFO] [stdout] test transports::stream::tests::stream_end_releases_budget_as_the_handler_consumes_buffered_items ... ok
[INFO] [stdout] test transports::unix::tests::symlinked_socket_parent_is_rejected ... ok
[INFO] [stdout] 
[INFO] [stdout] failures:
[INFO] [stdout] 
[INFO] [stdout] ---- transports::unix::tests::intermediate_symlink_in_socket_path_is_rejected stdout ----
[INFO] [stdout] 
[INFO] [stdout] thread 'transports::unix::tests::intermediate_symlink_in_socket_path_is_rejected' (744) panicked at src/transports/unix.rs:40:24:
[INFO] [stdout] there is no reactor running, must be called from the context of a Tokio 1.x runtime
[INFO] [stdout] stack backtrace:
[INFO] [stdout]    0:     0x61a98841c051 - <<std[617be2ca0a6fd877]::sys::backtrace::BacktraceLock>::print::DisplayBacktrace as core[a373ad73a504971]::fmt::Display>::fmt
[INFO] [stdout]    1:     0x61a98843074a - core[a373ad73a504971]::fmt::write
[INFO] [stdout]    2:     0x61a98842077c - <alloc[2e1b2a31b91974c5]::vec::Vec<u8> as core[a373ad73a504971]::io::write::Write>::write_fmt
[INFO] [stderr] error: test failed, to rerun pass `--lib`
[INFO] [stdout]    3:     0x61a9883f6106 - std[617be2ca0a6fd877]::panicking::default_hook::{closure#0}
[INFO] [stdout]    4:     0x61a9884136d9 - std[617be2ca0a6fd877]::panicking::default_hook
[INFO] [stdout]    5:     0x61a988385100 - test[aada8e7e76ba119b]::test_main_inner::{closure#0}
[INFO] [stdout]    6:     0x61a988413a02 - std[617be2ca0a6fd877]::panicking::panic_with_hook
[INFO] [stdout]    7:     0x61a9883f61b2 - std[617be2ca0a6fd877]::panicking::panic_handler::{closure#0}
[INFO] [stdout]    8:     0x61a9883eed49 - std[617be2ca0a6fd877]::sys::backtrace::__rust_end_short_backtrace::<std[617be2ca0a6fd877]::panicking::panic_handler::{closure#0}, !>
[INFO] [stdout]    9:     0x61a9883f6f6d - __rustc[ea4f61d10b84890b]::rust_begin_unwind
[INFO] [stdout]   10:     0x61a988430eac - core[a373ad73a504971]::panicking::panic_fmt
[INFO] [stdout]   11:     0x61a9883cfcd9 - <tokio[512e0f6cf8dcddac]::runtime::scheduler::Handle>::current
[INFO] [stdout]   12:     0x61a9883d9a4f - <tokio[512e0f6cf8dcddac]::net::unix::listener::UnixListener>::bind_addr
[INFO] [stdout]   13:     0x61a988359cea - <tokio[512e0f6cf8dcddac]::net::unix::listener::UnixListener>::bind::<&std[617be2ca0a6fd877]::path::PathBuf>
[INFO] [stdout]   14:     0x61a988366613 - <upwell_transport[b9f60066270ec1fc]::transports::unix::UnixTransport>::bind::<std[617be2ca0a6fd877]::path::PathBuf>
[INFO] [stdout]   15:     0x61a98835d976 - <upwell_transport[b9f60066270ec1fc]::transports::unix::tests::intermediate_symlink_in_socket_path_is_rejected::{closure#0} as core[a373ad73a504971]::ops::function::FnOnce<()>>::call_once
[INFO] [stdout]   16:     0x61a98837854b - test[aada8e7e76ba119b]::__rust_begin_short_backtrace::<core[a373ad73a504971]::result::Result<(), alloc[2e1b2a31b91974c5]::string::String>, fn() -> core[a373ad73a504971]::result::Result<(), alloc[2e1b2a31b91974c5]::string::String>>
[INFO] [stdout]   17:     0x61a988385725 - test[aada8e7e76ba119b]::run_test::{closure#0}
[INFO] [stdout]   18:     0x61a98837f014 - std[617be2ca0a6fd877]::sys::backtrace::__rust_begin_short_backtrace::<test[aada8e7e76ba119b]::run_test::{closure#1}, ()>
[INFO] [stdout]   19:     0x61a9883887b2 - <std[617be2ca0a6fd877]::thread::lifecycle::spawn_unchecked<test[aada8e7e76ba119b]::run_test::{closure#1}, ()>::{closure#1} as core[a373ad73a504971]::ops::function::FnOnce<()>>::call_once::{shim:vtable#0}
[INFO] [stdout]   20:     0x61a98841b86f - <std[617be2ca0a6fd877]::sys::thread::unix::Thread>::new::thread_start
[INFO] [stdout]   21:     0x7c694c877dfa - <unknown>
[INFO] [stdout]   22:     0x7c694c90b3d4 - clone
[INFO] [stdout]   23:                0x0 - <unknown>
[INFO] [stdout] 
[INFO] [stdout] ---- transports::unix::tests::relative_socket_path_without_a_parent_still_binds stdout ----
[INFO] [stdout] 
[INFO] [stdout] thread 'transports::unix::tests::relative_socket_path_without_a_parent_still_binds' (745) panicked at src/transports/unix/tests.rs:99:55:
[INFO] [stdout] bind relative socket: Io(Os { code: 30, kind: ReadOnlyFilesystem, message: "Read-only file system" })
[INFO] [stdout] stack backtrace:
[INFO] [stdout]    0:     0x61a98841c051 - <<std[617be2ca0a6fd877]::sys::backtrace::BacktraceLock>::print::DisplayBacktrace as core[a373ad73a504971]::fmt::Display>::fmt
[INFO] [stdout]    1:     0x61a98843074a - core[a373ad73a504971]::fmt::write
[INFO] [stdout]    2:     0x61a98842077c - <alloc[2e1b2a31b91974c5]::vec::Vec<u8> as core[a373ad73a504971]::io::write::Write>::write_fmt
[INFO] [stdout]    3:     0x61a9883f6106 - std[617be2ca0a6fd877]::panicking::default_hook::{closure#0}
[INFO] [stdout]    4:     0x61a9884136d9 - std[617be2ca0a6fd877]::panicking::default_hook
[INFO] [stdout]    5:     0x61a988385100 - test[aada8e7e76ba119b]::test_main_inner::{closure#0}
[INFO] [stdout]    6:     0x61a988413a02 - std[617be2ca0a6fd877]::panicking::panic_with_hook
[INFO] [stdout]    7:     0x61a9883f61b2 - std[617be2ca0a6fd877]::panicking::panic_handler::{closure#0}
[INFO] [stdout]    8:     0x61a9883eed49 - std[617be2ca0a6fd877]::sys::backtrace::__rust_end_short_backtrace::<std[617be2ca0a6fd877]::panicking::panic_handler::{closure#0}, !>
[INFO] [stdout]    9:     0x61a9883f6f6d - __rustc[ea4f61d10b84890b]::rust_begin_unwind
[INFO] [stdout]   10:     0x61a988430eac - core[a373ad73a504971]::panicking::panic_fmt
[INFO] [stdout]   11:     0x61a988430c82 - core[a373ad73a504971]::result::unwrap_failed
[INFO] [stdout]   12:     0x61a98835b288 - upwell_transport[b9f60066270ec1fc]::transports::unix::tests::relative_socket_path_without_a_parent_still_binds::{closure#0}
[INFO] [stdout]   13:     0x61a98837403b - <tokio[512e0f6cf8dcddac]::runtime::scheduler::current_thread::CurrentThread>::block_on::<core[a373ad73a504971]::pin::Pin<&mut dyn core[a373ad73a504971]::future::future::Future<Output = ()>>>
[INFO] [stdout]   14:     0x61a98835e482 - <tokio[512e0f6cf8dcddac]::runtime::runtime::Runtime>::block_on::<core[a373ad73a504971]::pin::Pin<&mut dyn core[a373ad73a504971]::future::future::Future<Output = ()>>>
[INFO] [stdout]   15:     0x61a98835df7e - <upwell_transport[b9f60066270ec1fc]::transports::unix::tests::relative_socket_path_without_a_parent_still_binds::{closure#0} as core[a373ad73a504971]::ops::function::FnOnce<()>>::call_once
[INFO] [stdout]   16:     0x61a98837854b - test[aada8e7e76ba119b]::__rust_begin_short_backtrace::<core[a373ad73a504971]::result::Result<(), alloc[2e1b2a31b91974c5]::string::String>, fn() -> core[a373ad73a504971]::result::Result<(), alloc[2e1b2a31b91974c5]::string::String>>
[INFO] [stdout]   17:     0x61a988385725 - test[aada8e7e76ba119b]::run_test::{closure#0}
[INFO] [stdout]   18:     0x61a98837f014 - std[617be2ca0a6fd877]::sys::backtrace::__rust_begin_short_backtrace::<test[aada8e7e76ba119b]::run_test::{closure#1}, ()>
[INFO] [stdout]   19:     0x61a9883887b2 - <std[617be2ca0a6fd877]::thread::lifecycle::spawn_unchecked<test[aada8e7e76ba119b]::run_test::{closure#1}, ()>::{closure#1} as core[a373ad73a504971]::ops::function::FnOnce<()>>::call_once::{shim:vtable#0}
[INFO] [stdout]   20:     0x61a98841b86f - <std[617be2ca0a6fd877]::sys::thread::unix::Thread>::new::thread_start
[INFO] [stdout]   21:     0x7c694c877dfa - <unknown>
[INFO] [stdout]   22:     0x7c694c90b3d4 - clone
[INFO] [stdout]   23:                0x0 - <unknown>
[INFO] [stdout] 
[INFO] [stdout] 
[INFO] [stdout] failures:
[INFO] [stdout]     transports::unix::tests::intermediate_symlink_in_socket_path_is_rejected
[INFO] [stdout]     transports::unix::tests::relative_socket_path_without_a_parent_still_binds
[INFO] [stdout] 
[INFO] [stdout] test result: FAILED. 35 passed; 2 failed; 0 ignored; 0 measured; 0 filtered out; finished in 0.06s
[INFO] [stdout] 
[INFO] running `Command { std: "docker" "inspect" "0e367905fc1807d3c5ad15adb15e74da14665423debdee2bfb2465c15a785a63", kill_on_drop: false }`
[INFO] running `Command { std: "docker" "rm" "-f" "0e367905fc1807d3c5ad15adb15e74da14665423debdee2bfb2465c15a785a63", kill_on_drop: false }`
[INFO] [stdout] 0e367905fc1807d3c5ad15adb15e74da14665423debdee2bfb2465c15a785a63
