[INFO] fetching crate upgate 0.2.3...
[INFO] testing upgate-0.2.3 against 1.100.0-beta.1+cargoflags=--release for beta-release-1.100-2
[INFO] extracting crate upgate 0.2.3 into /workspace/builds/worker-5-tc2/source
[INFO] started tweaking crates.io crate upgate 0.2.3
[INFO] removed 0 missing tests
[INFO] finished tweaking crates.io crate upgate 0.2.3
[INFO] tweaked toml for crates.io crate upgate 0.2.3 written to /workspace/builds/worker-5-tc2/source/Cargo.toml
[INFO] validating manifest of crates.io crate upgate 0.2.3 on toolchain 1.100.0-beta.1
[INFO] running `Command { std: CARGO_HOME="/workspace/cargo-home" RUSTUP_HOME="/workspace/rustup-home" "/workspace/cargo-home/bin/cargo" "+1.100.0-beta.1" "metadata" "--manifest-path" "Cargo.toml" "--no-deps", kill_on_drop: false }`
[INFO] crate crates.io crate upgate 0.2.3 already has a lockfile, it will not be regenerated
[INFO] running `Command { std: CARGO_HOME="/workspace/cargo-home" RUSTUP_HOME="/workspace/rustup-home" "/workspace/cargo-home/bin/cargo" "+1.100.0-beta.1" "fetch" "--manifest-path" "Cargo.toml", kill_on_drop: false }`
[INFO] [stderr] warning: `package.homepage` is redundant with `package.repository`
[INFO] [stderr]   --> Cargo.toml:63:12
[INFO] [stderr]    |
[INFO] [stderr] 63 | homepage = "https://github.com/podkovyrin/upgate"
[INFO] [stderr]    |            ^^^^^^^^^^^^^^^^^^^^^^^^^^^^^^^^^^^^^^
[INFO] [stderr] ...
[INFO] [stderr] 67 | repository = "https://github.com/podkovyrin/upgate"
[INFO] [stderr]    |              --------------------------------------
[INFO] [stderr]    |
[INFO] [stderr]    = note: `cargo::redundant_homepage` is set to `warn` by default
[INFO] [stderr] help: consider removing `package.homepage`
[INFO] [stderr] warning: `upgate` (manifest) generated 1 warning
[INFO] running `Command { std: "docker" "create" "-v" "/var/lib/crater-agent-workspace/builds/worker-5-tc2/source:/opt/rustwide/workdir:ro,Z" "-v" "/var/lib/crater-agent-workspace/builds/worker-5-tc2/target:/opt/rustwide/target:rw,Z" "-v" "/var/lib/crater-agent-workspace/cargo-home:/opt/rustwide/cargo-home:ro,Z" "-v" "/var/lib/crater-agent-workspace/rustup-home:/opt/rustwide/rustup-home:ro,Z" "-m" "1610612736" "--network" "none" "ghcr.io/rust-lang/crates-build-env/linux@sha256:77db811e55d90add9212f6832c23229e3de5f1c1f9905e8cb07319ea15df73ac" "sleep" "infinity", kill_on_drop: false }`
[INFO] [stdout] 8ba438d044508e1b0da4f95fba5a5d25305cb5dc3c2b16ea3151e70496b3a695
[INFO] running `Command { std: "docker" "start" "8ba438d044508e1b0da4f95fba5a5d25305cb5dc3c2b16ea3151e70496b3a695", kill_on_drop: false }`
[INFO] running `Command { std: "docker" "inspect" "8ba438d044508e1b0da4f95fba5a5d25305cb5dc3c2b16ea3151e70496b3a695", kill_on_drop: false }`
[INFO] running `Command { std: "docker" "exec" "-e" "SOURCE_DIR=/opt/rustwide/workdir" "-e" "CARGO_HOME=/opt/rustwide/cargo-home" "-e" "RUSTUP_HOME=/opt/rustwide/rustup-home" "-e" "CARGO_TARGET_DIR=/opt/rustwide/target" "-w" "/opt/rustwide/workdir" "--user" "0:0" "8ba438d044508e1b0da4f95fba5a5d25305cb5dc3c2b16ea3151e70496b3a695" "/opt/rustwide/cargo-home/bin/cargo" "+1.100.0-beta.1" "metadata" "--no-deps" "--format-version=1", kill_on_drop: false }`
[INFO] running `Command { std: "docker" "inspect" "8ba438d044508e1b0da4f95fba5a5d25305cb5dc3c2b16ea3151e70496b3a695", kill_on_drop: false }`
[INFO] running `Command { std: "docker" "exec" "-e" "SOURCE_DIR=/opt/rustwide/workdir" "-e" "CARGO_HOME=/opt/rustwide/cargo-home" "-e" "RUSTUP_HOME=/opt/rustwide/rustup-home" "-e" "CARGO_TARGET_DIR=/opt/rustwide/target" "-e" "CARGO_INCREMENTAL=0" "-e" "RUST_BACKTRACE=full" "-e" "RUSTFLAGS=--cap-lints=warn" "-e" "RUSTDOCFLAGS=--cap-lints=warn" "-w" "/opt/rustwide/workdir" "--user" "0:0" "8ba438d044508e1b0da4f95fba5a5d25305cb5dc3c2b16ea3151e70496b3a695" "/opt/rustwide/cargo-home/bin/cargo" "+1.100.0-beta.1" "build" "--frozen" "--message-format=json" "--release", kill_on_drop: false }`
[INFO] [stderr] warning: `package.homepage` is redundant with `package.repository`
[INFO] [stderr]   --> Cargo.toml:63:12
[INFO] [stderr]    |
[INFO] [stderr] 63 | homepage = "https://github.com/podkovyrin/upgate"
[INFO] [stderr]    |            ^^^^^^^^^^^^^^^^^^^^^^^^^^^^^^^^^^^^^^
[INFO] [stderr] ...
[INFO] [stderr] 67 | repository = "https://github.com/podkovyrin/upgate"
[INFO] [stderr]    |              --------------------------------------
[INFO] [stderr]    |
[INFO] [stderr]    = note: `cargo::redundant_homepage` is set to `warn` by default
[INFO] [stderr] help: consider removing `package.homepage`
[INFO] [stderr] warning: `upgate` (manifest) generated 1 warning
[INFO] [stderr]    Compiling proc-macro2 v1.0.107
[INFO] [stderr]    Compiling libc v0.2.189
[INFO] [stderr]    Compiling shlex v2.0.1
[INFO] [stderr]    Compiling log v0.4.34
[INFO] [stderr]    Compiling find-msvc-tools v0.1.11
[INFO] [stderr]    Compiling smallvec v1.15.2
[INFO] [stderr]    Compiling pkg-config v0.3.34
[INFO] [stderr]    Compiling bytes v1.12.1
[INFO] [stderr]    Compiling serde_core v1.0.229
[INFO] [stderr]    Compiling futures-core v0.3.34
[INFO] [stderr]    Compiling zeroize v1.9.0
[INFO] [stderr]    Compiling bitflags v2.13.1
[INFO] [stderr]    Compiling writeable v0.6.4
[INFO] [stderr]    Compiling aws-lc-rs v1.18.0
[INFO] [stderr]    Compiling litemap v0.8.3
[INFO] [stderr]    Compiling icu_normalizer_data v2.3.0
[INFO] [stderr]    Compiling icu_properties_data v2.3.0
[INFO] [stderr]    Compiling futures-sink v0.3.34
[INFO] [stderr]    Compiling either v1.18.0
[INFO] [stderr]    Compiling unicode-width v0.2.2
[INFO] [stderr]    Compiling rustls v0.23.43
[INFO] [stderr]    Compiling crossbeam-utils v0.8.22
[INFO] [stderr]    Compiling futures-util v0.3.34
[INFO] [stderr]    Compiling rustls-pki-types v1.15.1
[INFO] [stderr]    Compiling serde v1.0.229
[INFO] [stderr]    Compiling crossbeam-epoch v0.9.20
[INFO] [stderr]    Compiling futures-channel v0.3.34
[INFO] [stderr]    Compiling autocfg v1.5.1
[INFO] [stderr]    Compiling crossbeam-deque v0.8.7
[INFO] [stderr]    Compiling rustversion v1.0.23
[INFO] [stderr]    Compiling tracing v0.1.44
[INFO] [stderr]    Compiling form_urlencoded v1.2.2
[INFO] [stderr]    Compiling hashbrown v0.17.1
[INFO] [stderr]    Compiling sync_wrapper v1.0.2
[INFO] [stderr]    Compiling rayon-core v1.13.0
[INFO] [stderr]    Compiling quote v1.0.47
[INFO] [stderr]    Compiling thiserror v2.0.20
[INFO] [stderr]    Compiling num-traits v0.2.19
[INFO] [stderr]    Compiling ipnet v2.12.1
[INFO] [stderr]    Compiling rustls-native-certs v0.8.4
[INFO] [stderr]    Compiling unicode-segmentation v1.13.3
[INFO] [stderr]    Compiling syn v3.0.4
[INFO] [stderr]    Compiling syn v2.0.119
[INFO] [stderr]    Compiling itertools v0.14.0
[INFO] [stderr]    Compiling http v1.5.0
[INFO] [stderr]    Compiling castaway v0.2.4
[INFO] [stderr]    Compiling convert_case v0.10.0
[INFO] [stderr]    Compiling upgate-domain v0.2.3
[INFO] [stderr]    Compiling instability v0.3.13
[INFO] [stderr]    Compiling compact_str v0.9.1
[INFO] [stderr]    Compiling lru v0.18.3
[INFO] [stderr]    Compiling jobserver v0.1.35
[INFO] [stderr]    Compiling owo-colors v4.4.0
[INFO] [stderr]    Compiling mio v1.2.2
[INFO] [stderr]    Compiling socket2 v0.6.5
[INFO] [stderr]    Compiling errno v0.3.14
[INFO] [stderr]    Compiling cc v1.4.4
[INFO] [stderr]    Compiling signal-hook-registry v1.4.8
[INFO] [stderr]    Compiling chrono v0.4.45
[INFO] [stderr]    Compiling signal-hook v0.3.18
[INFO] [stderr]    Compiling tokio v1.53.1
[INFO] [stderr]    Compiling http-body v1.1.0
[INFO] [stderr]    Compiling http-body-util v0.1.5
[INFO] [stderr]    Compiling unicode-truncate v2.0.1
[INFO] [stderr]    Compiling rayon v1.12.0
[INFO] [stderr]    Compiling parking_lot_core v0.9.12
[INFO] [stderr]    Compiling signal-hook-mio v0.2.5
[INFO] [stderr]    Compiling rustix v1.1.4
[INFO] [stderr]    Compiling unscanny v0.1.0
[INFO] [stderr]    Compiling cmake v0.1.58
[INFO] [stderr]    Compiling utf8parse v0.2.2
[INFO] [stderr]    Compiling crc32fast v1.5.1
[INFO] [stderr]    Compiling winnow v1.0.4
[INFO] [stderr]    Compiling portable-atomic v1.15.0
[INFO] [stderr]    Compiling parking_lot v0.12.5
[INFO] [stderr]    Compiling serde_json v1.0.151
[INFO] [stderr]    Compiling toml_datetime v1.1.1+spec-1.1.0
[INFO] [stderr]    Compiling anstyle-parse v1.0.0
[INFO] [stderr]    Compiling line-clipping v0.3.8
[INFO] [stderr]    Compiling semver v1.0.28
[INFO] [stderr]    Compiling colorchoice v1.0.5
[INFO] [stderr]    Compiling toml_writer v1.1.2+spec-1.1.0
[INFO] [stderr]    Compiling is_terminal_polyfill v1.70.2
[INFO] [stderr]    Compiling anstyle v1.0.14
[INFO] [stderr]    Compiling simd-adler32 v0.3.10
[INFO] [stderr]    Compiling synstructure v0.13.2
[INFO] [stderr]    Compiling aws-lc-sys v0.44.0
[INFO] [stderr]    Compiling anstyle-query v1.1.5
[INFO] [stderr]    Compiling miniz_oxide v0.9.1
[INFO] [stderr]    Compiling anstream v1.0.0
[INFO] [stderr]    Compiling serde_spanned v1.1.1
[INFO] [stderr]    Compiling console v0.16.4
[INFO] [stderr]    Compiling clap_lex v1.1.0
[INFO] [stderr]    Compiling unit-prefix v0.5.2
[INFO] [stderr]    Compiling strsim v0.11.1
[INFO] [stderr]    Compiling indexmap v2.14.1
[INFO] [stderr]    Compiling darling_core v0.24.1
[INFO] [stderr]    Compiling toml_parser v1.1.3+spec-1.1.0
[INFO] [stderr]    Compiling clap_builder v4.6.6
[INFO] [stderr]    Compiling zerofrom-derive v0.1.7
[INFO] [stderr]    Compiling yoke-derive v0.8.2
[INFO] [stderr]    Compiling strum_macros v0.28.0
[INFO] [stderr]    Compiling derive_more-impl v2.1.1
[INFO] [stderr]    Compiling toml v1.1.4+spec-1.1.0
[INFO] [stderr]    Compiling zerofrom v0.1.8
[INFO] [stderr]    Compiling derive_more v2.1.1
[INFO] [stderr]    Compiling indicatif v0.18.6
[INFO] [stderr]    Compiling crossterm v0.29.0
[INFO] [stderr]    Compiling yoke v0.8.3
[INFO] [stderr]    Compiling flate2 v1.1.10
[INFO] [stderr]    Compiling toml_edit v0.25.13+spec-1.1.0
[INFO] [stderr]    Compiling zerovec-derive v0.11.6
[INFO] [stderr]    Compiling displaydoc v0.2.7
[INFO] [stderr]    Compiling serde_derive v1.0.229
[INFO] [stderr]    Compiling thiserror-impl v2.0.20
[INFO] [stderr]    Compiling clap_derive v4.6.4
[INFO] [stderr]    Compiling zerotrie v0.2.5
[INFO] [stderr]    Compiling hyper v1.11.1
[INFO] [stderr]    Compiling tower v0.5.3
[INFO] [stderr]    Compiling strum v0.28.0
[INFO] [stderr]    Compiling zerovec v0.11.8
[INFO] [stderr]    Compiling kasuari v0.4.12
[INFO] [stderr]    Compiling tinystr v0.8.4
[INFO] [stderr]    Compiling potential_utf v0.1.6
[INFO] [stderr]    Compiling icu_collections v2.3.0
[INFO] [stderr]    Compiling hyper-util v0.1.20
[INFO] [stderr]    Compiling icu_locale_core v2.3.0
[INFO] [stderr]    Compiling darling_macro v0.24.1
[INFO] [stderr]    Compiling darling v0.24.1
[INFO] [stderr]    Compiling ratatui-core v0.1.2
[INFO] [stderr]    Compiling clap v4.6.6
[INFO] [stderr]    Compiling icu_provider v2.3.1
[INFO] [stderr]    Compiling icu_normalizer v2.3.0
[INFO] [stderr]    Compiling icu_properties v2.3.0
[INFO] [stderr]    Compiling pep440_rs v0.7.3
[INFO] [stderr]    Compiling ratatui-widgets v0.3.2
[INFO] [stderr]    Compiling ratatui-crossterm v0.1.2
[INFO] [stderr]    Compiling upgate-release v0.2.3
[INFO] [stderr]    Compiling upgate-planning v0.2.3
[INFO] [stderr]    Compiling ratatui v0.30.2
[INFO] [stderr]    Compiling idna_adapter v1.2.2
[INFO] [stderr]    Compiling idna v1.1.0
[INFO] [stderr]    Compiling url v2.5.8
[INFO] [stderr]    Compiling tower-http v0.6.11
[INFO] [stderr]    Compiling rustls-webpki v0.103.15
[INFO] [stderr]    Compiling tokio-rustls v0.26.4
[INFO] [stderr]    Compiling rustls-platform-verifier v0.7.0
[INFO] [stderr]    Compiling hyper-rustls v0.27.9
[INFO] [stderr]    Compiling reqwest v0.13.4
[INFO] [stderr]    Compiling upgate-infra v0.2.3
[INFO] [stderr]    Compiling upgate-execution v0.2.3
[INFO] [stderr]    Compiling upgate-audit v0.2.3
[INFO] [stderr]    Compiling upgate-presentation v0.2.3
[INFO] [stderr]    Compiling upgate-managers v0.2.3
[INFO] [stderr]    Compiling upgate v0.2.3 (/opt/rustwide/workdir)
[INFO] [stderr]     Finished `release` profile [optimized] target(s) in 3m 35s
[INFO] running `Command { std: "docker" "inspect" "8ba438d044508e1b0da4f95fba5a5d25305cb5dc3c2b16ea3151e70496b3a695", kill_on_drop: false }`
[INFO] running `Command { std: "docker" "exec" "-e" "SOURCE_DIR=/opt/rustwide/workdir" "-e" "CARGO_HOME=/opt/rustwide/cargo-home" "-e" "RUSTUP_HOME=/opt/rustwide/rustup-home" "-e" "CARGO_TARGET_DIR=/opt/rustwide/target" "-e" "CARGO_INCREMENTAL=0" "-e" "RUST_BACKTRACE=full" "-e" "RUSTFLAGS=--cap-lints=warn" "-e" "RUSTDOCFLAGS=--cap-lints=warn" "-w" "/opt/rustwide/workdir" "--user" "0:0" "8ba438d044508e1b0da4f95fba5a5d25305cb5dc3c2b16ea3151e70496b3a695" "/opt/rustwide/cargo-home/bin/cargo" "+1.100.0-beta.1" "test" "--frozen" "--no-run" "--message-format=json" "--release", kill_on_drop: false }`
[INFO] [stderr] warning: `package.homepage` is redundant with `package.repository`
[INFO] [stderr]   --> Cargo.toml:63:12
[INFO] [stderr]    |
[INFO] [stderr] 63 | homepage = "https://github.com/podkovyrin/upgate"
[INFO] [stderr]    |            ^^^^^^^^^^^^^^^^^^^^^^^^^^^^^^^^^^^^^^
[INFO] [stderr] ...
[INFO] [stderr] 67 | repository = "https://github.com/podkovyrin/upgate"
[INFO] [stderr]    |              --------------------------------------
[INFO] [stderr]    |
[INFO] [stderr]    = note: `cargo::redundant_homepage` is set to `warn` by default
[INFO] [stderr] help: consider removing `package.homepage`
[INFO] [stderr] warning: `upgate` (manifest) generated 1 warning
[INFO] [stderr]    Compiling upgate v0.2.3 (/opt/rustwide/workdir)
[INFO] [stderr]     Finished `release` profile [optimized] target(s) in 3.97s
[INFO] running `Command { std: "docker" "inspect" "8ba438d044508e1b0da4f95fba5a5d25305cb5dc3c2b16ea3151e70496b3a695", kill_on_drop: false }`
[INFO] running `Command { std: "docker" "exec" "-e" "SOURCE_DIR=/opt/rustwide/workdir" "-e" "CARGO_HOME=/opt/rustwide/cargo-home" "-e" "RUSTUP_HOME=/opt/rustwide/rustup-home" "-e" "CARGO_TARGET_DIR=/opt/rustwide/target" "-e" "CARGO_INCREMENTAL=0" "-e" "RUST_BACKTRACE=full" "-e" "RUSTFLAGS=--cap-lints=warn" "-e" "RUSTDOCFLAGS=--cap-lints=warn" "-w" "/opt/rustwide/workdir" "--user" "0:0" "8ba438d044508e1b0da4f95fba5a5d25305cb5dc3c2b16ea3151e70496b3a695" "/opt/rustwide/cargo-home/bin/cargo" "+1.100.0-beta.1" "test" "--frozen" "--release", kill_on_drop: false }`
[INFO] [stderr] warning: `package.homepage` is redundant with `package.repository`
[INFO] [stderr]   --> Cargo.toml:63:12
[INFO] [stderr]    |
[INFO] [stderr] 63 | homepage = "https://github.com/podkovyrin/upgate"
[INFO] [stderr]    |            ^^^^^^^^^^^^^^^^^^^^^^^^^^^^^^^^^^^^^^
[INFO] [stderr] ...
[INFO] [stderr] 67 | repository = "https://github.com/podkovyrin/upgate"
[INFO] [stderr]    |              --------------------------------------
[INFO] [stderr]    |
[INFO] [stderr]    = note: `cargo::redundant_homepage` is set to `warn` by default
[INFO] [stderr] help: consider removing `package.homepage`
[INFO] [stderr] warning: `upgate` (manifest) generated 1 warning
[INFO] [stderr]     Finished `release` profile [optimized] target(s) in 0.28s
[INFO] [stderr]      Running unittests src/lib.rs (/opt/rustwide/target/release/build/upgate/ad2baf3fc729b8e3/out/upgate-ad2baf3fc729b8e3)
[INFO] [stdout] 
[INFO] [stderr]      Running unittests src/main.rs (/opt/rustwide/target/release/build/upgate/c72c89b049901fe4/out/upgate-c72c89b049901fe4)
[INFO] [stdout] running 0 tests
[INFO] [stdout] 
[INFO] [stdout] test result: ok. 0 passed; 0 failed; 0 ignored; 0 measured; 0 filtered out; finished in 0.00s
[INFO] [stdout] 
[INFO] [stdout] 
[INFO] [stdout] running 0 tests
[INFO] [stdout] 
[INFO] [stdout] test result: ok. 0 passed; 0 failed; 0 ignored; 0 measured; 0 filtered out; finished in 0.00s
[INFO] [stdout] 
[INFO] [stderr]      Running tests/cli_exit.rs (/opt/rustwide/target/release/build/upgate/41b7c6573c57ca4a/out/cli_exit-41b7c6573c57ca4a)
[INFO] [stdout] 
[INFO] [stdout] running 13 tests
[INFO] [stdout] test binary_reports_package_version ... ok
[INFO] [stdout] test binary_yolo_is_apply_only ... ok
[INFO] [stdout] test binary_log_commands_prints_session_path_after_cli_error ... ok
[INFO] [stdout] test binary_apply_command_failure_exits_one ... FAILED
[INFO] [stdout] test binary_interruption_exits_130 ... ok
[INFO] [stdout] test binary_plan_success_exits_zero ... FAILED
[INFO] [stdout] test binary_brew_plan_handles_formula_and_cask_name_collisions ... ok
[INFO] [stdout] test binary_plan_log_commands_prints_session_path ... FAILED
[INFO] [stdout] test binary_apply_dry_run_skips_mutating_command ... ok
[INFO] [stdout] test binary_apply_notice_gate_does_not_pollute_stdout_when_piped ... FAILED
[INFO] [stdout] test binary_plan_trace_commands_prints_commands_to_stderr ... ok
[INFO] [stdout] test binary_scan_and_plan_truncate_long_names_in_the_middle ... ok
[INFO] [stdout] test binary_mise_apply_supports_legacy_and_new_release_age_options ... ok
[INFO] [stdout] 
[INFO] [stdout] failures:
[INFO] [stdout] 
[INFO] [stdout] ---- binary_apply_command_failure_exits_one stdout ----
[INFO] [stdout] 
[INFO] [stdout] thread 'binary_apply_command_failure_exits_one' (4370) panicked at tests/cli_exit.rs:180:5:
[INFO] [stdout] assertion `left == right` failed
[INFO] [stdout]   left: Some(0)
[INFO] [stdout]  right: Some(1)
[INFO] [stdout] stack backtrace:
[INFO] [stdout]    0:     0x5ae9001a9331 - <<std[617be2ca0a6fd877]::sys::backtrace::BacktraceLock>::print::DisplayBacktrace as core[a373ad73a504971]::fmt::Display>::fmt
[INFO] [stdout]    1:     0x5ae9001bd90a - core[a373ad73a504971]::fmt::write
[INFO] [stdout]    2:     0x5ae9001ad7cc - <alloc[2e1b2a31b91974c5]::vec::Vec<u8> as core[a373ad73a504971]::io::write::Write>::write_fmt
[INFO] [stdout]    3:     0x5ae900183f16 - std[617be2ca0a6fd877]::panicking::default_hook::{closure#0}
[INFO] [stdout]    4:     0x5ae9001a0fc9 - std[617be2ca0a6fd877]::panicking::default_hook
[INFO] [stdout]    5:     0x5ae90013c600 - test[aada8e7e76ba119b]::test_main_inner::{closure#0}
[INFO] [stdout]    6:     0x5ae9001a1182 - std[617be2ca0a6fd877]::panicking::panic_with_hook
[INFO] [stdout]    7:     0x5ae900183fc2 - std[617be2ca0a6fd877]::panicking::panic_handler::{closure#0}
[INFO] [stdout]    8:     0x5ae90017cbb9 - std[617be2ca0a6fd877]::sys::backtrace::__rust_end_short_backtrace::<std[617be2ca0a6fd877]::panicking::panic_handler::{closure#0}, !>
[INFO] [stdout]    9:     0x5ae900184c8d - __rustc[ea4f61d10b84890b]::rust_begin_unwind
[INFO] [stdout]   10:     0x5ae9001be03c - core[a373ad73a504971]::panicking::panic_fmt
[INFO] [stdout]   11:     0x5ae9001bdf53 - core[a373ad73a504971]::panicking::assert_failed_inner
[INFO] [stdout]   12:     0x5ae90012edad - core[a373ad73a504971]::panicking::assert_failed::<core[a373ad73a504971]::option::Option<i32>, core[a373ad73a504971]::option::Option<i32>>
[INFO] [stdout]   13:     0x5ae90012c72f - <cli_exit[d92a2a511ba14738]::binary_apply_command_failure_exits_one::{closure#0} as core[a373ad73a504971]::ops::function::FnOnce<()>>::call_once
[INFO] [stdout]   14:     0x5ae90012fa4b - test[aada8e7e76ba119b]::__rust_begin_short_backtrace::<core[a373ad73a504971]::result::Result<(), alloc[2e1b2a31b91974c5]::string::String>, fn() -> core[a373ad73a504971]::result::Result<(), alloc[2e1b2a31b91974c5]::string::String>>
[INFO] [stdout]   15:     0x5ae90013cc25 - test[aada8e7e76ba119b]::run_test::{closure#0}
[INFO] [stdout]   16:     0x5ae900136514 - std[617be2ca0a6fd877]::sys::backtrace::__rust_begin_short_backtrace::<test[aada8e7e76ba119b]::run_test::{closure#1}, ()>
[INFO] [stdout]   17:     0x5ae90013fcb2 - <std[617be2ca0a6fd877]::thread::lifecycle::spawn_unchecked<test[aada8e7e76ba119b]::run_test::{closure#1}, ()>::{closure#1} as core[a373ad73a504971]::ops::function::FnOnce<()>>::call_once::{shim:vtable#0}
[INFO] [stdout]   18:     0x5ae9001a89af - <std[617be2ca0a6fd877]::sys::thread::unix::Thread>::new::thread_start
[INFO] [stdout]   19:     0x72bcc607edfa - <unknown>
[INFO] [stdout]   20:     0x72bcc61123d4 - clone
[INFO] [stdout]   21:                0x0 - <unknown>
[INFO] [stdout] 
[INFO] [stdout] ---- binary_plan_success_exits_zero stdout ----
[INFO] [stdout] 
[INFO] [stdout] thread 'binary_plan_success_exits_zero' (4378) panicked at tests/cli_exit.rs:52:5:
[INFO] [stdout] assertion failed: stdout.contains("+ Update")
[INFO] [stdout] stack backtrace:
[INFO] [stdout]    0:     0x5ae9001a9331 - <<std[617be2ca0a6fd877]::sys::backtrace::BacktraceLock>::print::DisplayBacktrace as core[a373ad73a504971]::fmt::Display>::fmt
[INFO] [stdout]    1:     0x5ae9001bd90a - core[a373ad73a504971]::fmt::write
[INFO] [stdout]    2:     0x5ae9001ad7cc - <alloc[2e1b2a31b91974c5]::vec::Vec<u8> as core[a373ad73a504971]::io::write::Write>::write_fmt
[INFO] [stdout]    3:     0x5ae900183f16 - std[617be2ca0a6fd877]::panicking::default_hook::{closure#0}
[INFO] [stdout]    4:     0x5ae9001a0fc9 - std[617be2ca0a6fd877]::panicking::default_hook
[INFO] [stdout]    5:     0x5ae90013c600 - test[aada8e7e76ba119b]::test_main_inner::{closure#0}
[INFO] [stdout]    6:     0x5ae9001a1182 - std[617be2ca0a6fd877]::panicking::panic_with_hook
[INFO] [stdout]    7:     0x5ae900183ff4 - std[617be2ca0a6fd877]::panicking::panic_handler::{closure#0}
[INFO] [stdout]    8:     0x5ae90017cbb9 - std[617be2ca0a6fd877]::sys::backtrace::__rust_end_short_backtrace::<std[617be2ca0a6fd877]::panicking::panic_handler::{closure#0}, !>
[INFO] [stdout]    9:     0x5ae900184c8d - __rustc[ea4f61d10b84890b]::rust_begin_unwind
[INFO] [stdout]   10:     0x5ae9001be03c - core[a373ad73a504971]::panicking::panic_fmt
[INFO] [stdout]   11:     0x5ae9001be002 - core[a373ad73a504971]::panicking::panic
[INFO] [stdout]   12:     0x5ae90012c0e5 - <cli_exit[d92a2a511ba14738]::binary_plan_success_exits_zero::{closure#0} as core[a373ad73a504971]::ops::function::FnOnce<()>>::call_once
[INFO] [stdout]   13:     0x5ae90012fa4b - test[aada8e7e76ba119b]::__rust_begin_short_backtrace::<core[a373ad73a504971]::result::Result<(), alloc[2e1b2a31b91974c5]::string::String>, fn() -> core[a373ad73a504971]::result::Result<(), alloc[2e1b2a31b91974c5]::string::String>>
[INFO] [stdout]   14:     0x5ae90013cc25 - test[aada8e7e76ba119b]::run_test::{closure#0}
[INFO] [stdout]   15:     0x5ae900136514 - std[617be2ca0a6fd877]::sys::backtrace::__rust_begin_short_backtrace::<test[aada8e7e76ba119b]::run_test::{closure#1}, ()>
[INFO] [stdout]   16:     0x5ae90013fcb2 - <std[617be2ca0a6fd877]::thread::lifecycle::spawn_unchecked<test[aada8e7e76ba119b]::run_test::{closure#1}, ()>::{closure#1} as core[a373ad73a504971]::ops::function::FnOnce<()>>::call_once::{shim:vtable#0}
[INFO] [stdout]   17:     0x5ae9001a89af - <std[617be2ca0a6fd877]::sys::thread::unix::Thread>::new::thread_start
[INFO] [stdout]   18:     0x72bcc607edfa - <unknown>
[INFO] [stdout]   19:     0x72bcc61123d4 - clone
[INFO] [stdout]   20:                0x0 - <unknown>
[INFO] [stdout] 
[INFO] [stdout] ---- binary_plan_log_commands_prints_session_path stdout ----
[INFO] [stdout] 
[INFO] [stdout] thread 'binary_plan_log_commands_prints_session_path' (4377) panicked at tests/cli_exit.rs:299:5:
[INFO] [stdout] assertion failed: stdout.contains("+ Update")
[INFO] [stdout] stack backtrace:
[INFO] [stdout]    0:     0x5ae9001a9331 - <<std[617be2ca0a6fd877]::sys::backtrace::BacktraceLock>::print::DisplayBacktrace as core[a373ad73a504971]::fmt::Display>::fmt
[INFO] [stdout]    1:     0x5ae9001bd90a - core[a373ad73a504971]::fmt::write
[INFO] [stdout]    2:     0x5ae9001ad7cc - <alloc[2e1b2a31b91974c5]::vec::Vec<u8> as core[a373ad73a504971]::io::write::Write>::write_fmt
[INFO] [stdout]    3:     0x5ae900183f16 - std[617be2ca0a6fd877]::panicking::default_hook::{closure#0}
[INFO] [stdout]    4:     0x5ae9001a0fc9 - std[617be2ca0a6fd877]::panicking::default_hook
[INFO] [stdout]    5:     0x5ae90013c600 - test[aada8e7e76ba119b]::test_main_inner::{closure#0}
[INFO] [stdout]    6:     0x5ae9001a1182 - std[617be2ca0a6fd877]::panicking::panic_with_hook
[INFO] [stdout]    7:     0x5ae900183ff4 - std[617be2ca0a6fd877]::panicking::panic_handler::{closure#0}
[INFO] [stdout]    8:     0x5ae90017cbb9 - std[617be2ca0a6fd877]::sys::backtrace::__rust_end_short_backtrace::<std[617be2ca0a6fd877]::panicking::panic_handler::{closure#0}, !>
[INFO] [stdout]    9:     0x5ae900184c8d - __rustc[ea4f61d10b84890b]::rust_begin_unwind
[INFO] [stdout]   10:     0x5ae9001be03c - core[a373ad73a504971]::panicking::panic_fmt
[INFO] [stdout]   11:     0x5ae9001be002 - core[a373ad73a504971]::panicking::panic
[INFO] [stdout]   12:     0x5ae90012cef1 - <cli_exit[d92a2a511ba14738]::binary_plan_log_commands_prints_session_path::{closure#0} as core[a373ad73a504971]::ops::function::FnOnce<()>>::call_once
[INFO] [stdout]   13:     0x5ae90012fa4b - test[aada8e7e76ba119b]::__rust_begin_short_backtrace::<core[a373ad73a504971]::result::Result<(), alloc[2e1b2a31b91974c5]::string::String>, fn() -> core[a373ad73a504971]::result::Result<(), alloc[2e1b2a31b91974c5]::string::String>>
[INFO] [stdout]   14:     0x5ae90013cc25 - test[aada8e7e76ba119b]::run_test::{closure#0}
[INFO] [stdout]   15:     0x5ae900136514 - std[617be2ca0a6fd877]::sys::backtrace::__rust_begin_short_backtrace::<test[aada8e7e76ba119b]::run_test::{closure#1}, ()>
[INFO] [stdout]   16:     0x5ae90013fcb2 - <std[617be2ca0a6fd877]::thread::lifecycle::spawn_unchecked<test[aada8e7e76ba119b]::run_test::{closure#1}, ()>::{closure#1} as core[a373ad73a504971]::ops::function::FnOnce<()>>::call_once::{shim:vtable#0}
[INFO] [stdout]   17:     0x5ae9001a89af - <std[617be2ca0a6fd877]::sys::thread::unix::Thread>::new::thread_start
[INFO] [stdout]   18:     0x72bcc607edfa - <unknown>
[INFO] [stdout]   19:     0x72bcc61123d4 - clone
[INFO] [stdout]   20:                0x0 - <unknown>
[INFO] [stdout] 
[INFO] [stdout] ---- binary_apply_notice_gate_does_not_pollute_stdout_when_piped stdout ----
[INFO] [stdout] 
[INFO] [stdout] thread 'binary_apply_notice_gate_does_not_pollute_stdout_when_piped' (4372) panicked at tests/cli_exit.rs:216:5:
[INFO] [stdout] assertion failed: stdout.contains("[npm]")
[INFO] [stdout] stack backtrace:
[INFO] [stdout]    0:     0x5ae9001a9331 - <<std[617be2ca0a6fd877]::sys::backtrace::BacktraceLock>::print::DisplayBacktrace as core[a373ad73a504971]::fmt::Display>::fmt
[INFO] [stdout]    1:     0x5ae9001bd90a - core[a373ad73a504971]::fmt::write
[INFO] [stdout]    2:     0x5ae9001ad7cc - <alloc[2e1b2a31b91974c5]::vec::Vec<u8> as core[a373ad73a504971]::io::write::Write>::write_fmt
[INFO] [stdout]    3:     0x5ae900183f16 - std[617be2ca0a6fd877]::panicking::default_hook::{closure#0}
[INFO] [stdout]    4:     0x5ae9001a0fc9 - std[617be2ca0a6fd877]::panicking::default_hook
[INFO] [stdout]    5:     0x5ae90013c600 - test[aada8e7e76ba119b]::test_main_inner::{closure#0}
[INFO] [stdout]    6:     0x5ae9001a1182 - std[617be2ca0a6fd877]::panicking::panic_with_hook
[INFO] [stdout]    7:     0x5ae900183ff4 - std[617be2ca0a6fd877]::panicking::panic_handler::{closure#0}
[INFO] [stdout]    8:     0x5ae90017cbb9 - std[617be2ca0a6fd877]::sys::backtrace::__rust_end_short_backtrace::<std[617be2ca0a6fd877]::panicking::panic_handler::{closure#0}, !>
[INFO] [stdout]    9:     0x5ae900184c8d - __rustc[ea4f61d10b84890b]::rust_begin_unwind
[INFO] [stdout]   10:     0x5ae9001be03c - core[a373ad73a504971]::panicking::panic_fmt
[INFO] [stdout]   11:     0x5ae9001be002 - core[a373ad73a504971]::panicking::panic
[INFO] [stdout]   12:     0x5ae90012e6e9 - <cli_exit[d92a2a511ba14738]::binary_apply_notice_gate_does_not_pollute_stdout_when_piped::{closure#0} as core[a373ad73a504971]::ops::function::FnOnce<()>>::call_once
[INFO] [stdout]   13:     0x5ae90012fa4b - test[aada8e7e76ba119b]::__rust_begin_short_backtrace::<core[a373ad73a504971]::result::Result<(), alloc[2e1b2a31b91974c5]::string::String>, fn() -> core[a373ad73a504971]::result::Result<(), alloc[2e1b2a31b91974c5]::string::String>>
[INFO] [stdout]   14:     0x5ae90013cc25 - test[aada8e7e76ba119b]::run_test::{closure#0}
[INFO] [stdout]   15:     0x5ae900136514 - std[617be2ca0a6fd877]::sys::backtrace::__rust_begin_short_backtrace::<test[aada8e7e76ba119b]::run_test::{closure#1}, ()>
[INFO] [stdout]   16:     0x5ae90013fcb2 - <std[617be2ca0a6fd877]::thread::lifecycle::spawn_unchecked<test[aada8e7e76ba119b]::run_test::{closure#1}, ()>::{closure#1} as core[a373ad73a504971]::ops::function::FnOnce<()>>::call_once::{shim:vtable#0}
[INFO] [stdout]   17:     0x5ae9001a89af - <std[617be2ca0a6fd877]::sys::thread::unix::Thread>::new::thread_start
[INFO] [stdout]   18:     0x72bcc607edfa - <unknown>
[INFO] [stdout]   19:     0x72bcc61123d4 - clone
[INFO] [stdout]   20:                0x0 - <unknown>
[INFO] [stdout] 
[INFO] [stdout] 
[INFO] [stdout] failures:
[INFO] [stdout]     binary_apply_command_failure_exits_one
[INFO] [stdout]     binary_apply_notice_gate_does_not_pollute_stdout_when_piped
[INFO] [stdout]     binary_plan_log_commands_prints_session_path
[INFO] [stdout]     binary_plan_success_exits_zero
[INFO] [stdout] 
[INFO] [stdout] test result: FAILED. 9 passed; 4 failed; 0 ignored; 0 measured; 0 filtered out; finished in 0.35s
[INFO] [stdout] 
[INFO] [stderr] error: test failed, to rerun pass `--test cli_exit`
[INFO] running `Command { std: "docker" "inspect" "8ba438d044508e1b0da4f95fba5a5d25305cb5dc3c2b16ea3151e70496b3a695", kill_on_drop: false }`
[INFO] running `Command { std: "docker" "rm" "-f" "8ba438d044508e1b0da4f95fba5a5d25305cb5dc3c2b16ea3151e70496b3a695", kill_on_drop: false }`
[INFO] [stdout] 8ba438d044508e1b0da4f95fba5a5d25305cb5dc3c2b16ea3151e70496b3a695
