[INFO] fetching crate updates 0.2.2...
[INFO] testing updates-0.2.2 against 1.99.0-beta.8+cargoflags=--release for beta-release-1.100-2
[INFO] extracting crate updates 0.2.2 into /workspace/builds/worker-5-tc1/source
[INFO] started tweaking crates.io crate updates 0.2.2
[INFO] finished tweaking crates.io crate updates 0.2.2
[INFO] tweaked toml for crates.io crate updates 0.2.2 written to /workspace/builds/worker-5-tc1/source/Cargo.toml
[INFO] validating manifest of crates.io crate updates 0.2.2 on toolchain 1.99.0-beta.8
[INFO] running `Command { std: CARGO_HOME="/workspace/cargo-home" RUSTUP_HOME="/workspace/rustup-home" "/workspace/cargo-home/bin/cargo" "+1.99.0-beta.8" "metadata" "--manifest-path" "Cargo.toml" "--no-deps", kill_on_drop: false }`
[INFO] crate crates.io crate updates 0.2.2 already has a lockfile, it will not be regenerated
[INFO] running `Command { std: CARGO_HOME="/workspace/cargo-home" RUSTUP_HOME="/workspace/rustup-home" "/workspace/cargo-home/bin/cargo" "+1.99.0-beta.8" "fetch" "--manifest-path" "Cargo.toml", kill_on_drop: false }`
[INFO] [stderr]     Updating crates.io index
[INFO] [stderr]  Downloading crates ...
[INFO] [stderr]   Downloaded rustls-pki-types v1.13.2
[INFO] [stderr]   Downloaded proc-macro2 v1.0.104
[INFO] [stderr]   Downloaded find-msvc-tools v0.1.6
[INFO] [stderr]   Downloaded cookie_store v0.22.0
[INFO] [stderr]   Downloaded libhuman v0.2.1
[INFO] [stderr]   Downloaded ureq v3.1.4
[INFO] [stderr]   Downloaded cc v1.2.51
[INFO] [stderr]   Downloaded serde_json v1.0.148
[INFO] [stderr]   Downloaded syn v2.0.112
[INFO] [stderr]   Downloaded libc v0.2.178
[INFO] running `Command { std: "docker" "create" "-v" "/var/lib/crater-agent-workspace/builds/worker-5-tc1/source:/opt/rustwide/workdir:ro,Z" "-v" "/var/lib/crater-agent-workspace/builds/worker-5-tc1/target:/opt/rustwide/target:rw,Z" "-v" "/var/lib/crater-agent-workspace/cargo-home:/opt/rustwide/cargo-home:ro,Z" "-v" "/var/lib/crater-agent-workspace/rustup-home:/opt/rustwide/rustup-home:ro,Z" "-m" "1610612736" "--network" "none" "ghcr.io/rust-lang/crates-build-env/linux@sha256:77db811e55d90add9212f6832c23229e3de5f1c1f9905e8cb07319ea15df73ac" "sleep" "infinity", kill_on_drop: false }`
[INFO] [stdout] 193f18369efc3cbde71340661508c5865b5aa1f7464f8943c8cc471027910515
[INFO] running `Command { std: "docker" "start" "193f18369efc3cbde71340661508c5865b5aa1f7464f8943c8cc471027910515", kill_on_drop: false }`
[INFO] running `Command { std: "docker" "inspect" "193f18369efc3cbde71340661508c5865b5aa1f7464f8943c8cc471027910515", kill_on_drop: false }`
[INFO] running `Command { std: "docker" "exec" "-e" "SOURCE_DIR=/opt/rustwide/workdir" "-e" "CARGO_HOME=/opt/rustwide/cargo-home" "-e" "RUSTUP_HOME=/opt/rustwide/rustup-home" "-e" "CARGO_TARGET_DIR=/opt/rustwide/target" "-w" "/opt/rustwide/workdir" "--user" "0:0" "193f18369efc3cbde71340661508c5865b5aa1f7464f8943c8cc471027910515" "/opt/rustwide/cargo-home/bin/cargo" "+1.99.0-beta.8" "metadata" "--no-deps" "--format-version=1", kill_on_drop: false }`
[INFO] running `Command { std: "docker" "inspect" "193f18369efc3cbde71340661508c5865b5aa1f7464f8943c8cc471027910515", kill_on_drop: false }`
[INFO] running `Command { std: "docker" "exec" "-e" "SOURCE_DIR=/opt/rustwide/workdir" "-e" "CARGO_HOME=/opt/rustwide/cargo-home" "-e" "RUSTUP_HOME=/opt/rustwide/rustup-home" "-e" "CARGO_TARGET_DIR=/opt/rustwide/target" "-e" "CARGO_INCREMENTAL=0" "-e" "RUST_BACKTRACE=full" "-e" "RUSTFLAGS=--cap-lints=warn" "-e" "RUSTDOCFLAGS=--cap-lints=warn" "-w" "/opt/rustwide/workdir" "--user" "0:0" "193f18369efc3cbde71340661508c5865b5aa1f7464f8943c8cc471027910515" "/opt/rustwide/cargo-home/bin/cargo" "+1.99.0-beta.8" "build" "--frozen" "--message-format=json" "--release", kill_on_drop: false }`
[INFO] [stderr]    Compiling proc-macro2 v1.0.104
[INFO] [stderr]    Compiling find-msvc-tools v0.1.6
[INFO] [stderr]    Compiling libc v0.2.178
[INFO] [stderr]    Compiling quote v1.0.42
[INFO] [stderr]    Compiling crc32fast v1.5.0
[INFO] [stderr]    Compiling httparse v1.10.1
[INFO] [stderr]    Compiling zmij v1.0.10
[INFO] [stderr]    Compiling rustls-pki-types v1.13.2
[INFO] [stderr]    Compiling serde_json v1.0.148
[INFO] [stderr]    Compiling simd-adler32 v0.3.8
[INFO] [stderr]    Compiling rustls v0.23.35
[INFO] [stderr]    Compiling http v1.4.0
[INFO] [stderr]    Compiling libhuman v0.2.1
[INFO] [stderr]    Compiling cc v1.2.51
[INFO] [stderr]    Compiling miniz_oxide v0.8.9
[INFO] [stderr]    Compiling webpki-roots v1.0.5
[INFO] [stderr]    Compiling syn v2.0.112
[INFO] [stderr]    Compiling flate2 v1.1.5
[INFO] [stderr]    Compiling ureq-proto v0.5.3
[INFO] [stderr]    Compiling ring v0.17.14
[INFO] [stderr]    Compiling getrandom v0.2.16
[INFO] [stderr]    Compiling serde_derive v1.0.228
[INFO] [stderr]    Compiling serde v1.0.228
[INFO] [stderr]    Compiling chrono v0.4.42
[INFO] [stderr]    Compiling rustls-webpki v0.103.8
[INFO] [stderr]    Compiling ureq v3.1.4
[INFO] [stderr]    Compiling updates v0.2.2 (/opt/rustwide/workdir)
[INFO] [stderr]     Finished `release` profile [optimized] target(s) in 47.61s
[INFO] running `Command { std: "docker" "inspect" "193f18369efc3cbde71340661508c5865b5aa1f7464f8943c8cc471027910515", kill_on_drop: false }`
[INFO] running `Command { std: "docker" "exec" "-e" "SOURCE_DIR=/opt/rustwide/workdir" "-e" "CARGO_HOME=/opt/rustwide/cargo-home" "-e" "RUSTUP_HOME=/opt/rustwide/rustup-home" "-e" "CARGO_TARGET_DIR=/opt/rustwide/target" "-e" "CARGO_INCREMENTAL=0" "-e" "RUST_BACKTRACE=full" "-e" "RUSTFLAGS=--cap-lints=warn" "-e" "RUSTDOCFLAGS=--cap-lints=warn" "-w" "/opt/rustwide/workdir" "--user" "0:0" "193f18369efc3cbde71340661508c5865b5aa1f7464f8943c8cc471027910515" "/opt/rustwide/cargo-home/bin/cargo" "+1.99.0-beta.8" "test" "--frozen" "--no-run" "--message-format=json" "--release", kill_on_drop: false }`
[INFO] [stderr]    Compiling updates v0.2.2 (/opt/rustwide/workdir)
[INFO] [stderr]     Finished `release` profile [optimized] target(s) in 2.09s
[INFO] running `Command { std: "docker" "inspect" "193f18369efc3cbde71340661508c5865b5aa1f7464f8943c8cc471027910515", kill_on_drop: false }`
[INFO] running `Command { std: "docker" "exec" "-e" "SOURCE_DIR=/opt/rustwide/workdir" "-e" "CARGO_HOME=/opt/rustwide/cargo-home" "-e" "RUSTUP_HOME=/opt/rustwide/rustup-home" "-e" "CARGO_TARGET_DIR=/opt/rustwide/target" "-e" "CARGO_INCREMENTAL=0" "-e" "RUST_BACKTRACE=full" "-e" "RUSTFLAGS=--cap-lints=warn" "-e" "RUSTDOCFLAGS=--cap-lints=warn" "-w" "/opt/rustwide/workdir" "--user" "0:0" "193f18369efc3cbde71340661508c5865b5aa1f7464f8943c8cc471027910515" "/opt/rustwide/cargo-home/bin/cargo" "+1.99.0-beta.8" "test" "--frozen" "--release", kill_on_drop: false }`
[INFO] [stderr]     Finished `release` profile [optimized] target(s) in 0.09s
[INFO] [stderr]      Running unittests src/lib.rs (/opt/rustwide/target/release/deps/updates-e14888580ebf4cac)
[INFO] [stdout] 
[INFO] [stdout] running 4 tests
[INFO] [stdout] test tests::test_standard_release ... ok
[INFO] [stdout] test tests::test_prerelease_ordering ... ok
[INFO] [stdout] test tests::test_version_parsing ... ok
[INFO] [stdout] test tests::test_basic_check ... FAILED
[INFO] [stdout] 
[INFO] [stdout] failures:
[INFO] [stdout] 
[INFO] [stdout] ---- tests::test_basic_check stdout ----
[INFO] [stdout] 
[INFO] [stdout] thread 'tests::test_basic_check' (1004) panicked at src/lib.rs:126:9:
[INFO] [stdout] assertion failed: result.is_some()
[INFO] [stdout] stack backtrace:
[INFO] [stdout]    0:     0x6074b529b6a1 - <<std[70759c8f55707aa4]::sys::backtrace::BacktraceLock>::print::DisplayBacktrace as core[df12db4294e9bfd3]::fmt::Display>::fmt
[INFO] [stdout]    1:     0x6074b52b2a2a - core[df12db4294e9bfd3]::fmt::write
[INFO] [stdout]    2:     0x6074b529ff2c - <alloc[2182bb758b4b3781]::vec::Vec<u8> as core[df12db4294e9bfd3]::io::write::Write>::write_fmt
[INFO] [stdout]    3:     0x6074b52761f6 - std[70759c8f55707aa4]::panicking::default_hook::{closure#0}
[INFO] [stdout]    4:     0x6074b5293389 - std[70759c8f55707aa4]::panicking::default_hook
[INFO] [stdout]    5:     0x6074b5167e80 - test[9d35eded1c95d3be]::test_main_inner::<test[9d35eded1c95d3be]::test_main_static::{closure#0}>::{closure#0}
[INFO] [stdout]    6:     0x6074b5293542 - std[70759c8f55707aa4]::panicking::panic_with_hook
[INFO] [stdout]    7:     0x6074b52762d4 - std[70759c8f55707aa4]::panicking::panic_handler::{closure#0}
[INFO] [stdout]    8:     0x6074b526edb9 - std[70759c8f55707aa4]::sys::backtrace::__rust_end_short_backtrace::<std[70759c8f55707aa4]::panicking::panic_handler::{closure#0}, !>
[INFO] [stdout]    9:     0x6074b527708d - __rustc[8fa7c3cbc660c2b3]::rust_begin_unwind
[INFO] [stdout]   10:     0x6074b52b320c - core[df12db4294e9bfd3]::panicking::panic_fmt
[INFO] [stdout]   11:     0x6074b52b31d2 - core[df12db4294e9bfd3]::panicking::panic
[INFO] [stdout]   12:     0x6074b5014749 - updates[b965f9ed222e75c4]::tests::test_basic_check
[INFO] [stdout]   13:     0x6074b500e899 - <updates[b965f9ed222e75c4]::tests::test_basic_check::{closure#0} as core[df12db4294e9bfd3]::ops::function::FnOnce<()>>::call_once
[INFO] [stdout]   14:     0x6074b515b16b - test[9d35eded1c95d3be]::__rust_begin_short_backtrace::<core[df12db4294e9bfd3]::result::Result<(), alloc[2182bb758b4b3781]::string::String>, fn() -> core[df12db4294e9bfd3]::result::Result<(), alloc[2182bb758b4b3781]::string::String>>
[INFO] [stdout]   15:     0x6074b51687d5 - test[9d35eded1c95d3be]::run_test::{closure#0}
[INFO] [stdout]   16:     0x6074b5162094 - std[70759c8f55707aa4]::sys::backtrace::__rust_begin_short_backtrace::<test[9d35eded1c95d3be]::run_test::{closure#1}, ()>
[INFO] [stdout]   17:     0x6074b516b932 - <std[70759c8f55707aa4]::thread::lifecycle::spawn_unchecked<test[9d35eded1c95d3be]::run_test::{closure#1}, ()>::{closure#1} as core[df12db4294e9bfd3]::ops::function::FnOnce<()>>::call_once::{shim:vtable#0}
[INFO] [stdout]   18:     0x6074b529a4f9 - <std[70759c8f55707aa4]::sys::thread::unix::Thread>::new::thread_start
[INFO] [stdout]   19:     0x74c7a7955dfa - <unknown>
[INFO] [stdout]   20:     0x74c7a79e93d4 - clone
[INFO] [stdout]   21:                0x0 - <unknown>
[INFO] [stdout] 
[INFO] [stdout] 
[INFO] [stdout] failures:
[INFO] [stdout]     tests::test_basic_check
[INFO] [stdout] 
[INFO] [stdout] test result: FAILED. 3 passed; 1 failed; 0 ignored; 0 measured; 0 filtered out; finished in 0.01s
[INFO] [stdout] 
[INFO] [stderr] error: test failed, to rerun pass `--lib`
[INFO] running `Command { std: "docker" "inspect" "193f18369efc3cbde71340661508c5865b5aa1f7464f8943c8cc471027910515", kill_on_drop: false }`
[INFO] running `Command { std: "docker" "rm" "-f" "193f18369efc3cbde71340661508c5865b5aa1f7464f8943c8cc471027910515", kill_on_drop: false }`
[INFO] [stdout] 193f18369efc3cbde71340661508c5865b5aa1f7464f8943c8cc471027910515
