[INFO] fetching crate update-informer 1.3.0...
[INFO] testing update-informer-1.3.0 against 1.99.0-beta.8+cargoflags=--release for beta-release-1.100-2
[INFO] extracting crate update-informer 1.3.0 into /workspace/builds/worker-5-tc1/source
[INFO] started tweaking crates.io crate update-informer 1.3.0
[INFO] finished tweaking crates.io crate update-informer 1.3.0
[INFO] tweaked toml for crates.io crate update-informer 1.3.0 written to /workspace/builds/worker-5-tc1/source/Cargo.toml
[INFO] validating manifest of crates.io crate update-informer 1.3.0 on toolchain 1.99.0-beta.8
[INFO] running `Command { std: CARGO_HOME="/workspace/cargo-home" RUSTUP_HOME="/workspace/rustup-home" "/workspace/cargo-home/bin/cargo" "+1.99.0-beta.8" "metadata" "--manifest-path" "Cargo.toml" "--no-deps", kill_on_drop: false }`
[INFO] crate crates.io crate update-informer 1.3.0 already has a lockfile, it will not be regenerated
[INFO] running `Command { std: CARGO_HOME="/workspace/cargo-home" RUSTUP_HOME="/workspace/rustup-home" "/workspace/cargo-home/bin/cargo" "+1.99.0-beta.8" "fetch" "--manifest-path" "Cargo.toml", kill_on_drop: false }`
[INFO] [stderr]     Updating crates.io index
[INFO] [stderr]  Downloading crates ...
[INFO] [stderr]   Downloaded webpki-roots v0.26.11
[INFO] [stderr]   Downloaded signal-hook-registry v1.4.5
[INFO] [stderr]   Downloaded wasm-bindgen v0.2.100
[INFO] [stderr]   Downloaded rustls-pki-types v1.12.0
[INFO] [stderr]   Downloaded windows-targets v0.53.2
[INFO] [stderr]   Downloaded time-core v0.1.4
[INFO] [stderr]   Downloaded time-macros v0.2.22
[INFO] [stderr]   Downloaded num-conv v0.1.0
[INFO] [stderr]   Downloaded wasm-bindgen-macro-support v0.2.100
[INFO] [stderr]   Downloaded wit-bindgen-rt v0.39.0
[INFO] [stderr]   Downloaded zerovec-derive v0.11.1
[INFO] [stderr]   Downloaded redox_syscall v0.5.13
[INFO] [stderr]   Downloaded tinystr v0.8.1
[INFO] [stderr]   Downloaded parking_lot_core v0.9.11
[INFO] [stderr]   Downloaded cfg-if v1.0.1
[INFO] [stderr]   Downloaded schannel v0.1.27
[INFO] [stderr]   Downloaded parking_lot v0.12.4
[INFO] [stderr]   Downloaded bitflags v2.9.1
[INFO] [stderr]   Downloaded icu_normalizer_data v2.0.0
[INFO] [stderr]   Downloaded ureq v3.0.12
[INFO] [stderr]   Downloaded wasm-bindgen-shared v0.2.100
[INFO] [stderr]   Downloaded lock_api v0.4.13
[INFO] [stderr]   Downloaded errno v0.3.13
[INFO] [stderr]   Downloaded wasm-bindgen-backend v0.2.100
[INFO] [stderr]   Downloaded itoa v1.0.15
[INFO] [stderr]   Downloaded tempfile v3.20.0
[INFO] [stderr]   Downloaded http v1.3.1
[INFO] [stderr]   Downloaded icu_provider v2.0.0
[INFO] [stderr]   Downloaded backtrace v0.3.75
[INFO] [stderr]   Downloaded litemap v0.8.0
[INFO] [stderr]   Downloaded tokio-rustls v0.26.2
[INFO] [stderr]   Downloaded fastrand v1.9.0
[INFO] [stderr]   Downloaded js-sys v0.3.77
[INFO] [stderr]   Downloaded openssl-probe v0.1.6
[INFO] [stderr]   Downloaded cc v1.2.29
[INFO] [stderr]   Downloaded futures-task v0.3.31
[INFO] [stderr]   Downloaded webpki-root-certs v0.26.11
[INFO] [stderr]   Downloaded potential_utf v0.1.2
[INFO] [stderr]   Downloaded futures-core v0.3.31
[INFO] [stderr]   Downloaded futures-sink v0.3.31
[INFO] [stderr]   Downloaded rustversion v1.0.21
[INFO] [stderr]   Downloaded wasi v0.14.2+wasi-0.2.4
[INFO] [stderr]   Downloaded time v0.3.41
[INFO] [stderr]   Downloaded futures-macro v0.3.31
[INFO] [stderr]   Downloaded quote v1.0.40
[INFO] [stderr]   Downloaded tokio-macros v2.5.0
[INFO] [stderr]   Downloaded async-channel v1.9.0
[INFO] [stderr]   Downloaded castaway v0.1.2
[INFO] [stderr]   Downloaded home v0.5.11
[INFO] [stderr]   Downloaded serde_derive v1.0.219
[INFO] [stderr]   Downloaded quinn-udp v0.5.13
[INFO] [stderr]   Downloaded getrandom v0.2.16
[INFO] [stderr]   Downloaded security-framework-sys v2.14.0
[INFO] [stderr]   Downloaded tracing-futures v0.2.5
[INFO] [stderr]   Downloaded native-tls v0.2.14
[INFO] [stderr]   Downloaded base64ct v1.8.0
[INFO] [stderr]   Downloaded yoke-derive v0.8.0
[INFO] [stderr]   Downloaded stable_deref_trait v1.2.0
[INFO] [stderr]   Downloaded writeable v0.6.1
[INFO] [stderr]   Downloaded document-features v0.2.11
[INFO] [stderr]   Downloaded litrs v0.4.1
[INFO] [stderr]   Downloaded tracing-attributes v0.1.30
[INFO] [stderr]   Downloaded thiserror v2.0.12
[INFO] [stderr]   Downloaded webpki-roots v1.0.1
[INFO] [stderr]   Downloaded wasm-bindgen-macro v0.2.100
[INFO] [stderr]   Downloaded unicode-ident v1.0.18
[INFO] [stderr]   Downloaded cookie_store v0.21.1
[INFO] [stderr]   Downloaded cookie v0.18.1
[INFO] [stderr]   Downloaded wasm-bindgen-futures v0.4.50
[INFO] [stderr]   Downloaded slab v0.4.10
[INFO] [stderr]   Downloaded thiserror-impl v2.0.12
[INFO] [stderr]   Downloaded waker-fn v1.2.0
[INFO] [stderr]   Downloaded etcetera v0.10.0
[INFO] [stderr]   Downloaded icu_normalizer v2.0.0
[INFO] [stderr]   Downloaded socket2 v0.5.10
[INFO] [stderr]   Downloaded tracing v0.1.41
[INFO] [stderr]   Downloaded zerocopy-derive v0.8.26
[INFO] [stderr]   Downloaded ipnet v2.11.0
[INFO] [stderr]   Downloaded futures-executor v0.3.31
[INFO] [stderr]   Downloaded addr2line v0.24.2
[INFO] [stderr]   Downloaded futures-io v0.3.31
[INFO] [stderr]   Downloaded futures-channel v0.3.31
[INFO] [stderr]   Downloaded rand_core v0.9.3
[INFO] [stderr]   Downloaded event-listener v2.5.3
[INFO] [stderr]   Downloaded instant v0.1.13
[INFO] [stderr]   Downloaded deranged v0.4.0
[INFO] [stderr]   Downloaded semver v1.0.26
[INFO] [stderr]   Downloaded openssl-sys v0.9.109
[INFO] [stderr]   Downloaded crc32fast v1.4.2
[INFO] [stderr]   Downloaded yoke v0.8.0
[INFO] [stderr]   Downloaded sluice v0.5.5
[INFO] [stderr]   Downloaded proc-macro2 v1.0.95
[INFO] [stderr]   Downloaded log v0.4.27
[INFO] [stderr]   Downloaded memchr v2.7.5
[INFO] [stderr]   Downloaded rustls-webpki v0.103.4
[INFO] [stderr]   Downloaded getrandom v0.3.3
[INFO] [stderr]   Downloaded flate2 v1.1.2
[INFO] [stderr]   Downloaded zerotrie v0.2.2
[INFO] [stderr]   Downloaded tinyvec v1.9.0
[INFO] [stderr]   Downloaded ureq-proto v0.4.2
[INFO] [stderr]   Downloaded bytes v1.10.1
[INFO] [stderr]   Downloaded serde v1.0.219
[INFO] [stderr]   Downloaded quinn v0.11.8
[INFO] [stderr]   Downloaded tracing-core v0.1.34
[INFO] [stderr]   Downloaded futures v0.3.31
[INFO] [stderr]   Downloaded rustc-demangle v0.1.25
[INFO] [stderr]   Downloaded similar v2.7.0
[INFO] [stderr]   Downloaded rand v0.9.1
[INFO] [stderr]   Downloaded colored v2.2.0
[INFO] [stderr]   Downloaded futures-lite v1.13.0
[INFO] [stderr]   Downloaded colored v3.0.0
[INFO] [stderr]   Downloaded mockito v0.32.5
[INFO] [stderr]   Downloaded polling v2.8.0
[INFO] [stderr]   Downloaded io-uring v0.7.8
[INFO] [stderr]   Downloaded hyper-util v0.1.15
[INFO] [stderr]   Downloaded curl v0.4.48
[INFO] [stderr]   Downloaded iri-string v0.7.8
[INFO] [stderr]   Downloaded mio v1.0.4
[INFO] [stderr]   Downloaded ryu v1.0.20
[INFO] [stderr]   Downloaded icu_properties v2.0.1
[INFO] [stderr]   Downloaded icu_locale_core v2.0.0
[INFO] [stderr]   Downloaded url v2.5.4
[INFO] [stderr]   Downloaded icu_properties_data v2.0.1
[INFO] [stderr]   Downloaded indexmap v2.10.0
[INFO] [stderr]   Downloaded tokio-util v0.7.15
[INFO] [stderr]   Downloaded bumpalo v3.19.0
[INFO] [stderr]   Downloaded zerovec v0.11.2
[INFO] [stderr]   Downloaded icu_collections v2.0.0
[INFO] [stderr]   Downloaded hashbrown v0.15.4
[INFO] [stderr]   Downloaded tower-http v0.6.6
[INFO] [stderr]   Downloaded hyper v0.14.32
[INFO] [stderr]   Downloaded tower v0.5.2
[INFO] [stderr]   Downloaded futures-util v0.3.31
[INFO] [stderr]   Downloaded h2 v0.3.27
[INFO] [stderr]   Downloaded serde_json v1.0.140
[INFO] [stderr]   Downloaded idna v1.0.3
[INFO] [stderr]   Downloaded quinn-proto v0.11.12
[INFO] [stderr]   Downloaded hyper v1.6.0
[INFO] [stderr]   Downloaded syn v2.0.104
[INFO] [stderr]   Downloaded isahc v1.7.2
[INFO] [stderr]   Downloaded zerocopy v0.8.26
[INFO] [stderr]   Downloaded gimli v0.31.1
[INFO] [stderr]   Downloaded regex v1.11.1
[INFO] [stderr]   Downloaded regex-syntax v0.8.5
[INFO] [stderr]   Downloaded reqwest v0.12.22
[INFO] [stderr]   Downloaded webpki-root-certs v1.0.1
[INFO] [stderr]   Downloaded rustls v0.23.29
[INFO] [stderr]   Downloaded openssl v0.10.73
[INFO] [stderr]   Downloaded regex-automata v0.4.9
[INFO] [stderr]   Downloaded libz-sys v1.1.22
[INFO] [stderr]   Downloaded rustix v1.0.7
[INFO] [stderr]   Downloaded web-sys v0.3.77
[INFO] [stderr]   Downloaded windows_aarch64_gnullvm v0.53.0
[INFO] [stderr]   Downloaded libc v0.2.174
[INFO] [stderr]   Downloaded windows_x86_64_gnullvm v0.53.0
[INFO] [stderr]   Downloaded tokio v1.46.1
[INFO] [stderr]   Downloaded windows_x86_64_msvc v0.53.0
[INFO] [stderr]   Downloaded windows_aarch64_msvc v0.53.0
[INFO] [stderr]   Downloaded windows_x86_64_gnu v0.53.0
[INFO] [stderr]   Downloaded windows_i686_msvc v0.53.0
[INFO] [stderr]   Downloaded windows_i686_gnullvm v0.53.0
[INFO] [stderr]   Downloaded windows_i686_gnu v0.53.0
[INFO] [stderr]   Downloaded curl-sys v0.4.82+curl-8.14.1
[INFO] [stderr]   Downloaded libnghttp2-sys v0.1.11+1.64.0
[INFO] [stderr]   Downloaded linux-raw-sys v0.9.4
[INFO] running `Command { std: "docker" "create" "-v" "/var/lib/crater-agent-workspace/builds/worker-5-tc1/source:/opt/rustwide/workdir:ro,Z" "-v" "/var/lib/crater-agent-workspace/builds/worker-5-tc1/target:/opt/rustwide/target:rw,Z" "-v" "/var/lib/crater-agent-workspace/cargo-home:/opt/rustwide/cargo-home:ro,Z" "-v" "/var/lib/crater-agent-workspace/rustup-home:/opt/rustwide/rustup-home:ro,Z" "-m" "1610612736" "--network" "none" "ghcr.io/rust-lang/crates-build-env/linux@sha256:77db811e55d90add9212f6832c23229e3de5f1c1f9905e8cb07319ea15df73ac" "sleep" "infinity", kill_on_drop: false }`
[INFO] [stdout] 97d23dd0ba001dcffac6a190c2d73ebd26bf2fd7fe9e679eb1d1a0043c3ed261
[INFO] running `Command { std: "docker" "start" "97d23dd0ba001dcffac6a190c2d73ebd26bf2fd7fe9e679eb1d1a0043c3ed261", kill_on_drop: false }`
[INFO] running `Command { std: "docker" "inspect" "97d23dd0ba001dcffac6a190c2d73ebd26bf2fd7fe9e679eb1d1a0043c3ed261", kill_on_drop: false }`
[INFO] running `Command { std: "docker" "exec" "-e" "SOURCE_DIR=/opt/rustwide/workdir" "-e" "CARGO_HOME=/opt/rustwide/cargo-home" "-e" "RUSTUP_HOME=/opt/rustwide/rustup-home" "-e" "CARGO_TARGET_DIR=/opt/rustwide/target" "-w" "/opt/rustwide/workdir" "--user" "0:0" "97d23dd0ba001dcffac6a190c2d73ebd26bf2fd7fe9e679eb1d1a0043c3ed261" "/opt/rustwide/cargo-home/bin/cargo" "+1.99.0-beta.8" "metadata" "--no-deps" "--format-version=1", kill_on_drop: false }`
[INFO] running `Command { std: "docker" "inspect" "97d23dd0ba001dcffac6a190c2d73ebd26bf2fd7fe9e679eb1d1a0043c3ed261", kill_on_drop: false }`
[INFO] running `Command { std: "docker" "exec" "-e" "SOURCE_DIR=/opt/rustwide/workdir" "-e" "CARGO_HOME=/opt/rustwide/cargo-home" "-e" "RUSTUP_HOME=/opt/rustwide/rustup-home" "-e" "CARGO_TARGET_DIR=/opt/rustwide/target" "-e" "CARGO_INCREMENTAL=0" "-e" "RUST_BACKTRACE=full" "-e" "RUSTFLAGS=--cap-lints=warn" "-e" "RUSTDOCFLAGS=--cap-lints=warn" "-w" "/opt/rustwide/workdir" "--user" "0:0" "97d23dd0ba001dcffac6a190c2d73ebd26bf2fd7fe9e679eb1d1a0043c3ed261" "/opt/rustwide/cargo-home/bin/cargo" "+1.99.0-beta.8" "build" "--frozen" "--message-format=json" "--release", kill_on_drop: false }`
[INFO] [stderr]    Compiling cfg-if v1.0.1
[INFO] [stderr]    Compiling shlex v1.3.0
[INFO] [stderr]    Compiling proc-macro2 v1.0.95
[INFO] [stderr]    Compiling libc v0.2.174
[INFO] [stderr]    Compiling unicode-ident v1.0.18
[INFO] [stderr]    Compiling zeroize v1.8.1
[INFO] [stderr]    Compiling itoa v1.0.15
[INFO] [stderr]    Compiling serde v1.0.219
[INFO] [stderr]    Compiling log v0.4.27
[INFO] [stderr]    Compiling bytes v1.10.1
[INFO] [stderr]    Compiling serde_json v1.0.140
[INFO] [stderr]    Compiling rustls v0.23.29
[INFO] [stderr]    Compiling fnv v1.0.7
[INFO] [stderr]    Compiling miniz_oxide v0.8.9
[INFO] [stderr]    Compiling once_cell v1.21.3
[INFO] [stderr]    Compiling ryu v1.0.20
[INFO] [stderr]    Compiling crc32fast v1.4.2
[INFO] [stderr]    Compiling semver v1.0.26
[INFO] [stderr]    Compiling memchr v2.7.5
[INFO] [stderr]    Compiling cc v1.2.29
[INFO] [stderr]    Compiling rustls-pki-types v1.12.0
[INFO] [stderr]    Compiling percent-encoding v2.3.1
[INFO] [stderr]    Compiling home v0.5.11
[INFO] [stderr]    Compiling utf-8 v0.7.6
[INFO] [stderr]    Compiling etcetera v0.10.0
[INFO] [stderr]    Compiling webpki-roots v1.0.1
[INFO] [stderr]    Compiling rustls-pemfile v2.2.0
[INFO] [stderr]    Compiling quote v1.0.40
[INFO] [stderr]    Compiling flate2 v1.1.2
[INFO] [stderr]    Compiling webpki-roots v0.26.11
[INFO] [stderr]    Compiling syn v2.0.104
[INFO] [stderr]    Compiling http v1.3.1
[INFO] [stderr]    Compiling getrandom v0.2.16
[INFO] [stderr]    Compiling ring v0.17.14
[INFO] [stderr]    Compiling ureq-proto v0.4.2
[INFO] [stderr]    Compiling serde_derive v1.0.219
[INFO] [stderr]    Compiling rustls-webpki v0.103.4
[INFO] [stderr]    Compiling ureq v3.0.12
[INFO] [stderr]    Compiling update-informer v1.3.0 (/opt/rustwide/workdir)
[INFO] [stderr]     Finished `release` profile [optimized] target(s) in 46.25s
[INFO] running `Command { std: "docker" "inspect" "97d23dd0ba001dcffac6a190c2d73ebd26bf2fd7fe9e679eb1d1a0043c3ed261", kill_on_drop: false }`
[INFO] running `Command { std: "docker" "exec" "-e" "SOURCE_DIR=/opt/rustwide/workdir" "-e" "CARGO_HOME=/opt/rustwide/cargo-home" "-e" "RUSTUP_HOME=/opt/rustwide/rustup-home" "-e" "CARGO_TARGET_DIR=/opt/rustwide/target" "-e" "CARGO_INCREMENTAL=0" "-e" "RUST_BACKTRACE=full" "-e" "RUSTFLAGS=--cap-lints=warn" "-e" "RUSTDOCFLAGS=--cap-lints=warn" "-w" "/opt/rustwide/workdir" "--user" "0:0" "97d23dd0ba001dcffac6a190c2d73ebd26bf2fd7fe9e679eb1d1a0043c3ed261" "/opt/rustwide/cargo-home/bin/cargo" "+1.99.0-beta.8" "test" "--frozen" "--no-run" "--message-format=json" "--release", kill_on_drop: false }`
[INFO] [stderr]    Compiling proc-macro2 v1.0.95
[INFO] [stderr]    Compiling libc v0.2.174
[INFO] [stderr]    Compiling memchr v2.7.5
[INFO] [stderr]    Compiling stable_deref_trait v1.2.0
[INFO] [stderr]    Compiling pkg-config v0.3.32
[INFO] [stderr]    Compiling pin-project-lite v0.2.16
[INFO] [stderr]    Compiling autocfg v1.5.0
[INFO] [stderr]    Compiling futures-core v0.3.31
[INFO] [stderr]    Compiling smallvec v1.15.1
[INFO] [stderr]    Compiling vcpkg v0.2.15
[INFO] [stderr]    Compiling once_cell v1.21.3
[INFO] [stderr]    Compiling futures-io v0.3.31
[INFO] [stderr]    Compiling litemap v0.8.0
[INFO] [stderr]    Compiling libnghttp2-sys v0.1.11+1.64.0
[INFO] [stderr]    Compiling futures-sink v0.3.31
[INFO] [stderr]    Compiling writeable v0.6.1
[INFO] [stderr]    Compiling parking_lot_core v0.9.11
[INFO] [stderr]    Compiling httparse v1.10.1
[INFO] [stderr]    Compiling slab v0.4.10
[INFO] [stderr]    Compiling icu_normalizer_data v2.0.0
[INFO] [stderr]    Compiling icu_properties_data v2.0.1
[INFO] [stderr]    Compiling futures-channel v0.3.31
[INFO] [stderr]    Compiling tracing-core v0.1.34
[INFO] [stderr]    Compiling pin-utils v0.1.0
[INFO] [stderr]    Compiling zerocopy v0.8.26
[INFO] [stderr]    Compiling futures-task v0.3.31
[INFO] [stderr]    Compiling http v0.2.12
[INFO] [stderr]    Compiling form_urlencoded v1.2.1
[INFO] [stderr]    Compiling hashbrown v0.15.4
[INFO] [stderr]    Compiling concurrent-queue v2.5.0
[INFO] [stderr]    Compiling curl v0.4.48
[INFO] [stderr]    Compiling lock_api v0.4.13
[INFO] [stderr]    Compiling aho-corasick v1.1.3
[INFO] [stderr]    Compiling curl-sys v0.4.82+curl-8.14.1
[INFO] [stderr]    Compiling polling v2.8.0
[INFO] [stderr]    Compiling regex-syntax v0.8.5
[INFO] [stderr]    Compiling try-lock v0.2.5
[INFO] [stderr]    Compiling utf8_iter v1.0.4
[INFO] [stderr]    Compiling event-listener v2.5.3
[INFO] [stderr]    Compiling getrandom v0.2.16
[INFO] [stderr]    Compiling socket2 v0.5.10
[INFO] [stderr]    Compiling quote v1.0.40
[INFO] [stderr]    Compiling openssl-sys v0.9.109
[INFO] [stderr]    Compiling syn v2.0.104
[INFO] [stderr]    Compiling libz-sys v1.1.22
[INFO] [stderr]    Compiling parking_lot v0.12.4
[INFO] [stderr]    Compiling mio v1.0.4
[INFO] [stderr]    Compiling signal-hook-registry v1.4.5
[INFO] [stderr]    Compiling ring v0.17.14
[INFO] [stderr]    Compiling rand_core v0.6.4
[INFO] [stderr]    Compiling indexmap v2.10.0
[INFO] [stderr]    Compiling async-channel v1.9.0
[INFO] [stderr]    Compiling want v0.3.1
[INFO] [stderr]    Compiling ureq-proto v0.4.2
[INFO] [stderr]    Compiling openssl-probe v0.1.6
[INFO] [stderr]    Compiling tower-service v0.3.3
[INFO] [stderr]    Compiling isahc v1.7.2
[INFO] [stderr]    Compiling fastrand v1.9.0
[INFO] [stderr]    Compiling httpdate v1.0.3
[INFO] [stderr]    Compiling http-body v0.4.6
[INFO] [stderr]    Compiling waker-fn v1.2.0
[INFO] [stderr]    Compiling parking v2.2.1
[INFO] [stderr]    Compiling lazy_static v1.5.0
[INFO] [stderr]    Compiling futures-lite v1.13.0
[INFO] [stderr]    Compiling sluice v0.5.5
[INFO] [stderr]    Compiling encoding_rs v0.8.35
[INFO] [stderr]    Compiling colored v2.2.0
[INFO] [stderr]    Compiling mime v0.3.17
[INFO] [stderr]    Compiling castaway v0.1.2
[INFO] [stderr]    Compiling similar v2.7.0
[INFO] [stderr]    Compiling colored v3.0.0
[INFO] [stderr]    Compiling rustls-webpki v0.103.4
[INFO] [stderr]    Compiling regex-automata v0.4.9
[INFO] [stderr]    Compiling ppv-lite86 v0.2.21
[INFO] [stderr]    Compiling rustls v0.23.29
[INFO] [stderr]    Compiling rand_chacha v0.3.1
[INFO] [stderr]    Compiling rand v0.8.5
[INFO] [stderr]    Compiling synstructure v0.13.2
[INFO] [stderr]    Compiling regex v1.11.1
[INFO] [stderr]    Compiling zerofrom-derive v0.1.6
[INFO] [stderr]    Compiling yoke-derive v0.8.0
[INFO] [stderr]    Compiling zerovec-derive v0.11.1
[INFO] [stderr]    Compiling displaydoc v0.2.5
[INFO] [stderr]    Compiling serde_derive v1.0.219
[INFO] [stderr]    Compiling tracing-attributes v0.1.30
[INFO] [stderr]    Compiling futures-macro v0.3.31
[INFO] [stderr]    Compiling tokio-macros v2.5.0
[INFO] [stderr]    Compiling pin-project-internal v1.1.10
[INFO] [stderr]    Compiling tokio v1.46.1
[INFO] [stderr]    Compiling futures-util v0.3.31
[INFO] [stderr]    Compiling pin-project v1.1.10
[INFO] [stderr]    Compiling zerofrom v0.1.6
[INFO] [stderr]    Compiling yoke v0.8.0
[INFO] [stderr]    Compiling zerovec v0.11.2
[INFO] [stderr]    Compiling zerotrie v0.2.2
[INFO] [stderr]    Compiling tracing v0.1.41
[INFO] [stderr]    Compiling tracing-futures v0.2.5
[INFO] [stderr]    Compiling serde v1.0.219
[INFO] [stderr]    Compiling tinystr v0.8.1
[INFO] [stderr]    Compiling potential_utf v0.1.2
[INFO] [stderr]    Compiling icu_collections v2.0.0
[INFO] [stderr]    Compiling icu_locale_core v2.0.0
[INFO] [stderr]    Compiling icu_provider v2.0.0
[INFO] [stderr]    Compiling icu_normalizer v2.0.0
[INFO] [stderr]    Compiling icu_properties v2.0.1
[INFO] [stderr]    Compiling futures-executor v0.3.31
[INFO] [stderr]    Compiling futures v0.3.31
[INFO] [stderr]    Compiling idna_adapter v1.2.1
[INFO] [stderr]    Compiling idna v1.0.3
[INFO] [stderr]    Compiling tokio-util v0.7.15
[INFO] [stderr]    Compiling url v2.5.4
[INFO] [stderr]    Compiling serde_json v1.0.140
[INFO] [stderr]    Compiling serde_urlencoded v0.7.1
[INFO] [stderr]    Compiling h2 v0.3.27
[INFO] [stderr]    Compiling assert-json-diff v2.0.2
[INFO] [stderr]    Compiling ureq v3.0.12
[INFO] [stderr]    Compiling update-informer v1.3.0 (/opt/rustwide/workdir)
[INFO] [stderr]    Compiling hyper v0.14.32
[INFO] [stderr]    Compiling mockito v0.32.5
[INFO] [stdout] warning: use of deprecated function `mockito::mock`: Use `Server::mock` instead
[INFO] [stdout]  --> src/test_helper.rs:2:15
[INFO] [stdout]   |
[INFO] [stdout] 2 | use mockito::{mock, Mock};
[INFO] [stdout]   |               ^^^^
[INFO] [stdout]   |
[INFO] [stdout]   = note: `#[warn(deprecated)]` on by default
[INFO] [stdout] 
[INFO] [stdout] 
[INFO] [stdout] warning: use of deprecated function `mockito::mock`: Use `Server::mock` instead
[INFO] [stdout]   --> src/test_helper.rs:64:5
[INFO] [stdout]    |
[INFO] [stdout] 64 |     mock("GET", path)
[INFO] [stdout]    |     ^^^^
[INFO] [stdout] 
[INFO] [stdout] 
[INFO] [stdout] warning: use of deprecated function `mockito::server_url`: Use `Server::url` instead
[INFO] [stdout]   --> src/registry/crates.rs:33:43
[INFO] [stdout]    |
[INFO] [stdout] 33 |     format!("{}/api/v1/crates", &mockito::server_url())
[INFO] [stdout]    |                                           ^^^^^^^^^^
[INFO] [stdout] 
[INFO] [stdout] 
[INFO] [stderr]     Finished `release` profile [optimized] target(s) in 1m 51s
[INFO] running `Command { std: "docker" "inspect" "97d23dd0ba001dcffac6a190c2d73ebd26bf2fd7fe9e679eb1d1a0043c3ed261", kill_on_drop: false }`
[INFO] running `Command { std: "docker" "exec" "-e" "SOURCE_DIR=/opt/rustwide/workdir" "-e" "CARGO_HOME=/opt/rustwide/cargo-home" "-e" "RUSTUP_HOME=/opt/rustwide/rustup-home" "-e" "CARGO_TARGET_DIR=/opt/rustwide/target" "-e" "CARGO_INCREMENTAL=0" "-e" "RUST_BACKTRACE=full" "-e" "RUSTFLAGS=--cap-lints=warn" "-e" "RUSTDOCFLAGS=--cap-lints=warn" "-w" "/opt/rustwide/workdir" "--user" "0:0" "97d23dd0ba001dcffac6a190c2d73ebd26bf2fd7fe9e679eb1d1a0043c3ed261" "/opt/rustwide/cargo-home/bin/cargo" "+1.99.0-beta.8" "test" "--frozen" "--release", kill_on_drop: false }`
[INFO] [stderr] warning: use of deprecated function `mockito::mock`: Use `Server::mock` instead
[INFO] [stderr]  --> src/test_helper.rs:2:15
[INFO] [stderr]   |
[INFO] [stderr] 2 | use mockito::{mock, Mock};
[INFO] [stderr]   |               ^^^^
[INFO] [stderr]   |
[INFO] [stderr]   = note: `#[warn(deprecated)]` on by default
[INFO] [stderr] 
[INFO] [stderr] warning: use of deprecated function `mockito::mock`: Use `Server::mock` instead
[INFO] [stderr]   --> src/test_helper.rs:64:5
[INFO] [stderr]    |
[INFO] [stderr] 64 |     mock("GET", path)
[INFO] [stderr]    |     ^^^^
[INFO] [stderr] 
[INFO] [stderr] warning: use of deprecated function `mockito::server_url`: Use `Server::url` instead
[INFO] [stderr]   --> src/registry/crates.rs:33:43
[INFO] [stderr]    |
[INFO] [stderr] 33 |     format!("{}/api/v1/crates", &mockito::server_url())
[INFO] [stderr]    |                                           ^^^^^^^^^^
[INFO] [stderr] 
[INFO] [stderr] warning: `update-informer` (lib test) generated 3 warnings
[INFO] [stderr]     Finished `release` profile [optimized] target(s) in 0.31s
[INFO] [stderr]      Running unittests src/lib.rs (/opt/rustwide/target/release/deps/update_informer-37f581e358a502fe)
[INFO] [stdout] 
[INFO] [stdout] running 30 tests
[INFO] [stdout] test tests::fake_check_version_test ... ok
[INFO] [stdout] test package::tests::new_with_owner_and_name_test ... ok
[INFO] [stdout] test package::tests::name_with_owner_fmt_test ... ok
[INFO] [stdout] test version::tests::fmt_test ... ok
[INFO] [stdout] test package::tests::new_with_name_test ... ok
[INFO] [stdout] test registry::crates::tests::success_test ... FAILED
[INFO] [stdout] test package::tests::name_fmt_test ... ok
[INFO] [stdout] test version::tests::parse_amp_string_version_test ... ok
[INFO] [stdout] test tests::create_version_file_test ... ok
[INFO] [stdout] test version::tests::parse_str_version_test ... ok
[INFO] [stdout] test tests::check_version_with_string_version_test ... ok
[INFO] [stdout] test version::tests::parse_string_version_test ... ok
[INFO] [stdout] test tests::check_version_with_amp_string_test ... ok
[INFO] [stdout] test version::tests::parse_version_with_prefix_test ... ok
[INFO] [stdout] test tests::no_new_version_with_interval_test ... ok
[INFO] [stdout] test version::tests::semver_test ... ok
[INFO] [stdout] test tests::do_not_create_version_file_test ... FAILED
[INFO] [stdout] test tests::check_version_with_string_name_test ... ok
[INFO] [stdout] test tests::check_version_on_crates_test ... FAILED
[INFO] [stdout] test tests::return_version_from_file_test ... ok
[INFO] [stdout] test registry::crates::tests::failure_test ... FAILED
[INFO] [stdout] test version_file::tests::create_version_file_twice_test ... ok
[INFO] [stdout] test version_file::tests::new_test ... ok
[INFO] [stdout] test version_file::tests::last_modified_file_exists_test ... ok
[INFO] [stdout] test version_file::tests::get_version_file_exists_test ... ok
[INFO] [stdout] test version_file::tests::get_version_file_not_exists_test ... ok
[INFO] [stdout] test version_file::tests::last_modified_file_not_exists_test ... ok
[INFO] [stdout] test version_file::tests::write_version_test ... ok
[INFO] [stdout] test tests::no_new_version_on_registry_test ... FAILED
[INFO] [stdout] test version_file::tests::recreate_file_test ... ok
[INFO] [stdout] 
[INFO] [stdout] failures:
[INFO] [stdout] 
[INFO] [stdout] ---- registry::crates::tests::success_test stdout ----
[INFO] [stdout] 
[INFO] [stdout] thread 'registry::crates::tests::success_test' (3757) panicked at src/test_helper.rs:34:46:
[INFO] [stdout] read file to string: Os { code: 2, kind: NotFound, message: "No such file or directory" }
[INFO] [stdout] stack backtrace:
[INFO] [stdout]    0:     0x6333b6599481 - <<std[70759c8f55707aa4]::sys::backtrace::BacktraceLock>::print::DisplayBacktrace as core[df12db4294e9bfd3]::fmt::Display>::fmt
[INFO] [stdout]    1:     0x6333b65b11ba - core[df12db4294e9bfd3]::fmt::write
[INFO] [stdout]    2:     0x6333b659e2fc - <alloc[2182bb758b4b3781]::vec::Vec<u8> as core[df12db4294e9bfd3]::io::write::Write>::write_fmt
[INFO] [stdout]    3:     0x6333b65725b6 - std[70759c8f55707aa4]::panicking::default_hook::{closure#0}
[INFO] [stdout]    4:     0x6333b65905f9 - std[70759c8f55707aa4]::panicking::default_hook
[INFO] [stdout]    5:     0x6333b61f81d0 - test[9d35eded1c95d3be]::test_main_inner::<test[9d35eded1c95d3be]::test_main_static::{closure#0}>::{closure#0}
[INFO] [stdout]    6:     0x6333b6590922 - std[70759c8f55707aa4]::panicking::panic_with_hook
[INFO] [stdout]    7:     0x6333b6572662 - std[70759c8f55707aa4]::panicking::panic_handler::{closure#0}
[INFO] [stdout]    8:     0x6333b656b059 - std[70759c8f55707aa4]::sys::backtrace::__rust_end_short_backtrace::<std[70759c8f55707aa4]::panicking::panic_handler::{closure#0}, !>
[INFO] [stdout]    9:     0x6333b657344d - __rustc[8fa7c3cbc660c2b3]::rust_begin_unwind
[INFO] [stdout]   10:     0x6333b65b199c - core[df12db4294e9bfd3]::panicking::panic_fmt
[INFO] [stdout]   11:     0x6333b65b1772 - core[df12db4294e9bfd3]::result::unwrap_failed
[INFO] [stdout]   12:     0x6333b61df445 - update_informer[21e3265f05a485fa]::test_helper::mock_crates
[INFO] [stdout]   13:     0x6333b61e3f7d - update_informer[21e3265f05a485fa]::registry::crates::tests::success_test
[INFO] [stdout]   14:     0x6333b61db839 - <update_informer[21e3265f05a485fa]::registry::crates::tests::success_test::{closure#0} as core[df12db4294e9bfd3]::ops::function::FnOnce<()>>::call_once
[INFO] [stdout]   15:     0x6333b61eb4bb - test[9d35eded1c95d3be]::__rust_begin_short_backtrace::<core[df12db4294e9bfd3]::result::Result<(), alloc[2182bb758b4b3781]::string::String>, fn() -> core[df12db4294e9bfd3]::result::Result<(), alloc[2182bb758b4b3781]::string::String>>
[INFO] [stdout]   16:     0x6333b61f8b25 - test[9d35eded1c95d3be]::run_test::{closure#0}
[INFO] [stdout]   17:     0x6333b61f23e4 - std[70759c8f55707aa4]::sys::backtrace::__rust_begin_short_backtrace::<test[9d35eded1c95d3be]::run_test::{closure#1}, ()>
[INFO] [stdout]   18:     0x6333b61fbc82 - <std[70759c8f55707aa4]::thread::lifecycle::spawn_unchecked<test[9d35eded1c95d3be]::run_test::{closure#1}, ()>::{closure#1} as core[df12db4294e9bfd3]::ops::function::FnOnce<()>>::call_once::{shim:vtable#0}
[INFO] [stdout]   19:     0x6333b6598299 - <std[70759c8f55707aa4]::sys::thread::unix::Thread>::new::thread_start
[INFO] [stdout]   20:     0x725c35ae7dfa - <unknown>
[INFO] [stdout]   21:     0x725c35b7b3d4 - clone
[INFO] [stdout]   22:                0x0 - <unknown>
[INFO] [stdout] 
[INFO] [stdout] ---- tests::do_not_create_version_file_test stdout ----
[INFO] [stdout] 
[INFO] [stdout] thread 'tests::do_not_create_version_file_test' (3763) panicked at src/test_helper.rs:34:46:
[INFO] [stdout] read file to string: Os { code: 2, kind: NotFound, message: "No such file or directory" }
[INFO] [stdout] stack backtrace:
[INFO] [stdout]    0:     0x6333b6599481 - <<std[70759c8f55707aa4]::sys::backtrace::BacktraceLock>::print::DisplayBacktrace as core[df12db4294e9bfd3]::fmt::Display>::fmt
[INFO] [stdout]    1:     0x6333b65b11ba - core[df12db4294e9bfd3]::fmt::write
[INFO] [stdout]    2:     0x6333b659e2fc - <alloc[2182bb758b4b3781]::vec::Vec<u8> as core[df12db4294e9bfd3]::io::write::Write>::write_fmt
[INFO] [stdout]    3:     0x6333b65725b6 - std[70759c8f55707aa4]::panicking::default_hook::{closure#0}
[INFO] [stdout]    4:     0x6333b65905f9 - std[70759c8f55707aa4]::panicking::default_hook
[INFO] [stdout]    5:     0x6333b61f81d0 - test[9d35eded1c95d3be]::test_main_inner::<test[9d35eded1c95d3be]::test_main_static::{closure#0}>::{closure#0}
[INFO] [stdout]    6:     0x6333b6590922 - std[70759c8f55707aa4]::panicking::panic_with_hook
[INFO] [stdout]    7:     0x6333b6572662 - std[70759c8f55707aa4]::panicking::panic_handler::{closure#0}
[INFO] [stdout]    8:     0x6333b656b059 - std[70759c8f55707aa4]::sys::backtrace::__rust_end_short_backtrace::<std[70759c8f55707aa4]::panicking::panic_handler::{closure#0}, !>
[INFO] [stdout]    9:     0x6333b657344d - __rustc[8fa7c3cbc660c2b3]::rust_begin_unwind
[INFO] [stdout]   10:     0x6333b65b199c - core[df12db4294e9bfd3]::panicking::panic_fmt
[INFO] [stdout]   11:     0x6333b65b1772 - core[df12db4294e9bfd3]::result::unwrap_failed
[INFO] [stdout]   12:     0x6333b61df445 - update_informer[21e3265f05a485fa]::test_helper::mock_crates
[INFO] [stdout]   13:     0x6333b61e6b00 - update_informer[21e3265f05a485fa]::tests::mock_crates
[INFO] [stdout]   14:     0x6333b61e7c85 - <update_informer[21e3265f05a485fa]::tests::do_not_create_version_file_test::{closure#0} as core[df12db4294e9bfd3]::ops::function::FnOnce<(std[70759c8f55707aa4]::path::PathBuf,)>>::call_once
[INFO] [stdout]   15:     0x6333b61df67d - update_informer[21e3265f05a485fa]::test_helper::within_test_dir
[INFO] [stdout]   16:     0x6333b61db520 - <update_informer[21e3265f05a485fa]::tests::do_not_create_version_file_test::{closure#0} as core[df12db4294e9bfd3]::ops::function::FnOnce<()>>::call_once
[INFO] [stdout]   17:     0x6333b61eb4bb - test[9d35eded1c95d3be]::__rust_begin_short_backtrace::<core[df12db4294e9bfd3]::result::Result<(), alloc[2182bb758b4b3781]::string::String>, fn() -> core[df12db4294e9bfd3]::result::Result<(), alloc[2182bb758b4b3781]::string::String>>
[INFO] [stdout]   18:     0x6333b61f8b25 - test[9d35eded1c95d3be]::run_test::{closure#0}
[INFO] [stdout]   19:     0x6333b61f23e4 - std[70759c8f55707aa4]::sys::backtrace::__rust_begin_short_backtrace::<test[9d35eded1c95d3be]::run_test::{closure#1}, ()>
[INFO] [stdout]   20:     0x6333b61fbc82 - <std[70759c8f55707aa4]::thread::lifecycle::spawn_unchecked<test[9d35eded1c95d3be]::run_test::{closure#1}, ()>::{closure#1} as core[df12db4294e9bfd3]::ops::function::FnOnce<()>>::call_once::{shim:vtable#0}
[INFO] [stdout]   21:     0x6333b6598299 - <std[70759c8f55707aa4]::sys::thread::unix::Thread>::new::thread_start
[INFO] [stdout]   22:     0x725c35ae7dfa - <unknown>
[INFO] [stdout]   23:     0x725c35b7b3d4 - clone
[INFO] [stdout]   24:                0x0 - <unknown>
[INFO] [stdout] 
[INFO] [stdout] ---- tests::check_version_on_crates_test stdout ----
[INFO] [stdout] 
[INFO] [stdout] thread 'tests::check_version_on_crates_test' (3758) panicked at src/test_helper.rs:34:46:
[INFO] [stdout] read file to string: Os { code: 2, kind: NotFound, message: "No such file or directory" }
[INFO] [stdout] stack backtrace:
[INFO] [stdout]    0:     0x6333b6599481 - <<std[70759c8f55707aa4]::sys::backtrace::BacktraceLock>::print::DisplayBacktrace as core[df12db4294e9bfd3]::fmt::Display>::fmt
[INFO] [stdout]    1:     0x6333b65b11ba - core[df12db4294e9bfd3]::fmt::write
[INFO] [stdout]    2:     0x6333b659e2fc - <alloc[2182bb758b4b3781]::vec::Vec<u8> as core[df12db4294e9bfd3]::io::write::Write>::write_fmt
[INFO] [stdout]    3:     0x6333b65725b6 - std[70759c8f55707aa4]::panicking::default_hook::{closure#0}
[INFO] [stdout]    4:     0x6333b65905f9 - std[70759c8f55707aa4]::panicking::default_hook
[INFO] [stdout]    5:     0x6333b61f81d0 - test[9d35eded1c95d3be]::test_main_inner::<test[9d35eded1c95d3be]::test_main_static::{closure#0}>::{closure#0}
[INFO] [stdout]    6:     0x6333b6590922 - std[70759c8f55707aa4]::panicking::panic_with_hook
[INFO] [stdout]    7:     0x6333b6572662 - std[70759c8f55707aa4]::panicking::panic_handler::{closure#0}
[INFO] [stdout]    8:     0x6333b656b059 - std[70759c8f55707aa4]::sys::backtrace::__rust_end_short_backtrace::<std[70759c8f55707aa4]::panicking::panic_handler::{closure#0}, !>
[INFO] [stdout]    9:     0x6333b657344d - __rustc[8fa7c3cbc660c2b3]::rust_begin_unwind
[INFO] [stdout]   10:     0x6333b65b199c - core[df12db4294e9bfd3]::panicking::panic_fmt
[INFO] [stdout]   11:     0x6333b65b1772 - core[df12db4294e9bfd3]::result::unwrap_failed
[INFO] [stdout]   12:     0x6333b61df445 - update_informer[21e3265f05a485fa]::test_helper::mock_crates
[INFO] [stdout]   13:     0x6333b61e6b00 - update_informer[21e3265f05a485fa]::tests::mock_crates
[INFO] [stdout]   14:     0x6333b61e7474 - <update_informer[21e3265f05a485fa]::tests::check_version_on_crates_test::{closure#0} as core[df12db4294e9bfd3]::ops::function::FnOnce<(std[70759c8f55707aa4]::path::PathBuf,)>>::call_once
[INFO] [stdout]   15:     0x6333b61df67d - update_informer[21e3265f05a485fa]::test_helper::within_test_dir
[INFO] [stdout]   16:     0x6333b61db4e0 - <update_informer[21e3265f05a485fa]::tests::check_version_on_crates_test::{closure#0} as core[df12db4294e9bfd3]::ops::function::FnOnce<()>>::call_once
[INFO] [stdout]   17:     0x6333b61eb4bb - test[9d35eded1c95d3be]::__rust_begin_short_backtrace::<core[df12db4294e9bfd3]::result::Result<(), alloc[2182bb758b4b3781]::string::String>, fn() -> core[df12db4294e9bfd3]::result::Result<(), alloc[2182bb758b4b3781]::string::String>>
[INFO] [stdout]   18:     0x6333b61f8b25 - test[9d35eded1c95d3be]::run_test::{closure#0}
[INFO] [stdout]   19:     0x6333b61f23e4 - std[70759c8f55707aa4]::sys::backtrace::__rust_begin_short_backtrace::<test[9d35eded1c95d3be]::run_test::{closure#1}, ()>
[INFO] [stdout]   20:     0x6333b61fbc82 - <std[70759c8f55707aa4]::thread::lifecycle::spawn_unchecked<test[9d35eded1c95d3be]::run_test::{closure#1}, ()>::{closure#1} as core[df12db4294e9bfd3]::ops::function::FnOnce<()>>::call_once::{shim:vtable#0}
[INFO] [stdout]   21:     0x6333b6598299 - <std[70759c8f55707aa4]::sys::thread::unix::Thread>::new::thread_start
[INFO] [stdout]   22:     0x725c35ae7dfa - <unknown>
[INFO] [stdout]   23:     0x725c35b7b3d4 - clone
[INFO] [stdout]   24:                0x0 - <unknown>
[INFO] [stdout] 
[INFO] [stdout] ---- registry::crates::tests::failure_test stdout ----
[INFO] [stdout] 
[INFO] [stdout] thread 'registry::crates::tests::failure_test' (3756) panicked at src/test_helper.rs:34:46:
[INFO] [stdout] read file to string: Os { code: 2, kind: NotFound, message: "No such file or directory" }
[INFO] [stdout] stack backtrace:
[INFO] [stdout]    0:     0x6333b6599481 - <<std[70759c8f55707aa4]::sys::backtrace::BacktraceLock>::print::DisplayBacktrace as core[df12db4294e9bfd3]::fmt::Display>::fmt
[INFO] [stdout]    1:     0x6333b65b11ba - core[df12db4294e9bfd3]::fmt::write
[INFO] [stdout]    2:     0x6333b659e2fc - <alloc[2182bb758b4b3781]::vec::Vec<u8> as core[df12db4294e9bfd3]::io::write::Write>::write_fmt
[INFO] [stdout]    3:     0x6333b65725b6 - std[70759c8f55707aa4]::panicking::default_hook::{closure#0}
[INFO] [stdout]    4:     0x6333b65905f9 - std[70759c8f55707aa4]::panicking::default_hook
[INFO] [stdout]    5:     0x6333b61f81d0 - test[9d35eded1c95d3be]::test_main_inner::<test[9d35eded1c95d3be]::test_main_static::{closure#0}>::{closure#0}
[INFO] [stdout]    6:     0x6333b6590922 - std[70759c8f55707aa4]::panicking::panic_with_hook
[INFO] [stdout]    7:     0x6333b6572662 - std[70759c8f55707aa4]::panicking::panic_handler::{closure#0}
[INFO] [stdout]    8:     0x6333b656b059 - std[70759c8f55707aa4]::sys::backtrace::__rust_end_short_backtrace::<std[70759c8f55707aa4]::panicking::panic_handler::{closure#0}, !>
[INFO] [stdout]    9:     0x6333b657344d - __rustc[8fa7c3cbc660c2b3]::rust_begin_unwind
[INFO] [stdout]   10:     0x6333b65b199c - core[df12db4294e9bfd3]::panicking::panic_fmt
[INFO] [stdout]   11:     0x6333b65b1772 - core[df12db4294e9bfd3]::result::unwrap_failed
[INFO] [stdout]   12:     0x6333b61df445 - update_informer[21e3265f05a485fa]::test_helper::mock_crates
[INFO] [stdout]   13:     0x6333b61e3c27 - update_informer[21e3265f05a485fa]::registry::crates::tests::failure_test
[INFO] [stdout]   14:     0x6333b61db819 - <update_informer[21e3265f05a485fa]::registry::crates::tests::failure_test::{closure#0} as core[df12db4294e9bfd3]::ops::function::FnOnce<()>>::call_once
[INFO] [stdout]   15:     0x6333b61eb4bb - test[9d35eded1c95d3be]::__rust_begin_short_backtrace::<core[df12db4294e9bfd3]::result::Result<(), alloc[2182bb758b4b3781]::string::String>, fn() -> core[df12db4294e9bfd3]::result::Result<(), alloc[2182bb758b4b3781]::string::String>>
[INFO] [stdout]   16:     0x6333b61f8b25 - test[9d35eded1c95d3be]::run_test::{closure#0}
[INFO] [stdout]   17:     0x6333b61f23e4 - std[70759c8f55707aa4]::sys::backtrace::__rust_begin_short_backtrace::<test[9d35eded1c95d3be]::run_test::{closure#1}, ()>
[INFO] [stdout]   18:     0x6333b61fbc82 - <std[70759c8f55707aa4]::thread::lifecycle::spawn_unchecked<test[9d35eded1c95d3be]::run_test::{closure#1}, ()>::{closure#1} as core[df12db4294e9bfd3]::ops::function::FnOnce<()>>::call_once::{shim:vtable#0}
[INFO] [stdout]   19:     0x6333b6598299 - <std[70759c8f55707aa4]::sys::thread::unix::Thread>::new::thread_start
[INFO] [stdout]   20:     0x725c35ae7dfa - <unknown>
[INFO] [stdout]   21:     0x725c35b7b3d4 - clone
[INFO] [stdout]   22:                0x0 - <unknown>
[INFO] [stdout] 
[INFO] [stdout] ---- tests::no_new_version_on_registry_test stdout ----
[INFO] [stdout] 
[INFO] [stdout] thread 'tests::no_new_version_on_registry_test' (3765) panicked at src/test_helper.rs:34:46:
[INFO] [stdout] read file to string: Os { code: 2, kind: NotFound, message: "No such file or directory" }
[INFO] [stdout] stack backtrace:
[INFO] [stdout]    0:     0x6333b6599481 - <<std[70759c8f55707aa4]::sys::backtrace::BacktraceLock>::print::DisplayBacktrace as core[df12db4294e9bfd3]::fmt::Display>::fmt
[INFO] [stdout]    1:     0x6333b65b11ba - core[df12db4294e9bfd3]::fmt::write
[INFO] [stdout]    2:     0x6333b659e2fc - <alloc[2182bb758b4b3781]::vec::Vec<u8> as core[df12db4294e9bfd3]::io::write::Write>::write_fmt
[INFO] [stdout]    3:     0x6333b65725b6 - std[70759c8f55707aa4]::panicking::default_hook::{closure#0}
[INFO] [stdout]    4:     0x6333b65905f9 - std[70759c8f55707aa4]::panicking::default_hook
[INFO] [stdout]    5:     0x6333b61f81d0 - test[9d35eded1c95d3be]::test_main_inner::<test[9d35eded1c95d3be]::test_main_static::{closure#0}>::{closure#0}
[INFO] [stdout]    6:     0x6333b6590922 - std[70759c8f55707aa4]::panicking::panic_with_hook
[INFO] [stdout]    7:     0x6333b6572662 - std[70759c8f55707aa4]::panicking::panic_handler::{closure#0}
[INFO] [stdout]    8:     0x6333b656b059 - std[70759c8f55707aa4]::sys::backtrace::__rust_end_short_backtrace::<std[70759c8f55707aa4]::panicking::panic_handler::{closure#0}, !>
[INFO] [stdout]    9:     0x6333b657344d - __rustc[8fa7c3cbc660c2b3]::rust_begin_unwind
[INFO] [stdout]   10:     0x6333b65b199c - core[df12db4294e9bfd3]::panicking::panic_fmt
[INFO] [stdout]   11:     0x6333b65b1772 - core[df12db4294e9bfd3]::result::unwrap_failed
[INFO] [stdout]   12:     0x6333b61df445 - update_informer[21e3265f05a485fa]::test_helper::mock_crates
[INFO] [stdout]   13:     0x6333b61e6b00 - update_informer[21e3265f05a485fa]::tests::mock_crates
[INFO] [stdout]   14:     0x6333b61e7e90 - <update_informer[21e3265f05a485fa]::tests::no_new_version_on_registry_test::{closure#0} as core[df12db4294e9bfd3]::ops::function::FnOnce<(std[70759c8f55707aa4]::path::PathBuf,)>>::call_once
[INFO] [stdout]   15:     0x6333b61df67d - update_informer[21e3265f05a485fa]::test_helper::within_test_dir
[INFO] [stdout]   16:     0x6333b61db540 - <update_informer[21e3265f05a485fa]::tests::no_new_version_on_registry_test::{closure#0} as core[df12db4294e9bfd3]::ops::function::FnOnce<()>>::call_once
[INFO] [stdout]   17:     0x6333b61eb4bb - test[9d35eded1c95d3be]::__rust_begin_short_backtrace::<core[df12db4294e9bfd3]::result::Result<(), alloc[2182bb758b4b3781]::string::String>, fn() -> core[df12db4294e9bfd3]::result::Result<(), alloc[2182bb758b4b3781]::string::String>>
[INFO] [stdout]   18:     0x6333b61f8b25 - test[9d35eded1c95d3be]::run_test::{closure#0}
[INFO] [stdout]   19:     0x6333b61f23e4 - std[70759c8f55707aa4]::sys::backtrace::__rust_begin_short_backtrace::<test[9d35eded1c95d3be]::run_test::{closure#1}, ()>
[INFO] [stdout]   20:     0x6333b61fbc82 - <std[70759c8f55707aa4]::thread::lifecycle::spawn_unchecked<test[9d35eded1c95d3be]::run_test::{closure#1}, ()>::{closure#1} as core[df12db4294e9bfd3]::ops::function::FnOnce<()>>::call_once::{shim:vtable#0}
[INFO] [stdout]   21:     0x6333b6598299 - <std[70759c8f55707aa4]::sys::thread::unix::Thread>::new::thread_start
[INFO] [stdout]   22:     0x725c35ae7dfa - <unknown>
[INFO] [stdout]   23:     0x725c35b7b3d4 - clone
[INFO] [stdout]   24:                0x0 - <unknown>
[INFO] [stdout] 
[INFO] [stdout] 
[INFO] [stdout] failures:
[INFO] [stdout]     registry::crates::tests::failure_test
[INFO] [stdout]     registry::crates::tests::success_test
[INFO] [stdout]     tests::check_version_on_crates_test
[INFO] [stdout]     tests::do_not_create_version_file_test
[INFO] [stdout]     tests::no_new_version_on_registry_test
[INFO] [stdout] 
[INFO] [stdout] test result: FAILED. 25 passed; 5 failed; 0 ignored; 0 measured; 0 filtered out; finished in 0.03s
[INFO] [stdout] 
[INFO] [stderr] error: test failed, to rerun pass `--lib`
[INFO] running `Command { std: "docker" "inspect" "97d23dd0ba001dcffac6a190c2d73ebd26bf2fd7fe9e679eb1d1a0043c3ed261", kill_on_drop: false }`
[INFO] running `Command { std: "docker" "rm" "-f" "97d23dd0ba001dcffac6a190c2d73ebd26bf2fd7fe9e679eb1d1a0043c3ed261", kill_on_drop: false }`
[INFO] [stdout] 97d23dd0ba001dcffac6a190c2d73ebd26bf2fd7fe9e679eb1d1a0043c3ed261
