[INFO] fetching crate unused-pub 0.1.3...
[INFO] testing unused-pub-0.1.3 against 1.100.0-beta.1+cargoflags=--release for beta-release-1.100-2
[INFO] extracting crate unused-pub 0.1.3 into /workspace/builds/worker-1-tc2/source
[INFO] started tweaking crates.io crate unused-pub 0.1.3
[INFO] removed 0 missing tests
[INFO] finished tweaking crates.io crate unused-pub 0.1.3
[INFO] tweaked toml for crates.io crate unused-pub 0.1.3 written to /workspace/builds/worker-1-tc2/source/Cargo.toml
[INFO] validating manifest of crates.io crate unused-pub 0.1.3 on toolchain 1.100.0-beta.1
[INFO] running `Command { std: CARGO_HOME="/workspace/cargo-home" RUSTUP_HOME="/workspace/rustup-home" "/workspace/cargo-home/bin/cargo" "+1.100.0-beta.1" "metadata" "--manifest-path" "Cargo.toml" "--no-deps", kill_on_drop: false }`
[INFO] crate crates.io crate unused-pub 0.1.3 already has a lockfile, it will not be regenerated
[INFO] running `Command { std: CARGO_HOME="/workspace/cargo-home" RUSTUP_HOME="/workspace/rustup-home" "/workspace/cargo-home/bin/cargo" "+1.100.0-beta.1" "fetch" "--manifest-path" "Cargo.toml", kill_on_drop: false }`
[INFO] running `Command { std: "docker" "create" "-v" "/var/lib/crater-agent-workspace/builds/worker-1-tc2/source:/opt/rustwide/workdir:ro,Z" "-v" "/var/lib/crater-agent-workspace/builds/worker-1-tc2/target:/opt/rustwide/target:rw,Z" "-v" "/var/lib/crater-agent-workspace/cargo-home:/opt/rustwide/cargo-home:ro,Z" "-v" "/var/lib/crater-agent-workspace/rustup-home:/opt/rustwide/rustup-home:ro,Z" "-m" "1610612736" "--network" "none" "ghcr.io/rust-lang/crates-build-env/linux@sha256:77db811e55d90add9212f6832c23229e3de5f1c1f9905e8cb07319ea15df73ac" "sleep" "infinity", kill_on_drop: false }`
[INFO] [stdout] 2f64902f13cb49d01c990c1a75c2da27f58c59a462926099c9dbcce804995658
[INFO] running `Command { std: "docker" "start" "2f64902f13cb49d01c990c1a75c2da27f58c59a462926099c9dbcce804995658", kill_on_drop: false }`
[INFO] running `Command { std: "docker" "inspect" "2f64902f13cb49d01c990c1a75c2da27f58c59a462926099c9dbcce804995658", kill_on_drop: false }`
[INFO] running `Command { std: "docker" "exec" "-e" "SOURCE_DIR=/opt/rustwide/workdir" "-e" "CARGO_HOME=/opt/rustwide/cargo-home" "-e" "RUSTUP_HOME=/opt/rustwide/rustup-home" "-e" "CARGO_TARGET_DIR=/opt/rustwide/target" "-w" "/opt/rustwide/workdir" "--user" "0:0" "2f64902f13cb49d01c990c1a75c2da27f58c59a462926099c9dbcce804995658" "/opt/rustwide/cargo-home/bin/cargo" "+1.100.0-beta.1" "metadata" "--no-deps" "--format-version=1", kill_on_drop: false }`
[INFO] running `Command { std: "docker" "inspect" "2f64902f13cb49d01c990c1a75c2da27f58c59a462926099c9dbcce804995658", kill_on_drop: false }`
[INFO] running `Command { std: "docker" "exec" "-e" "SOURCE_DIR=/opt/rustwide/workdir" "-e" "CARGO_HOME=/opt/rustwide/cargo-home" "-e" "RUSTUP_HOME=/opt/rustwide/rustup-home" "-e" "CARGO_TARGET_DIR=/opt/rustwide/target" "-e" "CARGO_INCREMENTAL=0" "-e" "RUST_BACKTRACE=full" "-e" "RUSTFLAGS=--cap-lints=warn" "-e" "RUSTDOCFLAGS=--cap-lints=warn" "-w" "/opt/rustwide/workdir" "--user" "0:0" "2f64902f13cb49d01c990c1a75c2da27f58c59a462926099c9dbcce804995658" "/opt/rustwide/cargo-home/bin/cargo" "+1.100.0-beta.1" "build" "--frozen" "--message-format=json" "--release", kill_on_drop: false }`
[INFO] [stderr]    Compiling quote v1.0.43
[INFO] [stderr]    Compiling anstyle v1.0.13
[INFO] [stderr]    Compiling unicode-ident v1.0.22
[INFO] [stderr]    Compiling clap_lex v0.7.7
[INFO] [stderr]    Compiling proc-macro2 v1.0.106
[INFO] [stderr]    Compiling colored v3.1.1
[INFO] [stderr]    Compiling rayon v1.11.0
[INFO] [stderr]    Compiling anstream v0.6.21
[INFO] [stderr]    Compiling syn v2.0.114
[INFO] [stderr]    Compiling clap_builder v4.5.54
[INFO] [stderr]    Compiling clap_derive v4.5.49
[INFO] [stderr]    Compiling clap v4.5.54
[INFO] [stderr]    Compiling unused-pub v0.1.3 (/opt/rustwide/workdir)
[INFO] [stderr]     Finished `release` profile [optimized] target(s) in 39.47s
[INFO] running `Command { std: "docker" "inspect" "2f64902f13cb49d01c990c1a75c2da27f58c59a462926099c9dbcce804995658", kill_on_drop: false }`
[INFO] running `Command { std: "docker" "exec" "-e" "SOURCE_DIR=/opt/rustwide/workdir" "-e" "CARGO_HOME=/opt/rustwide/cargo-home" "-e" "RUSTUP_HOME=/opt/rustwide/rustup-home" "-e" "CARGO_TARGET_DIR=/opt/rustwide/target" "-e" "CARGO_INCREMENTAL=0" "-e" "RUST_BACKTRACE=full" "-e" "RUSTFLAGS=--cap-lints=warn" "-e" "RUSTDOCFLAGS=--cap-lints=warn" "-w" "/opt/rustwide/workdir" "--user" "0:0" "2f64902f13cb49d01c990c1a75c2da27f58c59a462926099c9dbcce804995658" "/opt/rustwide/cargo-home/bin/cargo" "+1.100.0-beta.1" "test" "--frozen" "--no-run" "--message-format=json" "--release", kill_on_drop: false }`
[INFO] [stderr]    Compiling aho-corasick v1.1.4
[INFO] [stderr]    Compiling predicates-core v1.0.9
[INFO] [stderr]    Compiling normalize-line-endings v0.3.0
[INFO] [stderr]    Compiling assert_cmd v2.1.2
[INFO] [stderr]    Compiling termtree v0.5.1
[INFO] [stderr]    Compiling difflib v0.4.0
[INFO] [stderr]    Compiling float-cmp v0.10.0
[INFO] [stderr]    Compiling wait-timeout v0.2.1
[INFO] [stderr]    Compiling predicates-tree v1.0.12
[INFO] [stderr]    Compiling regex-automata v0.4.13
[INFO] [stderr]    Compiling regex v1.12.2
[INFO] [stderr]    Compiling bstr v1.12.1
[INFO] [stderr]    Compiling predicates v3.1.3
[INFO] [stderr]    Compiling unused-pub v0.1.3 (/opt/rustwide/workdir)
[INFO] [stderr]     Finished `release` profile [optimized] target(s) in 19.98s
[INFO] running `Command { std: "docker" "inspect" "2f64902f13cb49d01c990c1a75c2da27f58c59a462926099c9dbcce804995658", kill_on_drop: false }`
[INFO] running `Command { std: "docker" "exec" "-e" "SOURCE_DIR=/opt/rustwide/workdir" "-e" "CARGO_HOME=/opt/rustwide/cargo-home" "-e" "RUSTUP_HOME=/opt/rustwide/rustup-home" "-e" "CARGO_TARGET_DIR=/opt/rustwide/target" "-e" "CARGO_INCREMENTAL=0" "-e" "RUST_BACKTRACE=full" "-e" "RUSTFLAGS=--cap-lints=warn" "-e" "RUSTDOCFLAGS=--cap-lints=warn" "-w" "/opt/rustwide/workdir" "--user" "0:0" "2f64902f13cb49d01c990c1a75c2da27f58c59a462926099c9dbcce804995658" "/opt/rustwide/cargo-home/bin/cargo" "+1.100.0-beta.1" "test" "--frozen" "--release", kill_on_drop: false }`
[INFO] [stderr]     Finished `release` profile [optimized] target(s) in 0.13s
[INFO] [stderr]      Running unittests src/lib.rs (/opt/rustwide/target/release/build/unused-pub/529799be47cf679e/out/unused_pub-529799be47cf679e)
[INFO] [stderr]      Running unittests src/main.rs (/opt/rustwide/target/release/build/unused-pub/35965b515fad05cf/out/unused_pub-35965b515fad05cf)
[INFO] [stdout] 
[INFO] [stdout] running 0 tests
[INFO] [stdout] 
[INFO] [stdout] test result: ok. 0 passed; 0 failed; 0 ignored; 0 measured; 0 filtered out; finished in 0.00s
[INFO] [stdout] 
[INFO] [stdout] 
[INFO] [stdout] running 0 tests
[INFO] [stdout] 
[INFO] [stdout] test result: ok. 0 passed; 0 failed; 0 ignored; 0 measured; 0 filtered out; finished in 0.00s
[INFO] [stdout] 
[INFO] [stderr]      Running tests/integration_test.rs (/opt/rustwide/target/release/build/unused-pub/a52286d233150ae0/out/integration_test-a52286d233150ae0)
[INFO] [stdout] 
[INFO] [stdout] running 3 tests
[INFO] [stdout] test test_filter_struct_only ... FAILED
[INFO] [stdout] test test_comprehensive_usage_check ... FAILED
[INFO] [stdout] test test_filter_enum_only ... FAILED
[INFO] [stdout] 
[INFO] [stdout] failures:
[INFO] [stdout] 
[INFO] [stdout] ---- test_filter_struct_only stdout ----
[INFO] [stdout] 
[INFO] [stdout] thread 'test_filter_struct_only' (805) panicked at /rustc/e3feeb59cd1bdd011a2bfcc0747b55125d9b8527/library/core/src/ops/function.rs:250:5:
[INFO] [stdout] Unexpected stdout, failed var.contains(UnusedStruct)
[INFO] [stdout] ├── var: Analyzing tests/fixtures/basic_proj
[INFO] [stdout] │   Analysis completed in 1.01ms
[INFO] [stdout] │   No unused public items found!
[INFO] [stdout] └── var as str: Analyzing tests/fixtures/basic_proj
[INFO] [stdout]     Analysis completed in 1.01ms
[INFO] [stdout]     No unused public items found!
[INFO] [stdout] 
[INFO] [stdout] command=`"/opt/rustwide/target/release/unused-pub" "tests/fixtures/basic_proj" "--filter" "struct"`
[INFO] [stdout] code=0
[INFO] [stdout] stdout=```
[INFO] [stdout] Analyzing tests/fixtures/basic_proj
[INFO] [stdout] Analysis completed in 1.01ms
[INFO] [stdout] No unused public items found!
[INFO] [stdout] ```
[INFO] [stdout] 
[INFO] [stdout] stderr=""
[INFO] [stdout] 
[INFO] [stdout] stack backtrace:
[INFO] [stdout]    0:     0x5e9612c8c4b1 - <<std[617be2ca0a6fd877]::sys::backtrace::BacktraceLock>::print::DisplayBacktrace as core[a373ad73a504971]::fmt::Display>::fmt
[INFO] [stdout]    1:     0x5e9612ca235a - core[a373ad73a504971]::fmt::write
[INFO] [stdout]    2:     0x5e9612c91abc - <alloc[2e1b2a31b91974c5]::vec::Vec<u8> as core[a373ad73a504971]::io::write::Write>::write_fmt
[INFO] [stdout]    3:     0x5e9612c683d6 - std[617be2ca0a6fd877]::panicking::default_hook::{closure#0}
[INFO] [stdout]    4:     0x5e9612c84ac9 - std[617be2ca0a6fd877]::panicking::default_hook
[INFO] [stdout]    5:     0x5e9612c128b0 - test[aada8e7e76ba119b]::test_main_inner::{closure#0}
[INFO] [stdout]    6:     0x5e9612c84c82 - std[617be2ca0a6fd877]::panicking::panic_with_hook
[INFO] [stdout]    7:     0x5e9612c68482 - std[617be2ca0a6fd877]::panicking::panic_handler::{closure#0}
[INFO] [stdout]    8:     0x5e9612c61199 - std[617be2ca0a6fd877]::sys::backtrace::__rust_end_short_backtrace::<std[617be2ca0a6fd877]::panicking::panic_handler::{closure#0}, !>
[INFO] [stdout]    9:     0x5e9612c6908d - __rustc[ea4f61d10b84890b]::rust_begin_unwind
[INFO] [stdout]   10:     0x5e9612ca2b0c - core[a373ad73a504971]::panicking::panic_fmt
[INFO] [stdout]   11:     0x5e9612c027a4 - <assert_cmd[960757eb3e038a39]::assert::AssertError>::panic::<assert_cmd[960757eb3e038a39]::assert::Assert>
[INFO] [stdout]   12:     0x5e9612c04db4 - <integration_test[1593afb4b5dcdd62]::test_filter_struct_only::{closure#0} as core[a373ad73a504971]::ops::function::FnOnce<()>>::call_once
[INFO] [stdout]   13:     0x5e9612c05cfb - test[aada8e7e76ba119b]::__rust_begin_short_backtrace::<core[a373ad73a504971]::result::Result<(), alloc[2e1b2a31b91974c5]::string::String>, fn() -> core[a373ad73a504971]::result::Result<(), alloc[2e1b2a31b91974c5]::string::String>>
[INFO] [stdout]   14:     0x5e9612c12ed5 - test[aada8e7e76ba119b]::run_test::{closure#0}
[INFO] [stdout]   15:     0x5e9612c0c7c4 - std[617be2ca0a6fd877]::sys::backtrace::__rust_begin_short_backtrace::<test[aada8e7e76ba119b]::run_test::{closure#1}, ()>
[INFO] [stdout]   16:     0x5e9612c15f62 - <std[617be2ca0a6fd877]::thread::lifecycle::spawn_unchecked<test[aada8e7e76ba119b]::run_test::{closure#1}, ()>::{closure#1} as core[a373ad73a504971]::ops::function::FnOnce<()>>::call_once::{shim:vtable#0}
[INFO] [stdout]   17:     0x5e9612c8bc8f - <std[617be2ca0a6fd877]::sys::thread::unix::Thread>::new::thread_start
[INFO] [stdout]   18:     0x77437728edfa - <unknown>
[INFO] [stdout]   19:     0x7743773223d4 - clone
[INFO] [stdout]   20:                0x0 - <unknown>
[INFO] [stdout] 
[INFO] [stdout] ---- test_comprehensive_usage_check stdout ----
[INFO] [stdout] 
[INFO] [stdout] thread 'test_comprehensive_usage_check' (803) panicked at /rustc/e3feeb59cd1bdd011a2bfcc0747b55125d9b8527/library/core/src/ops/function.rs:250:5:
[INFO] [stdout] Unexpected stdout, failed var.contains(UnusedStruct)
[INFO] [stdout] ├── var: Analyzing tests/fixtures/basic_proj
[INFO] [stdout] │   Analysis completed in 2.13ms
[INFO] [stdout] │   No unused public items found!
[INFO] [stdout] └── var as str: Analyzing tests/fixtures/basic_proj
[INFO] [stdout]     Analysis completed in 2.13ms
[INFO] [stdout]     No unused public items found!
[INFO] [stdout] 
[INFO] [stdout] command=`"/opt/rustwide/target/release/unused-pub" "tests/fixtures/basic_proj"`
[INFO] [stdout] code=0
[INFO] [stdout] stdout=```
[INFO] [stdout] Analyzing tests/fixtures/basic_proj
[INFO] [stdout] Analysis completed in 2.13ms
[INFO] [stdout] No unused public items found!
[INFO] [stdout] ```
[INFO] [stdout] 
[INFO] [stdout] stderr=""
[INFO] [stdout] 
[INFO] [stdout] stack backtrace:
[INFO] [stdout]    0:     0x5e9612c8c4b1 - <<std[617be2ca0a6fd877]::sys::backtrace::BacktraceLock>::print::DisplayBacktrace as core[a373ad73a504971]::fmt::Display>::fmt
[INFO] [stdout]    1:     0x5e9612ca235a - core[a373ad73a504971]::fmt::write
[INFO] [stdout]    2:     0x5e9612c91abc - <alloc[2e1b2a31b91974c5]::vec::Vec<u8> as core[a373ad73a504971]::io::write::Write>::write_fmt
[INFO] [stdout]    3:     0x5e9612c683d6 - std[617be2ca0a6fd877]::panicking::default_hook::{closure#0}
[INFO] [stdout]    4:     0x5e9612c84ac9 - std[617be2ca0a6fd877]::panicking::default_hook
[INFO] [stdout]    5:     0x5e9612c128b0 - test[aada8e7e76ba119b]::test_main_inner::{closure#0}
[INFO] [stdout]    6:     0x5e9612c84c82 - std[617be2ca0a6fd877]::panicking::panic_with_hook
[INFO] [stdout]    7:     0x5e9612c68482 - std[617be2ca0a6fd877]::panicking::panic_handler::{closure#0}
[INFO] [stdout]    8:     0x5e9612c61199 - std[617be2ca0a6fd877]::sys::backtrace::__rust_end_short_backtrace::<std[617be2ca0a6fd877]::panicking::panic_handler::{closure#0}, !>
[INFO] [stdout]    9:     0x5e9612c6908d - __rustc[ea4f61d10b84890b]::rust_begin_unwind
[INFO] [stdout]   10:     0x5e9612ca2b0c - core[a373ad73a504971]::panicking::panic_fmt
[INFO] [stdout]   11:     0x5e9612c027a4 - <assert_cmd[960757eb3e038a39]::assert::AssertError>::panic::<assert_cmd[960757eb3e038a39]::assert::Assert>
[INFO] [stdout]   12:     0x5e9612c05949 - <integration_test[1593afb4b5dcdd62]::test_comprehensive_usage_check::{closure#0} as core[a373ad73a504971]::ops::function::FnOnce<()>>::call_once
[INFO] [stdout]   13:     0x5e9612c05cfb - test[aada8e7e76ba119b]::__rust_begin_short_backtrace::<core[a373ad73a504971]::result::Result<(), alloc[2e1b2a31b91974c5]::string::String>, fn() -> core[a373ad73a504971]::result::Result<(), alloc[2e1b2a31b91974c5]::string::String>>
[INFO] [stdout]   14:     0x5e9612c12ed5 - test[aada8e7e76ba119b]::run_test::{closure#0}
[INFO] [stdout]   15:     0x5e9612c0c7c4 - std[617be2ca0a6fd877]::sys::backtrace::__rust_begin_short_backtrace::<test[aada8e7e76ba119b]::run_test::{closure#1}, ()>
[INFO] [stdout]   16:     0x5e9612c15f62 - <std[617be2ca0a6fd877]::thread::lifecycle::spawn_unchecked<test[aada8e7e76ba119b]::run_test::{closure#1}, ()>::{closure#1} as core[a373ad73a504971]::ops::function::FnOnce<()>>::call_once::{shim:vtable#0}
[INFO] [stdout]   17:     0x5e9612c8bc8f - <std[617be2ca0a6fd877]::sys::thread::unix::Thread>::new::thread_start
[INFO] [stdout]   18:     0x77437728edfa - <unknown>
[INFO] [stdout]   19:     0x7743773223d4 - clone
[INFO] [stdout]   20:                0x0 - <unknown>
[INFO] [stdout] 
[INFO] [stdout] ---- test_filter_enum_only stdout ----
[INFO] [stdout] 
[INFO] [stdout] thread 'test_filter_enum_only' (804) panicked at /rustc/e3feeb59cd1bdd011a2bfcc0747b55125d9b8527/library/core/src/ops/function.rs:250:5:
[INFO] [stdout] Unexpected stdout, failed var.contains(UnusedEnum)
[INFO] [stdout] ├── var: Analyzing tests/fixtures/basic_proj
[INFO] [stdout] │   Analysis completed in 1.10ms
[INFO] [stdout] │   No unused public items found!
[INFO] [stdout] └── var as str: Analyzing tests/fixtures/basic_proj
[INFO] [stdout]     Analysis completed in 1.10ms
[INFO] [stdout]     No unused public items found!
[INFO] [stdout] 
[INFO] [stdout] command=`"/opt/rustwide/target/release/unused-pub" "tests/fixtures/basic_proj" "-f" "enum"`
[INFO] [stdout] code=0
[INFO] [stdout] stdout=```
[INFO] [stdout] Analyzing tests/fixtures/basic_proj
[INFO] [stdout] Analysis completed in 1.10ms
[INFO] [stdout] No unused public items found!
[INFO] [stdout] ```
[INFO] [stdout] 
[INFO] [stdout] stderr=""
[INFO] [stdout] 
[INFO] [stdout] stack backtrace:
[INFO] [stdout]    0:     0x5e9612c8c4b1 - <<std[617be2ca0a6fd877]::sys::backtrace::BacktraceLock>::print::DisplayBacktrace as core[a373ad73a504971]::fmt::Display>::fmt
[INFO] [stdout]    1:     0x5e9612ca235a - core[a373ad73a504971]::fmt::write
[INFO] [stdout]    2:     0x5e9612c91abc - <alloc[2e1b2a31b91974c5]::vec::Vec<u8> as core[a373ad73a504971]::io::write::Write>::write_fmt
[INFO] [stdout]    3:     0x5e9612c683d6 - std[617be2ca0a6fd877]::panicking::default_hook::{closure#0}
[INFO] [stdout]    4:     0x5e9612c84ac9 - std[617be2ca0a6fd877]::panicking::default_hook
[INFO] [stdout]    5:     0x5e9612c128b0 - test[aada8e7e76ba119b]::test_main_inner::{closure#0}
[INFO] [stdout]    6:     0x5e9612c84c82 - std[617be2ca0a6fd877]::panicking::panic_with_hook
[INFO] [stdout]    7:     0x5e9612c68482 - std[617be2ca0a6fd877]::panicking::panic_handler::{closure#0}
[INFO] [stdout]    8:     0x5e9612c61199 - std[617be2ca0a6fd877]::sys::backtrace::__rust_end_short_backtrace::<std[617be2ca0a6fd877]::panicking::panic_handler::{closure#0}, !>
[INFO] [stdout]    9:     0x5e9612c6908d - __rustc[ea4f61d10b84890b]::rust_begin_unwind
[INFO] [stdout]   10:     0x5e9612ca2b0c - core[a373ad73a504971]::panicking::panic_fmt
[INFO] [stdout]   11:     0x5e9612c027a4 - <assert_cmd[960757eb3e038a39]::assert::AssertError>::panic::<assert_cmd[960757eb3e038a39]::assert::Assert>
[INFO] [stdout]   12:     0x5e9612c04764 - <integration_test[1593afb4b5dcdd62]::test_filter_enum_only::{closure#0} as core[a373ad73a504971]::ops::function::FnOnce<()>>::call_once
[INFO] [stdout]   13:     0x5e9612c05cfb - test[aada8e7e76ba119b]::__rust_begin_short_backtrace::<core[a373ad73a504971]::result::Result<(), alloc[2e1b2a31b91974c5]::string::String>, fn() -> core[a373ad73a504971]::result::Result<(), alloc[2e1b2a31b91974c5]::string::String>>
[INFO] [stdout]   14:     0x5e9612c12ed5 - test[aada8e7e76ba119b]::run_test::{closure#0}
[INFO] [stdout]   15:     0x5e9612c0c7c4 - std[617be2ca0a6fd877]::sys::backtrace::__rust_begin_short_backtrace::<test[aada8e7e76ba119b]::run_test::{closure#1}, ()>
[INFO] [stdout]   16:     0x5e9612c15f62 - <std[617be2ca0a6fd877]::thread::lifecycle::spawn_unchecked<test[aada8e7e76ba119b]::run_test::{closure#1}, ()>::{closure#1} as core[a373ad73a504971]::ops::function::FnOnce<()>>::call_once::{shim:vtable#0}
[INFO] [stdout]   17:     0x5e9612c8bc8f - <std[617be2ca0a6fd877]::sys::thread::unix::Thread>::new::thread_start
[INFO] [stdout]   18:     0x77437728edfa - <unknown>
[INFO] [stdout]   19:     0x7743773223d4 - clone
[INFO] [stdout]   20:                0x0 - <unknown>
[INFO] [stdout] 
[INFO] [stdout] 
[INFO] [stdout] failures:
[INFO] [stdout]     test_comprehensive_usage_check
[INFO] [stdout]     test_filter_enum_only
[INFO] [stdout]     test_filter_struct_only
[INFO] [stdout] 
[INFO] [stdout] test result: FAILED. 0 passed; 3 failed; 0 ignored; 0 measured; 0 filtered out; finished in 0.15s
[INFO] [stdout] 
[INFO] [stderr] error: test failed, to rerun pass `--test integration_test`
[INFO] running `Command { std: "docker" "inspect" "2f64902f13cb49d01c990c1a75c2da27f58c59a462926099c9dbcce804995658", kill_on_drop: false }`
[INFO] running `Command { std: "docker" "rm" "-f" "2f64902f13cb49d01c990c1a75c2da27f58c59a462926099c9dbcce804995658", kill_on_drop: false }`
[INFO] [stdout] 2f64902f13cb49d01c990c1a75c2da27f58c59a462926099c9dbcce804995658
