[INFO] fetching crate unum 0.1.3...
[INFO] testing unum-0.1.3 against 1.99.0-beta.8+cargoflags=--release for beta-release-1.100-2
[INFO] extracting crate unum 0.1.3 into /workspace/builds/worker-5-tc1/source
[INFO] started tweaking crates.io crate unum 0.1.3
[INFO] removed 0 missing tests
[INFO] finished tweaking crates.io crate unum 0.1.3
[INFO] tweaked toml for crates.io crate unum 0.1.3 written to /workspace/builds/worker-5-tc1/source/Cargo.toml
[INFO] validating manifest of crates.io crate unum 0.1.3 on toolchain 1.99.0-beta.8
[INFO] running `Command { std: CARGO_HOME="/workspace/cargo-home" RUSTUP_HOME="/workspace/rustup-home" "/workspace/cargo-home/bin/cargo" "+1.99.0-beta.8" "metadata" "--manifest-path" "Cargo.toml" "--no-deps", kill_on_drop: false }`
[INFO] crate crates.io crate unum 0.1.3 already has a lockfile, it will not be regenerated
[INFO] running `Command { std: CARGO_HOME="/workspace/cargo-home" RUSTUP_HOME="/workspace/rustup-home" "/workspace/cargo-home/bin/cargo" "+1.99.0-beta.8" "fetch" "--manifest-path" "Cargo.toml", kill_on_drop: false }`
[INFO] [stderr]     Updating crates.io index
[INFO] [stderr]  Downloading crates ...
[INFO] [stderr]   Downloaded rust-htslib v1.0.1
[INFO] [stderr]   Downloaded fs-utils v1.1.4
[INFO] [stderr]   Downloaded bio-types v1.0.4
[INFO] [stderr]   Downloaded derive-new v0.6.0
[INFO] [stderr]   Downloaded niffler v2.7.0
[INFO] [stderr]   Downloaded radsort v0.1.1
[INFO] [stderr]   Downloaded libz-ng-sys v1.1.29
[INFO] [stderr]   Downloaded unum-core v0.1.3
[INFO] [stderr]   Downloaded curl-sys v0.4.90+curl-8.21.0
[INFO] [stderr]   Downloaded hts-sys v2.2.1
[INFO] running `Command { std: "docker" "create" "-v" "/var/lib/crater-agent-workspace/builds/worker-5-tc1/source:/opt/rustwide/workdir:ro,Z" "-v" "/var/lib/crater-agent-workspace/builds/worker-5-tc1/target:/opt/rustwide/target:rw,Z" "-v" "/var/lib/crater-agent-workspace/cargo-home:/opt/rustwide/cargo-home:ro,Z" "-v" "/var/lib/crater-agent-workspace/rustup-home:/opt/rustwide/rustup-home:ro,Z" "-m" "1610612736" "--network" "none" "ghcr.io/rust-lang/crates-build-env/linux@sha256:77db811e55d90add9212f6832c23229e3de5f1c1f9905e8cb07319ea15df73ac" "sleep" "infinity", kill_on_drop: false }`
[INFO] [stdout] 544a641f42cc6946f484c368bd225f0646e4e25dcd0b80a0895173d80fb9881d
[INFO] running `Command { std: "docker" "start" "544a641f42cc6946f484c368bd225f0646e4e25dcd0b80a0895173d80fb9881d", kill_on_drop: false }`
[INFO] running `Command { std: "docker" "inspect" "544a641f42cc6946f484c368bd225f0646e4e25dcd0b80a0895173d80fb9881d", kill_on_drop: false }`
[INFO] running `Command { std: "docker" "exec" "-e" "SOURCE_DIR=/opt/rustwide/workdir" "-e" "CARGO_HOME=/opt/rustwide/cargo-home" "-e" "RUSTUP_HOME=/opt/rustwide/rustup-home" "-e" "CARGO_TARGET_DIR=/opt/rustwide/target" "-w" "/opt/rustwide/workdir" "--user" "0:0" "544a641f42cc6946f484c368bd225f0646e4e25dcd0b80a0895173d80fb9881d" "/opt/rustwide/cargo-home/bin/cargo" "+1.99.0-beta.8" "metadata" "--no-deps" "--format-version=1", kill_on_drop: false }`
[INFO] running `Command { std: "docker" "inspect" "544a641f42cc6946f484c368bd225f0646e4e25dcd0b80a0895173d80fb9881d", kill_on_drop: false }`
[INFO] running `Command { std: "docker" "exec" "-e" "SOURCE_DIR=/opt/rustwide/workdir" "-e" "CARGO_HOME=/opt/rustwide/cargo-home" "-e" "RUSTUP_HOME=/opt/rustwide/rustup-home" "-e" "CARGO_TARGET_DIR=/opt/rustwide/target" "-e" "CARGO_INCREMENTAL=0" "-e" "RUST_BACKTRACE=full" "-e" "RUSTFLAGS=--cap-lints=warn" "-e" "RUSTDOCFLAGS=--cap-lints=warn" "-w" "/opt/rustwide/workdir" "--user" "0:0" "544a641f42cc6946f484c368bd225f0646e4e25dcd0b80a0895173d80fb9881d" "/opt/rustwide/cargo-home/bin/cargo" "+1.99.0-beta.8" "build" "--frozen" "--message-format=json" "--release", kill_on_drop: false }`
[INFO] [stderr]    Compiling regex-automata v0.4.15
[INFO] [stderr]    Compiling jobserver v0.1.35
[INFO] [stderr]    Compiling clang-sys v1.8.1
[INFO] [stderr]    Compiling semver v0.1.20
[INFO] [stderr]    Compiling aho-corasick v1.1.4
[INFO] [stderr]    Compiling fs-utils v1.1.4
[INFO] [stderr]    Compiling syn v2.0.118
[INFO] [stderr]    Compiling simd-adler32 v0.3.10
[INFO] [stderr]    Compiling linear-map v1.2.0
[INFO] [stderr]    Compiling either v1.16.0
[INFO] [stderr]    Compiling custom_derive v0.1.7
[INFO] [stderr]    Compiling ieee754 v0.2.6
[INFO] [stderr]    Compiling clap_builder v4.6.0
[INFO] [stderr]    Compiling radsort v0.1.1
[INFO] [stderr]    Compiling tempfile v3.27.0
[INFO] [stderr]    Compiling rustc_version v0.1.7
[INFO] [stderr]    Compiling rayon v1.12.0
[INFO] [stderr]    Compiling newtype_derive v0.1.6
[INFO] [stderr]    Compiling miniz_oxide v0.8.9
[INFO] [stderr]    Compiling cc v1.2.67
[INFO] [stderr]    Compiling cmake v0.1.58
[INFO] [stderr]    Compiling openssl-src v300.6.1+3.6.3
[INFO] [stderr]    Compiling libz-sys v1.1.29
[INFO] [stderr]    Compiling openssl-sys v0.9.117
[INFO] [stderr]    Compiling bzip2-sys v0.1.13+1.0.8
[INFO] [stderr]    Compiling lzma-sys v0.1.20
[INFO] [stderr]    Compiling curl-sys v0.4.90+curl-8.21.0
[INFO] [stderr]    Compiling libz-ng-sys v1.1.29
[INFO] [stderr]    Compiling libmimalloc-sys v0.1.49
[INFO] [stderr]    Compiling regex v1.13.0
[INFO] [stderr]    Compiling synstructure v0.13.2
[INFO] [stderr]    Compiling bindgen v0.72.1
[INFO] [stderr]    Compiling zerofrom-derive v0.1.7
[INFO] [stderr]    Compiling yoke-derive v0.8.2
[INFO] [stderr]    Compiling zerovec-derive v0.11.3
[INFO] [stderr]    Compiling displaydoc v0.2.6
[INFO] [stderr]    Compiling thiserror-impl v1.0.69
[INFO] [stderr]    Compiling thiserror-impl v2.0.18
[INFO] [stderr]    Compiling derive-new v0.6.0
[INFO] [stderr]    Compiling strum_macros v0.26.4
[INFO] [stderr]    Compiling derive-new v0.7.0
[INFO] [stderr]    Compiling zerofrom v0.1.8
[INFO] [stderr]    Compiling clap_derive v4.6.1
[INFO] [stderr]    Compiling yoke v0.8.3
[INFO] [stderr]    Compiling zerovec v0.11.6
[INFO] [stderr]    Compiling zerotrie v0.2.4
[INFO] [stderr]    Compiling thiserror v2.0.18
[INFO] [stderr]    Compiling thiserror v1.0.69
[INFO] [stderr]    Compiling tinystr v0.8.3
[INFO] [stderr]    Compiling potential_utf v0.1.5
[INFO] [stderr]    Compiling icu_collections v2.2.0
[INFO] [stderr]    Compiling clap v4.6.1
[INFO] [stderr]    Compiling icu_locale_core v2.2.0
[INFO] [stderr]    Compiling bio-types v1.0.4
[INFO] [stderr]    Compiling icu_provider v2.2.0
[INFO] [stderr]    Compiling icu_properties v2.2.0
[INFO] [stderr]    Compiling icu_normalizer v2.2.0
[INFO] [stderr]    Compiling hts-sys v2.2.1
[INFO] [stderr]    Compiling mimalloc v0.1.52
[INFO] [stderr]    Compiling idna_adapter v1.2.2
[INFO] [stderr]    Compiling idna v1.1.0
[INFO] [stderr]    Compiling url v2.5.8
[INFO] [stderr]    Compiling flate2 v1.1.9
[INFO] [stderr]    Compiling niffler v2.7.0
[INFO] [stderr]    Compiling rust-htslib v1.0.1
[INFO] [stderr]    Compiling unum-core v0.1.3
[INFO] [stderr]    Compiling unum v0.1.3 (/opt/rustwide/workdir)
[INFO] [stderr]     Finished `release` profile [optimized] target(s) in 4m 45s
[INFO] running `Command { std: "docker" "inspect" "544a641f42cc6946f484c368bd225f0646e4e25dcd0b80a0895173d80fb9881d", kill_on_drop: false }`
[INFO] running `Command { std: "docker" "exec" "-e" "SOURCE_DIR=/opt/rustwide/workdir" "-e" "CARGO_HOME=/opt/rustwide/cargo-home" "-e" "RUSTUP_HOME=/opt/rustwide/rustup-home" "-e" "CARGO_TARGET_DIR=/opt/rustwide/target" "-e" "CARGO_INCREMENTAL=0" "-e" "RUST_BACKTRACE=full" "-e" "RUSTFLAGS=--cap-lints=warn" "-e" "RUSTDOCFLAGS=--cap-lints=warn" "-w" "/opt/rustwide/workdir" "--user" "0:0" "544a641f42cc6946f484c368bd225f0646e4e25dcd0b80a0895173d80fb9881d" "/opt/rustwide/cargo-home/bin/cargo" "+1.99.0-beta.8" "test" "--frozen" "--no-run" "--message-format=json" "--release", kill_on_drop: false }`
[INFO] [stderr]    Compiling unum v0.1.3 (/opt/rustwide/workdir)
[INFO] [stderr]     Finished `release` profile [optimized] target(s) in 13.73s
[INFO] running `Command { std: "docker" "inspect" "544a641f42cc6946f484c368bd225f0646e4e25dcd0b80a0895173d80fb9881d", kill_on_drop: false }`
[INFO] running `Command { std: "docker" "exec" "-e" "SOURCE_DIR=/opt/rustwide/workdir" "-e" "CARGO_HOME=/opt/rustwide/cargo-home" "-e" "RUSTUP_HOME=/opt/rustwide/rustup-home" "-e" "CARGO_TARGET_DIR=/opt/rustwide/target" "-e" "CARGO_INCREMENTAL=0" "-e" "RUST_BACKTRACE=full" "-e" "RUSTFLAGS=--cap-lints=warn" "-e" "RUSTDOCFLAGS=--cap-lints=warn" "-w" "/opt/rustwide/workdir" "--user" "0:0" "544a641f42cc6946f484c368bd225f0646e4e25dcd0b80a0895173d80fb9881d" "/opt/rustwide/cargo-home/bin/cargo" "+1.99.0-beta.8" "test" "--frozen" "--release", kill_on_drop: false }`
[INFO] [stderr]     Finished `release` profile [optimized] target(s) in 0.17s
[INFO] [stderr]      Running unittests src/main.rs (/opt/rustwide/target/release/deps/unum-535dec2cd9946865)
[INFO] [stdout] 
[INFO] [stdout] running 48 tests
[INFO] [stdout] test cli::tests::parse_finite_non_negative_f64_accepts_valid_weights ... ok
[INFO] [stdout] test cli::tests::extract_accepts_coord_and_reference_and_optional_f ... ok
[INFO] [stdout] test cli::tests::parse_finite_non_negative_f64_rejects_garbage ... ok
[INFO] [stdout] test cli::tests::parse_finite_non_negative_f64_rejects_negative ... ok
[INFO] [stdout] test cli::tests::parse_finite_non_negative_f64_rejects_non_finite ... ok
[INFO] [stdout] test cli::tests::parse_prefilter_frac_accepts_in_range ... ok
[INFO] [stdout] test cli::tests::parse_prefilter_frac_rejects_out_of_range ... ok
[INFO] [stdout] test cli::tests::output_dir_long_and_od_alias_both_parse ... ok
[INFO] [stdout] test stages::analyze::tests::load_selected_reference_restricts_to_selected_names ... ok
[INFO] [stdout] test cli::tests::parse_prefilter_frac_rejects_non_finite_and_garbage ... ok
[INFO] [stdout] test stages::analyze::tests::parse_selected_alleles_ignores_blank_lines ... ok
[INFO] [stdout] test stages::extract::tests::alignment_requires_c_and_rejects_f ... ok
[INFO] [stdout] test cli::tests::bam_mode_absent_is_none_and_bad_value_errors ... ok
[INFO] [stdout] test stages::combine::tests::sample_name_strips_dir_extension_and_genotype_suffix ... ok
[INFO] [stdout] test stages::analyze::tests::load_selected_reference_errors_when_nothing_matches ... ok
[INFO] [stdout] test stages::extract::tests::b_flag_dash_with_alignment_routes_to_bam_stdin ... ok
[INFO] [stdout] test stages::extract::tests::b_flag_with_alignment_resolves_to_bam ... ok
[INFO] [stdout] test cli::tests::bam_mode_parses_alignment_and_no_alignment ... ok
[INFO] [stdout] test stages::extract::tests::bam_input_requires_bam_mode ... ok
[INFO] [stdout] test stages::extract::tests::bam_mode_with_fastq_input_is_rejected ... ok
[INFO] [stdout] test stages::analyze::tests::load_selected_reference_dedups_identical_selected_sequences ... ok
[INFO] [stdout] test stages::extract::tests::b_flag_cram_file_resolves_to_bam_with_is_cram_true ... ok
[INFO] [stdout] test cli::tests::renamed_long_flags_keep_t1k_spelling_as_alias ... ok
[INFO] [stdout] test stages::extract::tests::fastq_file_sink_single_end_writes_one_file ... ok
[INFO] [stdout] test cli::tests::extract_short_flags_have_descriptive_long_forms ... ok
[INFO] [stdout] test stages::analyze::tests::parse_selected_alleles_keeps_only_the_first_token_per_line ... ok
[INFO] [stdout] test stages::extract::tests::no_alignment_stdin_sort_order_guard_allows_grouped_rejects_coordinate ... ok
[INFO] [stdout] test stages::extract::tests::i_flag_bam_file_resolves_to_bam ... ok
[INFO] [stdout] test stages::extract::tests::require_reference_for_cram_errors_naming_cram_and_r_when_missing ... ok
[INFO] [stdout] test stages::extract::tests::require_reference_for_cram_passes_through_r_for_cram_and_ignores_it_for_bam ... ok
[INFO] [stdout] test stages::genotype::tests::compute_effective_len_collapses_consecutive_n_runs ... ok
[INFO] [stdout] test stages::extract::tests::fastq_file_sink_uses_mate1_id_for_both_outputs ... ok
[INFO] [stdout] test stages::extract::tests::alignment_stdin_sort_order_guard_allows_grouped_rejects_coordinate ... ok
[INFO] [stdout] test stages::genotype::tests::run_with_candidate_reads_rejects_single_end_carrying_mate2 ... ok
[INFO] [stdout] test stages::extract::tests::no_alignment_name_sorted_bam_routes_to_grouped_one_pass ... ok
[INFO] [stdout] test stages::extract::tests::fastq_requires_f_and_rejects_c ... ok
[INFO] [stdout] test stages::genotype::tests::load_reference_dedups_identical_sequences_and_sums_weight ... ok
[INFO] [stdout] test cli::tests::run_accepts_bam_mode_and_reference ... ok
[INFO] [stdout] test cli::tests::analyze_long_forms_parse ... ok
[INFO] [stdout] test cli::tests::run_prefix_long_form_parses ... ok
[INFO] [stdout] test stages::genotype::tests::run_with_candidate_reads_rejects_paired_count_mismatch ... ok
[INFO] [stdout] test stages::extract::tests::no_alignment_coordinate_bam_routes_to_two_pass_not_reserved ... ok
[INFO] [stdout] test cli::tests::run_long_forms_parse ... ok
[INFO] [stdout] test stages::extract::tests::i_flag_cram_file_resolves_to_bam_with_is_cram_true ... ok
[INFO] [stdout] test cli::tests::genotype_cli_validates_prefilter_frac ... ok
[INFO] [stdout] test stages::extract::tests::no_alignment_unsorted_bam_routes_to_two_pass_not_reserved ... ok
[INFO] [stdout] test cli::tests::shared_short_flags_have_descriptive_long_forms ... ok
[INFO] [stdout] test cli::tests::genotype_cli_validates_allele_freq_weight ... ok
[INFO] [stdout] 
[INFO] [stdout] test result: ok. 48 passed; 0 failed; 0 ignored; 0 measured; 0 filtered out; finished in 0.11s
[INFO] [stdout] 
[INFO] [stderr]      Running tests/bam_extract_e2e.rs (/opt/rustwide/target/release/deps/bam_extract_e2e-c55e237001a159ad)
[INFO] [stdout] 
[INFO] [stderr] [W::cram_get_ref] Failed to populate reference for id 0
[INFO] [stdout] running 26 tests
[INFO] [stderr] [W::cram_write_SAM_hdr] No M5 tags present and could not find reference
[INFO] [stderr] [W::cram_write_SAM_hdr] Enabling embed_ref=2 option
[INFO] [stderr] [W::cram_write_SAM_hdr] NOTE: the CRAM file will be bigger than using an external reference
[INFO] [stderr] [W::cram_get_ref] Failed to populate reference for id 0
[INFO] [stdout] test md5_hex_matches_rfc1321_vectors ... ok
[INFO] [stderr] [W::cram_write_SAM_hdr] No M5 tags present and could not find reference
[INFO] [stderr] [W::cram_write_SAM_hdr] Enabling embed_ref=2 option
[INFO] [stderr] [W::cram_write_SAM_hdr] NOTE: the CRAM file will be bigger than using an external reference
[INFO] [stderr] [W::cram_get_ref] Failed to populate reference for id 0
[INFO] [stderr] [W::cram_write_SAM_hdr] No M5 tags present and could not find reference
[INFO] [stderr] [W::cram_write_SAM_hdr] Enabling embed_ref=2 option
[INFO] [stderr] [W::cram_write_SAM_hdr] NOTE: the CRAM file will be bigger than using an external reference
[INFO] [stdout] test i_and_b_flag_coordinate_alignment_match_and_are_nonempty ... FAILED
[INFO] [stdout] test no_alignment_bam_equals_fastq_cli_coordinate ... FAILED
[INFO] [stdout] test run_bam_no_alignment_matches_extract_then_genotype ... FAILED
[INFO] [stdout] test run_bam_alignment_matches_extract_then_genotype ... FAILED
[INFO] [stdout] test run_bam_missing_bam_mode_errors ... FAILED
[INFO] [stdout] test run_bam_no_alignment_with_coord_fasta_is_rejected ... FAILED
[INFO] [stdout] test run_bam_no_alignment_reference_with_bam_is_accepted_and_ignored ... FAILED
[INFO] [stdout] test run_bam_alignment_on_grouped_bam_runs_the_grouped_one_pass ... FAILED
[INFO] [stdout] test alignment_on_unsorted_bam_errors_with_sort_hint ... FAILED
[INFO] [stdout] test run_bam_flag_with_fastq_flags_is_rejected ... FAILED
[INFO] [stdout] test run_bam_alignment_missing_coord_fasta_is_rejected ... FAILED
[INFO] [stdout] test b_flag_without_bam_mode_errors ... FAILED
[INFO] [stdout] test no_alignment_bam_equals_fastq_cli_grouped_stdin ... FAILED
[INFO] [stdout] test sam_input_extracts_and_matches_bam ... FAILED
[INFO] [stdout] test grouped_alignment_bam_file_extracts ... FAILED
[INFO] [stdout] test no_alignment_mode_on_name_sorted_bam_runs_the_grouped_one_pass ... FAILED
[INFO] [stdout] test no_alignment_mode_on_coordinate_bam_runs_the_two_pass ... FAILED
[INFO] [stdout] test no_alignment_bam_equals_fastq_cli_grouped ... FAILED
[INFO] [stdout] test unsorted_alignment_still_errors ... FAILED
[INFO] [stdout] test run_fastq_with_coord_fasta_is_rejected ... FAILED
[INFO] [stdout] test stdin_alignment_grouped_extracts ... FAILED
[INFO] [stdout] test run_bam_cram_no_alignment_without_reference_is_rejected ... ok
[INFO] [stderr] extracted 2 candidate reads (single-end, no-alignment, kmer_length=9, hit_len_required=23)
[INFO] [stdout] test stdin_cram_without_reference_fails_locally_not_over_network ... ok
[INFO] [stdout] test cram_without_reference_errors_naming_cram_and_r ... ok
[INFO] [stderr] extracted 2 candidate reads (single-end, no-alignment, kmer_length=9, hit_len_required=23)
[INFO] [stdout] test cram_no_alignment_matches_bam_byte_for_byte ... ok
[INFO] [stdout] 
[INFO] [stdout] failures:
[INFO] [stdout] 
[INFO] [stdout] ---- i_and_b_flag_coordinate_alignment_match_and_are_nonempty stdout ----
[INFO] [stdout] 
[INFO] [stdout] thread 'i_and_b_flag_coordinate_alignment_match_and_are_nonempty' (14105) panicked at tests/bam_extract_e2e.rs:57:10:
[INFO] [stdout] parse coord fa: reading coord FASTA /opt/rustwide/workdir/../../fixtures/refbuild/golden/kir_rna_coord.fa
[INFO] [stdout] 
[INFO] [stdout] Caused by:
[INFO] [stdout]     No such file or directory (os error 2)
[INFO] [stdout] 
[INFO] [stdout] Stack backtrace:
[INFO] [stdout]    0: <core::io::error::Error as anyhow::context::ext::StdError>::ext_context::<alloc::string::String>
[INFO] [stdout]    1: unum_core::bam_extract::parse_coord_fa
[INFO] [stdout]    2: bam_extract_e2e::kir2dl1_sequence
[INFO] [stdout]    3: bam_extract_e2e::build_alignment_file
[INFO] [stdout]    4: <bam_extract_e2e::i_and_b_flag_coordinate_alignment_match_and_are_nonempty::{closure#0} as core::ops::function::FnOnce<()>>::call_once
[INFO] [stdout]    5: test::__rust_begin_short_backtrace::<core::result::Result<(), alloc::string::String>, fn() -> core::result::Result<(), alloc::string::String>>
[INFO] [stdout]    6: test::run_test::{closure#0}
[INFO] [stdout]    7: std::sys::backtrace::__rust_begin_short_backtrace::<test::run_test::{closure#1}, ()>
[INFO] [stdout]    8: <std::thread::lifecycle::spawn_unchecked<test::run_test::{closure#1}, ()>::{closure#1} as core::ops::function::FnOnce<()>>::call_once::{shim:vtable#0}
[INFO] [stdout]    9: <std::sys::thread::unix::Thread>::new::thread_start
[INFO] [stdout]   10: <unknown>
[INFO] [stdout]   11: clone
[INFO] [stdout] stack backtrace:
[INFO] [stdout]    0:     0x5c3beaa131d1 - <<std[70759c8f55707aa4]::sys::backtrace::BacktraceLock>::print::DisplayBacktrace as core[df12db4294e9bfd3]::fmt::Display>::fmt
[INFO] [stdout]    1:     0x5c3beaa2822a - core[df12db4294e9bfd3]::fmt::write
[INFO] [stdout]    2:     0x5c3beaa17e9c - <alloc[2182bb758b4b3781]::vec::Vec<u8> as core[df12db4294e9bfd3]::io::write::Write>::write_fmt
[INFO] [stdout]    3:     0x5c3bea9ed0c6 - std[70759c8f55707aa4]::panicking::default_hook::{closure#0}
[INFO] [stdout]    4:     0x5c3beaa0a989 - std[70759c8f55707aa4]::panicking::default_hook
[INFO] [stdout]    5:     0x5c3bea535aa0 - test[9d35eded1c95d3be]::test_main_inner::<test[9d35eded1c95d3be]::test_main_static::{closure#0}>::{closure#0}
[INFO] [stdout]    6:     0x5c3beaa0ab42 - std[70759c8f55707aa4]::panicking::panic_with_hook
[INFO] [stdout]    7:     0x5c3bea9ed172 - std[70759c8f55707aa4]::panicking::panic_handler::{closure#0}
[INFO] [stdout]    8:     0x5c3bea9e5689 - std[70759c8f55707aa4]::sys::backtrace::__rust_end_short_backtrace::<std[70759c8f55707aa4]::panicking::panic_handler::{closure#0}, !>
[INFO] [stdout]    9:     0x5c3bea9ede7d - __rustc[8fa7c3cbc660c2b3]::rust_begin_unwind
[INFO] [stdout]   10:     0x5c3beaa2895c - core[df12db4294e9bfd3]::panicking::panic_fmt
[INFO] [stdout]   11:     0x5c3beaa28732 - core[df12db4294e9bfd3]::result::unwrap_failed
[INFO] [stdout]   12:     0x5c3bea50e361 - bam_extract_e2e[8417d8729e0abea6]::kir2dl1_sequence
[INFO] [stdout]   13:     0x5c3bea50eea2 - bam_extract_e2e[8417d8729e0abea6]::build_alignment_file
[INFO] [stdout]   14:     0x5c3bea51f00d - <bam_extract_e2e[8417d8729e0abea6]::i_and_b_flag_coordinate_alignment_match_and_are_nonempty::{closure#0} as core[df12db4294e9bfd3]::ops::function::FnOnce<()>>::call_once
[INFO] [stdout]   15:     0x5c3bea528d8b - test[9d35eded1c95d3be]::__rust_begin_short_backtrace::<core[df12db4294e9bfd3]::result::Result<(), alloc[2182bb758b4b3781]::string::String>, fn() -> core[df12db4294e9bfd3]::result::Result<(), alloc[2182bb758b4b3781]::string::String>>
[INFO] [stdout]   16:     0x5c3bea5363f5 - test[9d35eded1c95d3be]::run_test::{closure#0}
[INFO] [stdout]   17:     0x5c3bea52fcb4 - std[70759c8f55707aa4]::sys::backtrace::__rust_begin_short_backtrace::<test[9d35eded1c95d3be]::run_test::{closure#1}, ()>
[INFO] [stdout]   18:     0x5c3bea539552 - <std[70759c8f55707aa4]::thread::lifecycle::spawn_unchecked<test[9d35eded1c95d3be]::run_test::{closure#1}, ()>::{closure#1} as core[df12db4294e9bfd3]::ops::function::FnOnce<()>>::call_once::{shim:vtable#0}
[INFO] [stdout]   19:     0x5c3beaa12229 - <std[70759c8f55707aa4]::sys::thread::unix::Thread>::new::thread_start
[INFO] [stdout]   20:     0x70ef0b2a6dfa - <unknown>
[INFO] [stdout]   21:     0x70ef0b33a3d4 - clone
[INFO] [stdout]   22:                0x0 - <unknown>
[INFO] [stdout] 
[INFO] [stdout] ---- no_alignment_bam_equals_fastq_cli_coordinate stdout ----
[INFO] [stdout] 
[INFO] [stdout] thread 'no_alignment_bam_equals_fastq_cli_coordinate' (14107) panicked at tests/bam_extract_e2e.rs:57:10:
[INFO] [stdout] parse coord fa: reading coord FASTA /opt/rustwide/workdir/../../fixtures/refbuild/golden/kir_rna_coord.fa
[INFO] [stdout] 
[INFO] [stdout] Caused by:
[INFO] [stdout]     No such file or directory (os error 2)
[INFO] [stdout] 
[INFO] [stdout] Stack backtrace:
[INFO] [stdout]    0: <core::io::error::Error as anyhow::context::ext::StdError>::ext_context::<alloc::string::String>
[INFO] [stdout]    1: unum_core::bam_extract::parse_coord_fa
[INFO] [stdout]    2: bam_extract_e2e::kir2dl1_sequence
[INFO] [stdout]    3: bam_extract_e2e::cli_pair_templates
[INFO] [stdout]    4: <bam_extract_e2e::no_alignment_bam_equals_fastq_cli_coordinate::{closure#0} as core::ops::function::FnOnce<()>>::call_once
[INFO] [stdout]    5: test::__rust_begin_short_backtrace::<core::result::Result<(), alloc::string::String>, fn() -> core::result::Result<(), alloc::string::String>>
[INFO] [stdout]    6: test::run_test::{closure#0}
[INFO] [stdout]    7: std::sys::backtrace::__rust_begin_short_backtrace::<test::run_test::{closure#1}, ()>
[INFO] [stdout]    8: <std::thread::lifecycle::spawn_unchecked<test::run_test::{closure#1}, ()>::{closure#1} as core::ops::function::FnOnce<()>>::call_once::{shim:vtable#0}
[INFO] [stdout]    9: <std::sys::thread::unix::Thread>::new::thread_start
[INFO] [stdout]   10: <unknown>
[INFO] [stdout]   11: clone
[INFO] [stdout] stack backtrace:
[INFO] [stdout]    0:     0x5c3beaa131d1 - <<std[70759c8f55707aa4]::sys::backtrace::BacktraceLock>::print::DisplayBacktrace as core[df12db4294e9bfd3]::fmt::Display>::fmt
[INFO] [stdout]    1:     0x5c3beaa2822a - core[df12db4294e9bfd3]::fmt::write
[INFO] [stdout]    2:     0x5c3beaa17e9c - <alloc[2182bb758b4b3781]::vec::Vec<u8> as core[df12db4294e9bfd3]::io::write::Write>::write_fmt
[INFO] [stdout]    3:     0x5c3bea9ed0c6 - std[70759c8f55707aa4]::panicking::default_hook::{closure#0}
[INFO] [stdout]    4:     0x5c3beaa0a989 - std[70759c8f55707aa4]::panicking::default_hook
[INFO] [stdout]    5:     0x5c3bea535aa0 - test[9d35eded1c95d3be]::test_main_inner::<test[9d35eded1c95d3be]::test_main_static::{closure#0}>::{closure#0}
[INFO] [stdout]    6:     0x5c3beaa0ab42 - std[70759c8f55707aa4]::panicking::panic_with_hook
[INFO] [stdout]    7:     0x5c3bea9ed172 - std[70759c8f55707aa4]::panicking::panic_handler::{closure#0}
[INFO] [stdout]    8:     0x5c3bea9e5689 - std[70759c8f55707aa4]::sys::backtrace::__rust_end_short_backtrace::<std[70759c8f55707aa4]::panicking::panic_handler::{closure#0}, !>
[INFO] [stdout]    9:     0x5c3bea9ede7d - __rustc[8fa7c3cbc660c2b3]::rust_begin_unwind
[INFO] [stdout]   10:     0x5c3beaa2895c - core[df12db4294e9bfd3]::panicking::panic_fmt
[INFO] [stdout]   11:     0x5c3beaa28732 - core[df12db4294e9bfd3]::result::unwrap_failed
[INFO] [stdout]   12:     0x5c3bea50e361 - bam_extract_e2e[8417d8729e0abea6]::kir2dl1_sequence
[INFO] [stdout]   13:     0x5c3bea50e8ce - bam_extract_e2e[8417d8729e0abea6]::cli_pair_templates
[INFO] [stdout]   14:     0x5c3bea518b85 - <bam_extract_e2e[8417d8729e0abea6]::no_alignment_bam_equals_fastq_cli_coordinate::{closure#0} as core[df12db4294e9bfd3]::ops::function::FnOnce<()>>::call_once
[INFO] [stdout]   15:     0x5c3bea528d8b - test[9d35eded1c95d3be]::__rust_begin_short_backtrace::<core[df12db4294e9bfd3]::result::Result<(), alloc[2182bb758b4b3781]::string::String>, fn() -> core[df12db4294e9bfd3]::result::Result<(), alloc[2182bb758b4b3781]::string::String>>
[INFO] [stdout]   16:     0x5c3bea5363f5 - test[9d35eded1c95d3be]::run_test::{closure#0}
[INFO] [stdout]   17:     0x5c3bea52fcb4 - std[70759c8f55707aa4]::sys::backtrace::__rust_begin_short_backtrace::<test[9d35eded1c95d3be]::run_test::{closure#1}, ()>
[INFO] [stdout]   18:     0x5c3bea539552 - <std[70759c8f55707aa4]::thread::lifecycle::spawn_unchecked<test[9d35eded1c95d3be]::run_test::{closure#1}, ()>::{closure#1} as core[df12db4294e9bfd3]::ops::function::FnOnce<()>>::call_once::{shim:vtable#0}
[INFO] [stdout]   19:     0x5c3beaa12229 - <std[70759c8f55707aa4]::sys::thread::unix::Thread>::new::thread_start
[INFO] [stdout]   20:     0x70ef0b2a6dfa - <unknown>
[INFO] [stdout]   21:     0x70ef0b33a3d4 - clone
[INFO] [stdout]   22:                0x0 - <unknown>
[INFO] [stdout] 
[INFO] [stdout] ---- run_bam_no_alignment_matches_extract_then_genotype stdout ----
[INFO] [stdout] 
[INFO] [stdout] thread 'run_bam_no_alignment_matches_extract_then_genotype' (14121) panicked at tests/bam_extract_e2e.rs:57:10:
[INFO] [stdout] parse coord fa: reading coord FASTA /opt/rustwide/workdir/../../fixtures/refbuild/golden/kir_rna_coord.fa
[INFO] [stdout] 
[INFO] [stdout] Caused by:
[INFO] [stdout]     No such file or directory (os error 2)
[INFO] [stdout] 
[INFO] [stdout] Stack backtrace:
[INFO] [stdout]    0: <core::io::error::Error as anyhow::context::ext::StdError>::ext_context::<alloc::string::String>
[INFO] [stdout]    1: unum_core::bam_extract::parse_coord_fa
[INFO] [stdout]    2: bam_extract_e2e::kir2dl1_sequence
[INFO] [stdout]    3: bam_extract_e2e::write_run_no_alignment_ref_fasta
[INFO] [stdout]    4: <bam_extract_e2e::run_bam_no_alignment_matches_extract_then_genotype::{closure#0} as core::ops::function::FnOnce<()>>::call_once
[INFO] [stdout]    5: test::__rust_begin_short_backtrace::<core::result::Result<(), alloc::string::String>, fn() -> core::result::Result<(), alloc::string::String>>
[INFO] [stdout]    6: test::run_test::{closure#0}
[INFO] [stdout]    7: std::sys::backtrace::__rust_begin_short_backtrace::<test::run_test::{closure#1}, ()>
[INFO] [stdout]    8: <std::thread::lifecycle::spawn_unchecked<test::run_test::{closure#1}, ()>::{closure#1} as core::ops::function::FnOnce<()>>::call_once::{shim:vtable#0}
[INFO] [stdout]    9: <std::sys::thread::unix::Thread>::new::thread_start
[INFO] [stdout]   10: <unknown>
[INFO] [stdout]   11: clone
[INFO] [stdout] stack backtrace:
[INFO] [stdout]    0:     0x5c3beaa131d1 - <<std[70759c8f55707aa4]::sys::backtrace::BacktraceLock>::print::DisplayBacktrace as core[df12db4294e9bfd3]::fmt::Display>::fmt
[INFO] [stdout]    1:     0x5c3beaa2822a - core[df12db4294e9bfd3]::fmt::write
[INFO] [stdout]    2:     0x5c3beaa17e9c - <alloc[2182bb758b4b3781]::vec::Vec<u8> as core[df12db4294e9bfd3]::io::write::Write>::write_fmt
[INFO] [stdout]    3:     0x5c3bea9ed0c6 - std[70759c8f55707aa4]::panicking::default_hook::{closure#0}
[INFO] [stdout]    4:     0x5c3beaa0a989 - std[70759c8f55707aa4]::panicking::default_hook
[INFO] [stdout]    5:     0x5c3bea535aa0 - test[9d35eded1c95d3be]::test_main_inner::<test[9d35eded1c95d3be]::test_main_static::{closure#0}>::{closure#0}
[INFO] [stdout]    6:     0x5c3beaa0ab42 - std[70759c8f55707aa4]::panicking::panic_with_hook
[INFO] [stdout]    7:     0x5c3bea9ed172 - std[70759c8f55707aa4]::panicking::panic_handler::{closure#0}
[INFO] [stdout]    8:     0x5c3bea9e5689 - std[70759c8f55707aa4]::sys::backtrace::__rust_end_short_backtrace::<std[70759c8f55707aa4]::panicking::panic_handler::{closure#0}, !>
[INFO] [stdout]    9:     0x5c3bea9ede7d - __rustc[8fa7c3cbc660c2b3]::rust_begin_unwind
[INFO] [stdout]   10:     0x5c3beaa2895c - core[df12db4294e9bfd3]::panicking::panic_fmt
[INFO] [stdout]   11:     0x5c3beaa28732 - core[df12db4294e9bfd3]::result::unwrap_failed
[INFO] [stdout]   12:     0x5c3bea50e361 - bam_extract_e2e[8417d8729e0abea6]::kir2dl1_sequence
[INFO] [stdout]   13:     0x5c3bea511dc1 - bam_extract_e2e[8417d8729e0abea6]::write_run_no_alignment_ref_fasta
[INFO] [stdout]   14:     0x5c3bea51d557 - <bam_extract_e2e[8417d8729e0abea6]::run_bam_no_alignment_matches_extract_then_genotype::{closure#0} as core[df12db4294e9bfd3]::ops::function::FnOnce<()>>::call_once
[INFO] [stdout]   15:     0x5c3bea528d8b - test[9d35eded1c95d3be]::__rust_begin_short_backtrace::<core[df12db4294e9bfd3]::result::Result<(), alloc[2182bb758b4b3781]::string::String>, fn() -> core[df12db4294e9bfd3]::result::Result<(), alloc[2182bb758b4b3781]::string::String>>
[INFO] [stdout]   16:     0x5c3bea5363f5 - test[9d35eded1c95d3be]::run_test::{closure#0}
[INFO] [stdout]   17:     0x5c3bea52fcb4 - std[70759c8f55707aa4]::sys::backtrace::__rust_begin_short_backtrace::<test[9d35eded1c95d3be]::run_test::{closure#1}, ()>
[INFO] [stdout]   18:     0x5c3bea539552 - <std[70759c8f55707aa4]::thread::lifecycle::spawn_unchecked<test[9d35eded1c95d3be]::run_test::{closure#1}, ()>::{closure#1} as core[df12db4294e9bfd3]::ops::function::FnOnce<()>>::call_once::{shim:vtable#0}
[INFO] [stdout]   19:     0x5c3beaa12229 - <std[70759c8f55707aa4]::sys::thread::unix::Thread>::new::thread_start
[INFO] [stdout]   20:     0x70ef0b2a6dfa - <unknown>
[INFO] [stdout]   21:     0x70ef0b33a3d4 - clone
[INFO] [stdout]   22:                0x0 - <unknown>
[INFO] [stdout] 
[INFO] [stdout] ---- run_bam_alignment_matches_extract_then_genotype stdout ----
[INFO] [stdout] 
[INFO] [stdout] thread 'run_bam_alignment_matches_extract_then_genotype' (14112) panicked at tests/bam_extract_e2e.rs:57:10:
[INFO] [stdout] parse coord fa: reading coord FASTA /opt/rustwide/workdir/../../fixtures/refbuild/golden/kir_rna_coord.fa
[INFO] [stdout] 
[INFO] [stdout] Caused by:
[INFO] [stdout]     No such file or directory (os error 2)
[INFO] [stdout] 
[INFO] [stdout] Stack backtrace:
[INFO] [stdout]    0: <core::io::error::Error as anyhow::context::ext::StdError>::ext_context::<alloc::string::String>
[INFO] [stdout]    1: unum_core::bam_extract::parse_coord_fa
[INFO] [stdout]    2: bam_extract_e2e::kir2dl1_sequence
[INFO] [stdout]    3: bam_extract_e2e::write_run_no_alignment_ref_fasta
[INFO] [stdout]    4: <bam_extract_e2e::run_bam_alignment_matches_extract_then_genotype::{closure#0} as core::ops::function::FnOnce<()>>::call_once
[INFO] [stdout]    5: test::__rust_begin_short_backtrace::<core::result::Result<(), alloc::string::String>, fn() -> core::result::Result<(), alloc::string::String>>
[INFO] [stdout]    6: test::run_test::{closure#0}
[INFO] [stdout]    7: std::sys::backtrace::__rust_begin_short_backtrace::<test::run_test::{closure#1}, ()>
[INFO] [stdout]    8: <std::thread::lifecycle::spawn_unchecked<test::run_test::{closure#1}, ()>::{closure#1} as core::ops::function::FnOnce<()>>::call_once::{shim:vtable#0}
[INFO] [stdout]    9: <std::sys::thread::unix::Thread>::new::thread_start
[INFO] [stdout]   10: <unknown>
[INFO] [stdout]   11: clone
[INFO] [stdout] stack backtrace:
[INFO] [stdout]    0:     0x5c3beaa131d1 - <<std[70759c8f55707aa4]::sys::backtrace::BacktraceLock>::print::DisplayBacktrace as core[df12db4294e9bfd3]::fmt::Display>::fmt
[INFO] [stdout]    1:     0x5c3beaa2822a - core[df12db4294e9bfd3]::fmt::write
[INFO] [stdout]    2:     0x5c3beaa17e9c - <alloc[2182bb758b4b3781]::vec::Vec<u8> as core[df12db4294e9bfd3]::io::write::Write>::write_fmt
[INFO] [stdout]    3:     0x5c3bea9ed0c6 - std[70759c8f55707aa4]::panicking::default_hook::{closure#0}
[INFO] [stdout]    4:     0x5c3beaa0a989 - std[70759c8f55707aa4]::panicking::default_hook
[INFO] [stdout]    5:     0x5c3bea535aa0 - test[9d35eded1c95d3be]::test_main_inner::<test[9d35eded1c95d3be]::test_main_static::{closure#0}>::{closure#0}
[INFO] [stdout]    6:     0x5c3beaa0ab42 - std[70759c8f55707aa4]::panicking::panic_with_hook
[INFO] [stdout]    7:     0x5c3bea9ed172 - std[70759c8f55707aa4]::panicking::panic_handler::{closure#0}
[INFO] [stdout]    8:     0x5c3bea9e5689 - std[70759c8f55707aa4]::sys::backtrace::__rust_end_short_backtrace::<std[70759c8f55707aa4]::panicking::panic_handler::{closure#0}, !>
[INFO] [stdout]    9:     0x5c3bea9ede7d - __rustc[8fa7c3cbc660c2b3]::rust_begin_unwind
[INFO] [stdout]   10:     0x5c3beaa2895c - core[df12db4294e9bfd3]::panicking::panic_fmt
[INFO] [stdout]   11:     0x5c3beaa28732 - core[df12db4294e9bfd3]::result::unwrap_failed
[INFO] [stdout]   12:     0x5c3bea50e361 - bam_extract_e2e[8417d8729e0abea6]::kir2dl1_sequence
[INFO] [stdout]   13:     0x5c3bea511dc1 - bam_extract_e2e[8417d8729e0abea6]::write_run_no_alignment_ref_fasta
[INFO] [stdout]   14:     0x5c3bea51b9eb - <bam_extract_e2e[8417d8729e0abea6]::run_bam_alignment_matches_extract_then_genotype::{closure#0} as core[df12db4294e9bfd3]::ops::function::FnOnce<()>>::call_once
[INFO] [stdout]   15:     0x5c3bea528d8b - test[9d35eded1c95d3be]::__rust_begin_short_backtrace::<core[df12db4294e9bfd3]::result::Result<(), alloc[2182bb758b4b3781]::string::String>, fn() -> core[df12db4294e9bfd3]::result::Result<(), alloc[2182bb758b4b3781]::string::String>>
[INFO] [stdout]   16:     0x5c3bea5363f5 - test[9d35eded1c95d3be]::run_test::{closure#0}
[INFO] [stdout]   17:     0x5c3bea52fcb4 - std[70759c8f55707aa4]::sys::backtrace::__rust_begin_short_backtrace::<test[9d35eded1c95d3be]::run_test::{closure#1}, ()>
[INFO] [stdout]   18:     0x5c3bea539552 - <std[70759c8f55707aa4]::thread::lifecycle::spawn_unchecked<test[9d35eded1c95d3be]::run_test::{closure#1}, ()>::{closure#1} as core[df12db4294e9bfd3]::ops::function::FnOnce<()>>::call_once::{shim:vtable#0}
[INFO] [stdout]   19:     0x5c3beaa12229 - <std[70759c8f55707aa4]::sys::thread::unix::Thread>::new::thread_start
[INFO] [stdout]   20:     0x70ef0b2a6dfa - <unknown>
[INFO] [stdout]   21:     0x70ef0b33a3d4 - clone
[INFO] [stdout]   22:                0x0 - <unknown>
[INFO] [stdout] 
[INFO] [stdout] ---- run_bam_missing_bam_mode_errors stdout ----
[INFO] [stdout] 
[INFO] [stdout] thread 'run_bam_missing_bam_mode_errors' (14120) panicked at tests/bam_extract_e2e.rs:57:10:
[INFO] [stdout] parse coord fa: reading coord FASTA /opt/rustwide/workdir/../../fixtures/refbuild/golden/kir_rna_coord.fa
[INFO] [stdout] 
[INFO] [stdout] Caused by:
[INFO] [stdout]     No such file or directory (os error 2)
[INFO] [stdout] 
[INFO] [stdout] Stack backtrace:
[INFO] [stdout]    0: <core::io::error::Error as anyhow::context::ext::StdError>::ext_context::<alloc::string::String>
[INFO] [stdout]    1: unum_core::bam_extract::parse_coord_fa
[INFO] [stdout]    2: bam_extract_e2e::kir2dl1_sequence
[INFO] [stdout]    3: bam_extract_e2e::write_run_no_alignment_ref_fasta
[INFO] [stdout]    4: <bam_extract_e2e::run_bam_missing_bam_mode_errors::{closure#0} as core::ops::function::FnOnce<()>>::call_once
[INFO] [stdout]    5: test::__rust_begin_short_backtrace::<core::result::Result<(), alloc::string::String>, fn() -> core::result::Result<(), alloc::string::String>>
[INFO] [stdout]    6: test::run_test::{closure#0}
[INFO] [stdout]    7: std::sys::backtrace::__rust_begin_short_backtrace::<test::run_test::{closure#1}, ()>
[INFO] [stdout]    8: <std::thread::lifecycle::spawn_unchecked<test::run_test::{closure#1}, ()>::{closure#1} as core::ops::function::FnOnce<()>>::call_once::{shim:vtable#0}
[INFO] [stdout]    9: <std::sys::thread::unix::Thread>::new::thread_start
[INFO] [stdout]   10: <unknown>
[INFO] [stdout]   11: clone
[INFO] [stdout] stack backtrace:
[INFO] [stdout]    0:     0x5c3beaa131d1 - <<std[70759c8f55707aa4]::sys::backtrace::BacktraceLock>::print::DisplayBacktrace as core[df12db4294e9bfd3]::fmt::Display>::fmt
[INFO] [stdout]    1:     0x5c3beaa2822a - core[df12db4294e9bfd3]::fmt::write
[INFO] [stdout]    2:     0x5c3beaa17e9c - <alloc[2182bb758b4b3781]::vec::Vec<u8> as core[df12db4294e9bfd3]::io::write::Write>::write_fmt
[INFO] [stdout]    3:     0x5c3bea9ed0c6 - std[70759c8f55707aa4]::panicking::default_hook::{closure#0}
[INFO] [stdout]    4:     0x5c3beaa0a989 - std[70759c8f55707aa4]::panicking::default_hook
[INFO] [stdout]    5:     0x5c3bea535aa0 - test[9d35eded1c95d3be]::test_main_inner::<test[9d35eded1c95d3be]::test_main_static::{closure#0}>::{closure#0}
[INFO] [stdout]    6:     0x5c3beaa0ab42 - std[70759c8f55707aa4]::panicking::panic_with_hook
[INFO] [stdout]    7:     0x5c3bea9ed172 - std[70759c8f55707aa4]::panicking::panic_handler::{closure#0}
[INFO] [stdout]    8:     0x5c3bea9e5689 - std[70759c8f55707aa4]::sys::backtrace::__rust_end_short_backtrace::<std[70759c8f55707aa4]::panicking::panic_handler::{closure#0}, !>
[INFO] [stdout]    9:     0x5c3bea9ede7d - __rustc[8fa7c3cbc660c2b3]::rust_begin_unwind
[INFO] [stdout]   10:     0x5c3beaa2895c - core[df12db4294e9bfd3]::panicking::panic_fmt
[INFO] [stdout]   11:     0x5c3beaa28732 - core[df12db4294e9bfd3]::result::unwrap_failed
[INFO] [stdout]   12:     0x5c3bea50e361 - bam_extract_e2e[8417d8729e0abea6]::kir2dl1_sequence
[INFO] [stdout]   13:     0x5c3bea511dc1 - bam_extract_e2e[8417d8729e0abea6]::write_run_no_alignment_ref_fasta
[INFO] [stdout]   14:     0x5c3bea513edf - <bam_extract_e2e[8417d8729e0abea6]::run_bam_missing_bam_mode_errors::{closure#0} as core[df12db4294e9bfd3]::ops::function::FnOnce<()>>::call_once
[INFO] [stdout]   15:     0x5c3bea528d8b - test[9d35eded1c95d3be]::__rust_begin_short_backtrace::<core[df12db4294e9bfd3]::result::Result<(), alloc[2182bb758b4b3781]::string::String>, fn() -> core[df12db4294e9bfd3]::result::Result<(), alloc[2182bb758b4b3781]::string::String>>
[INFO] [stdout]   16:     0x5c3bea5363f5 - test[9d35eded1c95d3be]::run_test::{closure#0}
[INFO] [stdout]   17:     0x5c3bea52fcb4 - std[70759c8f55707aa4]::sys::backtrace::__rust_begin_short_backtrace::<test[9d35eded1c95d3be]::run_test::{closure#1}, ()>
[INFO] [stdout]   18:     0x5c3bea539552 - <std[70759c8f55707aa4]::thread::lifecycle::spawn_unchecked<test[9d35eded1c95d3be]::run_test::{closure#1}, ()>::{closure#1} as core[df12db4294e9bfd3]::ops::function::FnOnce<()>>::call_once::{shim:vtable#0}
[INFO] [stdout]   19:     0x5c3beaa12229 - <std[70759c8f55707aa4]::sys::thread::unix::Thread>::new::thread_start
[INFO] [stdout]   20:     0x70ef0b2a6dfa - <unknown>
[INFO] [stdout]   21:     0x70ef0b33a3d4 - clone
[INFO] [stdout]   22:                0x0 - <unknown>
[INFO] [stdout] 
[INFO] [stdout] ---- run_bam_no_alignment_with_coord_fasta_is_rejected stdout ----
[INFO] [stdout] 
[INFO] [stdout] thread 'run_bam_no_alignment_with_coord_fasta_is_rejected' (14125) panicked at tests/bam_extract_e2e.rs:57:10:
[INFO] [stdout] parse coord fa: reading coord FASTA /opt/rustwide/workdir/../../fixtures/refbuild/golden/kir_rna_coord.fa
[INFO] [stdout] 
[INFO] [stdout] Caused by:
[INFO] [stdout]     No such file or directory (os error 2)
[INFO] [stdout] 
[INFO] [stdout] Stack backtrace:
[INFO] [stdout]    0: <core::io::error::Error as anyhow::context::ext::StdError>::ext_context::<alloc::string::String>
[INFO] [stdout]    1: unum_core::bam_extract::parse_coord_fa
[INFO] [stdout]    2: bam_extract_e2e::kir2dl1_sequence
[INFO] [stdout]    3: bam_extract_e2e::write_run_no_alignment_ref_fasta
[INFO] [stdout]    4: <bam_extract_e2e::run_bam_no_alignment_with_coord_fasta_is_rejected::{closure#0} as core::ops::function::FnOnce<()>>::call_once
[INFO] [stdout]    5: test::__rust_begin_short_backtrace::<core::result::Result<(), alloc::string::String>, fn() -> core::result::Result<(), alloc::string::String>>
[INFO] [stdout]    6: test::run_test::{closure#0}
[INFO] [stdout]    7: std::sys::backtrace::__rust_begin_short_backtrace::<test::run_test::{closure#1}, ()>
[INFO] [stdout]    8: <std::thread::lifecycle::spawn_unchecked<test::run_test::{closure#1}, ()>::{closure#1} as core::ops::function::FnOnce<()>>::call_once::{shim:vtable#0}
[INFO] [stdout]    9: <std::sys::thread::unix::Thread>::new::thread_start
[INFO] [stdout]   10: <unknown>
[INFO] [stdout]   11: clone
[INFO] [stdout] stack backtrace:
[INFO] [stdout]    0:     0x5c3beaa131d1 - <<std[70759c8f55707aa4]::sys::backtrace::BacktraceLock>::print::DisplayBacktrace as core[df12db4294e9bfd3]::fmt::Display>::fmt
[INFO] [stdout]    1:     0x5c3beaa2822a - core[df12db4294e9bfd3]::fmt::write
[INFO] [stdout]    2:     0x5c3beaa17e9c - <alloc[2182bb758b4b3781]::vec::Vec<u8> as core[df12db4294e9bfd3]::io::write::Write>::write_fmt
[INFO] [stdout]    3:     0x5c3bea9ed0c6 - std[70759c8f55707aa4]::panicking::default_hook::{closure#0}
[INFO] [stdout]    4:     0x5c3beaa0a989 - std[70759c8f55707aa4]::panicking::default_hook
[INFO] [stdout]    5:     0x5c3bea535aa0 - test[9d35eded1c95d3be]::test_main_inner::<test[9d35eded1c95d3be]::test_main_static::{closure#0}>::{closure#0}
[INFO] [stdout]    6:     0x5c3beaa0ab42 - std[70759c8f55707aa4]::panicking::panic_with_hook
[INFO] [stdout]    7:     0x5c3bea9ed172 - std[70759c8f55707aa4]::panicking::panic_handler::{closure#0}
[INFO] [stdout]    8:     0x5c3bea9e5689 - std[70759c8f55707aa4]::sys::backtrace::__rust_end_short_backtrace::<std[70759c8f55707aa4]::panicking::panic_handler::{closure#0}, !>
[INFO] [stdout]    9:     0x5c3bea9ede7d - __rustc[8fa7c3cbc660c2b3]::rust_begin_unwind
[INFO] [stdout]   10:     0x5c3beaa2895c - core[df12db4294e9bfd3]::panicking::panic_fmt
[INFO] [stdout]   11:     0x5c3beaa28732 - core[df12db4294e9bfd3]::result::unwrap_failed
[INFO] [stdout]   12:     0x5c3bea50e361 - bam_extract_e2e[8417d8729e0abea6]::kir2dl1_sequence
[INFO] [stdout]   13:     0x5c3bea511dc1 - bam_extract_e2e[8417d8729e0abea6]::write_run_no_alignment_ref_fasta
[INFO] [stdout]   14:     0x5c3bea51ce1f - <bam_extract_e2e[8417d8729e0abea6]::run_bam_no_alignment_with_coord_fasta_is_rejected::{closure#0} as core[df12db4294e9bfd3]::ops::function::FnOnce<()>>::call_once
[INFO] [stdout]   15:     0x5c3bea528d8b - test[9d35eded1c95d3be]::__rust_begin_short_backtrace::<core[df12db4294e9bfd3]::result::Result<(), alloc[2182bb758b4b3781]::string::String>, fn() -> core[df12db4294e9bfd3]::result::Result<(), alloc[2182bb758b4b3781]::string::String>>
[INFO] [stdout]   16:     0x5c3bea5363f5 - test[9d35eded1c95d3be]::run_test::{closure#0}
[INFO] [stdout]   17:     0x5c3bea52fcb4 - std[70759c8f55707aa4]::sys::backtrace::__rust_begin_short_backtrace::<test[9d35eded1c95d3be]::run_test::{closure#1}, ()>
[INFO] [stdout]   18:     0x5c3bea539552 - <std[70759c8f55707aa4]::thread::lifecycle::spawn_unchecked<test[9d35eded1c95d3be]::run_test::{closure#1}, ()>::{closure#1} as core[df12db4294e9bfd3]::ops::function::FnOnce<()>>::call_once::{shim:vtable#0}
[INFO] [stdout]   19:     0x5c3beaa12229 - <std[70759c8f55707aa4]::sys::thread::unix::Thread>::new::thread_start
[INFO] [stdout]   20:     0x70ef0b2a6dfa - <unknown>
[INFO] [stdout]   21:     0x70ef0b33a3d4 - clone
[INFO] [stdout]   22:                0x0 - <unknown>
[INFO] [stdout] 
[INFO] [stdout] ---- run_bam_no_alignment_reference_with_bam_is_accepted_and_ignored stdout ----
[INFO] [stdout] 
[INFO] [stdout] thread 'run_bam_no_alignment_reference_with_bam_is_accepted_and_ignored' (14122) panicked at tests/bam_extract_e2e.rs:57:10:
[INFO] [stdout] parse coord fa: reading coord FASTA /opt/rustwide/workdir/../../fixtures/refbuild/golden/kir_rna_coord.fa
[INFO] [stdout] 
[INFO] [stdout] Caused by:
[INFO] [stdout]     No such file or directory (os error 2)
[INFO] [stdout] 
[INFO] [stdout] Stack backtrace:
[INFO] [stdout]    0: <core::io::error::Error as anyhow::context::ext::StdError>::ext_context::<alloc::string::String>
[INFO] [stdout]    1: unum_core::bam_extract::parse_coord_fa
[INFO] [stdout]    2: bam_extract_e2e::kir2dl1_sequence
[INFO] [stdout]    3: bam_extract_e2e::write_run_no_alignment_ref_fasta
[INFO] [stdout]    4: <bam_extract_e2e::run_bam_no_alignment_reference_with_bam_is_accepted_and_ignored::{closure#0} as core::ops::function::FnOnce<()>>::call_once
[INFO] [stdout]    5: test::__rust_begin_short_backtrace::<core::result::Result<(), alloc::string::String>, fn() -> core::result::Result<(), alloc::string::String>>
[INFO] [stdout]    6: test::run_test::{closure#0}
[INFO] [stdout]    7: std::sys::backtrace::__rust_begin_short_backtrace::<test::run_test::{closure#1}, ()>
[INFO] [stdout]    8: <std::thread::lifecycle::spawn_unchecked<test::run_test::{closure#1}, ()>::{closure#1} as core::ops::function::FnOnce<()>>::call_once::{shim:vtable#0}
[INFO] [stdout]    9: <std::sys::thread::unix::Thread>::new::thread_start
[INFO] [stdout]   10: <unknown>
[INFO] [stdout]   11: clone
[INFO] [stdout] stack backtrace:
[INFO] [stdout]    0:     0x5c3beaa131d1 - <<std[70759c8f55707aa4]::sys::backtrace::BacktraceLock>::print::DisplayBacktrace as core[df12db4294e9bfd3]::fmt::Display>::fmt
[INFO] [stdout]    1:     0x5c3beaa2822a - core[df12db4294e9bfd3]::fmt::write
[INFO] [stdout]    2:     0x5c3beaa17e9c - <alloc[2182bb758b4b3781]::vec::Vec<u8> as core[df12db4294e9bfd3]::io::write::Write>::write_fmt
[INFO] [stdout]    3:     0x5c3bea9ed0c6 - std[70759c8f55707aa4]::panicking::default_hook::{closure#0}
[INFO] [stdout]    4:     0x5c3beaa0a989 - std[70759c8f55707aa4]::panicking::default_hook
[INFO] [stdout]    5:     0x5c3bea535aa0 - test[9d35eded1c95d3be]::test_main_inner::<test[9d35eded1c95d3be]::test_main_static::{closure#0}>::{closure#0}
[INFO] [stdout]    6:     0x5c3beaa0ab42 - std[70759c8f55707aa4]::panicking::panic_with_hook
[INFO] [stdout]    7:     0x5c3bea9ed172 - std[70759c8f55707aa4]::panicking::panic_handler::{closure#0}
[INFO] [stdout]    8:     0x5c3bea9e5689 - std[70759c8f55707aa4]::sys::backtrace::__rust_end_short_backtrace::<std[70759c8f55707aa4]::panicking::panic_handler::{closure#0}, !>
[INFO] [stdout]    9:     0x5c3bea9ede7d - __rustc[8fa7c3cbc660c2b3]::rust_begin_unwind
[INFO] [stdout]   10:     0x5c3beaa2895c - core[df12db4294e9bfd3]::panicking::panic_fmt
[INFO] [stdout]   11:     0x5c3beaa28732 - core[df12db4294e9bfd3]::result::unwrap_failed
[INFO] [stdout]   12:     0x5c3bea50e361 - bam_extract_e2e[8417d8729e0abea6]::kir2dl1_sequence
[INFO] [stdout]   13:     0x5c3bea511dc1 - bam_extract_e2e[8417d8729e0abea6]::write_run_no_alignment_ref_fasta
[INFO] [stdout]   14:     0x5c3bea521d7b - <bam_extract_e2e[8417d8729e0abea6]::run_bam_no_alignment_reference_with_bam_is_accepted_and_ignored::{closure#0} as core[df12db4294e9bfd3]::ops::function::FnOnce<()>>::call_once
[INFO] [stdout]   15:     0x5c3bea528d8b - test[9d35eded1c95d3be]::__rust_begin_short_backtrace::<core[df12db4294e9bfd3]::result::Result<(), alloc[2182bb758b4b3781]::string::String>, fn() -> core[df12db4294e9bfd3]::result::Result<(), alloc[2182bb758b4b3781]::string::String>>
[INFO] [stdout]   16:     0x5c3bea5363f5 - test[9d35eded1c95d3be]::run_test::{closure#0}
[INFO] [stdout]   17:     0x5c3bea52fcb4 - std[70759c8f55707aa4]::sys::backtrace::__rust_begin_short_backtrace::<test[9d35eded1c95d3be]::run_test::{closure#1}, ()>
[INFO] [stdout]   18:     0x5c3bea539552 - <std[70759c8f55707aa4]::thread::lifecycle::spawn_unchecked<test[9d35eded1c95d3be]::run_test::{closure#1}, ()>::{closure#1} as core[df12db4294e9bfd3]::ops::function::FnOnce<()>>::call_once::{shim:vtable#0}
[INFO] [stdout]   19:     0x5c3beaa12229 - <std[70759c8f55707aa4]::sys::thread::unix::Thread>::new::thread_start
[INFO] [stdout]   20:     0x70ef0b2a6dfa - <unknown>
[INFO] [stdout]   21:     0x70ef0b33a3d4 - clone
[INFO] [stdout]   22:                0x0 - <unknown>
[INFO] [stdout] 
[INFO] [stdout] ---- run_bam_alignment_on_grouped_bam_runs_the_grouped_one_pass stdout ----
[INFO] [stdout] 
[INFO] [stdout] thread 'run_bam_alignment_on_grouped_bam_runs_the_grouped_one_pass' (14114) panicked at tests/bam_extract_e2e.rs:57:10:
[INFO] [stdout] parse coord fa: reading coord FASTA /opt/rustwide/workdir/../../fixtures/refbuild/golden/kir_rna_coord.fa
[INFO] [stdout] 
[INFO] [stdout] Caused by:
[INFO] [stdout]     No such file or directory (os error 2)
[INFO] [stdout] 
[INFO] [stdout] Stack backtrace:
[INFO] [stdout]    0: <core::io::error::Error as anyhow::context::ext::StdError>::ext_context::<alloc::string::String>
[INFO] [stdout]    1: unum_core::bam_extract::parse_coord_fa
[INFO] [stdout]    2: bam_extract_e2e::kir2dl1_sequence
[INFO] [stdout]    3: bam_extract_e2e::write_run_no_alignment_ref_fasta
[INFO] [stdout]    4: <bam_extract_e2e::run_bam_alignment_on_grouped_bam_runs_the_grouped_one_pass::{closure#0} as core::ops::function::FnOnce<()>>::call_once
[INFO] [stdout]    5: test::__rust_begin_short_backtrace::<core::result::Result<(), alloc::string::String>, fn() -> core::result::Result<(), alloc::string::String>>
[INFO] [stdout]    6: test::run_test::{closure#0}
[INFO] [stdout]    7: std::sys::backtrace::__rust_begin_short_backtrace::<test::run_test::{closure#1}, ()>
[INFO] [stdout]    8: <std::thread::lifecycle::spawn_unchecked<test::run_test::{closure#1}, ()>::{closure#1} as core::ops::function::FnOnce<()>>::call_once::{shim:vtable#0}
[INFO] [stdout]    9: <std::sys::thread::unix::Thread>::new::thread_start
[INFO] [stdout]   10: <unknown>
[INFO] [stdout]   11: clone
[INFO] [stdout] stack backtrace:
[INFO] [stdout]    0:     0x5c3beaa131d1 - <<std[70759c8f55707aa4]::sys::backtrace::BacktraceLock>::print::DisplayBacktrace as core[df12db4294e9bfd3]::fmt::Display>::fmt
[INFO] [stdout]    1:     0x5c3beaa2822a - core[df12db4294e9bfd3]::fmt::write
[INFO] [stdout]    2:     0x5c3beaa17e9c - <alloc[2182bb758b4b3781]::vec::Vec<u8> as core[df12db4294e9bfd3]::io::write::Write>::write_fmt
[INFO] [stdout]    3:     0x5c3bea9ed0c6 - std[70759c8f55707aa4]::panicking::default_hook::{closure#0}
[INFO] [stdout]    4:     0x5c3beaa0a989 - std[70759c8f55707aa4]::panicking::default_hook
[INFO] [stdout]    5:     0x5c3bea535aa0 - test[9d35eded1c95d3be]::test_main_inner::<test[9d35eded1c95d3be]::test_main_static::{closure#0}>::{closure#0}
[INFO] [stdout]    6:     0x5c3beaa0ab42 - std[70759c8f55707aa4]::panicking::panic_with_hook
[INFO] [stdout]    7:     0x5c3bea9ed172 - std[70759c8f55707aa4]::panicking::panic_handler::{closure#0}
[INFO] [stdout]    8:     0x5c3bea9e5689 - std[70759c8f55707aa4]::sys::backtrace::__rust_end_short_backtrace::<std[70759c8f55707aa4]::panicking::panic_handler::{closure#0}, !>
[INFO] [stdout]    9:     0x5c3bea9ede7d - __rustc[8fa7c3cbc660c2b3]::rust_begin_unwind
[INFO] [stdout]   10:     0x5c3beaa2895c - core[df12db4294e9bfd3]::panicking::panic_fmt
[INFO] [stdout]   11:     0x5c3beaa28732 - core[df12db4294e9bfd3]::result::unwrap_failed
[INFO] [stdout]   12:     0x5c3bea50e361 - bam_extract_e2e[8417d8729e0abea6]::kir2dl1_sequence
[INFO] [stdout]   13:     0x5c3bea511dc1 - bam_extract_e2e[8417d8729e0abea6]::write_run_no_alignment_ref_fasta
[INFO] [stdout]   14:     0x5c3bea51fccb - <bam_extract_e2e[8417d8729e0abea6]::run_bam_alignment_on_grouped_bam_runs_the_grouped_one_pass::{closure#0} as core[df12db4294e9bfd3]::ops::function::FnOnce<()>>::call_once
[INFO] [stdout]   15:     0x5c3bea528d8b - test[9d35eded1c95d3be]::__rust_begin_short_backtrace::<core[df12db4294e9bfd3]::result::Result<(), alloc[2182bb758b4b3781]::string::String>, fn() -> core[df12db4294e9bfd3]::result::Result<(), alloc[2182bb758b4b3781]::string::String>>
[INFO] [stdout]   16:     0x5c3bea5363f5 - test[9d35eded1c95d3be]::run_test::{closure#0}
[INFO] [stdout]   17:     0x5c3bea52fcb4 - std[70759c8f55707aa4]::sys::backtrace::__rust_begin_short_backtrace::<test[9d35eded1c95d3be]::run_test::{closure#1}, ()>
[INFO] [stdout]   18:     0x5c3bea539552 - <std[70759c8f55707aa4]::thread::lifecycle::spawn_unchecked<test[9d35eded1c95d3be]::run_test::{closure#1}, ()>::{closure#1} as core[df12db4294e9bfd3]::ops::function::FnOnce<()>>::call_once::{shim:vtable#0}
[INFO] [stdout]   19:     0x5c3beaa12229 - <std[70759c8f55707aa4]::sys::thread::unix::Thread>::new::thread_start
[INFO] [stdout]   20:     0x70ef0b2a6dfa - <unknown>
[INFO] [stdout]   21:     0x70ef0b33a3d4 - clone
[INFO] [stdout]   22:                0x0 - <unknown>
[INFO] [stdout] 
[INFO] [stdout] ---- alignment_on_unsorted_bam_errors_with_sort_hint stdout ----
[INFO] [stdout] 
[INFO] [stdout] thread 'alignment_on_unsorted_bam_errors_with_sort_hint' (14100) panicked at tests/bam_extract_e2e.rs:57:10:
[INFO] [stdout] parse coord fa: reading coord FASTA /opt/rustwide/workdir/../../fixtures/refbuild/golden/kir_rna_coord.fa
[INFO] [stdout] 
[INFO] [stdout] Caused by:
[INFO] [stdout]     No such file or directory (os error 2)
[INFO] [stdout] 
[INFO] [stdout] Stack backtrace:
[INFO] [stdout]    0: <core::io::error::Error as anyhow::context::ext::StdError>::ext_context::<alloc::string::String>
[INFO] [stdout]    1: unum_core::bam_extract::parse_coord_fa
[INFO] [stdout]    2: bam_extract_e2e::kir2dl1_sequence
[INFO] [stdout]    3: bam_extract_e2e::build_alignment_file
[INFO] [stdout]    4: <bam_extract_e2e::alignment_on_unsorted_bam_errors_with_sort_hint::{closure#0} as core::ops::function::FnOnce<()>>::call_once
[INFO] [stdout]    5: test::__rust_begin_short_backtrace::<core::result::Result<(), alloc::string::String>, fn() -> core::result::Result<(), alloc::string::String>>
[INFO] [stdout]    6: test::run_test::{closure#0}
[INFO] [stdout]    7: std::sys::backtrace::__rust_begin_short_backtrace::<test::run_test::{closure#1}, ()>
[INFO] [stdout]    8: <std::thread::lifecycle::spawn_unchecked<test::run_test::{closure#1}, ()>::{closure#1} as core::ops::function::FnOnce<()>>::call_once::{shim:vtable#0}
[INFO] [stdout]    9: <std::sys::thread::unix::Thread>::new::thread_start
[INFO] [stdout]   10: <unknown>
[INFO] [stdout]   11: clone
[INFO] [stdout] stack backtrace:
[INFO] [stdout]    0:     0x5c3beaa131d1 - <<std[70759c8f55707aa4]::sys::backtrace::BacktraceLock>::print::DisplayBacktrace as core[df12db4294e9bfd3]::fmt::Display>::fmt
[INFO] [stdout]    1:     0x5c3beaa2822a - core[df12db4294e9bfd3]::fmt::write
[INFO] [stdout]    2:     0x5c3beaa17e9c - <alloc[2182bb758b4b3781]::vec::Vec<u8> as core[df12db4294e9bfd3]::io::write::Write>::write_fmt
[INFO] [stdout]    3:     0x5c3bea9ed0c6 - std[70759c8f55707aa4]::panicking::default_hook::{closure#0}
[INFO] [stdout]    4:     0x5c3beaa0a989 - std[70759c8f55707aa4]::panicking::default_hook
[INFO] [stdout]    5:     0x5c3bea535aa0 - test[9d35eded1c95d3be]::test_main_inner::<test[9d35eded1c95d3be]::test_main_static::{closure#0}>::{closure#0}
[INFO] [stdout]    6:     0x5c3beaa0ab42 - std[70759c8f55707aa4]::panicking::panic_with_hook
[INFO] [stdout]    7:     0x5c3bea9ed172 - std[70759c8f55707aa4]::panicking::panic_handler::{closure#0}
[INFO] [stdout]    8:     0x5c3bea9e5689 - std[70759c8f55707aa4]::sys::backtrace::__rust_end_short_backtrace::<std[70759c8f55707aa4]::panicking::panic_handler::{closure#0}, !>
[INFO] [stdout]    9:     0x5c3bea9ede7d - __rustc[8fa7c3cbc660c2b3]::rust_begin_unwind
[INFO] [stdout]   10:     0x5c3beaa2895c - core[df12db4294e9bfd3]::panicking::panic_fmt
[INFO] [stdout]   11:     0x5c3beaa28732 - core[df12db4294e9bfd3]::result::unwrap_failed
[INFO] [stdout]   12:     0x5c3bea50e361 - bam_extract_e2e[8417d8729e0abea6]::kir2dl1_sequence
[INFO] [stdout]   13:     0x5c3bea50eea2 - bam_extract_e2e[8417d8729e0abea6]::build_alignment_file
[INFO] [stdout]   14:     0x5c3bea519dff - <bam_extract_e2e[8417d8729e0abea6]::alignment_on_unsorted_bam_errors_with_sort_hint::{closure#0} as core[df12db4294e9bfd3]::ops::function::FnOnce<()>>::call_once
[INFO] [stdout]   15:     0x5c3bea528d8b - test[9d35eded1c95d3be]::__rust_begin_short_backtrace::<core[df12db4294e9bfd3]::result::Result<(), alloc[2182bb758b4b3781]::string::String>, fn() -> core[df12db4294e9bfd3]::result::Result<(), alloc[2182bb758b4b3781]::string::String>>
[INFO] [stdout]   16:     0x5c3bea5363f5 - test[9d35eded1c95d3be]::run_test::{closure#0}
[INFO] [stdout]   17:     0x5c3bea52fcb4 - std[70759c8f55707aa4]::sys::backtrace::__rust_begin_short_backtrace::<test[9d35eded1c95d3be]::run_test::{closure#1}, ()>
[INFO] [stdout]   18:     0x5c3bea539552 - <std[70759c8f55707aa4]::thread::lifecycle::spawn_unchecked<test[9d35eded1c95d3be]::run_test::{closure#1}, ()>::{closure#1} as core[df12db4294e9bfd3]::ops::function::FnOnce<()>>::call_once::{shim:vtable#0}
[INFO] [stdout]   19:     0x5c3beaa12229 - <std[70759c8f55707aa4]::sys::thread::unix::Thread>::new::thread_start
[INFO] [stdout]   20:     0x70ef0b2a6dfa - <unknown>
[INFO] [stdout]   21:     0x70ef0b33a3d4 - clone
[INFO] [stdout]   22:                0x0 - <unknown>
[INFO] [stdout] 
[INFO] [stdout] ---- run_bam_flag_with_fastq_flags_is_rejected stdout ----
[INFO] [stdout] 
[INFO] [stdout] thread 'run_bam_flag_with_fastq_flags_is_rejected' (14116) panicked at tests/bam_extract_e2e.rs:57:10:
[INFO] [stdout] parse coord fa: reading coord FASTA /opt/rustwide/workdir/../../fixtures/refbuild/golden/kir_rna_coord.fa
[INFO] [stdout] 
[INFO] [stdout] Caused by:
[INFO] [stdout]     No such file or directory (os error 2)
[INFO] [stdout] 
[INFO] [stdout] Stack backtrace:
[INFO] [stdout]    0: <core::io::error::Error as anyhow::context::ext::StdError>::ext_context::<alloc::string::String>
[INFO] [stdout]    1: unum_core::bam_extract::parse_coord_fa
[INFO] [stdout]    2: bam_extract_e2e::kir2dl1_sequence
[INFO] [stdout]    3: bam_extract_e2e::write_run_no_alignment_ref_fasta
[INFO] [stdout]    4: <bam_extract_e2e::run_bam_flag_with_fastq_flags_is_rejected::{closure#0} as core::ops::function::FnOnce<()>>::call_once
[INFO] [stdout]    5: test::__rust_begin_short_backtrace::<core::result::Result<(), alloc::string::String>, fn() -> core::result::Result<(), alloc::string::String>>
[INFO] [stdout]    6: test::run_test::{closure#0}
[INFO] [stdout]    7: std::sys::backtrace::__rust_begin_short_backtrace::<test::run_test::{closure#1}, ()>
[INFO] [stdout]    8: <std::thread::lifecycle::spawn_unchecked<test::run_test::{closure#1}, ()>::{closure#1} as core::ops::function::FnOnce<()>>::call_once::{shim:vtable#0}
[INFO] [stdout]    9: <std::sys::thread::unix::Thread>::new::thread_start
[INFO] [stdout]   10: <unknown>
[INFO] [stdout]   11: clone
[INFO] [stdout] stack backtrace:
[INFO] [stdout]    0:     0x5c3beaa131d1 - <<std[70759c8f55707aa4]::sys::backtrace::BacktraceLock>::print::DisplayBacktrace as core[df12db4294e9bfd3]::fmt::Display>::fmt
[INFO] [stdout]    1:     0x5c3beaa2822a - core[df12db4294e9bfd3]::fmt::write
[INFO] [stdout]    2:     0x5c3beaa17e9c - <alloc[2182bb758b4b3781]::vec::Vec<u8> as core[df12db4294e9bfd3]::io::write::Write>::write_fmt
[INFO] [stdout]    3:     0x5c3bea9ed0c6 - std[70759c8f55707aa4]::panicking::default_hook::{closure#0}
[INFO] [stdout]    4:     0x5c3beaa0a989 - std[70759c8f55707aa4]::panicking::default_hook
[INFO] [stdout]    5:     0x5c3bea535aa0 - test[9d35eded1c95d3be]::test_main_inner::<test[9d35eded1c95d3be]::test_main_static::{closure#0}>::{closure#0}
[INFO] [stdout]    6:     0x5c3beaa0ab42 - std[70759c8f55707aa4]::panicking::panic_with_hook
[INFO] [stdout]    7:     0x5c3bea9ed172 - std[70759c8f55707aa4]::panicking::panic_handler::{closure#0}
[INFO] [stdout]    8:     0x5c3bea9e5689 - std[70759c8f55707aa4]::sys::backtrace::__rust_end_short_backtrace::<std[70759c8f55707aa4]::panicking::panic_handler::{closure#0}, !>
[INFO] [stdout]    9:     0x5c3bea9ede7d - __rustc[8fa7c3cbc660c2b3]::rust_begin_unwind
[INFO] [stdout]   10:     0x5c3beaa2895c - core[df12db4294e9bfd3]::panicking::panic_fmt
[INFO] [stdout]   11:     0x5c3beaa28732 - core[df12db4294e9bfd3]::result::unwrap_failed
[INFO] [stdout]   12:     0x5c3bea50e361 - bam_extract_e2e[8417d8729e0abea6]::kir2dl1_sequence
[INFO] [stdout]   13:     0x5c3bea511dc1 - bam_extract_e2e[8417d8729e0abea6]::write_run_no_alignment_ref_fasta
[INFO] [stdout]   14:     0x5c3bea517a2f - <bam_extract_e2e[8417d8729e0abea6]::run_bam_flag_with_fastq_flags_is_rejected::{closure#0} as core[df12db4294e9bfd3]::ops::function::FnOnce<()>>::call_once
[INFO] [stdout]   15:     0x5c3bea528d8b - test[9d35eded1c95d3be]::__rust_begin_short_backtrace::<core[df12db4294e9bfd3]::result::Result<(), alloc[2182bb758b4b3781]::string::String>, fn() -> core[df12db4294e9bfd3]::result::Result<(), alloc[2182bb758b4b3781]::string::String>>
[INFO] [stdout]   16:     0x5c3bea5363f5 - test[9d35eded1c95d3be]::run_test::{closure#0}
[INFO] [stdout]   17:     0x5c3bea52fcb4 - std[70759c8f55707aa4]::sys::backtrace::__rust_begin_short_backtrace::<test[9d35eded1c95d3be]::run_test::{closure#1}, ()>
[INFO] [stdout]   18:     0x5c3bea539552 - <std[70759c8f55707aa4]::thread::lifecycle::spawn_unchecked<test[9d35eded1c95d3be]::run_test::{closure#1}, ()>::{closure#1} as core[df12db4294e9bfd3]::ops::function::FnOnce<()>>::call_once::{shim:vtable#0}
[INFO] [stdout]   19:     0x5c3beaa12229 - <std[70759c8f55707aa4]::sys::thread::unix::Thread>::new::thread_start
[INFO] [stdout]   20:     0x70ef0b2a6dfa - <unknown>
[INFO] [stdout]   21:     0x70ef0b33a3d4 - clone
[INFO] [stdout]   22:                0x0 - <unknown>
[INFO] [stdout] 
[INFO] [stdout] ---- run_bam_alignment_missing_coord_fasta_is_rejected stdout ----
[INFO] [stdout] 
[INFO] [stdout] thread 'run_bam_alignment_missing_coord_fasta_is_rejected' (14113) panicked at tests/bam_extract_e2e.rs:57:10:
[INFO] [stdout] parse coord fa: reading coord FASTA /opt/rustwide/workdir/../../fixtures/refbuild/golden/kir_rna_coord.fa
[INFO] [stdout] 
[INFO] [stdout] Caused by:
[INFO] [stdout]     No such file or directory (os error 2)
[INFO] [stdout] 
[INFO] [stdout] Stack backtrace:
[INFO] [stdout]    0: <core::io::error::Error as anyhow::context::ext::StdError>::ext_context::<alloc::string::String>
[INFO] [stdout]    1: unum_core::bam_extract::parse_coord_fa
[INFO] [stdout]    2: bam_extract_e2e::kir2dl1_sequence
[INFO] [stdout]    3: bam_extract_e2e::write_run_no_alignment_ref_fasta
[INFO] [stdout]    4: <bam_extract_e2e::run_bam_alignment_missing_coord_fasta_is_rejected::{closure#0} as core::ops::function::FnOnce<()>>::call_once
[INFO] [stdout]    5: test::__rust_begin_short_backtrace::<core::result::Result<(), alloc::string::String>, fn() -> core::result::Result<(), alloc::string::String>>
[INFO] [stdout]    6: test::run_test::{closure#0}
[INFO] [stdout]    7: std::sys::backtrace::__rust_begin_short_backtrace::<test::run_test::{closure#1}, ()>
[INFO] [stdout]    8: <std::thread::lifecycle::spawn_unchecked<test::run_test::{closure#1}, ()>::{closure#1} as core::ops::function::FnOnce<()>>::call_once::{shim:vtable#0}
[INFO] [stdout]    9: <std::sys::thread::unix::Thread>::new::thread_start
[INFO] [stdout]   10: <unknown>
[INFO] [stdout]   11: clone
[INFO] [stdout] stack backtrace:
[INFO] [stdout]    0:     0x5c3beaa131d1 - <<std[70759c8f55707aa4]::sys::backtrace::BacktraceLock>::print::DisplayBacktrace as core[df12db4294e9bfd3]::fmt::Display>::fmt
[INFO] [stdout]    1:     0x5c3beaa2822a - core[df12db4294e9bfd3]::fmt::write
[INFO] [stdout]    2:     0x5c3beaa17e9c - <alloc[2182bb758b4b3781]::vec::Vec<u8> as core[df12db4294e9bfd3]::io::write::Write>::write_fmt
[INFO] [stdout]    3:     0x5c3bea9ed0c6 - std[70759c8f55707aa4]::panicking::default_hook::{closure#0}
[INFO] [stdout]    4:     0x5c3beaa0a989 - std[70759c8f55707aa4]::panicking::default_hook
[INFO] [stdout]    5:     0x5c3bea535aa0 - test[9d35eded1c95d3be]::test_main_inner::<test[9d35eded1c95d3be]::test_main_static::{closure#0}>::{closure#0}
[INFO] [stdout]    6:     0x5c3beaa0ab42 - std[70759c8f55707aa4]::panicking::panic_with_hook
[INFO] [stdout]    7:     0x5c3bea9ed172 - std[70759c8f55707aa4]::panicking::panic_handler::{closure#0}
[INFO] [stdout]    8:     0x5c3bea9e5689 - std[70759c8f55707aa4]::sys::backtrace::__rust_end_short_backtrace::<std[70759c8f55707aa4]::panicking::panic_handler::{closure#0}, !>
[INFO] [stdout]    9:     0x5c3bea9ede7d - __rustc[8fa7c3cbc660c2b3]::rust_begin_unwind
[INFO] [stdout]   10:     0x5c3beaa2895c - core[df12db4294e9bfd3]::panicking::panic_fmt
[INFO] [stdout]   11:     0x5c3beaa28732 - core[df12db4294e9bfd3]::result::unwrap_failed
[INFO] [stdout]   12:     0x5c3bea50e361 - bam_extract_e2e[8417d8729e0abea6]::kir2dl1_sequence
[INFO] [stdout]   13:     0x5c3bea511dc1 - bam_extract_e2e[8417d8729e0abea6]::write_run_no_alignment_ref_fasta
[INFO] [stdout]   14:     0x5c3bea51c81f - <bam_extract_e2e[8417d8729e0abea6]::run_bam_alignment_missing_coord_fasta_is_rejected::{closure#0} as core[df12db4294e9bfd3]::ops::function::FnOnce<()>>::call_once
[INFO] [stdout]   15:     0x5c3bea528d8b - test[9d35eded1c95d3be]::__rust_begin_short_backtrace::<core[df12db4294e9bfd3]::result::Result<(), alloc[2182bb758b4b3781]::string::String>, fn() -> core[df12db4294e9bfd3]::result::Result<(), alloc[2182bb758b4b3781]::string::String>>
[INFO] [stdout]   16:     0x5c3bea5363f5 - test[9d35eded1c95d3be]::run_test::{closure#0}
[INFO] [stdout]   17:     0x5c3bea52fcb4 - std[70759c8f55707aa4]::sys::backtrace::__rust_begin_short_backtrace::<test[9d35eded1c95d3be]::run_test::{closure#1}, ()>
[INFO] [stdout]   18:     0x5c3bea539552 - <std[70759c8f55707aa4]::thread::lifecycle::spawn_unchecked<test[9d35eded1c95d3be]::run_test::{closure#1}, ()>::{closure#1} as core[df12db4294e9bfd3]::ops::function::FnOnce<()>>::call_once::{shim:vtable#0}
[INFO] [stdout]   19:     0x5c3beaa12229 - <std[70759c8f55707aa4]::sys::thread::unix::Thread>::new::thread_start
[INFO] [stdout]   20:     0x70ef0b2a6dfa - <unknown>
[INFO] [stdout]   21:     0x70ef0b33a3d4 - clone
[INFO] [stdout]   22:                0x0 - <unknown>
[INFO] [stdout] 
[INFO] [stdout] ---- b_flag_without_bam_mode_errors stdout ----
[INFO] [stdout] 
[INFO] [stdout] thread 'b_flag_without_bam_mode_errors' (14101) panicked at tests/bam_extract_e2e.rs:57:10:
[INFO] [stdout] parse coord fa: reading coord FASTA /opt/rustwide/workdir/../../fixtures/refbuild/golden/kir_rna_coord.fa
[INFO] [stdout] 
[INFO] [stdout] Caused by:
[INFO] [stdout]     No such file or directory (os error 2)
[INFO] [stdout] 
[INFO] [stdout] Stack backtrace:
[INFO] [stdout]    0: <core::io::error::Error as anyhow::context::ext::StdError>::ext_context::<alloc::string::String>
[INFO] [stdout]    1: unum_core::bam_extract::parse_coord_fa
[INFO] [stdout]    2: bam_extract_e2e::kir2dl1_sequence
[INFO] [stdout]    3: bam_extract_e2e::build_alignment_file
[INFO] [stdout]    4: <bam_extract_e2e::b_flag_without_bam_mode_errors::{closure#0} as core::ops::function::FnOnce<()>>::call_once
[INFO] [stdout]    5: test::__rust_begin_short_backtrace::<core::result::Result<(), alloc::string::String>, fn() -> core::result::Result<(), alloc::string::String>>
[INFO] [stdout]    6: test::run_test::{closure#0}
[INFO] [stdout]    7: std::sys::backtrace::__rust_begin_short_backtrace::<test::run_test::{closure#1}, ()>
[INFO] [stdout]    8: <std::thread::lifecycle::spawn_unchecked<test::run_test::{closure#1}, ()>::{closure#1} as core::ops::function::FnOnce<()>>::call_once::{shim:vtable#0}
[INFO] [stdout]    9: <std::sys::thread::unix::Thread>::new::thread_start
[INFO] [stdout]   10: <unknown>
[INFO] [stdout]   11: clone
[INFO] [stdout] stack backtrace:
[INFO] [stdout]    0:     0x5c3beaa131d1 - <<std[70759c8f55707aa4]::sys::backtrace::BacktraceLock>::print::DisplayBacktrace as core[df12db4294e9bfd3]::fmt::Display>::fmt
[INFO] [stdout]    1:     0x5c3beaa2822a - core[df12db4294e9bfd3]::fmt::write
[INFO] [stdout]    2:     0x5c3beaa17e9c - <alloc[2182bb758b4b3781]::vec::Vec<u8> as core[df12db4294e9bfd3]::io::write::Write>::write_fmt
[INFO] [stdout]    3:     0x5c3bea9ed0c6 - std[70759c8f55707aa4]::panicking::default_hook::{closure#0}
[INFO] [stdout]    4:     0x5c3beaa0a989 - std[70759c8f55707aa4]::panicking::default_hook
[INFO] [stdout]    5:     0x5c3bea535aa0 - test[9d35eded1c95d3be]::test_main_inner::<test[9d35eded1c95d3be]::test_main_static::{closure#0}>::{closure#0}
[INFO] [stdout]    6:     0x5c3beaa0ab42 - std[70759c8f55707aa4]::panicking::panic_with_hook
[INFO] [stdout]    7:     0x5c3bea9ed172 - std[70759c8f55707aa4]::panicking::panic_handler::{closure#0}
[INFO] [stdout]    8:     0x5c3bea9e5689 - std[70759c8f55707aa4]::sys::backtrace::__rust_end_short_backtrace::<std[70759c8f55707aa4]::panicking::panic_handler::{closure#0}, !>
[INFO] [stdout]    9:     0x5c3bea9ede7d - __rustc[8fa7c3cbc660c2b3]::rust_begin_unwind
[INFO] [stdout]   10:     0x5c3beaa2895c - core[df12db4294e9bfd3]::panicking::panic_fmt
[INFO] [stdout]   11:     0x5c3beaa28732 - core[df12db4294e9bfd3]::result::unwrap_failed
[INFO] [stdout]   12:     0x5c3bea50e361 - bam_extract_e2e[8417d8729e0abea6]::kir2dl1_sequence
[INFO] [stdout]   13:     0x5c3bea50eea2 - bam_extract_e2e[8417d8729e0abea6]::build_alignment_file
[INFO] [stdout]   14:     0x5c3bea51387f - <bam_extract_e2e[8417d8729e0abea6]::b_flag_without_bam_mode_errors::{closure#0} as core[df12db4294e9bfd3]::ops::function::FnOnce<()>>::call_once
[INFO] [stdout]   15:     0x5c3bea528d8b - test[9d35eded1c95d3be]::__rust_begin_short_backtrace::<core[df12db4294e9bfd3]::result::Result<(), alloc[2182bb758b4b3781]::string::String>, fn() -> core[df12db4294e9bfd3]::result::Result<(), alloc[2182bb758b4b3781]::string::String>>
[INFO] [stdout]   16:     0x5c3bea5363f5 - test[9d35eded1c95d3be]::run_test::{closure#0}
[INFO] [stdout]   17:     0x5c3bea52fcb4 - std[70759c8f55707aa4]::sys::backtrace::__rust_begin_short_backtrace::<test[9d35eded1c95d3be]::run_test::{closure#1}, ()>
[INFO] [stdout]   18:     0x5c3bea539552 - <std[70759c8f55707aa4]::thread::lifecycle::spawn_unchecked<test[9d35eded1c95d3be]::run_test::{closure#1}, ()>::{closure#1} as core[df12db4294e9bfd3]::ops::function::FnOnce<()>>::call_once::{shim:vtable#0}
[INFO] [stdout]   19:     0x5c3beaa12229 - <std[70759c8f55707aa4]::sys::thread::unix::Thread>::new::thread_start
[INFO] [stdout]   20:     0x70ef0b2a6dfa - <unknown>
[INFO] [stdout]   21:     0x70ef0b33a3d4 - clone
[INFO] [stdout]   22:                0x0 - <unknown>
[INFO] [stdout] 
[INFO] [stdout] ---- no_alignment_bam_equals_fastq_cli_grouped_stdin stdout ----
[INFO] [stdout] 
[INFO] [stdout] thread 'no_alignment_bam_equals_fastq_cli_grouped_stdin' (14109) panicked at tests/bam_extract_e2e.rs:57:10:
[INFO] [stdout] parse coord fa: reading coord FASTA /opt/rustwide/workdir/../../fixtures/refbuild/golden/kir_rna_coord.fa
[INFO] [stdout] 
[INFO] [stdout] Caused by:
[INFO] [stdout]     No such file or directory (os error 2)
[INFO] [stdout] 
[INFO] [stdout] Stack backtrace:
[INFO] [stdout]    0: <core::io::error::Error as anyhow::context::ext::StdError>::ext_context::<alloc::string::String>
[INFO] [stdout]    1: unum_core::bam_extract::parse_coord_fa
[INFO] [stdout]    2: bam_extract_e2e::kir2dl1_sequence
[INFO] [stdout]    3: bam_extract_e2e::cli_pair_templates
[INFO] [stdout]    4: <bam_extract_e2e::no_alignment_bam_equals_fastq_cli_grouped_stdin::{closure#0} as core::ops::function::FnOnce<()>>::call_once
[INFO] [stdout]    5: test::__rust_begin_short_backtrace::<core::result::Result<(), alloc::string::String>, fn() -> core::result::Result<(), alloc::string::String>>
[INFO] [stdout]    6: test::run_test::{closure#0}
[INFO] [stdout]    7: std::sys::backtrace::__rust_begin_short_backtrace::<test::run_test::{closure#1}, ()>
[INFO] [stdout]    8: <std::thread::lifecycle::spawn_unchecked<test::run_test::{closure#1}, ()>::{closure#1} as core::ops::function::FnOnce<()>>::call_once::{shim:vtable#0}
[INFO] [stdout]    9: <std::sys::thread::unix::Thread>::new::thread_start
[INFO] [stdout]   10: <unknown>
[INFO] [stdout]   11: clone
[INFO] [stdout] stack backtrace:
[INFO] [stdout]    0:     0x5c3beaa131d1 - <<std[70759c8f55707aa4]::sys::backtrace::BacktraceLock>::print::DisplayBacktrace as core[df12db4294e9bfd3]::fmt::Display>::fmt
[INFO] [stdout]    1:     0x5c3beaa2822a - core[df12db4294e9bfd3]::fmt::write
[INFO] [stdout]    2:     0x5c3beaa17e9c - <alloc[2182bb758b4b3781]::vec::Vec<u8> as core[df12db4294e9bfd3]::io::write::Write>::write_fmt
[INFO] [stdout]    3:     0x5c3bea9ed0c6 - std[70759c8f55707aa4]::panicking::default_hook::{closure#0}
[INFO] [stdout]    4:     0x5c3beaa0a989 - std[70759c8f55707aa4]::panicking::default_hook
[INFO] [stdout]    5:     0x5c3bea535aa0 - test[9d35eded1c95d3be]::test_main_inner::<test[9d35eded1c95d3be]::test_main_static::{closure#0}>::{closure#0}
[INFO] [stdout]    6:     0x5c3beaa0ab42 - std[70759c8f55707aa4]::panicking::panic_with_hook
[INFO] [stdout]    7:     0x5c3bea9ed172 - std[70759c8f55707aa4]::panicking::panic_handler::{closure#0}
[INFO] [stderr] error: test failed, to rerun pass `--test bam_extract_e2e`
[INFO] [stdout]    8:     0x5c3bea9e5689 - std[70759c8f55707aa4]::sys::backtrace::__rust_end_short_backtrace::<std[70759c8f55707aa4]::panicking::panic_handler::{closure#0}, !>
[INFO] [stdout]    9:     0x5c3bea9ede7d - __rustc[8fa7c3cbc660c2b3]::rust_begin_unwind
[INFO] [stdout]   10:     0x5c3beaa2895c - core[df12db4294e9bfd3]::panicking::panic_fmt
[INFO] [stdout]   11:     0x5c3beaa28732 - core[df12db4294e9bfd3]::result::unwrap_failed
[INFO] [stdout]   12:     0x5c3bea50e361 - bam_extract_e2e[8417d8729e0abea6]::kir2dl1_sequence
[INFO] [stdout]   13:     0x5c3bea50e8ce - bam_extract_e2e[8417d8729e0abea6]::cli_pair_templates
[INFO] [stdout]   14:     0x5c3bea51a9a8 - <bam_extract_e2e[8417d8729e0abea6]::no_alignment_bam_equals_fastq_cli_grouped_stdin::{closure#0} as core[df12db4294e9bfd3]::ops::function::FnOnce<()>>::call_once
[INFO] [stdout]   15:     0x5c3bea528d8b - test[9d35eded1c95d3be]::__rust_begin_short_backtrace::<core[df12db4294e9bfd3]::result::Result<(), alloc[2182bb758b4b3781]::string::String>, fn() -> core[df12db4294e9bfd3]::result::Result<(), alloc[2182bb758b4b3781]::string::String>>
[INFO] [stdout]   16:     0x5c3bea5363f5 - test[9d35eded1c95d3be]::run_test::{closure#0}
[INFO] [stdout]   17:     0x5c3bea52fcb4 - std[70759c8f55707aa4]::sys::backtrace::__rust_begin_short_backtrace::<test[9d35eded1c95d3be]::run_test::{closure#1}, ()>
[INFO] [stdout]   18:     0x5c3bea539552 - <std[70759c8f55707aa4]::thread::lifecycle::spawn_unchecked<test[9d35eded1c95d3be]::run_test::{closure#1}, ()>::{closure#1} as core[df12db4294e9bfd3]::ops::function::FnOnce<()>>::call_once::{shim:vtable#0}
[INFO] [stdout]   19:     0x5c3beaa12229 - <std[70759c8f55707aa4]::sys::thread::unix::Thread>::new::thread_start
[INFO] [stdout]   20:     0x70ef0b2a6dfa - <unknown>
[INFO] [stdout]   21:     0x70ef0b33a3d4 - clone
[INFO] [stdout]   22:                0x0 - <unknown>
[INFO] [stdout] 
[INFO] [stdout] ---- sam_input_extracts_and_matches_bam stdout ----
[INFO] [stdout] 
[INFO] [stdout] thread 'sam_input_extracts_and_matches_bam' (14141) panicked at tests/bam_extract_e2e.rs:57:10:
[INFO] [stdout] parse coord fa: reading coord FASTA /opt/rustwide/workdir/../../fixtures/refbuild/golden/kir_rna_coord.fa
[INFO] [stdout] 
[INFO] [stdout] Caused by:
[INFO] [stdout]     No such file or directory (os error 2)
[INFO] [stdout] 
[INFO] [stdout] Stack backtrace:
[INFO] [stdout]    0: <core::io::error::Error as anyhow::context::ext::StdError>::ext_context::<alloc::string::String>
[INFO] [stdout]    1: unum_core::bam_extract::parse_coord_fa
[INFO] [stdout]    2: bam_extract_e2e::kir2dl1_sequence
[INFO] [stdout]    3: bam_extract_e2e::build_alignment_file
[INFO] [stdout]    4: <bam_extract_e2e::sam_input_extracts_and_matches_bam::{closure#0} as core::ops::function::FnOnce<()>>::call_once
[INFO] [stdout]    5: test::__rust_begin_short_backtrace::<core::result::Result<(), alloc::string::String>, fn() -> core::result::Result<(), alloc::string::String>>
[INFO] [stdout]    6: test::run_test::{closure#0}
[INFO] [stdout]    7: std::sys::backtrace::__rust_begin_short_backtrace::<test::run_test::{closure#1}, ()>
[INFO] [stdout]    8: <std::thread::lifecycle::spawn_unchecked<test::run_test::{closure#1}, ()>::{closure#1} as core::ops::function::FnOnce<()>>::call_once::{shim:vtable#0}
[INFO] [stdout]    9: <std::sys::thread::unix::Thread>::new::thread_start
[INFO] [stdout]   10: <unknown>
[INFO] [stdout]   11: clone
[INFO] [stdout] stack backtrace:
[INFO] [stdout]    0:     0x5c3beaa131d1 - <<std[70759c8f55707aa4]::sys::backtrace::BacktraceLock>::print::DisplayBacktrace as core[df12db4294e9bfd3]::fmt::Display>::fmt
[INFO] [stdout]    1:     0x5c3beaa2822a - core[df12db4294e9bfd3]::fmt::write
[INFO] [stdout]    2:     0x5c3beaa17e9c - <alloc[2182bb758b4b3781]::vec::Vec<u8> as core[df12db4294e9bfd3]::io::write::Write>::write_fmt
[INFO] [stdout]    3:     0x5c3bea9ed0c6 - std[70759c8f55707aa4]::panicking::default_hook::{closure#0}
[INFO] [stdout]    4:     0x5c3beaa0a989 - std[70759c8f55707aa4]::panicking::default_hook
[INFO] [stdout]    5:     0x5c3bea535aa0 - test[9d35eded1c95d3be]::test_main_inner::<test[9d35eded1c95d3be]::test_main_static::{closure#0}>::{closure#0}
[INFO] [stdout]    6:     0x5c3beaa0ab42 - std[70759c8f55707aa4]::panicking::panic_with_hook
[INFO] [stdout]    7:     0x5c3bea9ed172 - std[70759c8f55707aa4]::panicking::panic_handler::{closure#0}
[INFO] [stdout]    8:     0x5c3bea9e5689 - std[70759c8f55707aa4]::sys::backtrace::__rust_end_short_backtrace::<std[70759c8f55707aa4]::panicking::panic_handler::{closure#0}, !>
[INFO] [stdout]    9:     0x5c3bea9ede7d - __rustc[8fa7c3cbc660c2b3]::rust_begin_unwind
[INFO] [stdout]   10:     0x5c3beaa2895c - core[df12db4294e9bfd3]::panicking::panic_fmt
[INFO] [stdout]   11:     0x5c3beaa28732 - core[df12db4294e9bfd3]::result::unwrap_failed
[INFO] [stdout]   12:     0x5c3bea50e361 - bam_extract_e2e[8417d8729e0abea6]::kir2dl1_sequence
[INFO] [stdout]   13:     0x5c3bea50eea2 - bam_extract_e2e[8417d8729e0abea6]::build_alignment_file
[INFO] [stdout]   14:     0x5c3bea5152cd - <bam_extract_e2e[8417d8729e0abea6]::sam_input_extracts_and_matches_bam::{closure#0} as core[df12db4294e9bfd3]::ops::function::FnOnce<()>>::call_once
[INFO] [stdout]   15:     0x5c3bea528d8b - test[9d35eded1c95d3be]::__rust_begin_short_backtrace::<core[df12db4294e9bfd3]::result::Result<(), alloc[2182bb758b4b3781]::string::String>, fn() -> core[df12db4294e9bfd3]::result::Result<(), alloc[2182bb758b4b3781]::string::String>>
[INFO] [stdout]   16:     0x5c3bea5363f5 - test[9d35eded1c95d3be]::run_test::{closure#0}
[INFO] [stdout]   17:     0x5c3bea52fcb4 - std[70759c8f55707aa4]::sys::backtrace::__rust_begin_short_backtrace::<test[9d35eded1c95d3be]::run_test::{closure#1}, ()>
[INFO] [stdout]   18:     0x5c3bea539552 - <std[70759c8f55707aa4]::thread::lifecycle::spawn_unchecked<test[9d35eded1c95d3be]::run_test::{closure#1}, ()>::{closure#1} as core[df12db4294e9bfd3]::ops::function::FnOnce<()>>::call_once::{shim:vtable#0}
[INFO] [stdout]   19:     0x5c3beaa12229 - <std[70759c8f55707aa4]::sys::thread::unix::Thread>::new::thread_start
[INFO] [stdout]   20:     0x70ef0b2a6dfa - <unknown>
[INFO] [stdout]   21:     0x70ef0b33a3d4 - clone
[INFO] [stdout]   22:                0x0 - <unknown>
[INFO] [stdout] 
[INFO] [stdout] ---- grouped_alignment_bam_file_extracts stdout ----
[INFO] [stdout] 
[INFO] [stdout] thread 'grouped_alignment_bam_file_extracts' (14104) panicked at tests/bam_extract_e2e.rs:57:10:
[INFO] [stdout] parse coord fa: reading coord FASTA /opt/rustwide/workdir/../../fixtures/refbuild/golden/kir_rna_coord.fa
[INFO] [stdout] 
[INFO] [stdout] Caused by:
[INFO] [stdout]     No such file or directory (os error 2)
[INFO] [stdout] 
[INFO] [stdout] Stack backtrace:
[INFO] [stdout]    0: <core::io::error::Error as anyhow::context::ext::StdError>::ext_context::<alloc::string::String>
[INFO] [stdout]    1: unum_core::bam_extract::parse_coord_fa
[INFO] [stdout]    2: bam_extract_e2e::kir2dl1_sequence
[INFO] [stdout]    3: bam_extract_e2e::build_alignment_file
[INFO] [stdout]    4: <bam_extract_e2e::grouped_alignment_bam_file_extracts::{closure#0} as core::ops::function::FnOnce<()>>::call_once
[INFO] [stdout]    5: test::__rust_begin_short_backtrace::<core::result::Result<(), alloc::string::String>, fn() -> core::result::Result<(), alloc::string::String>>
[INFO] [stdout]    6: test::run_test::{closure#0}
[INFO] [stdout]    7: std::sys::backtrace::__rust_begin_short_backtrace::<test::run_test::{closure#1}, ()>
[INFO] [stdout]    8: <std::thread::lifecycle::spawn_unchecked<test::run_test::{closure#1}, ()>::{closure#1} as core::ops::function::FnOnce<()>>::call_once::{shim:vtable#0}
[INFO] [stdout]    9: <std::sys::thread::unix::Thread>::new::thread_start
[INFO] [stdout]   10: <unknown>
[INFO] [stdout]   11: clone
[INFO] [stdout] stack backtrace:
[INFO] [stdout]    0:     0x5c3beaa131d1 - <<std[70759c8f55707aa4]::sys::backtrace::BacktraceLock>::print::DisplayBacktrace as core[df12db4294e9bfd3]::fmt::Display>::fmt
[INFO] [stdout]    1:     0x5c3beaa2822a - core[df12db4294e9bfd3]::fmt::write
[INFO] [stdout]    2:     0x5c3beaa17e9c - <alloc[2182bb758b4b3781]::vec::Vec<u8> as core[df12db4294e9bfd3]::io::write::Write>::write_fmt
[INFO] [stdout]    3:     0x5c3bea9ed0c6 - std[70759c8f55707aa4]::panicking::default_hook::{closure#0}
[INFO] [stdout]    4:     0x5c3beaa0a989 - std[70759c8f55707aa4]::panicking::default_hook
[INFO] [stdout]    5:     0x5c3bea535aa0 - test[9d35eded1c95d3be]::test_main_inner::<test[9d35eded1c95d3be]::test_main_static::{closure#0}>::{closure#0}
[INFO] [stdout]    6:     0x5c3beaa0ab42 - std[70759c8f55707aa4]::panicking::panic_with_hook
[INFO] [stdout]    7:     0x5c3bea9ed172 - std[70759c8f55707aa4]::panicking::panic_handler::{closure#0}
[INFO] [stdout]    8:     0x5c3bea9e5689 - std[70759c8f55707aa4]::sys::backtrace::__rust_end_short_backtrace::<std[70759c8f55707aa4]::panicking::panic_handler::{closure#0}, !>
[INFO] [stdout]    9:     0x5c3bea9ede7d - __rustc[8fa7c3cbc660c2b3]::rust_begin_unwind
[INFO] [stdout]   10:     0x5c3beaa2895c - core[df12db4294e9bfd3]::panicking::panic_fmt
[INFO] [stdout]   11:     0x5c3beaa28732 - core[df12db4294e9bfd3]::result::unwrap_failed
[INFO] [stdout]   12:     0x5c3bea50e361 - bam_extract_e2e[8417d8729e0abea6]::kir2dl1_sequence
[INFO] [stdout]   13:     0x5c3bea50eea2 - bam_extract_e2e[8417d8729e0abea6]::build_alignment_file
[INFO] [stdout]   14:     0x5c3bea51600f - <bam_extract_e2e[8417d8729e0abea6]::grouped_alignment_bam_file_extracts::{closure#0} as core[df12db4294e9bfd3]::ops::function::FnOnce<()>>::call_once
[INFO] [stdout]   15:     0x5c3bea528d8b - test[9d35eded1c95d3be]::__rust_begin_short_backtrace::<core[df12db4294e9bfd3]::result::Result<(), alloc[2182bb758b4b3781]::string::String>, fn() -> core[df12db4294e9bfd3]::result::Result<(), alloc[2182bb758b4b3781]::string::String>>
[INFO] [stdout]   16:     0x5c3bea5363f5 - test[9d35eded1c95d3be]::run_test::{closure#0}
[INFO] [stdout]   17:     0x5c3bea52fcb4 - std[70759c8f55707aa4]::sys::backtrace::__rust_begin_short_backtrace::<test[9d35eded1c95d3be]::run_test::{closure#1}, ()>
[INFO] [stdout]   18:     0x5c3bea539552 - <std[70759c8f55707aa4]::thread::lifecycle::spawn_unchecked<test[9d35eded1c95d3be]::run_test::{closure#1}, ()>::{closure#1} as core[df12db4294e9bfd3]::ops::function::FnOnce<()>>::call_once::{shim:vtable#0}
[INFO] [stdout]   19:     0x5c3beaa12229 - <std[70759c8f55707aa4]::sys::thread::unix::Thread>::new::thread_start
[INFO] [stdout]   20:     0x70ef0b2a6dfa - <unknown>
[INFO] [stdout]   21:     0x70ef0b33a3d4 - clone
[INFO] [stdout]   22:                0x0 - <unknown>
[INFO] [stdout] 
[INFO] [stdout] ---- no_alignment_mode_on_name_sorted_bam_runs_the_grouped_one_pass stdout ----
[INFO] [stdout] 
[INFO] [stdout] thread 'no_alignment_mode_on_name_sorted_bam_runs_the_grouped_one_pass' (14111) panicked at tests/bam_extract_e2e.rs:57:10:
[INFO] [stdout] parse coord fa: reading coord FASTA /opt/rustwide/workdir/../../fixtures/refbuild/golden/kir_rna_coord.fa
[INFO] [stdout] 
[INFO] [stdout] Caused by:
[INFO] [stdout]     No such file or directory (os error 2)
[INFO] [stdout] 
[INFO] [stdout] Stack backtrace:
[INFO] [stdout]    0: <core::io::error::Error as anyhow::context::ext::StdError>::ext_context::<alloc::string::String>
[INFO] [stdout]    1: unum_core::bam_extract::parse_coord_fa
[INFO] [stdout]    2: bam_extract_e2e::kir2dl1_sequence
[INFO] [stdout]    3: bam_extract_e2e::build_alignment_file
[INFO] [stdout]    4: <bam_extract_e2e::no_alignment_mode_on_name_sorted_bam_runs_the_grouped_one_pass::{closure#0} as core::ops::function::FnOnce<()>>::call_once
[INFO] [stdout]    5: test::__rust_begin_short_backtrace::<core::result::Result<(), alloc::string::String>, fn() -> core::result::Result<(), alloc::string::String>>
[INFO] [stdout]    6: test::run_test::{closure#0}
[INFO] [stdout]    7: std::sys::backtrace::__rust_begin_short_backtrace::<test::run_test::{closure#1}, ()>
[INFO] [stdout]    8: <std::thread::lifecycle::spawn_unchecked<test::run_test::{closure#1}, ()>::{closure#1} as core::ops::function::FnOnce<()>>::call_once::{shim:vtable#0}
[INFO] [stdout]    9: <std::sys::thread::unix::Thread>::new::thread_start
[INFO] [stdout]   10: <unknown>
[INFO] [stdout]   11: clone
[INFO] [stdout] stack backtrace:
[INFO] [stdout]    0:     0x5c3beaa131d1 - <<std[70759c8f55707aa4]::sys::backtrace::BacktraceLock>::print::DisplayBacktrace as core[df12db4294e9bfd3]::fmt::Display>::fmt
[INFO] [stdout]    1:     0x5c3beaa2822a - core[df12db4294e9bfd3]::fmt::write
[INFO] [stdout]    2:     0x5c3beaa17e9c - <alloc[2182bb758b4b3781]::vec::Vec<u8> as core[df12db4294e9bfd3]::io::write::Write>::write_fmt
[INFO] [stdout]    3:     0x5c3bea9ed0c6 - std[70759c8f55707aa4]::panicking::default_hook::{closure#0}
[INFO] [stdout]    4:     0x5c3beaa0a989 - std[70759c8f55707aa4]::panicking::default_hook
[INFO] [stdout]    5:     0x5c3bea535aa0 - test[9d35eded1c95d3be]::test_main_inner::<test[9d35eded1c95d3be]::test_main_static::{closure#0}>::{closure#0}
[INFO] [stdout]    6:     0x5c3beaa0ab42 - std[70759c8f55707aa4]::panicking::panic_with_hook
[INFO] [stdout]    7:     0x5c3bea9ed172 - std[70759c8f55707aa4]::panicking::panic_handler::{closure#0}
[INFO] [stdout]    8:     0x5c3bea9e5689 - std[70759c8f55707aa4]::sys::backtrace::__rust_end_short_backtrace::<std[70759c8f55707aa4]::panicking::panic_handler::{closure#0}, !>
[INFO] [stdout]    9:     0x5c3bea9ede7d - __rustc[8fa7c3cbc660c2b3]::rust_begin_unwind
[INFO] [stdout]   10:     0x5c3beaa2895c - core[df12db4294e9bfd3]::panicking::panic_fmt
[INFO] [stdout]   11:     0x5c3beaa28732 - core[df12db4294e9bfd3]::result::unwrap_failed
[INFO] [stdout]   12:     0x5c3bea50e361 - bam_extract_e2e[8417d8729e0abea6]::kir2dl1_sequence
[INFO] [stdout]   13:     0x5c3bea50eea2 - bam_extract_e2e[8417d8729e0abea6]::build_alignment_file
[INFO] [stdout]   14:     0x5c3bea52186f - <bam_extract_e2e[8417d8729e0abea6]::no_alignment_mode_on_name_sorted_bam_runs_the_grouped_one_pass::{closure#0} as core[df12db4294e9bfd3]::ops::function::FnOnce<()>>::call_once
[INFO] [stdout]   15:     0x5c3bea528d8b - test[9d35eded1c95d3be]::__rust_begin_short_backtrace::<core[df12db4294e9bfd3]::result::Result<(), alloc[2182bb758b4b3781]::string::String>, fn() -> core[df12db4294e9bfd3]::result::Result<(), alloc[2182bb758b4b3781]::string::String>>
[INFO] [stdout]   16:     0x5c3bea5363f5 - test[9d35eded1c95d3be]::run_test::{closure#0}
[INFO] [stdout]   17:     0x5c3bea52fcb4 - std[70759c8f55707aa4]::sys::backtrace::__rust_begin_short_backtrace::<test[9d35eded1c95d3be]::run_test::{closure#1}, ()>
[INFO] [stdout]   18:     0x5c3bea539552 - <std[70759c8f55707aa4]::thread::lifecycle::spawn_unchecked<test[9d35eded1c95d3be]::run_test::{closure#1}, ()>::{closure#1} as core[df12db4294e9bfd3]::ops::function::FnOnce<()>>::call_once::{shim:vtable#0}
[INFO] [stdout]   19:     0x5c3beaa12229 - <std[70759c8f55707aa4]::sys::thread::unix::Thread>::new::thread_start
[INFO] [stdout]   20:     0x70ef0b2a6dfa - <unknown>
[INFO] [stdout]   21:     0x70ef0b33a3d4 - clone
[INFO] [stdout]   22:                0x0 - <unknown>
[INFO] [stdout] 
[INFO] [stdout] ---- no_alignment_mode_on_coordinate_bam_runs_the_two_pass stdout ----
[INFO] [stdout] 
[INFO] [stdout] thread 'no_alignment_mode_on_coordinate_bam_runs_the_two_pass' (14110) panicked at tests/bam_extract_e2e.rs:57:10:
[INFO] [stdout] parse coord fa: reading coord FASTA /opt/rustwide/workdir/../../fixtures/refbuild/golden/kir_rna_coord.fa
[INFO] [stdout] 
[INFO] [stdout] Caused by:
[INFO] [stdout]     No such file or directory (os error 2)
[INFO] [stdout] 
[INFO] [stdout] Stack backtrace:
[INFO] [stdout]    0: <core::io::error::Error as anyhow::context::ext::StdError>::ext_context::<alloc::string::String>
[INFO] [stdout]    1: unum_core::bam_extract::parse_coord_fa
[INFO] [stdout]    2: bam_extract_e2e::kir2dl1_sequence
[INFO] [stdout]    3: bam_extract_e2e::build_alignment_file
[INFO] [stdout]    4: <bam_extract_e2e::no_alignment_mode_on_coordinate_bam_runs_the_two_pass::{closure#0} as core::ops::function::FnOnce<()>>::call_once
[INFO] [stdout]    5: test::__rust_begin_short_backtrace::<core::result::Result<(), alloc::string::String>, fn() -> core::result::Result<(), alloc::string::String>>
[INFO] [stdout]    6: test::run_test::{closure#0}
[INFO] [stdout]    7: std::sys::backtrace::__rust_begin_short_backtrace::<test::run_test::{closure#1}, ()>
[INFO] [stdout]    8: <std::thread::lifecycle::spawn_unchecked<test::run_test::{closure#1}, ()>::{closure#1} as core::ops::function::FnOnce<()>>::call_once::{shim:vtable#0}
[INFO] [stdout]    9: <std::sys::thread::unix::Thread>::new::thread_start
[INFO] [stdout]   10: <unknown>
[INFO] [stdout]   11: clone
[INFO] [stdout] stack backtrace:
[INFO] [stdout]    0:     0x5c3beaa131d1 - <<std[70759c8f55707aa4]::sys::backtrace::BacktraceLock>::print::DisplayBacktrace as core[df12db4294e9bfd3]::fmt::Display>::fmt
[INFO] [stdout]    1:     0x5c3beaa2822a - core[df12db4294e9bfd3]::fmt::write
[INFO] [stdout]    2:     0x5c3beaa17e9c - <alloc[2182bb758b4b3781]::vec::Vec<u8> as core[df12db4294e9bfd3]::io::write::Write>::write_fmt
[INFO] [stdout]    3:     0x5c3bea9ed0c6 - std[70759c8f55707aa4]::panicking::default_hook::{closure#0}
[INFO] [stdout]    4:     0x5c3beaa0a989 - std[70759c8f55707aa4]::panicking::default_hook
[INFO] [stdout]    5:     0x5c3bea535aa0 - test[9d35eded1c95d3be]::test_main_inner::<test[9d35eded1c95d3be]::test_main_static::{closure#0}>::{closure#0}
[INFO] [stdout]    6:     0x5c3beaa0ab42 - std[70759c8f55707aa4]::panicking::panic_with_hook
[INFO] [stdout]    7:     0x5c3bea9ed172 - std[70759c8f55707aa4]::panicking::panic_handler::{closure#0}
[INFO] [stdout]    8:     0x5c3bea9e5689 - std[70759c8f55707aa4]::sys::backtrace::__rust_end_short_backtrace::<std[70759c8f55707aa4]::panicking::panic_handler::{closure#0}, !>
[INFO] [stdout]    9:     0x5c3bea9ede7d - __rustc[8fa7c3cbc660c2b3]::rust_begin_unwind
[INFO] [stdout]   10:     0x5c3beaa2895c - core[df12db4294e9bfd3]::panicking::panic_fmt
[INFO] [stdout]   11:     0x5c3beaa28732 - core[df12db4294e9bfd3]::result::unwrap_failed
[INFO] [stdout]   12:     0x5c3bea50e361 - bam_extract_e2e[8417d8729e0abea6]::kir2dl1_sequence
[INFO] [stdout]   13:     0x5c3bea50eea2 - bam_extract_e2e[8417d8729e0abea6]::build_alignment_file
[INFO] [stdout]   14:     0x5c3bea51e31f - <bam_extract_e2e[8417d8729e0abea6]::no_alignment_mode_on_coordinate_bam_runs_the_two_pass::{closure#0} as core[df12db4294e9bfd3]::ops::function::FnOnce<()>>::call_once
[INFO] [stdout]   15:     0x5c3bea528d8b - test[9d35eded1c95d3be]::__rust_begin_short_backtrace::<core[df12db4294e9bfd3]::result::Result<(), alloc[2182bb758b4b3781]::string::String>, fn() -> core[df12db4294e9bfd3]::result::Result<(), alloc[2182bb758b4b3781]::string::String>>
[INFO] [stdout]   16:     0x5c3bea5363f5 - test[9d35eded1c95d3be]::run_test::{closure#0}
[INFO] [stdout]   17:     0x5c3bea52fcb4 - std[70759c8f55707aa4]::sys::backtrace::__rust_begin_short_backtrace::<test[9d35eded1c95d3be]::run_test::{closure#1}, ()>
[INFO] [stdout]   18:     0x5c3bea539552 - <std[70759c8f55707aa4]::thread::lifecycle::spawn_unchecked<test[9d35eded1c95d3be]::run_test::{closure#1}, ()>::{closure#1} as core[df12db4294e9bfd3]::ops::function::FnOnce<()>>::call_once::{shim:vtable#0}
[INFO] [stdout]   19:     0x5c3beaa12229 - <std[70759c8f55707aa4]::sys::thread::unix::Thread>::new::thread_start
[INFO] [stdout]   20:     0x70ef0b2a6dfa - <unknown>
[INFO] [stdout]   21:     0x70ef0b33a3d4 - clone
[INFO] [stdout]   22:                0x0 - <unknown>
[INFO] [stdout] 
[INFO] [stdout] ---- no_alignment_bam_equals_fastq_cli_grouped stdout ----
[INFO] [stdout] 
[INFO] [stdout] thread 'no_alignment_bam_equals_fastq_cli_grouped' (14108) panicked at tests/bam_extract_e2e.rs:57:10:
[INFO] [stdout] parse coord fa: reading coord FASTA /opt/rustwide/workdir/../../fixtures/refbuild/golden/kir_rna_coord.fa
[INFO] [stdout] 
[INFO] [stdout] Caused by:
[INFO] [stdout]     No such file or directory (os error 2)
[INFO] [stdout] 
[INFO] [stdout] Stack backtrace:
[INFO] [stdout]    0: <core::io::error::Error as anyhow::context::ext::StdError>::ext_context::<alloc::string::String>
[INFO] [stdout]    1: unum_core::bam_extract::parse_coord_fa
[INFO] [stdout]    2: bam_extract_e2e::kir2dl1_sequence
[INFO] [stdout]    3: bam_extract_e2e::cli_pair_templates
[INFO] [stdout]    4: <bam_extract_e2e::no_alignment_bam_equals_fastq_cli_grouped::{closure#0} as core::ops::function::FnOnce<()>>::call_once
[INFO] [stdout]    5: test::__rust_begin_short_backtrace::<core::result::Result<(), alloc::string::String>, fn() -> core::result::Result<(), alloc::string::String>>
[INFO] [stdout]    6: test::run_test::{closure#0}
[INFO] [stdout]    7: std::sys::backtrace::__rust_begin_short_backtrace::<test::run_test::{closure#1}, ()>
[INFO] [stdout]    8: <std::thread::lifecycle::spawn_unchecked<test::run_test::{closure#1}, ()>::{closure#1} as core::ops::function::FnOnce<()>>::call_once::{shim:vtable#0}
[INFO] [stdout]    9: <std::sys::thread::unix::Thread>::new::thread_start
[INFO] [stdout]   10: <unknown>
[INFO] [stdout]   11: clone
[INFO] [stdout] stack backtrace:
[INFO] [stdout]    0:     0x5c3beaa131d1 - <<std[70759c8f55707aa4]::sys::backtrace::BacktraceLock>::print::DisplayBacktrace as core[df12db4294e9bfd3]::fmt::Display>::fmt
[INFO] [stdout]    1:     0x5c3beaa2822a - core[df12db4294e9bfd3]::fmt::write
[INFO] [stdout]    2:     0x5c3beaa17e9c - <alloc[2182bb758b4b3781]::vec::Vec<u8> as core[df12db4294e9bfd3]::io::write::Write>::write_fmt
[INFO] [stdout]    3:     0x5c3bea9ed0c6 - std[70759c8f55707aa4]::panicking::default_hook::{closure#0}
[INFO] [stdout]    4:     0x5c3beaa0a989 - std[70759c8f55707aa4]::panicking::default_hook
[INFO] [stdout]    5:     0x5c3bea535aa0 - test[9d35eded1c95d3be]::test_main_inner::<test[9d35eded1c95d3be]::test_main_static::{closure#0}>::{closure#0}
[INFO] [stdout]    6:     0x5c3beaa0ab42 - std[70759c8f55707aa4]::panicking::panic_with_hook
[INFO] [stdout]    7:     0x5c3bea9ed172 - std[70759c8f55707aa4]::panicking::panic_handler::{closure#0}
[INFO] [stdout]    8:     0x5c3bea9e5689 - std[70759c8f55707aa4]::sys::backtrace::__rust_end_short_backtrace::<std[70759c8f55707aa4]::panicking::panic_handler::{closure#0}, !>
[INFO] [stdout]    9:     0x5c3bea9ede7d - __rustc[8fa7c3cbc660c2b3]::rust_begin_unwind
[INFO] [stdout]   10:     0x5c3beaa2895c - core[df12db4294e9bfd3]::panicking::panic_fmt
[INFO] [stdout]   11:     0x5c3beaa28732 - core[df12db4294e9bfd3]::result::unwrap_failed
[INFO] [stdout]   12:     0x5c3bea50e361 - bam_extract_e2e[8417d8729e0abea6]::kir2dl1_sequence
[INFO] [stdout]   13:     0x5c3bea50e8ce - bam_extract_e2e[8417d8729e0abea6]::cli_pair_templates
[INFO] [stdout]   14:     0x5c3bea516bd5 - <bam_extract_e2e[8417d8729e0abea6]::no_alignment_bam_equals_fastq_cli_grouped::{closure#0} as core[df12db4294e9bfd3]::ops::function::FnOnce<()>>::call_once
[INFO] [stdout]   15:     0x5c3bea528d8b - test[9d35eded1c95d3be]::__rust_begin_short_backtrace::<core[df12db4294e9bfd3]::result::Result<(), alloc[2182bb758b4b3781]::string::String>, fn() -> core[df12db4294e9bfd3]::result::Result<(), alloc[2182bb758b4b3781]::string::String>>
[INFO] [stdout]   16:     0x5c3bea5363f5 - test[9d35eded1c95d3be]::run_test::{closure#0}
[INFO] [stdout]   17:     0x5c3bea52fcb4 - std[70759c8f55707aa4]::sys::backtrace::__rust_begin_short_backtrace::<test[9d35eded1c95d3be]::run_test::{closure#1}, ()>
[INFO] [stdout]   18:     0x5c3bea539552 - <std[70759c8f55707aa4]::thread::lifecycle::spawn_unchecked<test[9d35eded1c95d3be]::run_test::{closure#1}, ()>::{closure#1} as core[df12db4294e9bfd3]::ops::function::FnOnce<()>>::call_once::{shim:vtable#0}
[INFO] [stdout]   19:     0x5c3beaa12229 - <std[70759c8f55707aa4]::sys::thread::unix::Thread>::new::thread_start
[INFO] [stdout]   20:     0x70ef0b2a6dfa - <unknown>
[INFO] [stdout]   21:     0x70ef0b33a3d4 - clone
[INFO] [stdout]   22:                0x0 - <unknown>
[INFO] [stdout] 
[INFO] [stdout] ---- unsorted_alignment_still_errors stdout ----
[INFO] [stdout] 
[INFO] [stdout] thread 'unsorted_alignment_still_errors' (14144) panicked at tests/bam_extract_e2e.rs:57:10:
[INFO] [stdout] parse coord fa: reading coord FASTA /opt/rustwide/workdir/../../fixtures/refbuild/golden/kir_rna_coord.fa
[INFO] [stdout] 
[INFO] [stdout] Caused by:
[INFO] [stdout]     No such file or directory (os error 2)
[INFO] [stdout] 
[INFO] [stdout] Stack backtrace:
[INFO] [stdout]    0: <core::io::error::Error as anyhow::context::ext::StdError>::ext_context::<alloc::string::String>
[INFO] [stdout]    1: unum_core::bam_extract::parse_coord_fa
[INFO] [stdout]    2: bam_extract_e2e::kir2dl1_sequence
[INFO] [stdout]    3: bam_extract_e2e::build_alignment_file
[INFO] [stdout]    4: <bam_extract_e2e::unsorted_alignment_still_errors::{closure#0} as core::ops::function::FnOnce<()>>::call_once
[INFO] [stdout]    5: test::__rust_begin_short_backtrace::<core::result::Result<(), alloc::string::String>, fn() -> core::result::Result<(), alloc::string::String>>
[INFO] [stdout]    6: test::run_test::{closure#0}
[INFO] [stdout]    7: std::sys::backtrace::__rust_begin_short_backtrace::<test::run_test::{closure#1}, ()>
[INFO] [stdout]    8: <std::thread::lifecycle::spawn_unchecked<test::run_test::{closure#1}, ()>::{closure#1} as core::ops::function::FnOnce<()>>::call_once::{shim:vtable#0}
[INFO] [stdout]    9: <std::sys::thread::unix::Thread>::new::thread_start
[INFO] [stdout]   10: <unknown>
[INFO] [stdout]   11: clone
[INFO] [stdout] stack backtrace:
[INFO] [stdout]    0:     0x5c3beaa131d1 - <<std[70759c8f55707aa4]::sys::backtrace::BacktraceLock>::print::DisplayBacktrace as core[df12db4294e9bfd3]::fmt::Display>::fmt
[INFO] [stdout]    1:     0x5c3beaa2822a - core[df12db4294e9bfd3]::fmt::write
[INFO] [stdout]    2:     0x5c3beaa17e9c - <alloc[2182bb758b4b3781]::vec::Vec<u8> as core[df12db4294e9bfd3]::io::write::Write>::write_fmt
[INFO] [stdout]    3:     0x5c3bea9ed0c6 - std[70759c8f55707aa4]::panicking::default_hook::{closure#0}
[INFO] [stdout]    4:     0x5c3beaa0a989 - std[70759c8f55707aa4]::panicking::default_hook
[INFO] [stdout]    5:     0x5c3bea535aa0 - test[9d35eded1c95d3be]::test_main_inner::<test[9d35eded1c95d3be]::test_main_static::{closure#0}>::{closure#0}
[INFO] [stdout]    6:     0x5c3beaa0ab42 - std[70759c8f55707aa4]::panicking::panic_with_hook
[INFO] [stdout]    7:     0x5c3bea9ed172 - std[70759c8f55707aa4]::panicking::panic_handler::{closure#0}
[INFO] [stdout]    8:     0x5c3bea9e5689 - std[70759c8f55707aa4]::sys::backtrace::__rust_end_short_backtrace::<std[70759c8f55707aa4]::panicking::panic_handler::{closure#0}, !>
[INFO] [stdout]    9:     0x5c3bea9ede7d - __rustc[8fa7c3cbc660c2b3]::rust_begin_unwind
[INFO] [stdout]   10:     0x5c3beaa2895c - core[df12db4294e9bfd3]::panicking::panic_fmt
[INFO] [stdout]   11:     0x5c3beaa28732 - core[df12db4294e9bfd3]::result::unwrap_failed
[INFO] [stdout]   12:     0x5c3bea50e361 - bam_extract_e2e[8417d8729e0abea6]::kir2dl1_sequence
[INFO] [stdout]   13:     0x5c3bea50eea2 - bam_extract_e2e[8417d8729e0abea6]::build_alignment_file
[INFO] [stdout]   14:     0x5c3bea51451f - <bam_extract_e2e[8417d8729e0abea6]::unsorted_alignment_still_errors::{closure#0} as core[df12db4294e9bfd3]::ops::function::FnOnce<()>>::call_once
[INFO] [stdout]   15:     0x5c3bea528d8b - test[9d35eded1c95d3be]::__rust_begin_short_backtrace::<core[df12db4294e9bfd3]::result::Result<(), alloc[2182bb758b4b3781]::string::String>, fn() -> core[df12db4294e9bfd3]::result::Result<(), alloc[2182bb758b4b3781]::string::String>>
[INFO] [stdout]   16:     0x5c3bea5363f5 - test[9d35eded1c95d3be]::run_test::{closure#0}
[INFO] [stdout]   17:     0x5c3bea52fcb4 - std[70759c8f55707aa4]::sys::backtrace::__rust_begin_short_backtrace::<test[9d35eded1c95d3be]::run_test::{closure#1}, ()>
[INFO] [stdout]   18:     0x5c3bea539552 - <std[70759c8f55707aa4]::thread::lifecycle::spawn_unchecked<test[9d35eded1c95d3be]::run_test::{closure#1}, ()>::{closure#1} as core[df12db4294e9bfd3]::ops::function::FnOnce<()>>::call_once::{shim:vtable#0}
[INFO] [stdout]   19:     0x5c3beaa12229 - <std[70759c8f55707aa4]::sys::thread::unix::Thread>::new::thread_start
[INFO] [stdout]   20:     0x70ef0b2a6dfa - <unknown>
[INFO] [stdout]   21:     0x70ef0b33a3d4 - clone
[INFO] [stdout]   22:                0x0 - <unknown>
[INFO] [stdout] 
[INFO] [stdout] ---- run_fastq_with_coord_fasta_is_rejected stdout ----
[INFO] [stdout] 
[INFO] [stdout] thread 'run_fastq_with_coord_fasta_is_rejected' (14140) panicked at tests/bam_extract_e2e.rs:57:10:
[INFO] [stdout] parse coord fa: reading coord FASTA /opt/rustwide/workdir/../../fixtures/refbuild/golden/kir_rna_coord.fa
[INFO] [stdout] 
[INFO] [stdout] Caused by:
[INFO] [stdout]     No such file or directory (os error 2)
[INFO] [stdout] 
[INFO] [stdout] Stack backtrace:
[INFO] [stdout]    0: <core::io::error::Error as anyhow::context::ext::StdError>::ext_context::<alloc::string::String>
[INFO] [stdout]    1: unum_core::bam_extract::parse_coord_fa
[INFO] [stdout]    2: bam_extract_e2e::kir2dl1_sequence
[INFO] [stdout]    3: bam_extract_e2e::write_run_no_alignment_ref_fasta
[INFO] [stdout]    4: <bam_extract_e2e::run_fastq_with_coord_fasta_is_rejected::{closure#0} as core::ops::function::FnOnce<()>>::call_once
[INFO] [stdout]    5: test::__rust_begin_short_backtrace::<core::result::Result<(), alloc::string::String>, fn() -> core::result::Result<(), alloc::string::String>>
[INFO] [stdout]    6: test::run_test::{closure#0}
[INFO] [stdout]    7: std::sys::backtrace::__rust_begin_short_backtrace::<test::run_test::{closure#1}, ()>
[INFO] [stdout]    8: <std::thread::lifecycle::spawn_unchecked<test::run_test::{closure#1}, ()>::{closure#1} as core::ops::function::FnOnce<()>>::call_once::{shim:vtable#0}
[INFO] [stdout]    9: <std::sys::thread::unix::Thread>::new::thread_start
[INFO] [stdout]   10: <unknown>
[INFO] [stdout]   11: clone
[INFO] [stdout] stack backtrace:
[INFO] [stdout]    0:     0x5c3beaa131d1 - <<std[70759c8f55707aa4]::sys::backtrace::BacktraceLock>::print::DisplayBacktrace as core[df12db4294e9bfd3]::fmt::Display>::fmt
[INFO] [stdout]    1:     0x5c3beaa2822a - core[df12db4294e9bfd3]::fmt::write
[INFO] [stdout]    2:     0x5c3beaa17e9c - <alloc[2182bb758b4b3781]::vec::Vec<u8> as core[df12db4294e9bfd3]::io::write::Write>::write_fmt
[INFO] [stdout]    3:     0x5c3bea9ed0c6 - std[70759c8f55707aa4]::panicking::default_hook::{closure#0}
[INFO] [stdout]    4:     0x5c3beaa0a989 - std[70759c8f55707aa4]::panicking::default_hook
[INFO] [stdout]    5:     0x5c3bea535aa0 - test[9d35eded1c95d3be]::test_main_inner::<test[9d35eded1c95d3be]::test_main_static::{closure#0}>::{closure#0}
[INFO] [stdout]    6:     0x5c3beaa0ab42 - std[70759c8f55707aa4]::panicking::panic_with_hook
[INFO] [stdout]    7:     0x5c3bea9ed172 - std[70759c8f55707aa4]::panicking::panic_handler::{closure#0}
[INFO] [stdout]    8:     0x5c3bea9e5689 - std[70759c8f55707aa4]::sys::backtrace::__rust_end_short_backtrace::<std[70759c8f55707aa4]::panicking::panic_handler::{closure#0}, !>
[INFO] [stdout]    9:     0x5c3bea9ede7d - __rustc[8fa7c3cbc660c2b3]::rust_begin_unwind
[INFO] [stdout]   10:     0x5c3beaa2895c - core[df12db4294e9bfd3]::panicking::panic_fmt
[INFO] [stdout]   11:     0x5c3beaa28732 - core[df12db4294e9bfd3]::result::unwrap_failed
[INFO] [stdout]   12:     0x5c3bea50e361 - bam_extract_e2e[8417d8729e0abea6]::kir2dl1_sequence
[INFO] [stdout]   13:     0x5c3bea511dc1 - bam_extract_e2e[8417d8729e0abea6]::write_run_no_alignment_ref_fasta
[INFO] [stdout]   14:     0x5c3bea51651f - <bam_extract_e2e[8417d8729e0abea6]::run_fastq_with_coord_fasta_is_rejected::{closure#0} as core[df12db4294e9bfd3]::ops::function::FnOnce<()>>::call_once
[INFO] [stdout]   15:     0x5c3bea528d8b - test[9d35eded1c95d3be]::__rust_begin_short_backtrace::<core[df12db4294e9bfd3]::result::Result<(), alloc[2182bb758b4b3781]::string::String>, fn() -> core[df12db4294e9bfd3]::result::Result<(), alloc[2182bb758b4b3781]::string::String>>
[INFO] [stdout]   16:     0x5c3bea5363f5 - test[9d35eded1c95d3be]::run_test::{closure#0}
[INFO] [stdout]   17:     0x5c3bea52fcb4 - std[70759c8f55707aa4]::sys::backtrace::__rust_begin_short_backtrace::<test[9d35eded1c95d3be]::run_test::{closure#1}, ()>
[INFO] [stdout]   18:     0x5c3bea539552 - <std[70759c8f55707aa4]::thread::lifecycle::spawn_unchecked<test[9d35eded1c95d3be]::run_test::{closure#1}, ()>::{closure#1} as core[df12db4294e9bfd3]::ops::function::FnOnce<()>>::call_once::{shim:vtable#0}
[INFO] [stdout]   19:     0x5c3beaa12229 - <std[70759c8f55707aa4]::sys::thread::unix::Thread>::new::thread_start
[INFO] [stdout]   20:     0x70ef0b2a6dfa - <unknown>
[INFO] [stdout]   21:     0x70ef0b33a3d4 - clone
[INFO] [stdout]   22:                0x0 - <unknown>
[INFO] [stdout] 
[INFO] [stdout] ---- stdin_alignment_grouped_extracts stdout ----
[INFO] [stdout] 
[INFO] [stdout] thread 'stdin_alignment_grouped_extracts' (14142) panicked at tests/bam_extract_e2e.rs:57:10:
[INFO] [stdout] parse coord fa: reading coord FASTA /opt/rustwide/workdir/../../fixtures/refbuild/golden/kir_rna_coord.fa
[INFO] [stdout] 
[INFO] [stdout] Caused by:
[INFO] [stdout]     No such file or directory (os error 2)
[INFO] [stdout] 
[INFO] [stdout] Stack backtrace:
[INFO] [stdout]    0: <core::io::error::Error as anyhow::context::ext::StdError>::ext_context::<alloc::string::String>
[INFO] [stdout]    1: unum_core::bam_extract::parse_coord_fa
[INFO] [stdout]    2: bam_extract_e2e::kir2dl1_sequence
[INFO] [stdout]    3: bam_extract_e2e::build_alignment_file
[INFO] [stdout]    4: <bam_extract_e2e::stdin_alignment_grouped_extracts::{closure#0} as core::ops::function::FnOnce<()>>::call_once
[INFO] [stdout]    5: test::__rust_begin_short_backtrace::<core::result::Result<(), alloc::string::String>, fn() -> core::result::Result<(), alloc::string::String>>
[INFO] [stdout]    6: test::run_test::{closure#0}
[INFO] [stdout]    7: std::sys::backtrace::__rust_begin_short_backtrace::<test::run_test::{closure#1}, ()>
[INFO] [stdout]    8: <std::thread::lifecycle::spawn_unchecked<test::run_test::{closure#1}, ()>::{closure#1} as core::ops::function::FnOnce<()>>::call_once::{shim:vtable#0}
[INFO] [stdout]    9: <std::sys::thread::unix::Thread>::new::thread_start
[INFO] [stdout]   10: <unknown>
[INFO] [stdout]   11: clone
[INFO] [stdout] stack backtrace:
[INFO] [stdout]    0:     0x5c3beaa131d1 - <<std[70759c8f55707aa4]::sys::backtrace::BacktraceLock>::print::DisplayBacktrace as core[df12db4294e9bfd3]::fmt::Display>::fmt
[INFO] [stdout]    1:     0x5c3beaa2822a - core[df12db4294e9bfd3]::fmt::write
[INFO] [stdout]    2:     0x5c3beaa17e9c - <alloc[2182bb758b4b3781]::vec::Vec<u8> as core[df12db4294e9bfd3]::io::write::Write>::write_fmt
[INFO] [stdout]    3:     0x5c3bea9ed0c6 - std[70759c8f55707aa4]::panicking::default_hook::{closure#0}
[INFO] [stdout]    4:     0x5c3beaa0a989 - std[70759c8f55707aa4]::panicking::default_hook
[INFO] [stdout]    5:     0x5c3bea535aa0 - test[9d35eded1c95d3be]::test_main_inner::<test[9d35eded1c95d3be]::test_main_static::{closure#0}>::{closure#0}
[INFO] [stdout]    6:     0x5c3beaa0ab42 - std[70759c8f55707aa4]::panicking::panic_with_hook
[INFO] [stdout]    7:     0x5c3bea9ed172 - std[70759c8f55707aa4]::panicking::panic_handler::{closure#0}
[INFO] [stdout]    8:     0x5c3bea9e5689 - std[70759c8f55707aa4]::sys::backtrace::__rust_end_short_backtrace::<std[70759c8f55707aa4]::panicking::panic_handler::{closure#0}, !>
[INFO] [stdout]    9:     0x5c3bea9ede7d - __rustc[8fa7c3cbc660c2b3]::rust_begin_unwind
[INFO] [stdout]   10:     0x5c3beaa2895c - core[df12db4294e9bfd3]::panicking::panic_fmt
[INFO] [stdout]   11:     0x5c3beaa28732 - core[df12db4294e9bfd3]::result::unwrap_failed
[INFO] [stdout]   12:     0x5c3bea50e361 - bam_extract_e2e[8417d8729e0abea6]::kir2dl1_sequence
[INFO] [stdout]   13:     0x5c3bea50eea2 - bam_extract_e2e[8417d8729e0abea6]::build_alignment_file
[INFO] [stdout]   14:     0x5c3bea514a81 - <bam_extract_e2e[8417d8729e0abea6]::stdin_alignment_grouped_extracts::{closure#0} as core[df12db4294e9bfd3]::ops::function::FnOnce<()>>::call_once
[INFO] [stdout]   15:     0x5c3bea528d8b - test[9d35eded1c95d3be]::__rust_begin_short_backtrace::<core[df12db4294e9bfd3]::result::Result<(), alloc[2182bb758b4b3781]::string::String>, fn() -> core[df12db4294e9bfd3]::result::Result<(), alloc[2182bb758b4b3781]::string::String>>
[INFO] [stdout]   16:     0x5c3bea5363f5 - test[9d35eded1c95d3be]::run_test::{closure#0}
[INFO] [stdout]   17:     0x5c3bea52fcb4 - std[70759c8f55707aa4]::sys::backtrace::__rust_begin_short_backtrace::<test[9d35eded1c95d3be]::run_test::{closure#1}, ()>
[INFO] [stdout]   18:     0x5c3bea539552 - <std[70759c8f55707aa4]::thread::lifecycle::spawn_unchecked<test[9d35eded1c95d3be]::run_test::{closure#1}, ()>::{closure#1} as core[df12db4294e9bfd3]::ops::function::FnOnce<()>>::call_once::{shim:vtable#0}
[INFO] [stdout]   19:     0x5c3beaa12229 - <std[70759c8f55707aa4]::sys::thread::unix::Thread>::new::thread_start
[INFO] [stdout]   20:     0x70ef0b2a6dfa - <unknown>
[INFO] [stdout]   21:     0x70ef0b33a3d4 - clone
[INFO] [stdout]   22:                0x0 - <unknown>
[INFO] [stdout] 
[INFO] [stdout] 
[INFO] [stdout] failures:
[INFO] [stdout]     alignment_on_unsorted_bam_errors_with_sort_hint
[INFO] [stdout]     b_flag_without_bam_mode_errors
[INFO] [stdout]     grouped_alignment_bam_file_extracts
[INFO] [stdout]     i_and_b_flag_coordinate_alignment_match_and_are_nonempty
[INFO] [stdout]     no_alignment_bam_equals_fastq_cli_coordinate
[INFO] [stdout]     no_alignment_bam_equals_fastq_cli_grouped
[INFO] [stdout]     no_alignment_bam_equals_fastq_cli_grouped_stdin
[INFO] [stdout]     no_alignment_mode_on_coordinate_bam_runs_the_two_pass
[INFO] [stdout]     no_alignment_mode_on_name_sorted_bam_runs_the_grouped_one_pass
[INFO] [stdout]     run_bam_alignment_matches_extract_then_genotype
[INFO] [stdout]     run_bam_alignment_missing_coord_fasta_is_rejected
[INFO] [stdout]     run_bam_alignment_on_grouped_bam_runs_the_grouped_one_pass
[INFO] [stdout]     run_bam_flag_with_fastq_flags_is_rejected
[INFO] [stdout]     run_bam_missing_bam_mode_errors
[INFO] [stdout]     run_bam_no_alignment_matches_extract_then_genotype
[INFO] [stdout]     run_bam_no_alignment_reference_with_bam_is_accepted_and_ignored
[INFO] [stdout]     run_bam_no_alignment_with_coord_fasta_is_rejected
[INFO] [stdout]     run_fastq_with_coord_fasta_is_rejected
[INFO] [stdout]     sam_input_extracts_and_matches_bam
[INFO] [stdout]     stdin_alignment_grouped_extracts
[INFO] [stdout]     unsorted_alignment_still_errors
[INFO] [stdout] 
[INFO] [stdout] test result: FAILED. 5 passed; 21 failed; 0 ignored; 0 measured; 0 filtered out; finished in 0.15s
[INFO] [stdout] 
[INFO] running `Command { std: "docker" "inspect" "544a641f42cc6946f484c368bd225f0646e4e25dcd0b80a0895173d80fb9881d", kill_on_drop: false }`
[INFO] running `Command { std: "docker" "rm" "-f" "544a641f42cc6946f484c368bd225f0646e4e25dcd0b80a0895173d80fb9881d", kill_on_drop: false }`
[INFO] [stdout] 544a641f42cc6946f484c368bd225f0646e4e25dcd0b80a0895173d80fb9881d
