[INFO] fetching crate unstave-cli 0.2.2...
[INFO] testing unstave-cli-0.2.2 against 1.99.0-beta.8+cargoflags=--release for beta-release-1.100-2
[INFO] extracting crate unstave-cli 0.2.2 into /workspace/builds/worker-6-tc1/source
[INFO] started tweaking crates.io crate unstave-cli 0.2.2
[INFO] removed 0 missing tests
[INFO] finished tweaking crates.io crate unstave-cli 0.2.2
[INFO] tweaked toml for crates.io crate unstave-cli 0.2.2 written to /workspace/builds/worker-6-tc1/source/Cargo.toml
[INFO] validating manifest of crates.io crate unstave-cli 0.2.2 on toolchain 1.99.0-beta.8
[INFO] running `Command { std: CARGO_HOME="/workspace/cargo-home" RUSTUP_HOME="/workspace/rustup-home" "/workspace/cargo-home/bin/cargo" "+1.99.0-beta.8" "metadata" "--manifest-path" "Cargo.toml" "--no-deps", kill_on_drop: false }`
[INFO] crate crates.io crate unstave-cli 0.2.2 already has a lockfile, it will not be regenerated
[INFO] running `Command { std: CARGO_HOME="/workspace/cargo-home" RUSTUP_HOME="/workspace/rustup-home" "/workspace/cargo-home/bin/cargo" "+1.99.0-beta.8" "fetch" "--manifest-path" "Cargo.toml", kill_on_drop: false }`
[INFO] [stderr]     Updating crates.io index
[INFO] [stderr]  Downloading crates ...
[INFO] [stderr]   Downloaded rend v0.5.4
[INFO] [stderr]   Downloaded rkyv_derive v0.8.18
[INFO] [stderr]   Downloaded unstave-core v0.2.2
[INFO] [stderr]   Downloaded bytecheck v0.8.3
[INFO] [stderr]   Downloaded ptr_meta v0.3.2
[INFO] [stderr]   Downloaded ptr_meta_derive v0.3.2
[INFO] [stderr]   Downloaded rancor v0.1.3
[INFO] [stderr]   Downloaded fast-glob v1.1.0
[INFO] [stderr]   Downloaded bytecheck_derive v0.8.3
[INFO] [stderr]   Downloaded oxc_estree v0.143.0
[INFO] [stderr]   Downloaded json-strip-comments v3.1.2
[INFO] [stderr]   Downloaded cow-utils v0.1.3
[INFO] [stderr]   Downloaded oxc_diagnostics v0.143.0
[INFO] [stderr]   Downloaded oxc_str v0.143.0
[INFO] [stderr]   Downloaded oxc-miette-derive v3.0.1
[INFO] [stderr]   Downloaded value-trait v0.12.2
[INFO] [stderr]   Downloaded oxc_span v0.143.0
[INFO] [stderr]   Downloaded oxc_ast_macros v0.143.0
[INFO] [stderr]   Downloaded oxc_index v5.0.0
[INFO] [stderr]   Downloaded unstave-codemod v0.2.2
[INFO] [stderr]   Downloaded dragonbox_ecma v0.1.12
[INFO] [stderr]   Downloaded oxc_syntax v0.143.0
[INFO] [stderr]   Downloaded oxc_data_structures v0.143.0
[INFO] [stderr]   Downloaded unicode-id-start v1.4.0
[INFO] [stderr]   Downloaded oxc_regular_expression v0.143.0
[INFO] [stderr]   Downloaded oxc_ecmascript v0.143.0
[INFO] [stderr]   Downloaded oxc_ast_visit v0.143.0
[INFO] [stderr]   Downloaded comfy-table v8.0.0
[INFO] [stderr]   Downloaded rkyv v0.8.18
[INFO] [stderr]   Downloaded oxc-miette v3.0.1
[INFO] [stderr]   Downloaded simd-json v0.17.3
[INFO] [stderr]   Downloaded oxc_allocator v0.143.0
[INFO] [stderr]   Downloaded oxc_resolver v11.24.2
[INFO] [stderr]   Downloaded unstave-report v0.2.2
[INFO] [stderr]   Downloaded oxc_parser v0.143.0
[INFO] [stderr]   Downloaded oxc_ast v0.143.0
[INFO] running `Command { std: "docker" "create" "-v" "/var/lib/crater-agent-workspace/builds/worker-6-tc1/source:/opt/rustwide/workdir:ro,Z" "-v" "/var/lib/crater-agent-workspace/builds/worker-6-tc1/target:/opt/rustwide/target:rw,Z" "-v" "/var/lib/crater-agent-workspace/cargo-home:/opt/rustwide/cargo-home:ro,Z" "-v" "/var/lib/crater-agent-workspace/rustup-home:/opt/rustwide/rustup-home:ro,Z" "-m" "1610612736" "--network" "none" "ghcr.io/rust-lang/crates-build-env/linux@sha256:77db811e55d90add9212f6832c23229e3de5f1c1f9905e8cb07319ea15df73ac" "sleep" "infinity", kill_on_drop: false }`
[INFO] [stdout] c2fd5328ab69f282c3e665286b9cc85546a8d3ddeed4cce0f9ee4b94e700a5d3
[INFO] running `Command { std: "docker" "start" "c2fd5328ab69f282c3e665286b9cc85546a8d3ddeed4cce0f9ee4b94e700a5d3", kill_on_drop: false }`
[INFO] running `Command { std: "docker" "inspect" "c2fd5328ab69f282c3e665286b9cc85546a8d3ddeed4cce0f9ee4b94e700a5d3", kill_on_drop: false }`
[INFO] running `Command { std: "docker" "exec" "-e" "SOURCE_DIR=/opt/rustwide/workdir" "-e" "CARGO_HOME=/opt/rustwide/cargo-home" "-e" "RUSTUP_HOME=/opt/rustwide/rustup-home" "-e" "CARGO_TARGET_DIR=/opt/rustwide/target" "-w" "/opt/rustwide/workdir" "--user" "0:0" "c2fd5328ab69f282c3e665286b9cc85546a8d3ddeed4cce0f9ee4b94e700a5d3" "/opt/rustwide/cargo-home/bin/cargo" "+1.99.0-beta.8" "metadata" "--no-deps" "--format-version=1", kill_on_drop: false }`
[INFO] running `Command { std: "docker" "inspect" "c2fd5328ab69f282c3e665286b9cc85546a8d3ddeed4cce0f9ee4b94e700a5d3", kill_on_drop: false }`
[INFO] running `Command { std: "docker" "exec" "-e" "SOURCE_DIR=/opt/rustwide/workdir" "-e" "CARGO_HOME=/opt/rustwide/cargo-home" "-e" "RUSTUP_HOME=/opt/rustwide/rustup-home" "-e" "CARGO_TARGET_DIR=/opt/rustwide/target" "-e" "CARGO_INCREMENTAL=0" "-e" "RUST_BACKTRACE=full" "-e" "RUSTFLAGS=--cap-lints=warn" "-e" "RUSTDOCFLAGS=--cap-lints=warn" "-w" "/opt/rustwide/workdir" "--user" "0:0" "c2fd5328ab69f282c3e665286b9cc85546a8d3ddeed4cce0f9ee4b94e700a5d3" "/opt/rustwide/cargo-home/bin/cargo" "+1.99.0-beta.8" "build" "--frozen" "--message-format=json" "--release", kill_on_drop: false }`
[INFO] [stderr]    Compiling allocator-api2 v0.2.21
[INFO] [stderr]    Compiling thiserror v2.0.19
[INFO] [stderr]    Compiling phf_shared v0.14.0
[INFO] [stderr]    Compiling serde v1.0.229
[INFO] [stderr]    Compiling owo-colors v4.3.0
[INFO] [stderr]    Compiling smawk v0.3.3
[INFO] [stderr]    Compiling oxc-miette-derive v3.0.1
[INFO] [stderr]    Compiling oxc_data_structures v0.143.0
[INFO] [stderr]    Compiling textwrap v0.16.2
[INFO] [stderr]    Compiling compact_str v0.10.0
[INFO] [stderr]    Compiling phf_generator v0.14.0
[INFO] [stderr]    Compiling phf v0.14.0
[INFO] [stderr]    Compiling oxc_estree v0.143.0
[INFO] [stderr]    Compiling phf_macros v0.14.0
[INFO] [stderr]    Compiling hashbrown v0.17.1
[INFO] [stderr]    Compiling oxc_ast_macros v0.143.0
[INFO] [stderr]    Compiling cow-utils v0.1.3
[INFO] [stderr]    Compiling dragonbox_ecma v0.1.12
[INFO] [stderr]    Compiling unicode-id-start v1.4.0
[INFO] [stderr]    Compiling nonmax v0.5.5
[INFO] [stderr]    Compiling oxc_allocator v0.143.0
[INFO] [stderr]    Compiling indexmap v2.14.0
[INFO] [stderr]    Compiling ptr_meta_derive v0.3.2
[INFO] [stderr]    Compiling oxc-miette v3.0.1
[INFO] [stderr]    Compiling simdutf8 v0.1.5
[INFO] [stderr]    Compiling rustix v1.1.4
[INFO] [stderr]    Compiling ptr_meta v0.3.2
[INFO] [stderr]    Compiling oxc_index v5.0.0
[INFO] [stderr]    Compiling hashbrown v0.16.1
[INFO] [stderr]    Compiling oxc_str v0.143.0
[INFO] [stderr]    Compiling ref-cast v1.0.26
[INFO] [stderr]    Compiling rancor v0.1.3
[INFO] [stderr]    Compiling num-integer v0.1.46
[INFO] [stderr]    Compiling float-cmp v0.10.0
[INFO] [stderr]    Compiling bytecheck_derive v0.8.3
[INFO] [stderr]    Compiling ref-cast-impl v1.0.26
[INFO] [stderr]    Compiling serde_json v1.0.151
[INFO] [stderr]    Compiling regex-automata v0.4.18
[INFO] [stderr]    Compiling num-bigint v0.5.1
[INFO] [stderr]    Compiling halfbrown v0.4.0
[INFO] [stderr]    Compiling toml_datetime v0.6.11
[INFO] [stderr]    Compiling serde_spanned v0.6.9
[INFO] [stderr]    Compiling oxc_span v0.143.0
[INFO] [stderr]    Compiling oxc_diagnostics v0.143.0
[INFO] [stderr]    Compiling oxc_syntax v0.143.0
[INFO] [stderr]    Compiling oxc_regular_expression v0.143.0
[INFO] [stderr]    Compiling value-trait v0.12.2
[INFO] [stderr]    Compiling bytecheck v0.8.3
[INFO] [stderr]    Compiling bstr v1.13.0
[INFO] [stderr]    Compiling munge_macro v0.4.7
[INFO] [stderr]    Compiling oxc_ast v0.143.0
[INFO] [stderr]    Compiling toml_edit v0.22.27
[INFO] [stderr]    Compiling dashmap v6.2.1
[INFO] [stderr]    Compiling fast-glob v1.1.0
[INFO] [stderr]    Compiling hashbrown v0.15.5
[INFO] [stderr]    Compiling globset v0.4.20
[INFO] [stderr]    Compiling munge v0.4.7
[INFO] [stderr]    Compiling rend v0.5.4
[INFO] [stderr]    Compiling simd-json v0.17.3
[INFO] [stderr]    Compiling compact_str v0.9.1
[INFO] [stderr]    Compiling json-strip-comments v3.1.2
[INFO] [stderr]    Compiling rkyv_derive v0.8.18
[INFO] [stderr]    Compiling self_cell v1.3.0
[INFO] [stderr]    Compiling litrs v1.0.0
[INFO] [stderr]    Compiling seq-macro v0.3.6
[INFO] [stderr]    Compiling fixedbitset v0.5.7
[INFO] [stderr]    Compiling nodejs-built-in-modules v1.0.0
[INFO] [stderr]    Compiling rayon v1.12.0
[INFO] [stderr]    Compiling oxc_resolver v11.24.2
[INFO] [stderr]    Compiling petgraph v0.8.3
[INFO] [stderr]    Compiling document-features v0.2.12
[INFO] [stderr]    Compiling toml v0.8.23
[INFO] [stderr]    Compiling oxc_ecmascript v0.143.0
[INFO] [stderr]    Compiling oxc_parser v0.143.0
[INFO] [stderr]    Compiling rkyv v0.8.18
[INFO] [stderr]    Compiling oxc_ast_visit v0.143.0
[INFO] [stderr]    Compiling ignore v0.4.33
[INFO] [stderr]    Compiling crossterm v0.29.0
[INFO] [stderr]    Compiling clap_builder v4.6.5
[INFO] [stderr]    Compiling clap_derive v4.6.4
[INFO] [stderr]    Compiling comfy-table v8.0.0
[INFO] [stderr]    Compiling similar v2.7.0
[INFO] [stderr]    Compiling unstave-core v0.2.2
[INFO] [stderr]    Compiling clap v4.6.5
[INFO] [stderr]    Compiling unstave-codemod v0.2.2
[INFO] [stderr]    Compiling unstave-report v0.2.2
[INFO] [stderr]    Compiling unstave-cli v0.2.2 (/opt/rustwide/workdir)
[INFO] [stderr]     Finished `release` profile [optimized] target(s) in 3m 26s
[INFO] running `Command { std: "docker" "inspect" "c2fd5328ab69f282c3e665286b9cc85546a8d3ddeed4cce0f9ee4b94e700a5d3", kill_on_drop: false }`
[INFO] running `Command { std: "docker" "exec" "-e" "SOURCE_DIR=/opt/rustwide/workdir" "-e" "CARGO_HOME=/opt/rustwide/cargo-home" "-e" "RUSTUP_HOME=/opt/rustwide/rustup-home" "-e" "CARGO_TARGET_DIR=/opt/rustwide/target" "-e" "CARGO_INCREMENTAL=0" "-e" "RUST_BACKTRACE=full" "-e" "RUSTFLAGS=--cap-lints=warn" "-e" "RUSTDOCFLAGS=--cap-lints=warn" "-w" "/opt/rustwide/workdir" "--user" "0:0" "c2fd5328ab69f282c3e665286b9cc85546a8d3ddeed4cce0f9ee4b94e700a5d3" "/opt/rustwide/cargo-home/bin/cargo" "+1.99.0-beta.8" "test" "--frozen" "--no-run" "--message-format=json" "--release", kill_on_drop: false }`
[INFO] [stderr]    Compiling unstave-cli v0.2.2 (/opt/rustwide/workdir)
[INFO] [stderr]     Finished `release` profile [optimized] target(s) in 1.73s
[INFO] running `Command { std: "docker" "inspect" "c2fd5328ab69f282c3e665286b9cc85546a8d3ddeed4cce0f9ee4b94e700a5d3", kill_on_drop: false }`
[INFO] running `Command { std: "docker" "exec" "-e" "SOURCE_DIR=/opt/rustwide/workdir" "-e" "CARGO_HOME=/opt/rustwide/cargo-home" "-e" "RUSTUP_HOME=/opt/rustwide/rustup-home" "-e" "CARGO_TARGET_DIR=/opt/rustwide/target" "-e" "CARGO_INCREMENTAL=0" "-e" "RUST_BACKTRACE=full" "-e" "RUSTFLAGS=--cap-lints=warn" "-e" "RUSTDOCFLAGS=--cap-lints=warn" "-w" "/opt/rustwide/workdir" "--user" "0:0" "c2fd5328ab69f282c3e665286b9cc85546a8d3ddeed4cce0f9ee4b94e700a5d3" "/opt/rustwide/cargo-home/bin/cargo" "+1.99.0-beta.8" "test" "--frozen" "--release", kill_on_drop: false }`
[INFO] [stderr]     Finished `release` profile [optimized] target(s) in 0.23s
[INFO] [stderr]      Running unittests src/main.rs (/opt/rustwide/target/release/deps/unstave-d7f8c377912eaa20)
[INFO] [stdout] 
[INFO] [stdout] running 0 tests
[INFO] [stdout] 
[INFO] [stdout] test result: ok. 0 passed; 0 failed; 0 ignored; 0 measured; 0 filtered out; finished in 0.00s
[INFO] [stdout] 
[INFO] [stderr]      Running tests/cache_cli.rs (/opt/rustwide/target/release/deps/cache_cli-cda7180455cdc81d)
[INFO] [stdout] 
[INFO] [stdout] running 2 tests
[INFO] [stderr] error: test failed, to rerun pass `--test cache_cli`
[INFO] [stdout] test default_analysis_caches_then_cache_clear_removes_it ... FAILED
[INFO] [stdout] test no_cache_bypasses_reads_and_writes ... FAILED
[INFO] [stdout] 
[INFO] [stdout] failures:
[INFO] [stdout] 
[INFO] [stdout] ---- default_analysis_caches_then_cache_clear_removes_it stdout ----
[INFO] [stdout] 
[INFO] [stdout] thread 'default_analysis_caches_then_cache_clear_removes_it' (1744) panicked at tests/cache_cli.rs:27:44:
[INFO] [stdout] read fixture: Os { code: 2, kind: NotFound, message: "No such file or directory" }
[INFO] [stdout] stack backtrace:
[INFO] [stdout]    0:     0x62975480db81 - <<std[70759c8f55707aa4]::sys::backtrace::BacktraceLock>::print::DisplayBacktrace as core[df12db4294e9bfd3]::fmt::Display>::fmt
[INFO] [stdout]    1:     0x62975482245a - core[df12db4294e9bfd3]::fmt::write
[INFO] [stdout]    2:     0x6297548122ec - <alloc[2182bb758b4b3781]::vec::Vec<u8> as core[df12db4294e9bfd3]::io::write::Write>::write_fmt
[INFO] [stdout]    3:     0x6297547e7b06 - std[70759c8f55707aa4]::panicking::default_hook::{closure#0}
[INFO] [stdout]    4:     0x629754804d09 - std[70759c8f55707aa4]::panicking::default_hook
[INFO] [stdout]    5:     0x62975479fe70 - test[9d35eded1c95d3be]::test_main_inner::<test[9d35eded1c95d3be]::test_main_static::{closure#0}>::{closure#0}
[INFO] [stdout]    6:     0x629754804ec2 - std[70759c8f55707aa4]::panicking::panic_with_hook
[INFO] [stdout]    7:     0x6297547e7bb2 - std[70759c8f55707aa4]::panicking::panic_handler::{closure#0}
[INFO] [stdout]    8:     0x6297547e0779 - std[70759c8f55707aa4]::sys::backtrace::__rust_end_short_backtrace::<std[70759c8f55707aa4]::panicking::panic_handler::{closure#0}, !>
[INFO] [stdout]    9:     0x6297547e87ad - __rustc[8fa7c3cbc660c2b3]::rust_begin_unwind
[INFO] [stdout]   10:     0x629754822b8c - core[df12db4294e9bfd3]::panicking::panic_fmt
[INFO] [stdout]   11:     0x629754822962 - core[df12db4294e9bfd3]::result::unwrap_failed
[INFO] [stdout]   12:     0x6297547914da - cache_cli[bf75508a598c2853]::copy_tree
[INFO] [stdout]   13:     0x629754790f9e - cache_cli[bf75508a598c2853]::scratch_fixture
[INFO] [stdout]   14:     0x629754792746 - <cache_cli[bf75508a598c2853]::default_analysis_caches_then_cache_clear_removes_it::{closure#0} as core[df12db4294e9bfd3]::ops::function::FnOnce<()>>::call_once
[INFO] [stdout]   15:     0x62975479315b - test[9d35eded1c95d3be]::__rust_begin_short_backtrace::<core[df12db4294e9bfd3]::result::Result<(), alloc[2182bb758b4b3781]::string::String>, fn() -> core[df12db4294e9bfd3]::result::Result<(), alloc[2182bb758b4b3781]::string::String>>
[INFO] [stdout]   16:     0x6297547a07c5 - test[9d35eded1c95d3be]::run_test::{closure#0}
[INFO] [stdout]   17:     0x62975479a084 - std[70759c8f55707aa4]::sys::backtrace::__rust_begin_short_backtrace::<test[9d35eded1c95d3be]::run_test::{closure#1}, ()>
[INFO] [stdout]   18:     0x6297547a3922 - <std[70759c8f55707aa4]::thread::lifecycle::spawn_unchecked<test[9d35eded1c95d3be]::run_test::{closure#1}, ()>::{closure#1} as core[df12db4294e9bfd3]::ops::function::FnOnce<()>>::call_once::{shim:vtable#0}
[INFO] [stdout]   19:     0x62975480d399 - <std[70759c8f55707aa4]::sys::thread::unix::Thread>::new::thread_start
[INFO] [stdout]   20:     0x74c2e6eefdfa - <unknown>
[INFO] [stdout]   21:     0x74c2e6f833d4 - clone
[INFO] [stdout]   22:                0x0 - <unknown>
[INFO] [stdout] 
[INFO] [stdout] ---- no_cache_bypasses_reads_and_writes stdout ----
[INFO] [stdout] 
[INFO] [stdout] thread 'no_cache_bypasses_reads_and_writes' (1745) panicked at tests/cache_cli.rs:27:44:
[INFO] [stdout] read fixture: Os { code: 2, kind: NotFound, message: "No such file or directory" }
[INFO] [stdout] stack backtrace:
[INFO] [stdout]    0:     0x62975480db81 - <<std[70759c8f55707aa4]::sys::backtrace::BacktraceLock>::print::DisplayBacktrace as core[df12db4294e9bfd3]::fmt::Display>::fmt
[INFO] [stdout]    1:     0x62975482245a - core[df12db4294e9bfd3]::fmt::write
[INFO] [stdout]    2:     0x6297548122ec - <alloc[2182bb758b4b3781]::vec::Vec<u8> as core[df12db4294e9bfd3]::io::write::Write>::write_fmt
[INFO] [stdout]    3:     0x6297547e7b06 - std[70759c8f55707aa4]::panicking::default_hook::{closure#0}
[INFO] [stdout]    4:     0x629754804d09 - std[70759c8f55707aa4]::panicking::default_hook
[INFO] [stdout]    5:     0x62975479fe70 - test[9d35eded1c95d3be]::test_main_inner::<test[9d35eded1c95d3be]::test_main_static::{closure#0}>::{closure#0}
[INFO] [stdout]    6:     0x629754804ec2 - std[70759c8f55707aa4]::panicking::panic_with_hook
[INFO] [stdout]    7:     0x6297547e7bb2 - std[70759c8f55707aa4]::panicking::panic_handler::{closure#0}
[INFO] [stdout]    8:     0x6297547e0779 - std[70759c8f55707aa4]::sys::backtrace::__rust_end_short_backtrace::<std[70759c8f55707aa4]::panicking::panic_handler::{closure#0}, !>
[INFO] [stdout]    9:     0x6297547e87ad - __rustc[8fa7c3cbc660c2b3]::rust_begin_unwind
[INFO] [stdout]   10:     0x629754822b8c - core[df12db4294e9bfd3]::panicking::panic_fmt
[INFO] [stdout]   11:     0x629754822962 - core[df12db4294e9bfd3]::result::unwrap_failed
[INFO] [stdout]   12:     0x6297547914da - cache_cli[bf75508a598c2853]::copy_tree
[INFO] [stdout]   13:     0x629754790f9e - cache_cli[bf75508a598c2853]::scratch_fixture
[INFO] [stdout]   14:     0x62975479229e - <cache_cli[bf75508a598c2853]::no_cache_bypasses_reads_and_writes::{closure#0} as core[df12db4294e9bfd3]::ops::function::FnOnce<()>>::call_once
[INFO] [stdout]   15:     0x62975479315b - test[9d35eded1c95d3be]::__rust_begin_short_backtrace::<core[df12db4294e9bfd3]::result::Result<(), alloc[2182bb758b4b3781]::string::String>, fn() -> core[df12db4294e9bfd3]::result::Result<(), alloc[2182bb758b4b3781]::string::String>>
[INFO] [stdout]   16:     0x6297547a07c5 - test[9d35eded1c95d3be]::run_test::{closure#0}
[INFO] [stdout]   17:     0x62975479a084 - std[70759c8f55707aa4]::sys::backtrace::__rust_begin_short_backtrace::<test[9d35eded1c95d3be]::run_test::{closure#1}, ()>
[INFO] [stdout]   18:     0x6297547a3922 - <std[70759c8f55707aa4]::thread::lifecycle::spawn_unchecked<test[9d35eded1c95d3be]::run_test::{closure#1}, ()>::{closure#1} as core[df12db4294e9bfd3]::ops::function::FnOnce<()>>::call_once::{shim:vtable#0}
[INFO] [stdout]   19:     0x62975480d399 - <std[70759c8f55707aa4]::sys::thread::unix::Thread>::new::thread_start
[INFO] [stdout]   20:     0x74c2e6eefdfa - <unknown>
[INFO] [stdout]   21:     0x74c2e6f833d4 - clone
[INFO] [stdout]   22:                0x0 - <unknown>
[INFO] [stdout] 
[INFO] [stdout] 
[INFO] [stdout] failures:
[INFO] [stdout]     default_analysis_caches_then_cache_clear_removes_it
[INFO] [stdout]     no_cache_bypasses_reads_and_writes
[INFO] [stdout] 
[INFO] [stdout] test result: FAILED. 0 passed; 2 failed; 0 ignored; 0 measured; 0 filtered out; finished in 0.01s
[INFO] [stdout] 
[INFO] running `Command { std: "docker" "inspect" "c2fd5328ab69f282c3e665286b9cc85546a8d3ddeed4cce0f9ee4b94e700a5d3", kill_on_drop: false }`
[INFO] running `Command { std: "docker" "rm" "-f" "c2fd5328ab69f282c3e665286b9cc85546a8d3ddeed4cce0f9ee4b94e700a5d3", kill_on_drop: false }`
[INFO] [stdout] c2fd5328ab69f282c3e665286b9cc85546a8d3ddeed4cce0f9ee4b94e700a5d3
