[INFO] fetching crate unsh 0.1.0...
[INFO] testing unsh-0.1.0 against 1.100.0-beta.1+cargoflags=--release for beta-release-1.100-2
[INFO] extracting crate unsh 0.1.0 into /workspace/builds/worker-1-tc2/source
[INFO] started tweaking crates.io crate unsh 0.1.0
[INFO] finished tweaking crates.io crate unsh 0.1.0
[INFO] tweaked toml for crates.io crate unsh 0.1.0 written to /workspace/builds/worker-1-tc2/source/Cargo.toml
[INFO] validating manifest of crates.io crate unsh 0.1.0 on toolchain 1.100.0-beta.1
[INFO] running `Command { std: CARGO_HOME="/workspace/cargo-home" RUSTUP_HOME="/workspace/rustup-home" "/workspace/cargo-home/bin/cargo" "+1.100.0-beta.1" "metadata" "--manifest-path" "Cargo.toml" "--no-deps", kill_on_drop: false }`
[INFO] crate crates.io crate unsh 0.1.0 already has a lockfile, it will not be regenerated
[INFO] running `Command { std: CARGO_HOME="/workspace/cargo-home" RUSTUP_HOME="/workspace/rustup-home" "/workspace/cargo-home/bin/cargo" "+1.100.0-beta.1" "fetch" "--manifest-path" "Cargo.toml", kill_on_drop: false }`
[INFO] running `Command { std: "docker" "create" "-v" "/var/lib/crater-agent-workspace/builds/worker-1-tc2/source:/opt/rustwide/workdir:ro,Z" "-v" "/var/lib/crater-agent-workspace/builds/worker-1-tc2/target:/opt/rustwide/target:rw,Z" "-v" "/var/lib/crater-agent-workspace/cargo-home:/opt/rustwide/cargo-home:ro,Z" "-v" "/var/lib/crater-agent-workspace/rustup-home:/opt/rustwide/rustup-home:ro,Z" "-m" "1610612736" "--network" "none" "ghcr.io/rust-lang/crates-build-env/linux@sha256:77db811e55d90add9212f6832c23229e3de5f1c1f9905e8cb07319ea15df73ac" "sleep" "infinity", kill_on_drop: false }`
[INFO] [stdout] 6aa6a1cabcb1ae2158d8d1c9bba039b0d13213185f71273a626bbec536797d6c
[INFO] running `Command { std: "docker" "start" "6aa6a1cabcb1ae2158d8d1c9bba039b0d13213185f71273a626bbec536797d6c", kill_on_drop: false }`
[INFO] running `Command { std: "docker" "inspect" "6aa6a1cabcb1ae2158d8d1c9bba039b0d13213185f71273a626bbec536797d6c", kill_on_drop: false }`
[INFO] running `Command { std: "docker" "exec" "-e" "SOURCE_DIR=/opt/rustwide/workdir" "-e" "CARGO_HOME=/opt/rustwide/cargo-home" "-e" "RUSTUP_HOME=/opt/rustwide/rustup-home" "-e" "CARGO_TARGET_DIR=/opt/rustwide/target" "-w" "/opt/rustwide/workdir" "--user" "0:0" "6aa6a1cabcb1ae2158d8d1c9bba039b0d13213185f71273a626bbec536797d6c" "/opt/rustwide/cargo-home/bin/cargo" "+1.100.0-beta.1" "metadata" "--no-deps" "--format-version=1", kill_on_drop: false }`
[INFO] running `Command { std: "docker" "inspect" "6aa6a1cabcb1ae2158d8d1c9bba039b0d13213185f71273a626bbec536797d6c", kill_on_drop: false }`
[INFO] running `Command { std: "docker" "exec" "-e" "SOURCE_DIR=/opt/rustwide/workdir" "-e" "CARGO_HOME=/opt/rustwide/cargo-home" "-e" "RUSTUP_HOME=/opt/rustwide/rustup-home" "-e" "CARGO_TARGET_DIR=/opt/rustwide/target" "-e" "CARGO_INCREMENTAL=0" "-e" "RUST_BACKTRACE=full" "-e" "RUSTFLAGS=--cap-lints=warn" "-e" "RUSTDOCFLAGS=--cap-lints=warn" "-w" "/opt/rustwide/workdir" "--user" "0:0" "6aa6a1cabcb1ae2158d8d1c9bba039b0d13213185f71273a626bbec536797d6c" "/opt/rustwide/cargo-home/bin/cargo" "+1.100.0-beta.1" "build" "--frozen" "--message-format=json" "--release", kill_on_drop: false }`
[INFO] [stderr]    Compiling libc v0.2.94
[INFO] [stderr]    Compiling bitflags v1.2.1
[INFO] [stderr]    Compiling cfg-if v1.0.0
[INFO] [stderr]    Compiling memchr v2.4.0
[INFO] [stderr]    Compiling ryu v1.0.5
[INFO] [stderr]    Compiling radium v0.5.3
[INFO] [stderr]    Compiling version_check v0.9.3
[INFO] [stderr]    Compiling lexical-core v0.7.6
[INFO] [stderr]    Compiling smallvec v1.6.1
[INFO] [stderr]    Compiling log v0.4.14
[INFO] [stderr]    Compiling static_assertions v1.1.0
[INFO] [stderr]    Compiling arrayvec v0.5.2
[INFO] [stderr]    Compiling regex-syntax v0.6.25
[INFO] [stderr]    Compiling funty v1.1.0
[INFO] [stderr]    Compiling anyhow v1.0.40
[INFO] [stderr]    Compiling tap v1.0.1
[INFO] [stderr]    Compiling wyz v0.2.0
[INFO] [stderr]    Compiling endian-type v0.1.2
[INFO] [stderr]    Compiling utf8parse v0.2.0
[INFO] [stderr]    Compiling unicode-width v0.1.8
[INFO] [stderr]    Compiling unicode-segmentation v1.7.1
[INFO] [stderr]    Compiling shlex v1.0.0
[INFO] [stderr]    Compiling nom v6.1.2
[INFO] [stderr]    Compiling nibble_vec v0.1.0
[INFO] [stderr]    Compiling radix_trie v0.2.1
[INFO] [stderr]    Compiling bitvec v0.19.5
[INFO] [stderr]    Compiling aho-corasick v0.7.18
[INFO] [stderr]    Compiling dirs-sys-next v0.1.2
[INFO] [stderr]    Compiling fd-lock v2.0.0
[INFO] [stderr]    Compiling nix v0.20.0
[INFO] [stderr]    Compiling dirs-next v2.0.0
[INFO] [stderr]    Compiling regex v1.5.4
[INFO] [stderr]    Compiling rustyline v8.1.0
[INFO] [stderr]    Compiling unsh v0.1.0 (/opt/rustwide/workdir)
[INFO] [stdout] warning: function `init_env` is never used
[INFO] [stdout]   --> src/main.rs:23:4
[INFO] [stdout]    |
[INFO] [stdout] 23 | fn init_env() {
[INFO] [stdout]    |    ^^^^^^^^
[INFO] [stdout]    |
[INFO] [stdout]    = note: `#[warn(dead_code)]` (part of `#[warn(unused)]`) on by default
[INFO] [stdout] 
[INFO] [stdout] 
[INFO] [stdout] warning: field `commands` is never read
[INFO] [stdout]   --> src/main.rs:43:5
[INFO] [stdout]    |
[INFO] [stdout] 41 | struct Unsh {
[INFO] [stdout]    |        ---- field in this struct
[INFO] [stdout] 42 |     rl: Editor<()>,
[INFO] [stdout] 43 |     commands: HashMap<String, String>,
[INFO] [stdout]    |     ^^^^^^^^
[INFO] [stdout] 
[INFO] [stdout] 
[INFO] [stderr]     Finished `release` profile [optimized] target(s) in 26.71s
[INFO] [stderr] warning: the following packages contain code that will be rejected by a future version of Rust: nom v6.1.2
[INFO] [stderr] note: to see what the problems were, use the option `--future-incompat-report`, or run `cargo report future-incompatibilities --id 5`
[INFO] running `Command { std: "docker" "inspect" "6aa6a1cabcb1ae2158d8d1c9bba039b0d13213185f71273a626bbec536797d6c", kill_on_drop: false }`
[INFO] running `Command { std: "docker" "exec" "-e" "SOURCE_DIR=/opt/rustwide/workdir" "-e" "CARGO_HOME=/opt/rustwide/cargo-home" "-e" "RUSTUP_HOME=/opt/rustwide/rustup-home" "-e" "CARGO_TARGET_DIR=/opt/rustwide/target" "-e" "CARGO_INCREMENTAL=0" "-e" "RUST_BACKTRACE=full" "-e" "RUSTFLAGS=--cap-lints=warn" "-e" "RUSTDOCFLAGS=--cap-lints=warn" "-w" "/opt/rustwide/workdir" "--user" "0:0" "6aa6a1cabcb1ae2158d8d1c9bba039b0d13213185f71273a626bbec536797d6c" "/opt/rustwide/cargo-home/bin/cargo" "+1.100.0-beta.1" "test" "--frozen" "--no-run" "--message-format=json" "--release", kill_on_drop: false }`
[INFO] [stderr]    Compiling unsh v0.1.0 (/opt/rustwide/workdir)
[INFO] [stdout] warning: function `init_env` is never used
[INFO] [stdout]   --> src/main.rs:23:4
[INFO] [stdout]    |
[INFO] [stdout] 23 | fn init_env() {
[INFO] [stdout]    |    ^^^^^^^^
[INFO] [stdout]    |
[INFO] [stdout]    = note: `#[warn(dead_code)]` (part of `#[warn(unused)]`) on by default
[INFO] [stdout] 
[INFO] [stdout] 
[INFO] [stdout] warning: field `commands` is never read
[INFO] [stdout]   --> src/main.rs:43:5
[INFO] [stdout]    |
[INFO] [stdout] 41 | struct Unsh {
[INFO] [stdout]    |        ---- field in this struct
[INFO] [stdout] 42 |     rl: Editor<()>,
[INFO] [stdout] 43 |     commands: HashMap<String, String>,
[INFO] [stdout]    |     ^^^^^^^^
[INFO] [stdout] 
[INFO] [stdout] 
[INFO] [stderr]     Finished `release` profile [optimized] target(s) in 11.31s
[INFO] [stderr] warning: the following packages contain code that will be rejected by a future version of Rust: nom v6.1.2
[INFO] [stderr] note: to see what the problems were, use the option `--future-incompat-report`, or run `cargo report future-incompatibilities --id 5`
[INFO] running `Command { std: "docker" "inspect" "6aa6a1cabcb1ae2158d8d1c9bba039b0d13213185f71273a626bbec536797d6c", kill_on_drop: false }`
[INFO] running `Command { std: "docker" "exec" "-e" "SOURCE_DIR=/opt/rustwide/workdir" "-e" "CARGO_HOME=/opt/rustwide/cargo-home" "-e" "RUSTUP_HOME=/opt/rustwide/rustup-home" "-e" "CARGO_TARGET_DIR=/opt/rustwide/target" "-e" "CARGO_INCREMENTAL=0" "-e" "RUST_BACKTRACE=full" "-e" "RUSTFLAGS=--cap-lints=warn" "-e" "RUSTDOCFLAGS=--cap-lints=warn" "-w" "/opt/rustwide/workdir" "--user" "0:0" "6aa6a1cabcb1ae2158d8d1c9bba039b0d13213185f71273a626bbec536797d6c" "/opt/rustwide/cargo-home/bin/cargo" "+1.100.0-beta.1" "test" "--frozen" "--release", kill_on_drop: false }`
[INFO] [stderr] warning: function `init_env` is never used
[INFO] [stderr]   --> src/main.rs:23:4
[INFO] [stderr]    |
[INFO] [stderr] 23 | fn init_env() {
[INFO] [stderr]    |    ^^^^^^^^
[INFO] [stderr]    |
[INFO] [stderr]    = note: `#[warn(dead_code)]` (part of `#[warn(unused)]`) on by default
[INFO] [stderr] 
[INFO] [stderr] warning: field `commands` is never read
[INFO] [stderr]   --> src/main.rs:43:5
[INFO] [stderr]    |
[INFO] [stderr] 41 | struct Unsh {
[INFO] [stderr]    |        ---- field in this struct
[INFO] [stderr] 42 |     rl: Editor<()>,
[INFO] [stderr] 43 |     commands: HashMap<String, String>,
[INFO] [stderr]    |     ^^^^^^^^
[INFO] [stderr] 
[INFO] [stderr] warning: `unsh` (bin "unsh" test) generated 2 warnings
[INFO] [stderr]     Finished `release` profile [optimized] target(s) in 0.06s
[INFO] [stderr] warning: the following packages contain code that will be rejected by a future version of Rust: nom v6.1.2
[INFO] [stderr] note: to see what the problems were, use the option `--future-incompat-report`, or run `cargo report future-incompatibilities --id 5`
[INFO] [stderr]      Running unittests src/main.rs (/opt/rustwide/target/release/build/unsh/0f0daf4fc507fde1/out/unsh-0f0daf4fc507fde1)
[INFO] [stdout] 
[INFO] [stdout] running 2 tests
[INFO] [stdout] test import_parser::test::test_basic ... FAILED
[INFO] [stdout] test import_parser::test::test_2 ... FAILED
[INFO] [stdout] 
[INFO] [stdout] failures:
[INFO] [stdout] 
[INFO] [stdout] ---- import_parser::test::test_basic stdout ----
[INFO] [stdout] 
[INFO] [stdout] thread 'import_parser::test::test_basic' (723) panicked at src/import_parser.rs:88:40:
[INFO] [stdout] called `Result::unwrap()` on an `Err` value: Failed to parse path: Error(
[INFO] [stdout]     VerboseError {
[INFO] [stderr] error: test failed, to rerun pass `--bin unsh`
[INFO] [stdout]         errors: [
[INFO] [stdout]             (
[INFO] [stdout]                 "usr::{bin::{less,tail}, local::bin::*}",
[INFO] [stdout]                 Nom(
[INFO] [stdout]                     Tag,
[INFO] [stdout]                 ),
[INFO] [stdout]             ),
[INFO] [stdout]         ],
[INFO] [stdout]     },
[INFO] [stdout] )
[INFO] [stdout] stack backtrace:
[INFO] [stdout]    0:     0x56bed93d27f7 - <<std[617be2ca0a6fd877]::sys::backtrace::BacktraceLock>::print::DisplayBacktrace as core[a373ad73a504971]::fmt::Display>::fmt
[INFO] [stdout]    1:     0x56bed93baaba - core[a373ad73a504971]::fmt::write
[INFO] [stdout]    2:     0x56bed93d1dab - <alloc[2e1b2a31b91974c5]::vec::Vec<u8> as core[a373ad73a504971]::io::write::Write>::write_fmt
[INFO] [stdout]    3:     0x56bed93d188f - std[617be2ca0a6fd877]::panicking::default_hook::{closure#0}
[INFO] [stdout]    4:     0x56bed93d14ba - std[617be2ca0a6fd877]::panicking::default_hook
[INFO] [stdout]    5:     0x56bed93d0ff5 - std[617be2ca0a6fd877]::panicking::panic_with_hook
[INFO] [stdout]    6:     0x56bed93f7da1 - std[617be2ca0a6fd877]::panicking::panic_handler::{closure#0}
[INFO] [stdout]    7:     0x56bed93f7d59 - std[617be2ca0a6fd877]::sys::backtrace::__rust_end_short_backtrace::<std[617be2ca0a6fd877]::panicking::panic_handler::{closure#0}, !>
[INFO] [stdout]    8:     0x56bed93f825c - __rustc[ea4f61d10b84890b]::rust_begin_unwind
[INFO] [stdout]    9:     0x56bed93ba94b - core[a373ad73a504971]::panicking::panic_fmt
[INFO] [stdout]   10:     0x56bed93bdd71 - core[a373ad73a504971]::result::unwrap_failed
[INFO] [stdout]   11:     0x56bed93b88cb - <unsh[c4d692e385f9a7ea]::import_parser::test::test_basic::{closure#0} as core[a373ad73a504971]::ops::function::FnOnce<()>>::call_once
[INFO] [stdout]   12:     0x56bed94102bb - test[aada8e7e76ba119b]::__rust_begin_short_backtrace::<core[a373ad73a504971]::result::Result<(), alloc[2e1b2a31b91974c5]::string::String>, fn() -> core[a373ad73a504971]::result::Result<(), alloc[2e1b2a31b91974c5]::string::String>>
[INFO] [stdout]   13:     0x56bed940b71f - test[aada8e7e76ba119b]::run_test::{closure#0}
[INFO] [stdout]   14:     0x56bed940b19c - std[617be2ca0a6fd877]::sys::backtrace::__rust_begin_short_backtrace::<test[aada8e7e76ba119b]::run_test::{closure#1}, ()>
[INFO] [stdout]   15:     0x56bed942b70c - <std[617be2ca0a6fd877]::thread::lifecycle::spawn_unchecked<test[aada8e7e76ba119b]::run_test::{closure#1}, ()>::{closure#1} as core[a373ad73a504971]::ops::function::FnOnce<()>>::call_once::{shim:vtable#0}
[INFO] [stdout]   16:     0x56bed93f9a34 - <std[617be2ca0a6fd877]::sys::thread::unix::Thread>::new::thread_start
[INFO] [stdout]   17:     0x784ab3eaddfa - <unknown>
[INFO] [stdout]   18:     0x784ab3f413d4 - clone
[INFO] [stdout]   19:                0x0 - <unknown>
[INFO] [stdout] 
[INFO] [stdout] ---- import_parser::test::test_2 stdout ----
[INFO] [stdout] 
[INFO] [stdout] thread 'import_parser::test::test_2' (722) panicked at src/import_parser.rs:103:40:
[INFO] [stdout] called `Result::unwrap()` on an `Err` value: Failed to parse path: Error(
[INFO] [stdout]     VerboseError {
[INFO] [stdout]         errors: [
[INFO] [stdout]             (
[INFO] [stdout]                 "usr::bin::{env, ls};",
[INFO] [stdout]                 Nom(
[INFO] [stdout]                     Tag,
[INFO] [stdout]                 ),
[INFO] [stdout]             ),
[INFO] [stdout]         ],
[INFO] [stdout]     },
[INFO] [stdout] )
[INFO] [stdout] stack backtrace:
[INFO] [stdout]    0:     0x56bed93d27f7 - <<std[617be2ca0a6fd877]::sys::backtrace::BacktraceLock>::print::DisplayBacktrace as core[a373ad73a504971]::fmt::Display>::fmt
[INFO] [stdout]    1:     0x56bed93baaba - core[a373ad73a504971]::fmt::write
[INFO] [stdout]    2:     0x56bed93d1dab - <alloc[2e1b2a31b91974c5]::vec::Vec<u8> as core[a373ad73a504971]::io::write::Write>::write_fmt
[INFO] [stdout]    3:     0x56bed93d188f - std[617be2ca0a6fd877]::panicking::default_hook::{closure#0}
[INFO] [stdout]    4:     0x56bed93d14ba - std[617be2ca0a6fd877]::panicking::default_hook
[INFO] [stdout]    5:     0x56bed93d0ff5 - std[617be2ca0a6fd877]::panicking::panic_with_hook
[INFO] [stdout]    6:     0x56bed93f7da1 - std[617be2ca0a6fd877]::panicking::panic_handler::{closure#0}
[INFO] [stdout]    7:     0x56bed93f7d59 - std[617be2ca0a6fd877]::sys::backtrace::__rust_end_short_backtrace::<std[617be2ca0a6fd877]::panicking::panic_handler::{closure#0}, !>
[INFO] [stdout]    8:     0x56bed93f825c - __rustc[ea4f61d10b84890b]::rust_begin_unwind
[INFO] [stdout]    9:     0x56bed93ba94b - core[a373ad73a504971]::panicking::panic_fmt
[INFO] [stdout]   10:     0x56bed93bdd71 - core[a373ad73a504971]::result::unwrap_failed
[INFO] [stdout]   11:     0x56bed93b8c8b - <unsh[c4d692e385f9a7ea]::import_parser::test::test_2::{closure#0} as core[a373ad73a504971]::ops::function::FnOnce<()>>::call_once
[INFO] [stdout]   12:     0x56bed94102bb - test[aada8e7e76ba119b]::__rust_begin_short_backtrace::<core[a373ad73a504971]::result::Result<(), alloc[2e1b2a31b91974c5]::string::String>, fn() -> core[a373ad73a504971]::result::Result<(), alloc[2e1b2a31b91974c5]::string::String>>
[INFO] [stdout]   13:     0x56bed940b71f - test[aada8e7e76ba119b]::run_test::{closure#0}
[INFO] [stdout]   14:     0x56bed940b19c - std[617be2ca0a6fd877]::sys::backtrace::__rust_begin_short_backtrace::<test[aada8e7e76ba119b]::run_test::{closure#1}, ()>
[INFO] [stdout]   15:     0x56bed942b70c - <std[617be2ca0a6fd877]::thread::lifecycle::spawn_unchecked<test[aada8e7e76ba119b]::run_test::{closure#1}, ()>::{closure#1} as core[a373ad73a504971]::ops::function::FnOnce<()>>::call_once::{shim:vtable#0}
[INFO] [stdout]   16:     0x56bed93f9a34 - <std[617be2ca0a6fd877]::sys::thread::unix::Thread>::new::thread_start
[INFO] [stdout]   17:     0x784ab3eaddfa - <unknown>
[INFO] [stdout]   18:     0x784ab3f413d4 - clone
[INFO] [stdout]   19:                0x0 - <unknown>
[INFO] [stdout] 
[INFO] [stdout] 
[INFO] [stdout] failures:
[INFO] [stdout]     import_parser::test::test_2
[INFO] [stdout]     import_parser::test::test_basic
[INFO] [stdout] 
[INFO] [stdout] test result: FAILED. 0 passed; 2 failed; 0 ignored; 0 measured; 0 filtered out; finished in 0.00s
[INFO] [stdout] 
[INFO] running `Command { std: "docker" "inspect" "6aa6a1cabcb1ae2158d8d1c9bba039b0d13213185f71273a626bbec536797d6c", kill_on_drop: false }`
[INFO] running `Command { std: "docker" "rm" "-f" "6aa6a1cabcb1ae2158d8d1c9bba039b0d13213185f71273a626bbec536797d6c", kill_on_drop: false }`
[INFO] [stdout] 6aa6a1cabcb1ae2158d8d1c9bba039b0d13213185f71273a626bbec536797d6c
