[INFO] fetching crate unrspack-resolver 1.3.0...
[INFO] testing unrspack-resolver-1.3.0 against 1.100.0-beta.1+cargoflags=--release for beta-release-1.100-2
[INFO] extracting crate unrspack-resolver 1.3.0 into /workspace/builds/worker-2-tc2/source
[INFO] started tweaking crates.io crate unrspack-resolver 1.3.0
[INFO] removed 0 missing examples
[INFO] finished tweaking crates.io crate unrspack-resolver 1.3.0
[INFO] tweaked toml for crates.io crate unrspack-resolver 1.3.0 written to /workspace/builds/worker-2-tc2/source/Cargo.toml
[INFO] validating manifest of crates.io crate unrspack-resolver 1.3.0 on toolchain 1.100.0-beta.1
[INFO] running `Command { std: CARGO_HOME="/workspace/cargo-home" RUSTUP_HOME="/workspace/rustup-home" "/workspace/cargo-home/bin/cargo" "+1.100.0-beta.1" "metadata" "--manifest-path" "Cargo.toml" "--no-deps", kill_on_drop: false }`
[INFO] crate crates.io crate unrspack-resolver 1.3.0 already has a lockfile, it will not be regenerated
[INFO] running `Command { std: CARGO_HOME="/workspace/cargo-home" RUSTUP_HOME="/workspace/rustup-home" "/workspace/cargo-home/bin/cargo" "+1.100.0-beta.1" "fetch" "--manifest-path" "Cargo.toml", kill_on_drop: false }`
[INFO] [stderr] warning: `package.homepage` is redundant with `package.repository`
[INFO] [stderr]    --> Cargo.toml:140:12
[INFO] [stderr]     |
[INFO] [stderr] 140 | homepage = "https://github.com/unrs/rspack-resolver"
[INFO] [stderr]     |            ^^^^^^^^^^^^^^^^^^^^^^^^^^^^^^^^^^^^^^^^^
[INFO] [stderr] ...
[INFO] [stderr] 146 | repository = "https://github.com/unrs/rspack-resolver"
[INFO] [stderr]     |              -----------------------------------------
[INFO] [stderr]     |
[INFO] [stderr]     = note: `cargo::redundant_homepage` is set to `warn` by default
[INFO] [stderr] help: consider removing `package.homepage`
[INFO] [stderr] warning: `unrspack-resolver` (manifest) generated 1 warning
[INFO] running `Command { std: "docker" "create" "-v" "/var/lib/crater-agent-workspace/builds/worker-2-tc2/source:/opt/rustwide/workdir:ro,Z" "-v" "/var/lib/crater-agent-workspace/builds/worker-2-tc2/target:/opt/rustwide/target:rw,Z" "-v" "/var/lib/crater-agent-workspace/cargo-home:/opt/rustwide/cargo-home:ro,Z" "-v" "/var/lib/crater-agent-workspace/rustup-home:/opt/rustwide/rustup-home:ro,Z" "-m" "1610612736" "--network" "none" "ghcr.io/rust-lang/crates-build-env/linux@sha256:77db811e55d90add9212f6832c23229e3de5f1c1f9905e8cb07319ea15df73ac" "sleep" "infinity", kill_on_drop: false }`
[INFO] [stdout] 878bfa2ee83117312eb1b06d2f6816acc70376d29a03f1d4232d5d1c581f9899
[INFO] running `Command { std: "docker" "start" "878bfa2ee83117312eb1b06d2f6816acc70376d29a03f1d4232d5d1c581f9899", kill_on_drop: false }`
[INFO] running `Command { std: "docker" "inspect" "878bfa2ee83117312eb1b06d2f6816acc70376d29a03f1d4232d5d1c581f9899", kill_on_drop: false }`
[INFO] running `Command { std: "docker" "exec" "-e" "SOURCE_DIR=/opt/rustwide/workdir" "-e" "CARGO_HOME=/opt/rustwide/cargo-home" "-e" "RUSTUP_HOME=/opt/rustwide/rustup-home" "-e" "CARGO_TARGET_DIR=/opt/rustwide/target" "-w" "/opt/rustwide/workdir" "--user" "0:0" "878bfa2ee83117312eb1b06d2f6816acc70376d29a03f1d4232d5d1c581f9899" "/opt/rustwide/cargo-home/bin/cargo" "+1.100.0-beta.1" "metadata" "--no-deps" "--format-version=1", kill_on_drop: false }`
[INFO] running `Command { std: "docker" "inspect" "878bfa2ee83117312eb1b06d2f6816acc70376d29a03f1d4232d5d1c581f9899", kill_on_drop: false }`
[INFO] running `Command { std: "docker" "exec" "-e" "SOURCE_DIR=/opt/rustwide/workdir" "-e" "CARGO_HOME=/opt/rustwide/cargo-home" "-e" "RUSTUP_HOME=/opt/rustwide/rustup-home" "-e" "CARGO_TARGET_DIR=/opt/rustwide/target" "-e" "CARGO_INCREMENTAL=0" "-e" "RUST_BACKTRACE=full" "-e" "RUSTFLAGS=--cap-lints=warn" "-e" "RUSTDOCFLAGS=--cap-lints=warn" "-w" "/opt/rustwide/workdir" "--user" "0:0" "878bfa2ee83117312eb1b06d2f6816acc70376d29a03f1d4232d5d1c581f9899" "/opt/rustwide/cargo-home/bin/cargo" "+1.100.0-beta.1" "build" "--frozen" "--message-format=json" "--release", kill_on_drop: false }`
[INFO] [stderr] warning: `package.homepage` is redundant with `package.repository`
[INFO] [stderr]    --> Cargo.toml:140:12
[INFO] [stderr]     |
[INFO] [stderr] 140 | homepage = "https://github.com/unrs/rspack-resolver"
[INFO] [stderr]     |            ^^^^^^^^^^^^^^^^^^^^^^^^^^^^^^^^^^^^^^^^^
[INFO] [stderr] ...
[INFO] [stderr] 146 | repository = "https://github.com/unrs/rspack-resolver"
[INFO] [stderr]     |              -----------------------------------------
[INFO] [stderr]     |
[INFO] [stderr]     = note: `cargo::redundant_homepage` is set to `warn` by default
[INFO] [stderr] help: consider removing `package.homepage`
[INFO] [stderr] warning: `unrspack-resolver` (manifest) generated 1 warning
[INFO] [stderr]    Compiling proc-macro2 v1.0.94
[INFO] [stderr]    Compiling unicode-ident v1.0.18
[INFO] [stderr]    Compiling memchr v2.7.4
[INFO] [stderr]    Compiling smallvec v1.14.0
[INFO] [stderr]    Compiling fnv v1.0.7
[INFO] [stderr]    Compiling ident_case v1.0.1
[INFO] [stderr]    Compiling strsim v0.11.1
[INFO] [stderr]    Compiling serde v1.0.219
[INFO] [stderr]    Compiling equivalent v1.0.2
[INFO] [stderr]    Compiling libc v0.2.171
[INFO] [stderr]    Compiling hashbrown v0.15.2
[INFO] [stderr]    Compiling regex-syntax v0.8.5
[INFO] [stderr]    Compiling autocfg v1.4.0
[INFO] [stderr]    Compiling once_cell v1.21.1
[INFO] [stderr]    Compiling parking_lot_core v0.9.10
[INFO] [stderr]    Compiling crossbeam-utils v0.8.21
[INFO] [stderr]    Compiling bit-vec v0.6.3
[INFO] [stderr]    Compiling endian-type v0.1.2
[INFO] [stderr]    Compiling thiserror v1.0.69
[INFO] [stderr]    Compiling serde_json v1.0.140
[INFO] [stderr]    Compiling path-slash v0.2.1
[INFO] [stderr]    Compiling scopeguard v1.2.0
[INFO] [stderr]    Compiling itoa v1.0.15
[INFO] [stderr]    Compiling clean-path v0.2.1
[INFO] [stderr]    Compiling adler v1.0.2
[INFO] [stderr]    Compiling cfg-if v1.0.0
[INFO] [stderr]    Compiling ryu v1.0.20
[INFO] [stderr]    Compiling tracing-core v0.1.33
[INFO] [stderr]    Compiling concurrent_lru v0.2.0
[INFO] [stderr]    Compiling pathdiff v0.2.3
[INFO] [stderr]    Compiling byteorder v1.5.0
[INFO] [stderr]    Compiling miniz_oxide v0.7.4
[INFO] [stderr]    Compiling nibble_vec v0.1.0
[INFO] [stderr]    Compiling bit-set v0.5.3
[INFO] [stderr]    Compiling lazy_static v1.5.0
[INFO] [stderr]    Compiling pin-project-lite v0.2.16
[INFO] [stderr]    Compiling radix_trie v0.2.1
[INFO] [stderr]    Compiling lock_api v0.4.12
[INFO] [stderr]    Compiling simdutf8 v0.1.5
[INFO] [stderr]    Compiling dunce v1.0.5
[INFO] [stderr]    Compiling rustc-hash v2.1.1
[INFO] [stderr]    Compiling arca v0.7.0
[INFO] [stderr]    Compiling aho-corasick v1.1.3
[INFO] [stderr]    Compiling json-strip-comments v1.0.4
[INFO] [stderr]    Compiling quote v1.0.40
[INFO] [stderr]    Compiling syn v2.0.100
[INFO] [stderr]    Compiling seize v0.5.0
[INFO] [stderr]    Compiling dashmap v7.0.0-rc2
[INFO] [stderr]    Compiling papaya v0.2.1
[INFO] [stderr]    Compiling regex-automata v0.4.9
[INFO] [stderr]    Compiling darling_core v0.20.10
[INFO] [stderr]    Compiling serde_derive v1.0.219
[INFO] [stderr]    Compiling thiserror-impl v1.0.69
[INFO] [stderr]    Compiling tracing-attributes v0.1.28
[INFO] [stderr]    Compiling tracing v0.1.41
[INFO] [stderr]    Compiling darling_macro v0.20.10
[INFO] [stderr]    Compiling darling v0.20.10
[INFO] [stderr]    Compiling serde_with_macros v3.12.0
[INFO] [stderr]    Compiling fancy-regex v0.13.0
[INFO] [stderr]    Compiling regex v1.11.1
[INFO] [stderr]    Compiling indexmap v2.8.0
[INFO] [stderr]    Compiling serde_with v3.12.0
[INFO] [stderr]    Compiling pnp v0.9.1
[INFO] [stderr]    Compiling unrspack-resolver v1.3.0 (/opt/rustwide/workdir)
[INFO] [stderr]     Finished `release` profile [optimized] target(s) in 35.20s
[INFO] running `Command { std: "docker" "inspect" "878bfa2ee83117312eb1b06d2f6816acc70376d29a03f1d4232d5d1c581f9899", kill_on_drop: false }`
[INFO] running `Command { std: "docker" "exec" "-e" "SOURCE_DIR=/opt/rustwide/workdir" "-e" "CARGO_HOME=/opt/rustwide/cargo-home" "-e" "RUSTUP_HOME=/opt/rustwide/rustup-home" "-e" "CARGO_TARGET_DIR=/opt/rustwide/target" "-e" "CARGO_INCREMENTAL=0" "-e" "RUST_BACKTRACE=full" "-e" "RUSTFLAGS=--cap-lints=warn" "-e" "RUSTDOCFLAGS=--cap-lints=warn" "-w" "/opt/rustwide/workdir" "--user" "0:0" "878bfa2ee83117312eb1b06d2f6816acc70376d29a03f1d4232d5d1c581f9899" "/opt/rustwide/cargo-home/bin/cargo" "+1.100.0-beta.1" "test" "--frozen" "--no-run" "--message-format=json" "--release", kill_on_drop: false }`
[INFO] [stderr] warning: `package.homepage` is redundant with `package.repository`
[INFO] [stderr]    --> Cargo.toml:140:12
[INFO] [stderr]     |
[INFO] [stderr] 140 | homepage = "https://github.com/unrs/rspack-resolver"
[INFO] [stderr]     |            ^^^^^^^^^^^^^^^^^^^^^^^^^^^^^^^^^^^^^^^^^
[INFO] [stderr] ...
[INFO] [stderr] 146 | repository = "https://github.com/unrs/rspack-resolver"
[INFO] [stderr]     |              -----------------------------------------
[INFO] [stderr]     |
[INFO] [stderr]     = note: `cargo::redundant_homepage` is set to `warn` by default
[INFO] [stderr] help: consider removing `package.homepage`
[INFO] [stderr] warning: `unrspack-resolver` (manifest) generated 1 warning
[INFO] [stderr]    Compiling memchr v2.7.4
[INFO] [stderr]    Compiling cfg-if v1.0.0
[INFO] [stderr]    Compiling equivalent v1.0.2
[INFO] [stderr]    Compiling hashbrown v0.15.2
[INFO] [stderr]    Compiling smallvec v1.14.0
[INFO] [stderr]    Compiling regex-syntax v0.8.5
[INFO] [stderr]    Compiling once_cell v1.21.1
[INFO] [stderr]    Compiling itoa v1.0.15
[INFO] [stderr]    Compiling endian-type v0.1.2
[INFO] [stderr]    Compiling libc v0.2.171
[INFO] [stderr]    Compiling crossbeam-utils v0.8.21
[INFO] [stderr]    Compiling bit-vec v0.6.3
[INFO] [stderr]    Compiling ryu v1.0.20
[INFO] [stderr]    Compiling serde v1.0.219
[INFO] [stderr]    Compiling num-traits v0.2.19
[INFO] [stderr]    Compiling adler v1.0.2
[INFO] [stderr]    Compiling half v2.5.0
[INFO] [stderr]    Compiling path-slash v0.2.1
[INFO] [stderr]    Compiling scopeguard v1.2.0
[INFO] [stderr]    Compiling clean-path v0.2.1
[INFO] [stderr]    Compiling bit-set v0.5.3
[INFO] [stderr]    Compiling ciborium-io v0.2.2
[INFO] [stderr]    Compiling rayon-core v1.12.1
[INFO] [stderr]    Compiling lock_api v0.4.12
[INFO] [stderr]    Compiling miniz_oxide v0.7.4
[INFO] [stderr]    Compiling thiserror v1.0.69
[INFO] [stderr]    Compiling pin-project-lite v0.2.16
[INFO] [stderr]    Compiling same-file v1.0.6
[INFO] [stderr]    Compiling pathdiff v0.2.3
[INFO] [stderr]    Compiling byteorder v1.5.0
[INFO] [stderr]    Compiling lazy_static v1.5.0
[INFO] [stderr]    Compiling concurrent_lru v0.2.0
[INFO] [stderr]    Compiling tracing-core v0.1.33
[INFO] [stderr]    Compiling walkdir v2.5.0
[INFO] [stderr]    Compiling rustc-hash v2.1.1
[INFO] [stderr]    Compiling dunce v1.0.5
[INFO] [stderr]    Compiling cast v0.3.0
[INFO] [stderr]    Compiling nibble_vec v0.1.0
[INFO] [stderr]    Compiling anes v0.2.0
[INFO] [stderr]    Compiling oorandom v11.1.5
[INFO] [stderr]    Compiling simdutf8 v0.1.5
[INFO] [stderr]    Compiling ciborium-ll v0.2.2
[INFO] [stderr]    Compiling radix_trie v0.2.1
[INFO] [stderr]    Compiling either v1.15.0
[INFO] [stderr]    Compiling tracing v0.1.41
[INFO] [stderr]    Compiling bpaf v0.9.19
[INFO] [stderr]    Compiling normalize-path v0.2.1
[INFO] [stderr]    Compiling arca v0.7.0
[INFO] [stderr]    Compiling aho-corasick v1.1.3
[INFO] [stderr]    Compiling parking_lot_core v0.9.10
[INFO] [stderr]    Compiling seize v0.5.0
[INFO] [stderr]    Compiling filetime v0.2.25
[INFO] [stderr]    Compiling json-strip-comments v1.0.4
[INFO] [stderr]    Compiling crossbeam-epoch v0.9.18
[INFO] [stderr]    Compiling vfs v0.12.0
[INFO] [stderr]    Compiling papaya v0.2.1
[INFO] [stderr]    Compiling crossbeam-deque v0.8.6
[INFO] [stderr]    Compiling dashmap v7.0.0-rc2
[INFO] [stderr]    Compiling rayon v1.10.0
[INFO] [stderr]    Compiling regex-automata v0.4.9
[INFO] [stderr]    Compiling indexmap v2.8.0
[INFO] [stderr]    Compiling ciborium v0.2.2
[INFO] [stderr]    Compiling serde_json v1.0.140
[INFO] [stderr]    Compiling serde_with v3.12.0
[INFO] [stderr]    Compiling fancy-regex v0.13.0
[INFO] [stderr]    Compiling regex v1.11.1
[INFO] [stderr]    Compiling criterion2 v3.0.0
[INFO] [stderr]    Compiling pnp v0.9.1
[INFO] [stderr]    Compiling unrspack-resolver v1.3.0 (/opt/rustwide/workdir)
[INFO] [stderr]     Finished `release` profile [optimized] target(s) in 1m 31s
[INFO] running `Command { std: "docker" "inspect" "878bfa2ee83117312eb1b06d2f6816acc70376d29a03f1d4232d5d1c581f9899", kill_on_drop: false }`
[INFO] running `Command { std: "docker" "exec" "-e" "SOURCE_DIR=/opt/rustwide/workdir" "-e" "CARGO_HOME=/opt/rustwide/cargo-home" "-e" "RUSTUP_HOME=/opt/rustwide/rustup-home" "-e" "CARGO_TARGET_DIR=/opt/rustwide/target" "-e" "CARGO_INCREMENTAL=0" "-e" "RUST_BACKTRACE=full" "-e" "RUSTFLAGS=--cap-lints=warn" "-e" "RUSTDOCFLAGS=--cap-lints=warn" "-w" "/opt/rustwide/workdir" "--user" "0:0" "878bfa2ee83117312eb1b06d2f6816acc70376d29a03f1d4232d5d1c581f9899" "/opt/rustwide/cargo-home/bin/cargo" "+1.100.0-beta.1" "test" "--frozen" "--release", kill_on_drop: false }`
[INFO] [stderr] warning: `package.homepage` is redundant with `package.repository`
[INFO] [stderr]    --> Cargo.toml:140:12
[INFO] [stderr]     |
[INFO] [stderr] 140 | homepage = "https://github.com/unrs/rspack-resolver"
[INFO] [stderr]     |            ^^^^^^^^^^^^^^^^^^^^^^^^^^^^^^^^^^^^^^^^^
[INFO] [stderr] ...
[INFO] [stderr] 146 | repository = "https://github.com/unrs/rspack-resolver"
[INFO] [stderr]     |              -----------------------------------------
[INFO] [stderr]     |
[INFO] [stderr]     = note: `cargo::redundant_homepage` is set to `warn` by default
[INFO] [stderr] help: consider removing `package.homepage`
[INFO] [stderr] warning: `unrspack-resolver` (manifest) generated 1 warning
[INFO] [stderr]     Finished `release` profile [optimized] target(s) in 0.15s
[INFO] [stderr]      Running unittests src/lib.rs (/opt/rustwide/target/release/build/unrspack-resolver/675de6dd4bc2def5/out/unrspack_resolver-675de6dd4bc2def5)
[INFO] [stdout] 
[INFO] [stdout] running 107 tests
[INFO] [stdout] test specifier::tests::hash ... ok
[INFO] [stdout] test specifier::tests::module ... ok
[INFO] [stdout] test path::is_invalid_exports_target ... ok
[INFO] [stdout] test specifier::tests::enhanced_resolve_edge_cases ... ok
[INFO] [stdout] test error::test_coverage ... ok
[INFO] [stdout] test options::test::display ... ok
[INFO] [stdout] test file_system::metadata ... ok
[INFO] [stdout] test path::normalize ... ok
[INFO] [stdout] test error::test_into_io_error ... ok
[INFO] [stdout] test specifier::tests::debug ... ok
[INFO] [stdout] test options::test::enforce_extension ... ok
[INFO] [stdout] test specifier::tests::absolute ... ok
[INFO] [stdout] test specifier::tests::query_fragment ... ok
[INFO] [stdout] test specifier::tests::relative ... ok
[INFO] [stdout] test specifier::tests::empty ... ok
[INFO] [stdout] test specifier::tests::enhanced_resolve_windows_like ... ok
[INFO] [stdout] test tests::alias::alias_fragment ... FAILED
[INFO] [stdout] test tests::alias::alias_is_full_path ... FAILED
[INFO] [stdout] test tests::alias::absolute_path ... FAILED
[INFO] [stdout] test tests::builtins::builtins ... ok
[INFO] [stdout] test tests::builtins::builtins_off ... ok
[INFO] [stdout] test tests::builtins::imports ... FAILED
[INFO] [stdout] test tests::builtins::fail ... ok
[INFO] [stdout] test tests::dependencies::windows::test ... ok
[INFO] [stdout] test tests::exports_field::exports_not_browser_field1 ... FAILED
[INFO] [stdout] test tests::exports_field::extension_alias_1_2 ... FAILED
[INFO] [stdout] test tests::exports_field::exports_not_browser_field2 ... FAILED
[INFO] [stdout] test tests::exports_field::extension_alias_throw_error ... FAILED
[INFO] [stdout] test tests::exports_field::extension_without_fully_specified ... FAILED
[INFO] [stdout] test tests::exports_field::extension_alias_3 ... FAILED
[INFO] [stdout] test tests::browser_field::crypto_js ... FAILED
[INFO] [stdout] test tests::exports_field::shared_resolvers ... FAILED
[INFO] [stdout] test tests::alias::all_alias_values_are_not_found ... ok
[INFO] [stdout] test tests::browser_field::shared_resolvers ... FAILED
[INFO] [stdout] test tests::alias::system_path ... FAILED
[INFO] [stdout] test tests::browser_field::replace_file ... FAILED
[INFO] [stdout] test tests::extension_alias::extension_alias ... FAILED
[INFO] [stdout] test tests::browser_field::with_query ... FAILED
[INFO] [stdout] test tests::alias::infinite_recursion ... ok
[INFO] [stdout] test tests::browser_field::recursive ... FAILED
[INFO] [stdout] test tests::browser_field::recurse_fail ... ok
[INFO] [stdout] test tests::alias::alias ... ok
[INFO] [stdout] test tests::browser_field::ignore ... FAILED
[INFO] [stdout] test tests::alias::alias_try_fragment_as_path ... FAILED
[INFO] [stdout] test tests::browser_field::broken ... FAILED
[INFO] [stdout] test tests::extensions::default_enforce_extension ... FAILED
[INFO] [stdout] test tests::extensions::respect_enforce_extension ... FAILED
[INFO] [stdout] test tests::extensions::extensions ... FAILED
[INFO] [stdout] test tests::extensions::multi_dot_extension ... FAILED
[INFO] [stdout] test tests::extension_alias::not_apply_to_extension_nor_main_files ... FAILED
[INFO] [stdout] test tests::extensions::without_leading_dot - should panic ... FAILED
[INFO] [stdout] test tests::exports_field::test_simple ... FAILED
[INFO] [stdout] test tests::fallback::fallback ... ok
[INFO] [stdout] test tests::full_specified::windows::resolve_to_context ... ok
[INFO] [stdout] test tests::exports_field::field_name_path ... FAILED
[INFO] [stdout] test tests::incorrect_description_file::incorrect_description_file_2 ... FAILED
[INFO] [stdout] test tests::missing::test ... FAILED
[INFO] [stdout] test tests::imports_field::test_simple ... FAILED
[INFO] [stdout] test tests::incorrect_description_file::incorrect_description_file_1 ... FAILED
[INFO] [stdout] test tests::pnp::resolve_pnp_pkg_should_failed_while_disable_pnp_mode ... ok
[INFO] [stdout] test tests::incorrect_description_file::incorrect_description_file_3 ... ok
[INFO] [stdout] test tests::missing::alias_and_extensions ... ok
[INFO] [stdout] test tests::resolve::resolve ... FAILED
[INFO] [stdout] test tests::resolve::prefer_relative ... FAILED
[INFO] [stdout] test tests::resolve::resolve_hash_as_module ... ok
[INFO] [stdout] test tests::resolution::test ... ok
[INFO] [stdout] test tests::main_field::test ... FAILED
[INFO] [stdout] test tests::resolve::issue238_resolve ... FAILED
[INFO] [stdout] test tests::resolve::resolve_to_context ... FAILED
[INFO] [stdout] test tests::roots::should_resolve_slash ... FAILED
[INFO] [stdout] test tests::roots::roots ... FAILED
[INFO] [stdout] test tests::roots::resolve_to_context ... FAILED
[INFO] [stdout] test tests::scoped_packages::scoped_packages ... FAILED
[INFO] [stdout] test tests::simple::resolve_abs_main ... FAILED
[INFO] [stdout] test tests::symlink::test ... ok
[INFO] [stdout] test tests::simple::simple ... FAILED
[INFO] [stdout] test tests::simple::dashed_name ... FAILED
[INFO] [stdout] test tests::tsconfig_paths::broken ... FAILED
[INFO] [stdout] test tests::simple::windows::no_package ... ok
[INFO] [stdout] test tests::tsconfig_paths::json_with_comments ... FAILED
[INFO] [stdout] test tests::tsconfig_paths::test_base_url ... ok
[INFO] [stdout] test tests::tsconfig_paths::test_no_merge_tsconfig ... FAILED
[INFO] [stdout] test tests::tsconfig_paths::test_merge_tsconfig ... FAILED
[INFO] [stdout] test tests::tsconfig_paths::test_paths ... ok
[INFO] [stdout] test tests::tsconfig_paths::test_template_variable ... FAILED
[INFO] [stdout] test tests::tsconfig_paths::tsconfig ... FAILED
[INFO] [stdout] test tests::restrictions::restriction1 ... FAILED
[INFO] [stdout] test tests::tsconfig_paths::tsconfig_fallthrough ... FAILED
[INFO] [stdout] test tests::roots::prefer_absolute ... FAILED
[INFO] [stdout] test tests::roots::roots_fall_through ... FAILED
[INFO] [stdout] test tests::tsconfig_paths::test_paths_and_base_url ... ok
[INFO] [stdout] test tests::threaded_environment ... ok
[INFO] [stdout] test tests::tsconfig_paths::test_paths_nested_base ... FAILED
[INFO] [stdout] test tests::full_specified::windows::test ... ok
[INFO] [stdout] test tests::imports_field::shared_resolvers ... FAILED
[INFO] [stdout] test tests::tsconfig_project_references::auto ... FAILED
[INFO] [stdout] test tests::incorrect_description_file::no_description_file ... FAILED
[INFO] [stdout] test tests::tsconfig_project_references::disabled ... FAILED
[INFO] [stdout] test tests::tsconfig_project_references::self_reference ... FAILED
[INFO] [stdout] test tests::pnp::pnp1 ... FAILED
[INFO] [stdout] test tests::tsconfig_project_references::manual ... FAILED
[INFO] [stdout] test tests::pnp::resolve_in_pnp_linked_folder ... FAILED
[INFO] [stdout] test tests::main_field::test_fallback ... FAILED
[INFO] [stdout] test tests::pnp::resolve_package_deep_link ... FAILED
[INFO] [stdout] test tests::tsconfig_paths::windows_test::match_path ... ok
[INFO] [stdout] test tests::imports_field::test_cases ... ok
[INFO] [stdout] test tests::exports_field::test_cases ... ok
[INFO] [stdout] 
[INFO] [stdout] failures:
[INFO] [stdout] 
[INFO] [stdout] ---- tests::alias::alias_fragment stdout ----
[INFO] [stdout] 
[INFO] [stdout] thread 'tests::alias::alias_fragment' (1599) panicked at src/tests/alias.rs:288:9:
[INFO] [stdout] assertion `left == right` failed: handle fragment edge case (no fragment) ./no#fragment/#/#
[INFO] [stdout]   left: Err(MatchedAliasNotFound("foo", "foo"))
[INFO] [stdout]  right: Ok("/opt/rustwide/workdir/fixtures/enhanced_resolve/test/fixtures/no#fragment/#/#.js")
[INFO] [stdout] stack backtrace:
[INFO] [stdout]    0:     0x6409288ddc95 - <unknown>
[INFO] [stdout]    1:     0x6409287da06a - <unknown>
[INFO] [stdout]    2:     0x6409288dd32b - <unknown>
[INFO] [stdout]    3:     0x6409288dce0f - <unknown>
[INFO] [stdout]    4:     0x6409288dca3a - <unknown>
[INFO] [stdout]    5:     0x6409288dc575 - <unknown>
[INFO] [stdout]    6:     0x640928903441 - <unknown>
[INFO] [stdout]    7:     0x6409289033f9 - <unknown>
[INFO] [stdout]    8:     0x6409289038fc - <unknown>
[INFO] [stdout]    9:     0x6409287d9efb - <unknown>
[INFO] [stdout]   10:     0x6409287d9e71 - <unknown>
[INFO] [stdout]   11:     0x6409286968e7 - <unknown>
[INFO] [stdout]   12:     0x64092878b580 - <unknown>
[INFO] [stdout]   13:     0x64092892098b - <unknown>
[INFO] [stdout]   14:     0x64092891bdef - <unknown>
[INFO] [stdout]   15:     0x64092891b86c - <unknown>
[INFO] [stdout]   16:     0x640928939b5c - <unknown>
[INFO] [stdout]   17:     0x640928905254 - <unknown>
[INFO] [stdout]   18:     0x72181c187dfa - <unknown>
[INFO] [stdout]   19:     0x72181c21b3d4 - clone
[INFO] [stdout]   20:                0x0 - <unknown>
[INFO] [stdout] 
[INFO] [stdout] ---- tests::alias::alias_is_full_path stdout ----
[INFO] [stdout] 
[INFO] [stdout] thread 'tests::alias::alias_is_full_path' (1600) panicked at src/tests/alias.rs:226:9:
[INFO] [stdout] assertion `left == right` failed
[INFO] [stdout]   left: Err(MatchedAliasNotFound("@/index", "@"))
[INFO] [stdout]  right: Ok("/opt/rustwide/workdir/fixtures/enhanced_resolve/test/fixtures/foo/index.js")
[INFO] [stdout] stack backtrace:
[INFO] [stdout]    0:     0x6409288ddc95 - <unknown>
[INFO] [stdout]    1:     0x6409287da06a - <unknown>
[INFO] [stdout]    2:     0x6409288dd32b - <unknown>
[INFO] [stdout]    3:     0x6409288dce0f - <unknown>
[INFO] [stdout]    4:     0x6409288dca3a - <unknown>
[INFO] [stdout]    5:     0x6409288dc575 - <unknown>
[INFO] [stdout]    6:     0x640928903441 - <unknown>
[INFO] [stdout]    7:     0x6409289033f9 - <unknown>
[INFO] [stdout]    8:     0x6409289038fc - <unknown>
[INFO] [stdout]    9:     0x6409287d9efb - <unknown>
[INFO] [stdout]   10:     0x6409287d9e12 - <unknown>
[INFO] [stdout]   11:     0x6409286968e7 - <unknown>
[INFO] [stdout]   12:     0x64092878c81e - <unknown>
[INFO] [stdout]   13:     0x64092892098b - <unknown>
[INFO] [stdout]   14:     0x64092891bdef - <unknown>
[INFO] [stdout]   15:     0x64092891b86c - <unknown>
[INFO] [stdout]   16:     0x640928939b5c - <unknown>
[INFO] [stdout]   17:     0x640928905254 - <unknown>
[INFO] [stdout]   18:     0x72181c187dfa - <unknown>
[INFO] [stdout]   19:     0x72181c21b3d4 - clone
[INFO] [stdout]   20:                0x0 - <unknown>
[INFO] [stdout] 
[INFO] [stdout] ---- tests::alias::absolute_path stdout ----
[INFO] [stdout] 
[INFO] [stdout] thread 'tests::alias::absolute_path' (1597) panicked at src/tests/alias.rs:182:5:
[INFO] [stdout] assertion `left == right` failed
[INFO] [stdout]   left: Err(NotFound("foo/index"))
[INFO] [stdout]  right: Err(Ignored("/opt/rustwide/workdir/fixtures/enhanced_resolve/test/fixtures/foo"))
[INFO] [stdout] stack backtrace:
[INFO] [stdout]    0:     0x6409288ddc95 - <unknown>
[INFO] [stdout]    1:     0x6409287da06a - <unknown>
[INFO] [stdout]    2:     0x6409288dd32b - <unknown>
[INFO] [stdout]    3:     0x6409288dce0f - <unknown>
[INFO] [stdout]    4:     0x6409288dca3a - <unknown>
[INFO] [stdout]    5:     0x6409288dc575 - <unknown>
[INFO] [stdout]    6:     0x640928903441 - <unknown>
[INFO] [stdout]    7:     0x6409289033f9 - <unknown>
[INFO] [stdout]    8:     0x6409289038fc - <unknown>
[INFO] [stdout]    9:     0x6409287d9efb - <unknown>
[INFO] [stdout]   10:     0x6409287d9e12 - <unknown>
[INFO] [stdout]   11:     0x64092869687b - <unknown>
[INFO] [stdout]   12:     0x64092878a8d6 - <unknown>
[INFO] [stdout]   13:     0x64092892098b - <unknown>
[INFO] [stdout]   14:     0x64092891bdef - <unknown>
[INFO] [stdout]   15:     0x64092891b86c - <unknown>
[INFO] [stdout]   16:     0x640928939b5c - <unknown>
[INFO] [stdout]   17:     0x640928905254 - <unknown>
[INFO] [stdout]   18:     0x72181c187dfa - <unknown>
[INFO] [stdout]   19:     0x72181c21b3d4 - clone
[INFO] [stdout]   20:                0x0 - <unknown>
[INFO] [stdout] 
[INFO] [stdout] ---- tests::builtins::imports stdout ----
[INFO] [stdout] 
[INFO] [stdout] thread 'tests::builtins::imports' (1616) panicked at src/tests/builtins.rs:126:9:
[INFO] [stdout] assertion `left == right` failed
[INFO] [stdout]   left: Err(NotFound("#fs"))
[INFO] [stdout]  right: Err(Builtin { resolved: "node:fs", is_runtime_module: false })
[INFO] [stdout] stack backtrace:
[INFO] [stdout]    0:     0x6409288ddc95 - <unknown>
[INFO] [stdout]    1:     0x6409287da06a - <unknown>
[INFO] [stdout]    2:     0x6409288dd32b - <unknown>
[INFO] [stdout]    3:     0x6409288dce0f - <unknown>
[INFO] [stdout]    4:     0x6409288dca3a - <unknown>
[INFO] [stdout]    5:     0x6409288dc575 - <unknown>
[INFO] [stdout]    6:     0x640928903441 - <unknown>
[INFO] [stdout]    7:     0x6409289033f9 - <unknown>
[INFO] [stdout]    8:     0x6409289038fc - <unknown>
[INFO] [stdout]    9:     0x6409287d9efb - <unknown>
[INFO] [stdout]   10:     0x6409287d9e12 - <unknown>
[INFO] [stdout]   11:     0x6409286968e7 - <unknown>
[INFO] [stdout]   12:     0x6409287a113f - <unknown>
[INFO] [stdout]   13:     0x64092892098b - <unknown>
[INFO] [stdout]   14:     0x64092891bdef - <unknown>
[INFO] [stdout]   15:     0x64092891b86c - <unknown>
[INFO] [stdout]   16:     0x640928939b5c - <unknown>
[INFO] [stdout]   17:     0x640928905254 - <unknown>
[INFO] [stdout]   18:     0x72181c187dfa - <unknown>
[INFO] [stdout]   19:     0x72181c21b3d4 - clone
[INFO] [stdout]   20:                0x0 - <unknown>
[INFO] [stdout] 
[INFO] [stdout] ---- tests::exports_field::exports_not_browser_field1 stdout ----
[INFO] [stdout] 
[INFO] [stdout] thread 'tests::exports_field::exports_not_browser_field1' (1618) panicked at src/tests/exports_field.rs:107:5:
[INFO] [stdout] assertion `left == right` failed
[INFO] [stdout]   left: Err(NotFound("exports-field/dist/main.js"))
[INFO] [stdout]  right: Ok("/opt/rustwide/workdir/fixtures/enhanced_resolve/test/fixtures/exports-field/node_modules/exports-field/lib/lib2/main.js")
[INFO] [stdout] stack backtrace:
[INFO] [stdout]    0:     0x6409288ddc95 - <unknown>
[INFO] [stdout]    1:     0x6409287da06a - <unknown>
[INFO] [stdout]    2:     0x6409288dd32b - <unknown>
[INFO] [stdout]    3:     0x6409288dce0f - <unknown>
[INFO] [stdout]    4:     0x6409288dca3a - <unknown>
[INFO] [stdout]    5:     0x6409288dc575 - <unknown>
[INFO] [stdout]    6:     0x640928903441 - <unknown>
[INFO] [stdout]    7:     0x6409289033f9 - <unknown>
[INFO] [stdout]    8:     0x6409289038fc - <unknown>
[INFO] [stdout]    9:     0x6409287d9efb - <unknown>
[INFO] [stdout]   10:     0x6409287d9e12 - <unknown>
[INFO] [stdout]   11:     0x6409286968e7 - <unknown>
[INFO] [stdout]   12:     0x64092876a5c4 - <unknown>
[INFO] [stdout]   13:     0x64092892098b - <unknown>
[INFO] [stdout]   14:     0x64092891bdef - <unknown>
[INFO] [stdout]   15:     0x64092891b86c - <unknown>
[INFO] [stdout]   16:     0x640928939b5c - <unknown>
[INFO] [stdout]   17:     0x640928905254 - <unknown>
[INFO] [stdout]   18:     0x72181c187dfa - <unknown>
[INFO] [stdout]   19:     0x72181c21b3d4 - clone
[INFO] [stdout]   20:                0x0 - <unknown>
[INFO] [stdout] 
[INFO] [stdout] ---- tests::exports_field::extension_alias_1_2 stdout ----
[INFO] [stdout] 
[INFO] [stdout] thread 'tests::exports_field::extension_alias_1_2' (1620) panicked at src/tests/exports_field.rs:236:9:
[INFO] [stdout] assertion `left == right` failed: should resolve with the `extensionAlias` option "/opt/rustwide/workdir/fixtures/enhanced_resolve/test/fixtures/exports-field-and-extension-alias" @org/pkg/string.js
[INFO] [stdout]   left: Err(NotFound("@org/pkg/string.js"))
[INFO] [stdout]  right: Ok("/opt/rustwide/workdir/fixtures/enhanced_resolve/test/fixtures/exports-field-and-extension-alias/node_modules/@org/pkg/dist/string.js")
[INFO] [stdout] stack backtrace:
[INFO] [stdout]    0:     0x6409288ddc95 - <unknown>
[INFO] [stdout]    1:     0x6409287da06a - <unknown>
[INFO] [stdout]    2:     0x6409288dd32b - <unknown>
[INFO] [stdout]    3:     0x6409288dce0f - <unknown>
[INFO] [stdout]    4:     0x6409288dca3a - <unknown>
[INFO] [stdout]    5:     0x6409288dc575 - <unknown>
[INFO] [stdout]    6:     0x640928903441 - <unknown>
[INFO] [stdout]    7:     0x6409289033f9 - <unknown>
[INFO] [stdout]    8:     0x6409289038fc - <unknown>
[INFO] [stdout]    9:     0x6409287d9efb - <unknown>
[INFO] [stdout]   10:     0x6409287d9e71 - <unknown>
[INFO] [stdout]   11:     0x6409286968e7 - <unknown>
[INFO] [stdout]   12:     0x6409287699cd - <unknown>
[INFO] [stdout]   13:     0x64092892098b - <unknown>
[INFO] [stdout]   14:     0x64092891bdef - <unknown>
[INFO] [stdout]   15:     0x64092891b86c - <unknown>
[INFO] [stdout]   16:     0x640928939b5c - <unknown>
[INFO] [stdout]   17:     0x640928905254 - <unknown>
[INFO] [stdout]   18:     0x72181c187dfa - <unknown>
[INFO] [stdout]   19:     0x72181c21b3d4 - clone
[INFO] [stdout]   20:                0x0 - <unknown>
[INFO] [stdout] 
[INFO] [stdout] ---- tests::exports_field::exports_not_browser_field2 stdout ----
[INFO] [stdout] 
[INFO] [stdout] thread 'tests::exports_field::exports_not_browser_field2' (1619) panicked at src/tests/exports_field.rs:123:5:
[INFO] [stdout] assertion `left == right` failed
[INFO] [stdout]   left: Err(NotFound("exports-field/dist/main.js"))
[INFO] [stdout]  right: Ok("/opt/rustwide/workdir/fixtures/enhanced_resolve/test/fixtures/exports-field2/node_modules/exports-field/lib/browser.js")
[INFO] [stdout] stack backtrace:
[INFO] [stdout]    0:     0x6409288ddc95 - <unknown>
[INFO] [stdout]    1:     0x6409287da06a - <unknown>
[INFO] [stdout]    2:     0x6409288dd32b - <unknown>
[INFO] [stdout]    3:     0x6409288dce0f - <unknown>
[INFO] [stdout]    4:     0x6409288dca3a - <unknown>
[INFO] [stdout]    5:     0x6409288dc575 - <unknown>
[INFO] [stdout]    6:     0x640928903441 - <unknown>
[INFO] [stdout]    7:     0x6409289033f9 - <unknown>
[INFO] [stdout]    8:     0x6409289038fc - <unknown>
[INFO] [stdout]    9:     0x6409287d9efb - <unknown>
[INFO] [stdout]   10:     0x6409287d9e12 - <unknown>
[INFO] [stdout]   11:     0x6409286968e7 - <unknown>
[INFO] [stdout]   12:     0x64092876b064 - <unknown>
[INFO] [stdout]   13:     0x64092892098b - <unknown>
[INFO] [stdout]   14:     0x64092891bdef - <unknown>
[INFO] [stdout]   15:     0x64092891b86c - <unknown>
[INFO] [stdout]   16:     0x640928939b5c - <unknown>
[INFO] [stdout]   17:     0x640928905254 - <unknown>
[INFO] [stdout]   18:     0x72181c187dfa - <unknown>
[INFO] [stdout]   19:     0x72181c21b3d4 - clone
[INFO] [stdout]   20:                0x0 - <unknown>
[INFO] [stdout] 
[INFO] [stdout] ---- tests::exports_field::extension_alias_throw_error stdout ----
[INFO] [stdout] 
[INFO] [stdout] thread 'tests::exports_field::extension_alias_throw_error' (1622) panicked at src/tests/exports_field.rs:289:9:
[INFO] [stdout] assertion `left == right` failed: should throw error with the `extensionAlias` option "/opt/rustwide/workdir/fixtures/enhanced_resolve/test/fixtures/exports-field-and-extension-alias" pkg/string.js
[INFO] [stdout]   left: Err(NotFound("pkg/string.js"))
[INFO] [stdout]  right: Err(ExtensionAlias("string.js", "string.ts", "/opt/rustwide/workdir/fixtures/enhanced_resolve/test/fixtures/exports-field-and-extension-alias/node_modules/pkg/dist"))
[INFO] [stdout] stack backtrace:
[INFO] [stdout]    0:     0x6409288ddc95 - <unknown>
[INFO] [stdout]    1:     0x6409287da06a - <unknown>
[INFO] [stdout]    2:     0x6409288dd32b - <unknown>
[INFO] [stdout]    3:     0x6409288dce0f - <unknown>
[INFO] [stdout]    4:     0x6409288dca3a - <unknown>
[INFO] [stdout]    5:     0x6409288dc575 - <unknown>
[INFO] [stdout]    6:     0x640928903441 - <unknown>
[INFO] [stdout]    7:     0x6409289033f9 - <unknown>
[INFO] [stdout]    8:     0x6409289038fc - <unknown>
[INFO] [stdout]    9:     0x6409287d9efb - <unknown>
[INFO] [stdout]   10:     0x6409287d9e71 - <unknown>
[INFO] [stdout]   11:     0x64092869687b - <unknown>
[INFO] [stdout]   12:     0x64092876bdaa - <unknown>
[INFO] [stdout]   13:     0x64092892098b - <unknown>
[INFO] [stdout]   14:     0x64092891bdef - <unknown>
[INFO] [stdout]   15:     0x64092891b86c - <unknown>
[INFO] [stdout]   16:     0x640928939b5c - <unknown>
[INFO] [stdout]   17:     0x640928905254 - <unknown>
[INFO] [stdout]   18:     0x72181c187dfa - <unknown>
[INFO] [stdout]   19:     0x72181c21b3d4 - clone
[INFO] [stdout]   20:                0x0 - <unknown>
[INFO] [stdout] 
[INFO] [stdout] ---- tests::exports_field::extension_without_fully_specified stdout ----
[INFO] [stdout] 
[INFO] [stdout] thread 'tests::exports_field::extension_without_fully_specified' (1623) panicked at src/tests/exports_field.rs:139:5:
[INFO] [stdout] assertion `left == right` failed
[INFO] [stdout]   left: Err(NotFound("exports-field/dist/main"))
[INFO] [stdout]  right: Ok("/opt/rustwide/workdir/fixtures/enhanced_resolve/test/fixtures/exports-field2/node_modules/exports-field/lib/lib2/main.js")
[INFO] [stdout] stack backtrace:
[INFO] [stdout]    0:     0x6409288ddc95 - <unknown>
[INFO] [stdout]    1:     0x6409287da06a - <unknown>
[INFO] [stdout]    2:     0x6409288dd32b - <unknown>
[INFO] [stdout]    3:     0x6409288dce0f - <unknown>
[INFO] [stdout]    4:     0x6409288dca3a - <unknown>
[INFO] [stdout]    5:     0x6409288dc575 - <unknown>
[INFO] [stdout]    6:     0x640928903441 - <unknown>
[INFO] [stdout]    7:     0x6409289033f9 - <unknown>
[INFO] [stdout]    8:     0x6409289038fc - <unknown>
[INFO] [stdout]    9:     0x6409287d9efb - <unknown>
[INFO] [stdout]   10:     0x6409287d9e12 - <unknown>
[INFO] [stdout]   11:     0x6409286968e7 - <unknown>
[INFO] [stdout]   12:     0x64092876c80c - <unknown>
[INFO] [stdout]   13:     0x64092892098b - <unknown>
[INFO] [stdout]   14:     0x64092891bdef - <unknown>
[INFO] [stdout]   15:     0x64092891b86c - <unknown>
[INFO] [stdout]   16:     0x640928939b5c - <unknown>
[INFO] [stdout]   17:     0x640928905254 - <unknown>
[INFO] [stdout]   18:     0x72181c187dfa - <unknown>
[INFO] [stdout]   19:     0x72181c21b3d4 - clone
[INFO] [stdout]   20:                0x0 - <unknown>
[INFO] [stdout] 
[INFO] [stdout] ---- tests::exports_field::extension_alias_3 stdout ----
[INFO] [stdout] 
[INFO] [stdout] thread 'tests::exports_field::extension_alias_3' (1621) panicked at src/tests/exports_field.rs:262:9:
[INFO] [stdout] assertion `left == right` failed: should resolve with the `extensionAlias` option #3 "/opt/rustwide/workdir/fixtures/enhanced_resolve/test/fixtures/exports-field-and-extension-alias" pkg/string.js
[INFO] [stdout]   left: Err(NotFound("pkg/string.js"))
[INFO] [stdout]  right: Ok("/opt/rustwide/workdir/fixtures/enhanced_resolve/test/fixtures/exports-field-and-extension-alias/node_modules/pkg/dist/string.js")
[INFO] [stdout] stack backtrace:
[INFO] [stdout]    0:     0x6409288ddc95 - <unknown>
[INFO] [stdout]    1:     0x6409287da06a - <unknown>
[INFO] [stdout]    2:     0x6409288dd32b - <unknown>
[INFO] [stdout]    3:     0x6409288dce0f - <unknown>
[INFO] [stdout]    4:     0x6409288dca3a - <unknown>
[INFO] [stdout]    5:     0x6409288dc575 - <unknown>
[INFO] [stdout]    6:     0x640928903441 - <unknown>
[INFO] [stdout]    7:     0x6409289033f9 - <unknown>
[INFO] [stdout]    8:     0x6409289038fc - <unknown>
[INFO] [stdout]    9:     0x6409287d9efb - <unknown>
[INFO] [stdout]   10:     0x6409287d9e71 - <unknown>
[INFO] [stdout]   11:     0x6409286968e7 - <unknown>
[INFO] [stdout]   12:     0x6409287685a5 - <unknown>
[INFO] [stdout]   13:     0x64092892098b - <unknown>
[INFO] [stdout]   14:     0x64092891bdef - <unknown>
[INFO] [stdout]   15:     0x64092891b86c - <unknown>
[INFO] [stdout]   16:     0x640928939b5c - <unknown>
[INFO] [stdout]   17:     0x640928905254 - <unknown>
[INFO] [stdout]   18:     0x72181c187dfa - <unknown>
[INFO] [stdout]   19:     0x72181c21b3d4 - clone
[INFO] [stdout]   20:                0x0 - <unknown>
[INFO] [stdout] 
[INFO] [stdout] ---- tests::browser_field::crypto_js stdout ----
[INFO] [stdout] 
[INFO] [stdout] thread 'tests::browser_field::crypto_js' (1606) panicked at src/tests/browser_field.rs:152:5:
[INFO] [stdout] assertion `left == right` failed
[INFO] [stdout]   left: Err(MatchedAliasNotFound("crypto", "crypto"))
[INFO] [stdout]  right: Err(Ignored("/opt/rustwide/workdir/fixtures/enhanced_resolve/test/fixtures/crypto-js"))
[INFO] [stdout] stack backtrace:
[INFO] [stdout]    0:     0x6409288ddc95 - <unknown>
[INFO] [stdout]    1:     0x6409287da06a - <unknown>
[INFO] [stdout]    2:     0x6409288dd32b - <unknown>
[INFO] [stdout]    3:     0x6409288dce0f - <unknown>
[INFO] [stdout]    4:     0x6409288dca3a - <unknown>
[INFO] [stdout]    5:     0x6409288dc575 - <unknown>
[INFO] [stdout]    6:     0x640928903441 - <unknown>
[INFO] [stdout]    7:     0x6409289033f9 - <unknown>
[INFO] [stdout]    8:     0x6409289038fc - <unknown>
[INFO] [stdout]    9:     0x6409287d9efb - <unknown>
[INFO] [stdout]   10:     0x6409287d9e12 - <unknown>
[INFO] [stdout]   11:     0x6409286968e7 - <unknown>
[INFO] [stdout]   12:     0x640928765545 - <unknown>
[INFO] [stdout]   13:     0x64092892098b - <unknown>
[INFO] [stdout]   14:     0x64092891bdef - <unknown>
[INFO] [stdout]   15:     0x64092891b86c - <unknown>
[INFO] [stdout]   16:     0x640928939b5c - <unknown>
[INFO] [stdout]   17:     0x640928905254 - <unknown>
[INFO] [stdout]   18:     0x72181c187dfa - <unknown>
[INFO] [stdout]   19:     0x72181c21b3d4 - clone
[INFO] [stdout]   20:                0x0 - <unknown>
[INFO] [stdout] 
[INFO] [stdout] ---- tests::exports_field::shared_resolvers stdout ----
[INFO] [stdout] 
[INFO] [stdout] thread 'tests::exports_field::shared_resolvers' (1625) panicked at src/tests/exports_field.rs:205:5:
[INFO] [stdout] assertion `left == right` failed
[INFO] [stdout]   left: Err(NotFound("exports-field"))
[INFO] [stdout]  right: Ok("/opt/rustwide/workdir/fixtures/enhanced_resolve/test/fixtures/exports-field3/node_modules/exports-field/main.js")
[INFO] [stdout] stack backtrace:
[INFO] [stdout]    0:     0x6409288ddc95 - <unknown>
[INFO] [stdout]    1:     0x6409287da06a - <unknown>
[INFO] [stdout]    2:     0x6409288dd32b - <unknown>
[INFO] [stdout]    3:     0x6409288dce0f - <unknown>
[INFO] [stdout]    4:     0x6409288dca3a - <unknown>
[INFO] [stdout]    5:     0x6409288dc575 - <unknown>
[INFO] [stdout]    6:     0x640928903441 - <unknown>
[INFO] [stdout]    7:     0x6409289033f9 - <unknown>
[INFO] [stdout]    8:     0x6409289038fc - <unknown>
[INFO] [stdout]    9:     0x6409287d9efb - <unknown>
[INFO] [stdout]   10:     0x6409287d9e12 - <unknown>
[INFO] [stdout]   11:     0x6409286968e7 - <unknown>
[INFO] [stdout]   12:     0x64092876767e - <unknown>
[INFO] [stdout]   13:     0x64092892098b - <unknown>
[INFO] [stdout]   14:     0x64092891bdef - <unknown>
[INFO] [stdout]   15:     0x64092891b86c - <unknown>
[INFO] [stdout]   16:     0x640928939b5c - <unknown>
[INFO] [stdout]   17:     0x640928905254 - <unknown>
[INFO] [stdout]   18:     0x72181c187dfa - <unknown>
[INFO] [stdout]   19:     0x72181c21b3d4 - clone
[INFO] [stdout]   20:                0x0 - <unknown>
[INFO] [stdout] 
[INFO] [stdout] ---- tests::browser_field::shared_resolvers stdout ----
[INFO] [stdout] 
[INFO] [stdout] thread 'tests::browser_field::shared_resolvers' (1611) panicked at src/tests/browser_field.rs:43:5:
[INFO] [stdout] assertion `left == right` failed
[INFO] [stdout]   left: Err(NotFound("./lib/main1.js"))
[INFO] [stdout]  right: Ok("/opt/rustwide/workdir/fixtures/enhanced_resolve/test/fixtures/browser-module/lib/main.js")
[INFO] [stdout] stack backtrace:
[INFO] [stdout]    0:     0x6409288ddc95 - <unknown>
[INFO] [stdout]    1:     0x6409287da06a - <unknown>
[INFO] [stdout]    2:     0x6409288dd32b - <unknown>
[INFO] [stdout]    3:     0x6409288dce0f - <unknown>
[INFO] [stdout]    4:     0x6409288dca3a - <unknown>
[INFO] [stdout]    5:     0x6409288dc575 - <unknown>
[INFO] [stdout]    6:     0x640928903441 - <unknown>
[INFO] [stdout]    7:     0x6409289033f9 - <unknown>
[INFO] [stdout]    8:     0x6409289038fc - <unknown>
[INFO] [stdout]    9:     0x6409287d9efb - <unknown>
[INFO] [stdout]   10:     0x6409287d9e12 - <unknown>
[INFO] [stdout]   11:     0x6409286968e7 - <unknown>
[INFO] [stdout]   12:     0x6409287626b5 - <unknown>
[INFO] [stdout]   13:     0x64092892098b - <unknown>
[INFO] [stdout]   14:     0x64092891bdef - <unknown>
[INFO] [stdout]   15:     0x64092891b86c - <unknown>
[INFO] [stdout]   16:     0x640928939b5c - <unknown>
[INFO] [stdout]   17:     0x640928905254 - <unknown>
[INFO] [stdout]   18:     0x72181c187dfa - <unknown>
[INFO] [stdout]   19:     0x72181c21b3d4 - clone
[INFO] [stdout]   20:                0x0 - <unknown>
[INFO] [stdout] 
[INFO] [stdout] ---- tests::alias::system_path stdout ----
[INFO] [stdout] 
[INFO] [stdout] thread 'tests::alias::system_path' (1604) panicked at src/tests/alias.rs:196:83:
[INFO] [stdout] called `Result::unwrap()` on an `Err` value: MatchedAliasNotFound("@app/files/a", "@app")
[INFO] [stdout] stack backtrace:
[INFO] [stdout]    0:     0x6409288ddc95 - <unknown>
[INFO] [stdout]    1:     0x6409287da06a - <unknown>
[INFO] [stdout]    2:     0x6409288dd32b - <unknown>
[INFO] [stdout]    3:     0x6409288dce0f - <unknown>
[INFO] [stdout]    4:     0x6409288dca3a - <unknown>
[INFO] [stdout]    5:     0x6409288dc575 - <unknown>
[INFO] [stdout]    6:     0x640928903441 - <unknown>
[INFO] [stdout]    7:     0x6409289033f9 - <unknown>
[INFO] [stdout]    8:     0x6409289038fc - <unknown>
[INFO] [stdout]    9:     0x6409287d9efb - <unknown>
[INFO] [stdout]   10:     0x6409287de131 - <unknown>
[INFO] [stdout]   11:     0x640928789eef - <unknown>
[INFO] [stdout]   12:     0x64092892098b - <unknown>
[INFO] [stdout]   13:     0x64092891bdef - <unknown>
[INFO] [stdout]   14:     0x64092891b86c - <unknown>
[INFO] [stdout]   15:     0x640928939b5c - <unknown>
[INFO] [stdout]   16:     0x640928905254 - <unknown>
[INFO] [stdout]   17:     0x72181c187dfa - <unknown>
[INFO] [stdout]   18:     0x72181c21b3d4 - clone
[INFO] [stdout]   19:                0x0 - <unknown>
[INFO] [stdout] 
[INFO] [stdout] ---- tests::browser_field::replace_file stdout ----
[INFO] [stdout] 
[INFO] [stdout] thread 'tests::browser_field::replace_file' (1610) panicked at src/tests/browser_field.rs:90:9:
[INFO] [stdout] assertion `left == right` failed: should replace a file 1 "/opt/rustwide/workdir/fixtures/enhanced_resolve/test/fixtures/browser-module" ./lib/replaced
[INFO] [stdout]   left: Err(NotFound("./lib/replaced"))
[INFO] [stdout]  right: Ok("/opt/rustwide/workdir/fixtures/enhanced_resolve/test/fixtures/browser-module/lib/browser.js")
[INFO] [stdout] stack backtrace:
[INFO] [stdout]    0:     0x6409288ddc95 - <unknown>
[INFO] [stdout]    1:     0x6409287da06a - <unknown>
[INFO] [stdout]    2:     0x6409288dd32b - <unknown>
[INFO] [stdout]    3:     0x6409288dce0f - <unknown>
[INFO] [stdout]    4:     0x6409288dca3a - <unknown>
[INFO] [stdout]    5:     0x6409288dc575 - <unknown>
[INFO] [stdout]    6:     0x640928903441 - <unknown>
[INFO] [stdout]    7:     0x6409289033f9 - <unknown>
[INFO] [stdout]    8:     0x6409289038fc - <unknown>
[INFO] [stdout]    9:     0x6409287d9efb - <unknown>
[INFO] [stdout]   10:     0x6409287d9e71 - <unknown>
[INFO] [stdout]   11:     0x6409286968e7 - <unknown>
[INFO] [stdout]   12:     0x640928760fdb - <unknown>
[INFO] [stdout]   13:     0x64092892098b - <unknown>
[INFO] [stdout]   14:     0x64092891bdef - <unknown>
[INFO] [stdout]   15:     0x64092891b86c - <unknown>
[INFO] [stdout]   16:     0x640928939b5c - <unknown>
[INFO] [stdout]   17:     0x640928905254 - <unknown>
[INFO] [stdout]   18:     0x72181c187dfa - <unknown>
[INFO] [stdout]   19:     0x72181c21b3d4 - clone
[INFO] [stdout]   20:                0x0 - <unknown>
[INFO] [stdout] 
[INFO] [stdout] ---- tests::extension_alias::extension_alias stdout ----
[INFO] [stdout] 
[INFO] [stdout] thread 'tests::extension_alias::extension_alias' (1628) panicked at src/tests/extension_alias.rs:29:9:
[INFO] [stdout] assertion `left == right` failed: should alias fully specified file "/opt/rustwide/workdir/fixtures/enhanced_resolve/test/fixtures/extension-alias" ./index.js
[INFO] [stdout]   left: Err(NotFound("./index.js"))
[INFO] [stdout]  right: Ok("/opt/rustwide/workdir/fixtures/enhanced_resolve/test/fixtures/extension-alias/index.ts")
[INFO] [stdout] stack backtrace:
[INFO] [stdout]    0:     0x6409288ddc95 - <unknown>
[INFO] [stdout]    1:     0x6409287da06a - <unknown>
[INFO] [stdout]    2:     0x6409288dd32b - <unknown>
[INFO] [stdout]    3:     0x6409288dce0f - <unknown>
[INFO] [stdout]    4:     0x6409288dca3a - <unknown>
[INFO] [stdout]    5:     0x6409288dc575 - <unknown>
[INFO] [stdout]    6:     0x640928903441 - <unknown>
[INFO] [stdout]    7:     0x6409289033f9 - <unknown>
[INFO] [stdout]    8:     0x6409289038fc - <unknown>
[INFO] [stdout]    9:     0x6409287d9efb - <unknown>
[INFO] [stdout]   10:     0x6409287d9e71 - <unknown>
[INFO] [stdout]   11:     0x6409286968e7 - <unknown>
[INFO] [stdout]   12:     0x64092877a8b3 - <unknown>
[INFO] [stdout]   13:     0x64092892098b - <unknown>
[INFO] [stdout]   14:     0x64092891bdef - <unknown>
[INFO] [stdout]   15:     0x64092891b86c - <unknown>
[INFO] [stdout]   16:     0x640928939b5c - <unknown>
[INFO] [stdout]   17:     0x640928905254 - <unknown>
[INFO] [stdout]   18:     0x72181c187dfa - <unknown>
[INFO] [stdout]   19:     0x72181c21b3d4 - clone
[INFO] [stdout]   20:                0x0 - <unknown>
[INFO] [stdout] 
[INFO] [stdout] ---- tests::browser_field::with_query stdout ----
[INFO] [stdout] 
[INFO] [stdout] thread 'tests::browser_field::with_query' (1612) panicked at src/tests/browser_field.rs:188:5:
[INFO] [stdout] assertion `left == right` failed
[INFO] [stdout]   left: Err(NotFound("./foo"))
[INFO] [stdout]  right: Ok("/opt/rustwide/workdir/fixtures/enhanced_resolve/test/fixtures/browser-module/lib/browser.js?query")
[INFO] [stdout] stack backtrace:
[INFO] [stdout]    0:     0x6409288ddc95 - <unknown>
[INFO] [stdout]    1:     0x6409287da06a - <unknown>
[INFO] [stdout]    2:     0x6409288dd32b - <unknown>
[INFO] [stdout]    3:     0x6409288dce0f - <unknown>
[INFO] [stdout]    4:     0x6409288dca3a - <unknown>
[INFO] [stdout]    5:     0x6409288dc575 - <unknown>
[INFO] [stdout]    6:     0x640928903441 - <unknown>
[INFO] [stdout]    7:     0x6409289033f9 - <unknown>
[INFO] [stdout]    8:     0x6409289038fc - <unknown>
[INFO] [stdout]    9:     0x6409287d9efb - <unknown>
[INFO] [stdout]   10:     0x6409287d9e12 - <unknown>
[INFO] [stdout]   11:     0x6409286968e7 - <unknown>
[INFO] [stdout]   12:     0x64092875e52b - <unknown>
[INFO] [stdout]   13:     0x64092892098b - <unknown>
[INFO] [stdout]   14:     0x64092891bdef - <unknown>
[INFO] [stdout]   15:     0x64092891b86c - <unknown>
[INFO] [stdout]   16:     0x640928939b5c - <unknown>
[INFO] [stdout]   17:     0x640928905254 - <unknown>
[INFO] [stdout]   18:     0x72181c187dfa - <unknown>
[INFO] [stdout]   19:     0x72181c21b3d4 - clone
[INFO] [stdout]   20:                0x0 - <unknown>
[INFO] [stdout] 
[INFO] [stdout] ---- tests::browser_field::recursive stdout ----
[INFO] [stdout] 
[INFO] [stdout] thread 'tests::browser_field::recursive' (1609) panicked at src/tests/browser_field.rs:174:9:
[INFO] [stdout] assertion `left == right` failed: should handle recursive file 1 "/opt/rustwide/workdir/fixtures/enhanced_resolve/test/fixtures/browser-module" recursive-file/a
[INFO] [stdout]   left: Err(NotFound("recursive-file/a"))
[INFO] [stdout]  right: Err(Recursion)
[INFO] [stdout] stack backtrace:
[INFO] [stdout]    0:     0x6409288ddc95 - <unknown>
[INFO] [stdout]    1:     0x6409287da06a - <unknown>
[INFO] [stdout]    2:     0x6409288dd32b - <unknown>
[INFO] [stdout]    3:     0x6409288dce0f - <unknown>
[INFO] [stdout]    4:     0x6409288dca3a - <unknown>
[INFO] [stdout]    5:     0x6409288dc575 - <unknown>
[INFO] [stdout]    6:     0x640928903441 - <unknown>
[INFO] [stdout]    7:     0x6409289033f9 - <unknown>
[INFO] [stdout]    8:     0x6409289038fc - <unknown>
[INFO] [stdout]    9:     0x6409287d9efb - <unknown>
[INFO] [stdout]   10:     0x6409287d9e71 - <unknown>
[INFO] [stdout]   11:     0x64092869687b - <unknown>
[INFO] [stdout]   12:     0x64092876640f - <unknown>
[INFO] [stdout]   13:     0x64092892098b - <unknown>
[INFO] [stdout]   14:     0x64092891bdef - <unknown>
[INFO] [stdout]   15:     0x64092891b86c - <unknown>
[INFO] [stdout]   16:     0x640928939b5c - <unknown>
[INFO] [stdout]   17:     0x640928905254 - <unknown>
[INFO] [stdout]   18:     0x72181c187dfa - <unknown>
[INFO] [stdout]   19:     0x72181c21b3d4 - clone
[INFO] [stdout]   20:                0x0 - <unknown>
[INFO] [stdout] 
[INFO] [stdout] ---- tests::browser_field::ignore stdout ----
[INFO] [stdout] 
[INFO] [stdout] thread 'tests::browser_field::ignore' (1607) panicked at src/tests/browser_field.rs:30:9:
[INFO] [stdout] assertion `left == right` failed: "/opt/rustwide/workdir/fixtures/enhanced_resolve/test/fixtures/browser-module" ./lib/ignore
[INFO] [stdout]   left: Err(NotFound("./lib/ignore"))
[INFO] [stdout]  right: Err(Ignored("/opt/rustwide/workdir/fixtures/enhanced_resolve/test/fixtures/browser-module/lib/ignore.js"))
[INFO] [stdout] stack backtrace:
[INFO] [stdout]    0:     0x6409288ddc95 - <unknown>
[INFO] [stdout]    1:     0x6409287da06a - <unknown>
[INFO] [stdout]    2:     0x6409288dd32b - <unknown>
[INFO] [stdout]    3:     0x6409288dce0f - <unknown>
[INFO] [stdout]    4:     0x6409288dca3a - <unknown>
[INFO] [stdout]    5:     0x6409288dc575 - <unknown>
[INFO] [stdout]    6:     0x640928903441 - <unknown>
[INFO] [stdout]    7:     0x6409289033f9 - <unknown>
[INFO] [stdout]    8:     0x6409289038fc - <unknown>
[INFO] [stdout]    9:     0x6409287d9efb - <unknown>
[INFO] [stdout]   10:     0x6409287d9e71 - <unknown>
[INFO] [stdout]   11:     0x64092869687b - <unknown>
[INFO] [stdout]   12:     0x640928764981 - <unknown>
[INFO] [stdout]   13:     0x64092892098b - <unknown>
[INFO] [stdout]   14:     0x64092891bdef - <unknown>
[INFO] [stdout]   15:     0x64092891b86c - <unknown>
[INFO] [stdout]   16:     0x640928939b5c - <unknown>
[INFO] [stdout]   17:     0x640928905254 - <unknown>
[INFO] [stdout]   18:     0x72181c187dfa - <unknown>
[INFO] [stdout]   19:     0x72181c21b3d4 - clone
[INFO] [stdout]   20:                0x0 - <unknown>
[INFO] [stdout] 
[INFO] [stdout] ---- tests::alias::alias_try_fragment_as_path stdout ----
[INFO] [stdout] 
[INFO] [stdout] thread 'tests::alias::alias_try_fragment_as_path' (1601) panicked at src/tests/alias.rs:303:5:
[INFO] [stdout] assertion `left == right` failed
[INFO] [stdout]   left: Err(MatchedAliasNotFound("#/a", "#"))
[INFO] [stdout]  right: Ok("/opt/rustwide/workdir/fixtures/enhanced_resolve/test/fixtures/#/a.js")
[INFO] [stdout] stack backtrace:
[INFO] [stdout]    0:     0x6409288ddc95 - <unknown>
[INFO] [stdout]    1:     0x6409287da06a - <unknown>
[INFO] [stdout]    2:     0x6409288dd32b - <unknown>
[INFO] [stdout]    3:     0x6409288dce0f - <unknown>
[INFO] [stdout]    4:     0x6409288dca3a - <unknown>
[INFO] [stdout]    5:     0x6409288dc575 - <unknown>
[INFO] [stdout]    6:     0x640928903441 - <unknown>
[INFO] [stdout]    7:     0x6409289033f9 - <unknown>
[INFO] [stdout]    8:     0x6409289038fc - <unknown>
[INFO] [stdout]    9:     0x6409287d9efb - <unknown>
[INFO] [stdout]   10:     0x6409287d9e12 - <unknown>
[INFO] [stdout]   11:     0x6409286968e7 - <unknown>
[INFO] [stdout]   12:     0x64092878df24 - <unknown>
[INFO] [stdout]   13:     0x64092892098b - <unknown>
[INFO] [stdout]   14:     0x64092891bdef - <unknown>
[INFO] [stdout]   15:     0x64092891b86c - <unknown>
[INFO] [stdout]   16:     0x640928939b5c - <unknown>
[INFO] [stdout]   17:     0x640928905254 - <unknown>
[INFO] [stdout]   18:     0x72181c187dfa - <unknown>
[INFO] [stdout]   19:     0x72181c21b3d4 - clone
[INFO] [stdout]   20:                0x0 - <unknown>
[INFO] [stdout] 
[INFO] [stdout] ---- tests::browser_field::broken stdout ----
[INFO] [stdout] 
[INFO] [stdout] thread 'tests::browser_field::broken' (1605) panicked at src/tests/browser_field.rs:134:9:
[INFO] [stdout] assertion `left == right` failed: "/opt/rustwide/workdir/fixtures/enhanced_resolve/test/fixtures" browser-module-broken
[INFO] [stdout]   left: Err(NotFound("browser-module-broken"))
[INFO] [stdout]  right: Ok("/opt/rustwide/workdir/fixtures/enhanced_resolve/test/fixtures/node_modules/browser-module-broken/main.js")
[INFO] [stdout] stack backtrace:
[INFO] [stdout]    0:     0x6409288ddc95 - <unknown>
[INFO] [stdout]    1:     0x6409287da06a - <unknown>
[INFO] [stdout]    2:     0x6409288dd32b - <unknown>
[INFO] [stdout]    3:     0x6409288dce0f - <unknown>
[INFO] [stdout]    4:     0x6409288dca3a - <unknown>
[INFO] [stdout]    5:     0x6409288dc575 - <unknown>
[INFO] [stdout]    6:     0x640928903441 - <unknown>
[INFO] [stdout]    7:     0x6409289033f9 - <unknown>
[INFO] [stdout]    8:     0x6409289038fc - <unknown>
[INFO] [stdout]    9:     0x6409287d9efb - <unknown>
[INFO] [stdout]   10:     0x6409287d9e71 - <unknown>
[INFO] [stdout]   11:     0x6409286968e7 - <unknown>
[INFO] [stdout]   12:     0x64092876340c - <unknown>
[INFO] [stdout]   13:     0x64092892098b - <unknown>
[INFO] [stdout]   14:     0x64092891bdef - <unknown>
[INFO] [stdout]   15:     0x64092891b86c - <unknown>
[INFO] [stdout]   16:     0x640928939b5c - <unknown>
[INFO] [stdout]   17:     0x640928905254 - <unknown>
[INFO] [stdout]   18:     0x72181c187dfa - <unknown>
[INFO] [stdout]   19:     0x72181c21b3d4 - clone
[INFO] [stdout]   20:                0x0 - <unknown>
[INFO] [stdout] 
[INFO] [stdout] ---- tests::extensions::default_enforce_extension stdout ----
[INFO] [stdout] 
[INFO] [stdout] thread 'tests::extensions::default_enforce_extension' (1630) panicked at src/tests/extensions.rs:56:5:
[INFO] [stdout] assertion `left == right` failed
[INFO] [stdout]   left: Err(NotFound("./foo"))
[INFO] [stdout]  right: Ok("/opt/rustwide/workdir/fixtures/enhanced_resolve/test/fixtures/extensions/foo.ts")
[INFO] [stdout] stack backtrace:
[INFO] [stdout]    0:     0x6409288ddc95 - <unknown>
[INFO] [stdout]    1:     0x6409287da06a - <unknown>
[INFO] [stdout]    2:     0x6409288dd32b - <unknown>
[INFO] [stdout]    3:     0x6409288dce0f - <unknown>
[INFO] [stdout]    4:     0x6409288dca3a - <unknown>
[INFO] [stdout]    5:     0x6409288dc575 - <unknown>
[INFO] [stdout]    6:     0x640928903441 - <unknown>
[INFO] [stdout]    7:     0x6409289033f9 - <unknown>
[INFO] [stdout]    8:     0x6409289038fc - <unknown>
[INFO] [stdout]    9:     0x6409287d9efb - <unknown>
[INFO] [stdout]   10:     0x6409287d9e12 - <unknown>
[INFO] [stdout]   11:     0x6409286968e7 - <unknown>
[INFO] [stdout]   12:     0x64092875a7d1 - <unknown>
[INFO] [stdout]   13:     0x64092892098b - <unknown>
[INFO] [stdout]   14:     0x64092891bdef - <unknown>
[INFO] [stdout]   15:     0x64092891b86c - <unknown>
[INFO] [stdout]   16:     0x640928939b5c - <unknown>
[INFO] [stdout]   17:     0x640928905254 - <unknown>
[INFO] [stdout]   18:     0x72181c187dfa - <unknown>
[INFO] [stdout]   19:     0x72181c21b3d4 - clone
[INFO] [stdout]   20:                0x0 - <unknown>
[INFO] [stdout] 
[INFO] [stdout] ---- tests::extensions::respect_enforce_extension stdout ----
[INFO] [stdout] 
[INFO] [stdout] thread 'tests::extensions::respect_enforce_extension' (1633) panicked at src/tests/extensions.rs:77:5:
[INFO] [stdout] assertion `left == right` failed
[INFO] [stdout]   left: Err(NotFound("./foo"))
[INFO] [stdout]  right: Ok("/opt/rustwide/workdir/fixtures/enhanced_resolve/test/fixtures/extensions/foo.ts")
[INFO] [stdout] stack backtrace:
[INFO] [stdout]    0:     0x6409288ddc95 - <unknown>
[INFO] [stdout]    1:     0x6409287da06a - <unknown>
[INFO] [stdout]    2:     0x6409288dd32b - <unknown>
[INFO] [stdout]    3:     0x6409288dce0f - <unknown>
[INFO] [stdout]    4:     0x6409288dca3a - <unknown>
[INFO] [stdout]    5:     0x6409288dc575 - <unknown>
[INFO] [stdout]    6:     0x640928903441 - <unknown>
[INFO] [stdout]    7:     0x6409289033f9 - <unknown>
[INFO] [stdout]    8:     0x6409289038fc - <unknown>
[INFO] [stdout]    9:     0x6409287d9efb - <unknown>
[INFO] [stdout]   10:     0x6409287d9e12 - <unknown>
[INFO] [stdout]   11:     0x6409286968e7 - <unknown>
[INFO] [stdout]   12:     0x64092875b3c1 - <unknown>
[INFO] [stdout]   13:     0x64092892098b - <unknown>
[INFO] [stdout]   14:     0x64092891bdef - <unknown>
[INFO] [stdout]   15:     0x64092891b86c - <unknown>
[INFO] [stdout]   16:     0x640928939b5c - <unknown>
[INFO] [stdout]   17:     0x640928905254 - <unknown>
[INFO] [stdout]   18:     0x72181c187dfa - <unknown>
[INFO] [stdout]   19:     0x72181c21b3d4 - clone
[INFO] [stdout]   20:                0x0 - <unknown>
[INFO] [stdout] 
[INFO] [stdout] ---- tests::extensions::extensions stdout ----
[INFO] [stdout] 
[INFO] [stdout] thread 'tests::extensions::extensions' (1631) panicked at src/tests/extensions.rs:29:9:
[INFO] [stdout] assertion `left == right` failed: should resolve according to order of provided extensions ./foo foo.ts
[INFO] [stdout]   left: Err(NotFound("./foo"))
[INFO] [stdout]  right: Ok("/opt/rustwide/workdir/fixtures/enhanced_resolve/test/fixtures/extensions/foo.ts")
[INFO] [stdout] stack backtrace:
[INFO] [stdout]    0:     0x6409288ddc95 - <unknown>
[INFO] [stdout]    1:     0x6409287da06a - <unknown>
[INFO] [stdout]    2:     0x6409288dd32b - <unknown>
[INFO] [stdout]    3:     0x6409288dce0f - <unknown>
[INFO] [stdout]    4:     0x6409288dca3a - <unknown>
[INFO] [stdout]    5:     0x6409288dc575 - <unknown>
[INFO] [stdout]    6:     0x640928903441 - <unknown>
[INFO] [stdout]    7:     0x6409289033f9 - <unknown>
[INFO] [stdout]    8:     0x6409289038fc - <unknown>
[INFO] [stdout]    9:     0x6409287d9efb - <unknown>
[INFO] [stdout]   10:     0x6409287d9e71 - <unknown>
[INFO] [stdout]   11:     0x6409286968e7 - <unknown>
[INFO] [stdout]   12:     0x640928758722 - <unknown>
[INFO] [stdout]   13:     0x64092892098b - <unknown>
[INFO] [stdout]   14:     0x64092891bdef - <unknown>
[INFO] [stdout]   15:     0x64092891b86c - <unknown>
[INFO] [stdout]   16:     0x640928939b5c - <unknown>
[INFO] [stdout]   17:     0x640928905254 - <unknown>
[INFO] [stdout]   18:     0x72181c187dfa - <unknown>
[INFO] [stdout]   19:     0x72181c21b3d4 - clone
[INFO] [stdout]   20:                0x0 - <unknown>
[INFO] [stdout] 
[INFO] [stdout] ---- tests::extensions::multi_dot_extension stdout ----
[INFO] [stdout] 
[INFO] [stdout] thread 'tests::extensions::multi_dot_extension' (1632) panicked at src/tests/extensions.rs:104:9:
[INFO] [stdout] assertion `left == right` failed: should resolve according to order of provided extensions ./foo foo.ts
[INFO] [stdout]   left: Err(NotFound("./foo"))
[INFO] [stdout]  right: Ok("/opt/rustwide/workdir/fixtures/enhanced_resolve/test/fixtures/extensions/foo.ts")
[INFO] [stdout] stack backtrace:
[INFO] [stdout]    0:     0x6409288ddc95 - <unknown>
[INFO] [stdout]    1:     0x6409287da06a - <unknown>
[INFO] [stdout]    2:     0x6409288dd32b - <unknown>
[INFO] [stdout]    3:     0x6409288dce0f - <unknown>
[INFO] [stdout]    4:     0x6409288dca3a - <unknown>
[INFO] [stdout]    5:     0x6409288dc575 - <unknown>
[INFO] [stdout]    6:     0x640928903441 - <unknown>
[INFO] [stdout]    7:     0x6409289033f9 - <unknown>
[INFO] [stdout]    8:     0x6409289038fc - <unknown>
[INFO] [stdout]    9:     0x6409287d9efb - <unknown>
[INFO] [stdout]   10:     0x6409287d9e71 - <unknown>
[INFO] [stdout]   11:     0x6409286968e7 - <unknown>
[INFO] [stdout]   12:     0x640928759815 - <unknown>
[INFO] [stdout]   13:     0x64092892098b - <unknown>
[INFO] [stdout]   14:     0x64092891bdef - <unknown>
[INFO] [stdout]   15:     0x64092891b86c - <unknown>
[INFO] [stdout]   16:     0x640928939b5c - <unknown>
[INFO] [stdout]   17:     0x640928905254 - <unknown>
[INFO] [stdout]   18:     0x72181c187dfa - <unknown>
[INFO] [stdout]   19:     0x72181c21b3d4 - clone
[INFO] [stdout]   20:                0x0 - <unknown>
[INFO] [stdout] 
[INFO] [stdout] ---- tests::extension_alias::not_apply_to_extension_nor_main_files stdout ----
[INFO] [stdout] 
[INFO] [stdout] thread 'tests::extension_alias::not_apply_to_extension_nor_main_files' (1629) panicked at src/tests/extension_alias.rs:59:9:
[INFO] [stdout] assertion `left == right` failed: directory "/opt/rustwide/workdir/fixtures/enhanced_resolve/test/fixtures/extension-alias" ./dir2
[INFO] [stdout]   left: Err(NotFound("./dir2"))
[INFO] [stdout]  right: Ok("/opt/rustwide/workdir/fixtures/enhanced_resolve/test/fixtures/extension-alias/dir2/index.js")
[INFO] [stdout] stack backtrace:
[INFO] [stdout]    0:     0x6409288ddc95 - <unknown>
[INFO] [stdout]    1:     0x6409287da06a - <unknown>
[INFO] [stdout]    2:     0x6409288dd32b - <unknown>
[INFO] [stdout]    3:     0x6409288dce0f - <unknown>
[INFO] [stdout]    4:     0x6409288dca3a - <unknown>
[INFO] [stdout]    5:     0x6409288dc575 - <unknown>
[INFO] [stdout]    6:     0x640928903441 - <unknown>
[INFO] [stdout]    7:     0x6409289033f9 - <unknown>
[INFO] [stdout]    8:     0x6409289038fc - <unknown>
[INFO] [stdout]    9:     0x6409287d9efb - <unknown>
[INFO] [stdout]   10:     0x6409287d9e71 - <unknown>
[INFO] [stdout]   11:     0x6409286968e7 - <unknown>
[INFO] [stdout]   12:     0x64092877bca9 - <unknown>
[INFO] [stdout]   13:     0x64092892098b - <unknown>
[INFO] [stdout]   14:     0x64092891bdef - <unknown>
[INFO] [stdout]   15:     0x64092891b86c - <unknown>
[INFO] [stdout]   16:     0x640928939b5c - <unknown>
[INFO] [stdout]   17:     0x640928905254 - <unknown>
[INFO] [stdout]   18:     0x72181c187dfa - <unknown>
[INFO] [stdout]   19:     0x72181c21b3d4 - clone
[INFO] [stdout]   20:                0x0 - <unknown>
[INFO] [stdout] 
[INFO] [stdout] ---- tests::extensions::without_leading_dot stdout ----
[INFO] [stdout] note: test did not panic as expected at src/tests/extensions.rs:121:4
[INFO] [stdout] ---- tests::exports_field::test_simple stdout ----
[INFO] [stdout] 
[INFO] [stdout] thread 'tests::exports_field::test_simple' (1627) panicked at src/tests/exports_field.rs:63:9:
[INFO] [stdout] assertion `left == right` failed: resolve root using exports field, not a main field "/opt/rustwide/workdir/fixtures/enhanced_resolve/test/fixtures/exports-field" exports-field
[INFO] [stdout]   left: Err(NotFound("exports-field"))
[INFO] [stdout]  right: Ok("/opt/rustwide/workdir/fixtures/enhanced_resolve/test/fixtures/exports-field/node_modules/exports-field/x.js")
[INFO] [stdout] stack backtrace:
[INFO] [stdout]    0:     0x6409288ddc95 - <unknown>
[INFO] [stdout]    1:     0x6409287da06a - <unknown>
[INFO] [stdout]    2:     0x6409288dd32b - <unknown>
[INFO] [stdout]    3:     0x6409288dce0f - <unknown>
[INFO] [stdout]    4:     0x6409288dca3a - <unknown>
[INFO] [stdout]    5:     0x6409288dc575 - <unknown>
[INFO] [stdout]    6:     0x640928903441 - <unknown>
[INFO] [stdout]    7:     0x6409289033f9 - <unknown>
[INFO] [stdout]    8:     0x6409289038fc - <unknown>
[INFO] [stdout]    9:     0x6409287d9efb - <unknown>
[INFO] [stdout]   10:     0x6409287d9e71 - <unknown>
[INFO] [stdout]   11:     0x6409286968e7 - <unknown>
[INFO] [stdout]   12:     0x64092870e91c - <unknown>
[INFO] [stdout]   13:     0x6409287665e9 - <unknown>
[INFO] [stdout]   14:     0x64092892098b - <unknown>
[INFO] [stdout]   15:     0x64092891bdef - <unknown>
[INFO] [stdout]   16:     0x64092891b86c - <unknown>
[INFO] [stdout]   17:     0x640928939b5c - <unknown>
[INFO] [stdout]   18:     0x640928905254 - <unknown>
[INFO] [stdout]   19:     0x72181c187dfa - <unknown>
[INFO] [stdout]   20:     0x72181c21b3d4 - clone
[INFO] [stdout]   21:                0x0 - <unknown>
[INFO] [stdout] 
[INFO] [stdout] ---- tests::exports_field::field_name_path stdout ----
[INFO] [stdout] 
[INFO] [stdout] thread 'tests::exports_field::field_name_path' (1624) panicked at src/tests/exports_field.rs:162:9:
[INFO] [stdout] assertion `left == right` failed
[INFO] [stdout]   left: Err(NotFound("exports-field"))
[INFO] [stdout]  right: Ok("/opt/rustwide/workdir/fixtures/enhanced_resolve/test/fixtures/exports-field3/node_modules/exports-field/main.js")
[INFO] [stdout] stack backtrace:
[INFO] [stdout]    0:     0x6409288ddc95 - <unknown>
[INFO] [stdout]    1:     0x6409287da06a - <unknown>
[INFO] [stdout]    2:     0x6409288dd32b - <unknown>
[INFO] [stdout]    3:     0x6409288dce0f - <unknown>
[INFO] [stdout]    4:     0x6409288dca3a - <unknown>
[INFO] [stdout]    5:     0x6409288dc575 - <unknown>
[INFO] [stdout]    6:     0x640928903441 - <unknown>
[INFO] [stdout]    7:     0x6409289033f9 - <unknown>
[INFO] [stdout]    8:     0x6409289038fc - <unknown>
[INFO] [stdout]    9:     0x6409287d9efb - <unknown>
[INFO] [stdout]   10:     0x6409287d9e12 - <unknown>
[INFO] [stdout]   11:     0x6409286968e7 - <unknown>
[INFO] [stdout]   12:     0x640928711eb1 - <unknown>
[INFO] [stdout]   13:     0x640928766609 - <unknown>
[INFO] [stdout]   14:     0x64092892098b - <unknown>
[INFO] [stdout]   15:     0x64092891bdef - <unknown>
[INFO] [stdout]   16:     0x64092891b86c - <unknown>
[INFO] [stdout]   17:     0x640928939b5c - <unknown>
[INFO] [stdout]   18:     0x640928905254 - <unknown>
[INFO] [stdout]   19:     0x72181c187dfa - <unknown>
[INFO] [stdout]   20:     0x72181c21b3d4 - clone
[INFO] [stdout]   21:                0x0 - <unknown>
[INFO] [stdout] 
[INFO] [stdout] ---- tests::incorrect_description_file::incorrect_description_file_2 stdout ----
[INFO] [stdout] 
[INFO] [stdout] thread 'tests::incorrect_description_file::incorrect_description_file_2' (1642) panicked at src/tests/incorrect_description_file.rs:41:5:
[INFO] [stdout] assertion failed: matches!(resolution, Err(ResolveError::JSON(_)))
[INFO] [stdout] stack backtrace:
[INFO] [stdout]    0:     0x6409288ddc95 - <unknown>
[INFO] [stdout]    1:     0x6409287da06a - <unknown>
[INFO] [stdout]    2:     0x6409288dd32b - <unknown>
[INFO] [stdout]    3:     0x6409288dce0f - <unknown>
[INFO] [stdout]    4:     0x6409288dca3a - <unknown>
[INFO] [stdout]    5:     0x6409288dc575 - <unknown>
[INFO] [stdout]    6:     0x640928903472 - <unknown>
[INFO] [stdout]    7:     0x6409289033f9 - <unknown>
[INFO] [stdout]    8:     0x6409289038fc - <unknown>
[INFO] [stdout]    9:     0x6409287d9efb - <unknown>
[INFO] [stdout]   10:     0x6409287db7f1 - <unknown>
[INFO] [stdout]   11:     0x64092877e26a - <unknown>
[INFO] [stdout]   12:     0x64092892098b - <unknown>
[INFO] [stdout]   13:     0x64092891bdef - <unknown>
[INFO] [stdout]   14:     0x64092891b86c - <unknown>
[INFO] [stdout]   15:     0x640928939b5c - <unknown>
[INFO] [stdout]   16:     0x640928905254 - <unknown>
[INFO] [stdout]   17:     0x72181c187dfa - <unknown>
[INFO] [stdout]   18:     0x72181c21b3d4 - clone
[INFO] [stdout]   19:                0x0 - <unknown>
[INFO] [stdout] 
[INFO] [stdout] ---- tests::missing::test stdout ----
[INFO] [stdout] 
[INFO] [stdout] thread 'tests::missing::test' (1648) panicked at src/tests/missing.rs:63:13:
[INFO] [stdout] missing-module: "/opt/rustwide/workdir/fixtures/enhanced_resolve/test/fixtures/node_modules/missing-module" not in {"/opt/rustwide/node_modules", "/package.json", "/opt/rustwide/workdir/package.json", "/opt/rustwide/workdir/fixtures/enhanced_resolve/test", "/opt/node_modules", "/opt/rustwide/workdir/fixtures", "/opt/rustwide/package.json", "/opt/package.json", "/opt/rustwide/workdir/fixtures/enhanced_resolve/test/fixtures", "/node_modules", "/opt/rustwide/workdir/node_modules", "/opt/rustwide/workdir/fixtures/enhanced_resolve"}
[INFO] [stdout] stack backtrace:
[INFO] [stdout]    0:     0x6409288ddc95 - <unknown>
[INFO] [stdout]    1:     0x6409287da06a - <unknown>
[INFO] [stdout]    2:     0x6409288dd32b - <unknown>
[INFO] [stdout]    3:     0x6409288dce0f - <unknown>
[INFO] [stdout]    4:     0x6409288dca3a - <unknown>
[INFO] [stdout]    5:     0x6409288dc575 - <unknown>
[INFO] [stdout]    6:     0x640928903441 - <unknown>
[INFO] [stdout]    7:     0x6409289033f9 - <unknown>
[INFO] [stdout]    8:     0x6409289038fc - <unknown>
[INFO] [stdout]    9:     0x6409287d9efb - <unknown>
[INFO] [stdout]   10:     0x640928796fc1 - <unknown>
[INFO] [stdout]   11:     0x64092892098b - <unknown>
[INFO] [stdout]   12:     0x64092891bdef - <unknown>
[INFO] [stdout]   13:     0x64092891b86c - <unknown>
[INFO] [stdout]   14:     0x640928939b5c - <unknown>
[INFO] [stdout]   15:     0x640928905254 - <unknown>
[INFO] [stdout]   16:     0x72181c187dfa - <unknown>
[INFO] [stdout]   17:     0x72181c21b3d4 - clone
[INFO] [stdout]   18:                0x0 - <unknown>
[INFO] [stdout] 
[INFO] [stdout] ---- tests::imports_field::test_simple stdout ----
[INFO] [stdout] 
[INFO] [stdout] thread 'tests::imports_field::test_simple' (1640) panicked at src/tests/imports_field.rs:38:9:
[INFO] [stdout] assertion `left == right` failed: should resolve using imports field instead of self-referencing "/opt/rustwide/workdir/fixtures/enhanced_resolve/test/fixtures/imports-field" #imports-field
[INFO] [stdout]   left: Err(NotFound("#imports-field"))
[INFO] [stdout]  right: Ok("/opt/rustwide/workdir/fixtures/enhanced_resolve/test/fixtures/imports-field/b.js")
[INFO] [stdout] stack backtrace:
[INFO] [stdout]    0:     0x6409288ddc95 - <unknown>
[INFO] [stdout]    1:     0x6409287da06a - <unknown>
[INFO] [stdout]    2:     0x6409288dd32b - <unknown>
[INFO] [stdout]    3:     0x6409288dce0f - <unknown>
[INFO] [stdout]    4:     0x6409288dca3a - <unknown>
[INFO] [stdout]    5:     0x6409288dc575 - <unknown>
[INFO] [stdout]    6:     0x640928903441 - <unknown>
[INFO] [stdout]    7:     0x6409289033f9 - <unknown>
[INFO] [stdout]    8:     0x6409289038fc - <unknown>
[INFO] [stdout]    9:     0x6409287d9efb - <unknown>
[INFO] [stdout]   10:     0x6409287d9e71 - <unknown>
[INFO] [stdout]   11:     0x6409286968e7 - <unknown>
[INFO] [stdout]   12:     0x64092876dff9 - <unknown>
[INFO] [stdout]   13:     0x64092892098b - <unknown>
[INFO] [stdout]   14:     0x64092891bdef - <unknown>
[INFO] [stdout]   15:     0x64092891b86c - <unknown>
[INFO] [stdout]   16:     0x640928939b5c - <unknown>
[INFO] [stdout]   17:     0x640928905254 - <unknown>
[INFO] [stdout]   18:     0x72181c187dfa - <unknown>
[INFO] [stdout]   19:     0x72181c21b3d4 - clone
[INFO] [stdout]   20:                0x0 - <unknown>
[INFO] [stdout] 
[INFO] [stdout] ---- tests::incorrect_description_file::incorrect_description_file_1 stdout ----
[INFO] [stdout] 
[INFO] [stdout] thread 'tests::incorrect_description_file::incorrect_description_file_1' (1641) panicked at src/tests/incorrect_description_file.rs:21:5:
[INFO] [stdout] assertion failed: matches!(resolution, Err(ResolveError::JSON(_)))
[INFO] [stdout] stack backtrace:
[INFO] [stdout]    0:     0x6409288ddc95 - <unknown>
[INFO] [stdout]    1:     0x6409287da06a - <unknown>
[INFO] [stdout]    2:     0x6409288dd32b - <unknown>
[INFO] [stdout]    3:     0x6409288dce0f - <unknown>
[INFO] [stdout]    4:     0x6409288dca3a - <unknown>
[INFO] [stdout]    5:     0x6409288dc575 - <unknown>
[INFO] [stdout]    6:     0x640928903472 - <unknown>
[INFO] [stdout]    7:     0x6409289033f9 - <unknown>
[INFO] [stdout]    8:     0x6409289038fc - <unknown>
[INFO] [stdout]    9:     0x6409287d9efb - <unknown>
[INFO] [stdout]   10:     0x6409287db7f1 - <unknown>
[INFO] [stdout]   11:     0x64092877dde0 - <unknown>
[INFO] [stdout]   12:     0x64092892098b - <unknown>
[INFO] [stdout]   13:     0x64092891bdef - <unknown>
[INFO] [stdout]   14:     0x64092891b86c - <unknown>
[INFO] [stdout]   15:     0x640928939b5c - <unknown>
[INFO] [stdout]   16:     0x640928905254 - <unknown>
[INFO] [stdout]   17:     0x72181c187dfa - <unknown>
[INFO] [stdout]   18:     0x72181c21b3d4 - clone
[INFO] [stdout]   19:                0x0 - <unknown>
[INFO] [stdout] 
[INFO] [stdout] ---- tests::resolve::resolve stdout ----
[INFO] [stdout] 
[INFO] [stdout] thread 'tests::resolve::resolve' (1656) panicked at src/tests/resolve.rs:57:9:
[INFO] [stdout] assertion `left == right` failed: absolute path "/opt/rustwide/workdir/fixtures/enhanced_resolve/test/fixtures" /opt/rustwide/workdir/fixtures/enhanced_resolve/test/fixtures/main1.js
[INFO] [stdout]   left: Err(NotFound("/opt/rustwide/workdir/fixtures/enhanced_resolve/test/fixtures/main1.js"))
[INFO] [stdout]  right: Ok("/opt/rustwide/workdir/fixtures/enhanced_resolve/test/fixtures/main1.js")
[INFO] [stdout] stack backtrace:
[INFO] [stdout]    0:     0x6409288ddc95 - <unknown>
[INFO] [stdout]    1:     0x6409287da06a - <unknown>
[INFO] [stdout]    2:     0x6409288dd32b - <unknown>
[INFO] [stdout]    3:     0x6409288dce0f - <unknown>
[INFO] [stdout]    4:     0x6409288dca3a - <unknown>
[INFO] [stdout]    5:     0x6409288dc575 - <unknown>
[INFO] [stdout]    6:     0x640928903441 - <unknown>
[INFO] [stdout]    7:     0x6409289033f9 - <unknown>
[INFO] [stdout]    8:     0x6409289038fc - <unknown>
[INFO] [stdout]    9:     0x6409287d9efb - <unknown>
[INFO] [stdout]   10:     0x6409287d9e71 - <unknown>
[INFO] [stdout]   11:     0x6409286968e7 - <unknown>
[INFO] [stdout]   12:     0x64092879cd35 - <unknown>
[INFO] [stdout]   13:     0x64092892098b - <unknown>
[INFO] [stdout]   14:     0x64092891bdef - <unknown>
[INFO] [stdout]   15:     0x64092891b86c - <unknown>
[INFO] [stdout]   16:     0x640928939b5c - <unknown>
[INFO] [stdout]   17:     0x640928905254 - <unknown>
[INFO] [stdout]   18:     0x72181c187dfa - <unknown>
[INFO] [stdout]   19:     0x72181c21b3d4 - clone
[INFO] [stdout]   20:                0x0 - <unknown>
[INFO] [stdout] 
[INFO] [stdout] ---- tests::resolve::prefer_relative stdout ----
[INFO] [stdout] 
[INFO] [stdout] thread 'tests::resolve::prefer_relative' (1655) panicked at src/tests/resolve.rs:89:9:
[INFO] [stdout] assertion `left == right` failed: should correctly resolve with preferRelative 1 main1.js
[INFO] [stdout]   left: Err(NotFound("main1.js"))
[INFO] [stdout]  right: Ok("/opt/rustwide/workdir/fixtures/enhanced_resolve/test/fixtures/main1.js")
[INFO] [stdout] stack backtrace:
[INFO] [stdout]    0:     0x6409288ddc95 - <unknown>
[INFO] [stdout]    1:     0x6409287da06a - <unknown>
[INFO] [stdout]    2:     0x6409288dd32b - <unknown>
[INFO] [stdout]    3:     0x6409288dce0f - <unknown>
[INFO] [stdout]    4:     0x6409288dca3a - <unknown>
[INFO] [stdout]    5:     0x6409288dc575 - <unknown>
[INFO] [stdout]    6:     0x640928903441 - <unknown>
[INFO] [stdout]    7:     0x6409289033f9 - <unknown>
[INFO] [stdout]    8:     0x6409289038fc - <unknown>
[INFO] [stdout]    9:     0x6409287d9efb - <unknown>
[INFO] [stdout]   10:     0x6409287d9e71 - <unknown>
[INFO] [stdout]   11:     0x6409286968e7 - <unknown>
[INFO] [stdout]   12:     0x6409287986a1 - <unknown>
[INFO] [stdout]   13:     0x64092892098b - <unknown>
[INFO] [stdout]   14:     0x64092891bdef - <unknown>
[INFO] [stdout]   15:     0x64092891b86c - <unknown>
[INFO] [stdout]   16:     0x640928939b5c - <unknown>
[INFO] [stdout]   17:     0x640928905254 - <unknown>
[INFO] [stdout]   18:     0x72181c187dfa - <unknown>
[INFO] [stdout]   19:     0x72181c21b3d4 - clone
[INFO] [stdout]   20:                0x0 - <unknown>
[INFO] [stdout] 
[INFO] [stdout] ---- tests::main_field::test stdout ----
[INFO] [stdout] 
[INFO] [stdout] thread 'tests::main_field::test' (1645) panicked at src/tests/main_field.rs:15:5:
[INFO] [stdout] assertion `left == right` failed
[INFO] [stdout]   left: Err(NotFound("pck2"))
[INFO] [stdout]  right: Ok("/opt/rustwide/workdir/fixtures/enhanced_resolve/test/fixtures/restrictions/node_modules/pck2/index.css")
[INFO] [stdout] stack backtrace:
[INFO] [stdout]    0:     0x6409288ddc95 - <unknown>
[INFO] [stdout]    1:     0x6409287da06a - <unknown>
[INFO] [stdout]    2:     0x6409288dd32b - <unknown>
[INFO] [stdout]    3:     0x6409288dce0f - <unknown>
[INFO] [stdout]    4:     0x6409288dca3a - <unknown>
[INFO] [stdout]    5:     0x6409288dc575 - <unknown>
[INFO] [stdout]    6:     0x640928903441 - <unknown>
[INFO] [stdout]    7:     0x6409289033f9 - <unknown>
[INFO] [stdout]    8:     0x6409289038fc - <unknown>
[INFO] [stdout]    9:     0x6409287d9efb - <unknown>
[INFO] [stdout]   10:     0x6409287d9e12 - <unknown>
[INFO] [stdout]   11:     0x6409286968e7 - <unknown>
[INFO] [stdout]   12:     0x64092875ce4e - <unknown>
[INFO] [stdout]   13:     0x64092892098b - <unknown>
[INFO] [stdout]   14:     0x64092891bdef - <unknown>
[INFO] [stdout]   15:     0x64092891b86c - <unknown>
[INFO] [stdout]   16:     0x640928939b5c - <unknown>
[INFO] [stdout]   17:     0x640928905254 - <unknown>
[INFO] [stdout]   18:     0x72181c187dfa - <unknown>
[INFO] [stdout]   19:     0x72181c21b3d4 - clone
[INFO] [stdout]   20:                0x0 - <unknown>
[INFO] [stdout] 
[INFO] [stdout] ---- tests::resolve::issue238_resolve stdout ----
[INFO] [stdout] 
[INFO] [stdout] thread 'tests::resolve::issue238_resolve' (1654) panicked at src/tests/resolve.rs:71:5:
[INFO] [stdout] assertion `left == right` failed
[INFO] [stdout]   left: Err(NotFound("config/myObjectFile"))
[INFO] [stdout]  right: Ok("/opt/rustwide/workdir/fixtures/enhanced_resolve/test/fixtures/issue-238/src/common/config/myObjectFile.js")
[INFO] [stdout] stack backtrace:
[INFO] [stdout]    0:     0x6409288ddc95 - <unknown>
[INFO] [stdout]    1:     0x6409287da06a - <unknown>
[INFO] [stdout]    2:     0x6409288dd32b - <unknown>
[INFO] [stdout]    3:     0x6409288dce0f - <unknown>
[INFO] [stdout]    4:     0x6409288dca3a - <unknown>
[INFO] [stdout]    5:     0x6409288dc575 - <unknown>
[INFO] [stdout]    6:     0x640928903441 - <unknown>
[INFO] [stdout]    7:     0x6409289033f9 - <unknown>
[INFO] [stdout]    8:     0x6409289038fc - <unknown>
[INFO] [stdout]    9:     0x6409287d9efb - <unknown>
[INFO] [stdout]   10:     0x6409287d9e12 - <unknown>
[INFO] [stdout]   11:     0x6409286968e7 - <unknown>
[INFO] [stdout]   12:     0x6409287990c7 - <unknown>
[INFO] [stdout]   13:     0x64092892098b - <unknown>
[INFO] [stdout]   14:     0x64092891bdef - <unknown>
[INFO] [stdout]   15:     0x64092891b86c - <unknown>
[INFO] [stdout]   16:     0x640928939b5c - <unknown>
[INFO] [stdout]   17:     0x640928905254 - <unknown>
[INFO] [stdout]   18:     0x72181c187dfa - <unknown>
[INFO] [stdout]   19:     0x72181c21b3d4 - clone
[INFO] [stdout]   20:                0x0 - <unknown>
[INFO] [stdout] 
[INFO] [stdout] ---- tests::resolve::resolve_to_context stdout ----
[INFO] [stdout] 
[INFO] [stdout] thread 'tests::resolve::resolve_to_context' (1658) panicked at src/tests/resolve.rs:109:9:
[INFO] [stdout] assertion `left == right` failed: context for fixtures "/opt/rustwide/workdir/fixtures/enhanced_resolve/test/fixtures" ./
[INFO] [stdout]   left: Err(NotFound("./"))
[INFO] [stdout]  right: Ok("/opt/rustwide/workdir/fixtures/enhanced_resolve/test/fixtures")
[INFO] [stdout] stack backtrace:
[INFO] [stdout]    0:     0x6409288ddc95 - <unknown>
[INFO] [stdout]    1:     0x6409287da06a - <unknown>
[INFO] [stdout]    2:     0x6409288dd32b - <unknown>
[INFO] [stdout]    3:     0x6409288dce0f - <unknown>
[INFO] [stdout]    4:     0x6409288dca3a - <unknown>
[INFO] [stdout]    5:     0x6409288dc575 - <unknown>
[INFO] [stdout]    6:     0x640928903441 - <unknown>
[INFO] [stdout]    7:     0x6409289033f9 - <unknown>
[INFO] [stdout]    8:     0x6409289038fc - <unknown>
[INFO] [stdout]    9:     0x6409287d9efb - <unknown>
[INFO] [stdout]   10:     0x6409287d9e71 - <unknown>
[INFO] [stdout]   11:     0x6409286968e7 - <unknown>
[INFO] [stdout]   12:     0x640928799fd4 - <unknown>
[INFO] [stdout]   13:     0x64092892098b - <unknown>
[INFO] [stdout]   14:     0x64092891bdef - <unknown>
[INFO] [stdout]   15:     0x64092891b86c - <unknown>
[INFO] [stdout]   16:     0x640928939b5c - <unknown>
[INFO] [stdout]   17:     0x640928905254 - <unknown>
[INFO] [stdout]   18:     0x72181c187dfa - <unknown>
[INFO] [stdout]   19:     0x72181c21b3d4 - clone
[INFO] [stdout]   20:                0x0 - <unknown>
[INFO] [stdout] 
[INFO] [stdout] ---- tests::roots::should_resolve_slash stdout ----
[INFO] [stdout] 
[INFO] [stdout] thread 'tests::roots::should_resolve_slash' (1664) panicked at src/tests/roots.rs:108:9:
[INFO] [stdout] assertion `left == right` failed: should resolve if importer is root ["/opt/rustwide/workdir/fixtures/./misc/dir-with-index"]
[INFO] [stdout]   left: Err(NotFound("/"))
[INFO] [stdout]  right: Ok("/opt/rustwide/workdir/fixtures/./misc/dir-with-index/index.js")
[INFO] [stdout] stack backtrace:
[INFO] [stdout]    0:     0x6409288ddc95 - <unknown>
[INFO] [stdout]    1:     0x6409287da06a - <unknown>
[INFO] [stdout]    2:     0x6409288dd32b - <unknown>
[INFO] [stdout]    3:     0x6409288dce0f - <unknown>
[INFO] [stdout]    4:     0x6409288dca3a - <unknown>
[INFO] [stdout]    5:     0x6409288dc575 - <unknown>
[INFO] [stdout]    6:     0x640928903441 - <unknown>
[INFO] [stdout]    7:     0x6409289033f9 - <unknown>
[INFO] [stdout]    8:     0x6409289038fc - <unknown>
[INFO] [stdout]    9:     0x6409287d9efb - <unknown>
[INFO] [stdout]   10:     0x6409287d9e71 - <unknown>
[INFO] [stdout]   11:     0x6409286968e7 - <unknown>
[INFO] [stdout]   12:     0x640928791653 - <unknown>
[INFO] [stdout]   13:     0x64092892098b - <unknown>
[INFO] [stdout]   14:     0x64092891bdef - <unknown>
[INFO] [stdout]   15:     0x64092891b86c - <unknown>
[INFO] [stdout]   16:     0x640928939b5c - <unknown>
[INFO] [stdout]   17:     0x640928905254 - <unknown>
[INFO] [stdout]   18:     0x72181c187dfa - <unknown>
[INFO] [stdout]   19:     0x72181c21b3d4 - clone
[INFO] [stdout]   20:                0x0 - <unknown>
[INFO] [stdout] 
[INFO] [stdout] ---- tests::roots::roots stdout ----
[INFO] [stdout] 
[INFO] [stdout] thread 'tests::roots::roots' (1662) panicked at src/tests/roots.rs:33:9:
[INFO] [stdout] assertion `left == right` failed: should respect roots option /fixtures/b.js
[INFO] [stdout]   left: Err(NotFound("/fixtures/b.js"))
[INFO] [stdout]  right: Ok("/opt/rustwide/workdir/fixtures/enhanced_resolve/test/fixtures/b.js")
[INFO] [stdout] stack backtrace:
[INFO] [stdout]    0:     0x6409288ddc95 - <unknown>
[INFO] [stdout]    1:     0x6409287da06a - <unknown>
[INFO] [stdout]    2:     0x6409288dd32b - <unknown>
[INFO] [stdout]    3:     0x6409288dce0f - <unknown>
[INFO] [stdout]    4:     0x6409288dca3a - <unknown>
[INFO] [stdout]    5:     0x6409288dc575 - <unknown>
[INFO] [stdout]    6:     0x640928903441 - <unknown>
[INFO] [stdout]    7:     0x6409289033f9 - <unknown>
[INFO] [stdout]    8:     0x6409289038fc - <unknown>
[INFO] [stdout]    9:     0x6409287d9efb - <unknown>
[INFO] [stdout]   10:     0x6409287d9e71 - <unknown>
[INFO] [stdout]   11:     0x6409286968e7 - <unknown>
[INFO] [stdout]   12:     0x640928792b6b - <unknown>
[INFO] [stdout]   13:     0x64092892098b - <unknown>
[INFO] [stdout]   14:     0x64092891bdef - <unknown>
[INFO] [stdout]   15:     0x64092891b86c - <unknown>
[INFO] [stdout]   16:     0x640928939b5c - <unknown>
[INFO] [stdout]   17:     0x640928905254 - <unknown>
[INFO] [stdout]   18:     0x72181c187dfa - <unknown>
[INFO] [stdout]   19:     0x72181c21b3d4 - clone
[INFO] [stdout]   20:                0x0 - <unknown>
[INFO] [stdout] 
[INFO] [stdout] ---- tests::roots::resolve_to_context stdout ----
[INFO] [stdout] 
[INFO] [stdout] thread 'tests::roots::resolve_to_context' (1661) panicked at src/tests/roots.rs:57:5:
[INFO] [stdout] assertion `left == right` failed
[INFO] [stdout]   left: Err(NotFound("/fixtures/lib"))
[INFO] [stdout]  right: Ok("/opt/rustwide/workdir/fixtures/enhanced_resolve/test/fixtures/lib")
[INFO] [stdout] stack backtrace:
[INFO] [stdout]    0:     0x6409288ddc95 - <unknown>
[INFO] [stdout]    1:     0x6409287da06a - <unknown>
[INFO] [stdout]    2:     0x6409288dd32b - <unknown>
[INFO] [stdout]    3:     0x6409288dce0f - <unknown>
[INFO] [stdout]    4:     0x6409288dca3a - <unknown>
[INFO] [stdout]    5:     0x6409288dc575 - <unknown>
[INFO] [stdout]    6:     0x640928903441 - <unknown>
[INFO] [stdout]    7:     0x6409289033f9 - <unknown>
[INFO] [stdout]    8:     0x6409289038fc - <unknown>
[INFO] [stdout]    9:     0x6409287d9efb - <unknown>
[INFO] [stdout]   10:     0x6409287d9e12 - <unknown>
[INFO] [stdout]   11:     0x6409286968e7 - <unknown>
[INFO] [stdout]   12:     0x64092878fff1 - <unknown>
[INFO] [stdout]   13:     0x64092892098b - <unknown>
[INFO] [stdout]   14:     0x64092891bdef - <unknown>
[INFO] [stdout]   15:     0x64092891b86c - <unknown>
[INFO] [stdout]   16:     0x640928939b5c - <unknown>
[INFO] [stdout]   17:     0x640928905254 - <unknown>
[INFO] [stdout]   18:     0x72181c187dfa - <unknown>
[INFO] [stdout]   19:     0x72181c21b3d4 - clone
[INFO] [stdout]   20:                0x0 - <unknown>
[INFO] [stdout] 
[INFO] [stdout] ---- tests::scoped_packages::scoped_packages stdout ----
[INFO] [stdout] 
[INFO] [stdout] thread 'tests::scoped_packages::scoped_packages' (1665) panicked at src/tests/scoped_packages.rs:23:9:
[INFO] [stdout] assertion `left == right` failed: main field should work "/opt/rustwide/workdir/fixtures/enhanced_resolve/test/fixtures/scoped" @scope/pack1
[INFO] [stdout]   left: Err(NotFound("@scope/pack1"))
[INFO] [stdout]  right: Ok("/opt/rustwide/workdir/fixtures/enhanced_resolve/test/fixtures/scoped/./node_modules/@scope/pack1/main.js")
[INFO] [stdout] stack backtrace:
[INFO] [stdout]    0:     0x6409288ddc95 - <unknown>
[INFO] [stdout]    1:     0x6409287da06a - <unknown>
[INFO] [stdout]    2:     0x6409288dd32b - <unknown>
[INFO] [stdout]    3:     0x6409288dce0f - <unknown>
[INFO] [stdout]    4:     0x6409288dca3a - <unknown>
[INFO] [stdout]    5:     0x6409288dc575 - <unknown>
[INFO] [stdout]    6:     0x640928903441 - <unknown>
[INFO] [stdout]    7:     0x6409289033f9 - <unknown>
[INFO] [stdout]    8:     0x6409289038fc - <unknown>
[INFO] [stdout]    9:     0x6409287d9efb - <unknown>
[INFO] [stdout]   10:     0x6409287d9e71 - <unknown>
[INFO] [stdout]   11:     0x6409286968e7 - <unknown>
[INFO] [stdout]   12:     0x64092877cabf - <unknown>
[INFO] [stdout]   13:     0x64092892098b - <unknown>
[INFO] [stdout]   14:     0x64092891bdef - <unknown>
[INFO] [stdout]   15:     0x64092891b86c - <unknown>
[INFO] [stdout]   16:     0x640928939b5c - <unknown>
[INFO] [stdout]   17:     0x640928905254 - <unknown>
[INFO] [stdout]   18:     0x72181c187dfa - <unknown>
[INFO] [stdout]   19:     0x72181c21b3d4 - clone
[INFO] [stdout]   20:                0x0 - <unknown>
[INFO] [stdout] 
[INFO] [stdout] ---- tests::simple::resolve_abs_main stdout ----
[INFO] [stdout] 
[INFO] [stdout] thread 'tests::simple::resolve_abs_main' (1667) panicked at src/tests/simple.rs:13:48:
[INFO] [stdout] called `Result::unwrap()` on an `Err` value: NotFound("a")
[INFO] [stdout] stack backtrace:
[INFO] [stdout]    0:     0x6409288ddc95 - <unknown>
[INFO] [stdout]    1:     0x6409287da06a - <unknown>
[INFO] [stdout]    2:     0x6409288dd32b - <unknown>
[INFO] [stdout]    3:     0x6409288dce0f - <unknown>
[INFO] [stdout]    4:     0x6409288dca3a - <unknown>
[INFO] [stdout]    5:     0x6409288dc575 - <unknown>
[INFO] [stdout]    6:     0x640928903441 - <unknown>
[INFO] [stdout]    7:     0x6409289033f9 - <unknown>
[INFO] [stdout]    8:     0x6409289038fc - <unknown>
[INFO] [stdout]    9:     0x6409287d9efb - <unknown>
[INFO] [stdout]   10:     0x6409287de131 - <unknown>
[INFO] [stdout]   11:     0x640928793ffe - <unknown>
[INFO] [stdout]   12:     0x64092892098b - <unknown>
[INFO] [stdout]   13:     0x64092891bdef - <unknown>
[INFO] [stdout]   14:     0x64092891b86c - <unknown>
[INFO] [stdout]   15:     0x640928939b5c - <unknown>
[INFO] [stdout]   16:     0x640928905254 - <unknown>
[INFO] [stdout]   17:     0x72181c187dfa - <unknown>
[INFO] [stdout]   18:     0x72181c21b3d4 - clone
[INFO] [stdout]   19:                0x0 - <unknown>
[INFO] [stdout] 
[INFO] [stdout] ---- tests::simple::simple stdout ----
[INFO] [stdout] 
[INFO] [stdout] thread 'tests::simple::simple' (1668) panicked at src/tests/simple.rs:35:9:
[INFO] [stdout] assertion `left == right` failed: direct "/opt/rustwide/workdir/fixtures/enhanced_resolve/test" ../lib/index
[INFO] [stdout]   left: Err(NotFound("../lib/index"))
[INFO] [stdout]  right: Ok("/opt/rustwide/workdir/fixtures/enhanced_resolve/lib/index.js")
[INFO] [stdout] stack backtrace:
[INFO] [stdout]    0:     0x6409288ddc95 - <unknown>
[INFO] [stdout]    1:     0x6409287da06a - <unknown>
[INFO] [stdout]    2:     0x6409288dd32b - <unknown>
[INFO] [stdout]    3:     0x6409288dce0f - <unknown>
[INFO] [stdout]    4:     0x6409288dca3a - <unknown>
[INFO] [stdout]    5:     0x6409288dc575 - <unknown>
[INFO] [stdout]    6:     0x640928903441 - <unknown>
[INFO] [stdout]    7:     0x6409289033f9 - <unknown>
[INFO] [stdout]    8:     0x6409289038fc - <unknown>
[INFO] [stdout]    9:     0x6409287d9efb - <unknown>
[INFO] [stdout]   10:     0x6409287d9e71 - <unknown>
[INFO] [stdout]   11:     0x6409286968e7 - <unknown>
[INFO] [stdout]   12:     0x64092879482d - <unknown>
[INFO] [stdout]   13:     0x64092892098b - <unknown>
[INFO] [stdout]   14:     0x64092891bdef - <unknown>
[INFO] [stdout]   15:     0x64092891b86c - <unknown>
[INFO] [stdout]   16:     0x640928939b5c - <unknown>
[INFO] [stdout]   17:     0x640928905254 - <unknown>
[INFO] [stdout]   18:     0x72181c187dfa - <unknown>
[INFO] [stdout]   19:     0x72181c21b3d4 - clone
[INFO] [stdout]   20:                0x0 - <unknown>
[INFO] [stdout] 
[INFO] [stdout] ---- tests::simple::dashed_name stdout ----
[INFO] [stdout] 
[INFO] [stdout] thread 'tests::simple::dashed_name' (1666) panicked at src/tests/simple.rs:56:9:
[INFO] [stdout] assertion `left == right` failed: "/opt/rustwide/workdir/fixtures/enhanced_resolve/test/fixtures" dash
[INFO] [stdout]   left: Err(NotFound("dash"))
[INFO] [stdout]  right: Ok("/opt/rustwide/workdir/fixtures/enhanced_resolve/test/fixtures/node_modules/dash/index.js")
[INFO] [stdout] stack backtrace:
[INFO] [stdout]    0:     0x6409288ddc95 - <unknown>
[INFO] [stdout]    1:     0x6409287da06a - <unknown>
[INFO] [stdout]    2:     0x6409288dd32b - <unknown>
[INFO] [stdout]    3:     0x6409288dce0f - <unknown>
[INFO] [stdout]    4:     0x6409288dca3a - <unknown>
[INFO] [stdout]    5:     0x6409288dc575 - <unknown>
[INFO] [stdout]    6:     0x640928903441 - <unknown>
[INFO] [stdout]    7:     0x6409289033f9 - <unknown>
[INFO] [stdout]    8:     0x6409289038fc - <unknown>
[INFO] [stdout]    9:     0x6409287d9efb - <unknown>
[INFO] [stdout]   10:     0x6409287d9e71 - <unknown>
[INFO] [stdout]   11:     0x6409286968e7 - <unknown>
[INFO] [stdout]   12:     0x640928793991 - <unknown>
[INFO] [stdout]   13:     0x64092892098b - <unknown>
[INFO] [stdout]   14:     0x64092891bdef - <unknown>
[INFO] [stdout]   15:     0x64092891b86c - <unknown>
[INFO] [stdout]   16:     0x640928939b5c - <unknown>
[INFO] [stdout]   17:     0x640928905254 - <unknown>
[INFO] [stdout]   18:     0x72181c187dfa - <unknown>
[INFO] [stdout]   19:     0x72181c21b3d4 - clone
[INFO] [stdout]   20:                0x0 - <unknown>
[INFO] [stdout] 
[INFO] [stdout] ---- tests::tsconfig_paths::broken stdout ----
[INFO] [stdout] 
[INFO] [stdout] thread 'tests::tsconfig_paths::broken' (1673) panicked at src/tests/tsconfig_paths.rs:114:5:
[INFO] [stdout] assertion failed: matches!(resolved_path, Err(ResolveError::JSON(_)))
[INFO] [stdout] stack backtrace:
[INFO] [stdout]    0:     0x6409288ddc95 - <unknown>
[INFO] [stdout]    1:     0x6409287da06a - <unknown>
[INFO] [stdout]    2:     0x6409288dd32b - <unknown>
[INFO] [stdout]    3:     0x6409288dce0f - <unknown>
[INFO] [stdout]    4:     0x6409288dca3a - <unknown>
[INFO] [stdout]    5:     0x6409288dc575 - <unknown>
[INFO] [stdout]    6:     0x640928903472 - <unknown>
[INFO] [stdout]    7:     0x6409289033f9 - <unknown>
[INFO] [stdout]    8:     0x6409289038fc - <unknown>
[INFO] [stdout]    9:     0x6409287d9efb - <unknown>
[INFO] [stdout]   10:     0x6409287db7f1 - <unknown>
[INFO] [stdout]   11:     0x6409287776f8 - <unknown>
[INFO] [stdout]   12:     0x64092892098b - <unknown>
[INFO] [stdout]   13:     0x64092891bdef - <unknown>
[INFO] [stdout]   14:     0x64092891b86c - <unknown>
[INFO] [stdout]   15:     0x640928939b5c - <unknown>
[INFO] [stdout]   16:     0x640928905254 - <unknown>
[INFO] [stdout]   17:     0x72181c187dfa - <unknown>
[INFO] [stdout]   18:     0x72181c21b3d4 - clone
[INFO] [stdout]   19:                0x0 - <unknown>
[INFO] [stdout] 
[INFO] [stdout] ---- tests::tsconfig_paths::json_with_comments stdout ----
[INFO] [stdout] 
[INFO] [stdout] thread 'tests::tsconfig_paths::json_with_comments' (1674) panicked at src/tests/tsconfig_paths.rs:91:5:
[INFO] [stdout] assertion `left == right` failed
[INFO] [stdout]   left: Err(TsconfigNotFound("/opt/rustwide/workdir/fixtures/tsconfig/cases/trailing-comma/tsconfig.json"))
[INFO] [stdout]  right: Ok("/opt/rustwide/workdir/fixtures/tsconfig/cases/trailing-comma/bar.js")
[INFO] [stdout] stack backtrace:
[INFO] [stdout]    0:     0x6409288ddc95 - <unknown>
[INFO] [stdout]    1:     0x6409287da06a - <unknown>
[INFO] [stdout]    2:     0x6409288dd32b - <unknown>
[INFO] [stdout]    3:     0x6409288dce0f - <unknown>
[INFO] [stdout]    4:     0x6409288dca3a - <unknown>
[INFO] [stdout]    5:     0x6409288dc575 - <unknown>
[INFO] [stdout]    6:     0x640928903441 - <unknown>
[INFO] [stdout]    7:     0x6409289033f9 - <unknown>
[INFO] [stdout]    8:     0x6409289038fc - <unknown>
[INFO] [stdout]    9:     0x6409287d9efb - <unknown>
[INFO] [stdout]   10:     0x6409287d9e12 - <unknown>
[INFO] [stdout]   11:     0x6409286968e7 - <unknown>
[INFO] [stdout]   12:     0x64092877299c - <unknown>
[INFO] [stdout]   13:     0x64092892098b - <unknown>
[INFO] [stdout]   14:     0x64092891bdef - <unknown>
[INFO] [stdout]   15:     0x64092891b86c - <unknown>
[INFO] [stdout]   16:     0x640928939b5c - <unknown>
[INFO] [stdout]   17:     0x640928905254 - <unknown>
[INFO] [stdout]   18:     0x72181c187dfa - <unknown>
[INFO] [stdout]   19:     0x72181c21b3d4 - clone
[INFO] [stdout]   20:                0x0 - <unknown>
[INFO] [stdout] 
[INFO] [stdout] ---- tests::tsconfig_paths::test_no_merge_tsconfig stdout ----
[INFO] [stdout] 
[INFO] [stdout] thread 'tests::tsconfig_paths::test_no_merge_tsconfig' (1677) panicked at src/tests/tsconfig_paths.rs:230:54:
[INFO] [stdout] resolved: TsconfigNotFound("/opt/rustwide/workdir/fixtures/tsconfig/cases/no_merge_compiler_options")
[INFO] [stdout] stack backtrace:
[INFO] [stdout]    0:     0x6409288ddc95 - <unknown>
[INFO] [stdout]    1:     0x6409287da06a - <unknown>
[INFO] [stdout]    2:     0x6409288dd32b - <unknown>
[INFO] [stdout]    3:     0x6409288dce0f - <unknown>
[INFO] [stdout]    4:     0x6409288dca3a - <unknown>
[INFO] [stdout]    5:     0x6409288dc575 - <unknown>
[INFO] [stdout]    6:     0x640928903441 - <unknown>
[INFO] [stdout]    7:     0x6409289033f9 - <unknown>
[INFO] [stdout]    8:     0x6409289038fc - <unknown>
[INFO] [stdout]    9:     0x6409287d9efb - <unknown>
[INFO] [stdout]   10:     0x6409287de131 - <unknown>
[INFO] [stdout]   11:     0x640928773a52 - <unknown>
[INFO] [stdout]   12:     0x64092892098b - <unknown>
[INFO] [stdout]   13:     0x64092891bdef - <unknown>
[INFO] [stdout]   14:     0x64092891b86c - <unknown>
[INFO] [stdout]   15:     0x640928939b5c - <unknown>
[INFO] [stdout]   16:     0x640928905254 - <unknown>
[INFO] [stdout]   17:     0x72181c187dfa - <unknown>
[INFO] [stdout]   18:     0x72181c21b3d4 - clone
[INFO] [stdout]   19:                0x0 - <unknown>
[INFO] [stdout] 
[INFO] [stdout] ---- tests::tsconfig_paths::test_merge_tsconfig stdout ----
[INFO] [stdout] 
[INFO] [stdout] thread 'tests::tsconfig_paths::test_merge_tsconfig' (1676) panicked at src/tests/tsconfig_paths.rs:217:54:
[INFO] [stdout] resolved: TsconfigNotFound("/opt/rustwide/workdir/fixtures/tsconfig/cases/merge_compiler_options")
[INFO] [stdout] stack backtrace:
[INFO] [stdout]    0:     0x6409288ddc95 - <unknown>
[INFO] [stdout]    1:     0x6409287da06a - <unknown>
[INFO] [stdout]    2:     0x6409288dd32b - <unknown>
[INFO] [stdout]    3:     0x6409288dce0f - <unknown>
[INFO] [stdout]    4:     0x6409288dca3a - <unknown>
[INFO] [stdout]    5:     0x6409288dc575 - <unknown>
[INFO] [stdout]    6:     0x640928903441 - <unknown>
[INFO] [stdout]    7:     0x6409289033f9 - <unknown>
[INFO] [stdout]    8:     0x6409289038fc - <unknown>
[INFO] [stdout]    9:     0x6409287d9efb - <unknown>
[INFO] [stdout]   10:     0x6409287de131 - <unknown>
[INFO] [stdout]   11:     0x640928772ef2 - <unknown>
[INFO] [stdout]   12:     0x64092892098b - <unknown>
[INFO] [stdout]   13:     0x64092891bdef - <unknown>
[INFO] [stdout]   14:     0x64092891b86c - <unknown>
[INFO] [stdout]   15:     0x640928939b5c - <unknown>
[INFO] [stdout]   16:     0x640928905254 - <unknown>
[INFO] [stdout]   17:     0x72181c187dfa - <unknown>
[INFO] [stdout]   18:     0x72181c21b3d4 - clone
[INFO] [stdout]   19:                0x0 - <unknown>
[INFO] [stdout] 
[INFO] [stdout] ---- tests::tsconfig_paths::test_template_variable stdout ----
[INFO] [stdout] 
[INFO] [stdout] thread 'tests::tsconfig_paths::test_template_variable' (1682) panicked at src/tests/tsconfig_paths.rs:262:9:
[INFO] [stdout] assertion `left == right` failed: foo tsconfig1.json "/opt/rustwide/workdir/fixtures/tsconfig/cases/paths_template_variable"
[INFO] [stdout]   left: Err(TsconfigNotFound("/opt/rustwide/workdir/fixtures/tsconfig/cases/paths_template_variable/tsconfig1.json"))
[INFO] [stdout]  right: Ok("/opt/rustwide/workdir/fixtures/tsconfig/cases/paths_template_variable/foo.js")
[INFO] [stdout] stack backtrace:
[INFO] [stdout]    0:     0x6409288ddc95 - <unknown>
[INFO] [stdout]    1:     0x6409287da06a - <unknown>
[INFO] [stdout]    2:     0x6409288dd32b - <unknown>
[INFO] [stdout]    3:     0x6409288dce0f - <unknown>
[INFO] [stdout]    4:     0x6409288dca3a - <unknown>
[INFO] [stdout]    5:     0x6409288dc575 - <unknown>
[INFO] [stdout]    6:     0x640928903441 - <unknown>
[INFO] [stdout]    7:     0x6409289033f9 - <unknown>
[INFO] [stdout]    8:     0x6409289038fc - <unknown>
[INFO] [stdout]    9:     0x6409287d9efb - <unknown>
[INFO] [stdout]   10:     0x6409287d9e71 - <unknown>
[INFO] [stdout]   11:     0x6409286968e7 - <unknown>
[INFO] [stdout]   12:     0x640928775683 - <unknown>
[INFO] [stdout]   13:     0x64092892098b - <unknown>
[INFO] [stdout]   14:     0x64092891bdef - <unknown>
[INFO] [stdout]   15:     0x64092891b86c - <unknown>
[INFO] [stdout]   16:     0x640928939b5c - <unknown>
[INFO] [stdout]   17:     0x640928905254 - <unknown>
[INFO] [stdout]   18:     0x72181c187dfa - <unknown>
[INFO] [stdout]   19:     0x72181c21b3d4 - clone
[INFO] [stdout]   20:                0x0 - <unknown>
[INFO] [stdout] 
[INFO] [stdout] ---- tests::tsconfig_paths::tsconfig stdout ----
[INFO] [stdout] 
[INFO] [stdout] thread 'tests::tsconfig_paths::tsconfig' (1683) panicked at src/tests/tsconfig_paths.rs:41:9:
[INFO] [stdout] assertion `left == right` failed: ts-path "/opt/rustwide/workdir/fixtures/tsconfig"
[INFO] [stdout]   left: Err(TsconfigNotFound("/opt/rustwide/workdir/fixtures/tsconfig/tsconfig.json"))
[INFO] [stdout]  right: Ok("/opt/rustwide/workdir/fixtures/tsconfig/foo.js")
[INFO] [stdout] stack backtrace:
[INFO] [stdout]    0:     0x6409288ddc95 - <unknown>
[INFO] [stdout]    1:     0x6409287da06a - <unknown>
[INFO] [stdout]    2:     0x6409288dd32b - <unknown>
[INFO] [stdout]    3:     0x6409288dce0f - <unknown>
[INFO] [stdout]    4:     0x6409288dca3a - <unknown>
[INFO] [stdout]    5:     0x6409288dc575 - <unknown>
[INFO] [stdout]    6:     0x640928903441 - <unknown>
[INFO] [stdout]    7:     0x6409289033f9 - <unknown>
[INFO] [stdout]    8:     0x6409289038fc - <unknown>
[INFO] [stdout]    9:     0x6409287d9efb - <unknown>
[INFO] [stdout]   10:     0x6409287d9e71 - <unknown>
[INFO] [stdout]   11:     0x6409286968e7 - <unknown>
[INFO] [stdout]   12:     0x6409287791c8 - <unknown>
[INFO] [stdout]   13:     0x64092892098b - <unknown>
[INFO] [stdout]   14:     0x64092891bdef - <unknown>
[INFO] [stdout]   15:     0x64092891b86c - <unknown>
[INFO] [stdout]   16:     0x640928939b5c - <unknown>
[INFO] [stdout]   17:     0x640928905254 - <unknown>
[INFO] [stdout]   18:     0x72181c187dfa - <unknown>
[INFO] [stdout]   19:     0x72181c21b3d4 - clone
[INFO] [stdout]   20:                0x0 - <unknown>
[INFO] [stdout] 
[INFO] [stdout] ---- tests::restrictions::restriction1 stdout ----
[INFO] [stdout] 
[INFO] [stdout] thread 'tests::restrictions::restriction1' (1659) panicked at src/tests/restrictions.rs:24:5:
[INFO] [stdout] assertion `left == right` failed
[INFO] [stdout]   left: Err(NotFound("pck2"))
[INFO] [stdout]  right: Err(Restriction("/opt/rustwide/workdir/fixtures/enhanced_resolve/test/fixtures/c.js", "/opt/rustwide/workdir/fixtures/enhanced_resolve/test/fixtures/restrictions"))
[INFO] [stdout] stack backtrace:
[INFO] [stdout]    0:     0x6409288ddc95 - <unknown>
[INFO] [stdout]    1:     0x6409287da06a - <unknown>
[INFO] [stdout]    2:     0x6409288dd32b - <unknown>
[INFO] [stdout]    3:     0x6409288dce0f - <unknown>
[INFO] [stdout]    4:     0x6409288dca3a - <unknown>
[INFO] [stdout]    5:     0x6409288dc575 - <unknown>
[INFO] [stdout]    6:     0x640928903441 - <unknown>
[INFO] [stdout]    7:     0x6409289033f9 - <unknown>
[INFO] [stdout]    8:     0x6409289038fc - <unknown>
[INFO] [stdout]    9:     0x6409287d9efb - <unknown>
[INFO] [stdout]   10:     0x6409287d9e12 - <unknown>
[INFO] [stdout]   11:     0x64092869687b - <unknown>
[INFO] [stdout]   12:     0x64092875dc2d - <unknown>
[INFO] [stdout]   13:     0x64092892098b - <unknown>
[INFO] [stdout]   14:     0x64092891bdef - <unknown>
[INFO] [stdout]   15:     0x64092891b86c - <unknown>
[INFO] [stdout]   16:     0x640928939b5c - <unknown>
[INFO] [stdout]   17:     0x640928905254 - <unknown>
[INFO] [stdout]   18:     0x72181c187dfa - <unknown>
[INFO] [stdout]   19:     0x72181c21b3d4 - clone
[INFO] [stdout]   20:                0x0 - <unknown>
[INFO] [stdout] 
[INFO] [stdout] ---- tests::tsconfig_paths::tsconfig_fallthrough stdout ----
[INFO] [stdout] 
[INFO] [stdout] thread 'tests::tsconfig_paths::tsconfig_fallthrough' (1684) panicked at src/tests/tsconfig_paths.rs:75:5:
[INFO] [stdout] assertion `left == right` failed
[INFO] [stdout]   left: Err(TsconfigNotFound("/opt/rustwide/workdir/fixtures/tsconfig/tsconfig.json"))
[INFO] [stdout]  right: Err(NotFound("/"))
[INFO] [stdout] stack backtrace:
[INFO] [stdout]    0:     0x6409288ddc95 - <unknown>
[INFO] [stdout]    1:     0x6409287da06a - <unknown>
[INFO] [stdout]    2:     0x6409288dd32b - <unknown>
[INFO] [stdout]    3:     0x6409288dce0f - <unknown>
[INFO] [stdout]    4:     0x6409288dca3a - <unknown>
[INFO] [stdout]    5:     0x6409288dc575 - <unknown>
[INFO] [stdout]    6:     0x640928903441 - <unknown>
[INFO] [stdout]    7:     0x6409289033f9 - <unknown>
[INFO] [stdout]    8:     0x6409289038fc - <unknown>
[INFO] [stdout]    9:     0x6409287d9efb - <unknown>
[INFO] [stdout]   10:     0x6409287d9e12 - <unknown>
[INFO] [stdout]   11:     0x64092869687b - <unknown>
[INFO] [stdout]   12:     0x640928773505 - <unknown>
[INFO] [stdout]   13:     0x64092892098b - <unknown>
[INFO] [stdout]   14:     0x64092891bdef - <unknown>
[INFO] [stdout]   15:     0x64092891b86c - <unknown>
[INFO] [stdout]   16:     0x640928939b5c - <unknown>
[INFO] [stdout]   17:     0x640928905254 - <unknown>
[INFO] [stdout]   18:     0x72181c187dfa - <unknown>
[INFO] [stdout]   19:     0x72181c21b3d4 - clone
[INFO] [stdout]   20:                0x0 - <unknown>
[INFO] [stdout] 
[INFO] [stdout] ---- tests::roots::prefer_absolute stdout ----
[INFO] [stdout] 
[INFO] [stdout] thread 'tests::roots::prefer_absolute' (1660) panicked at src/tests/roots.rs:78:9:
[INFO] [stdout] assertion `left == right` failed: should resolve an absolute path (prefer absolute) /opt/rustwide/workdir/fixtures/enhanced_resolve/test/fixtures/b.js
[INFO] [stdout]   left: Err(NotFound("/opt/rustwide/workdir/fixtures/enhanced_resolve/test/fixtures/b.js"))
[INFO] [stdout]  right: Ok("/opt/rustwide/workdir/fixtures/enhanced_resolve/test/fixtures/b.js")
[INFO] [stdout] stack backtrace:
[INFO] [stdout]    0:     0x6409288ddc95 - <unknown>
[INFO] [stdout]    1:     0x6409287da06a - <unknown>
[INFO] [stdout]    2:     0x6409288dd32b - <unknown>
[INFO] [stdout]    3:     0x6409288dce0f - <unknown>
[INFO] [stdout]    4:     0x6409288dca3a - <unknown>
[INFO] [stdout]    5:     0x6409288dc575 - <unknown>
[INFO] [stdout]    6:     0x640928903441 - <unknown>
[INFO] [stdout]    7:     0x6409289033f9 - <unknown>
[INFO] [stdout]    8:     0x6409289038fc - <unknown>
[INFO] [stdout]    9:     0x6409287d9efb - <unknown>
[INFO] [stdout]   10:     0x6409287d9e71 - <unknown>
[INFO] [stdout]   11:     0x6409286968e7 - <unknown>
[INFO] [stdout]   12:     0x64092878f5f8 - <unknown>
[INFO] [stdout]   13:     0x64092892098b - <unknown>
[INFO] [stdout]   14:     0x64092891bdef - <unknown>
[INFO] [stdout]   15:     0x64092891b86c - <unknown>
[INFO] [stdout]   16:     0x640928939b5c - <unknown>
[INFO] [stdout]   17:     0x640928905254 - <unknown>
[INFO] [stdout]   18:     0x72181c187dfa - <unknown>
[INFO] [stdout]   19:     0x72181c21b3d4 - clone
[INFO] [stdout]   20:                0x0 - <unknown>
[INFO] [stdout] 
[INFO] [stdout] ---- tests::roots::roots_fall_through stdout ----
[INFO] [stdout] 
[INFO] [stdout] thread 'tests::roots::roots_fall_through' (1663) panicked at src/tests/roots.rs:88:5:
[INFO] [stdout] assertion `left == right` failed
[INFO] [stdout]   left: Err(NotFound("/opt/rustwide/workdir/fixtures/enhanced_resolve/test/fixtures/roots_fall_through/index.js"))
[INFO] [stdout]  right: Ok("/opt/rustwide/workdir/fixtures/enhanced_resolve/test/fixtures/roots_fall_through/index.js")
[INFO] [stdout] stack backtrace:
[INFO] [stdout]    0:     0x6409288ddc95 - <unknown>
[INFO] [stdout]    1:     0x6409287da06a - <unknown>
[INFO] [stdout]    2:     0x6409288dd32b - <unknown>
[INFO] [stdout]    3:     0x6409288dce0f - <unknown>
[INFO] [stdout]    4:     0x6409288dca3a - <unknown>
[INFO] [stdout]    5:     0x6409288dc575 - <unknown>
[INFO] [stdout]    6:     0x640928903441 - <unknown>
[INFO] [stdout]    7:     0x6409289033f9 - <unknown>
[INFO] [stdout]    8:     0x6409289038fc - <unknown>
[INFO] [stdout]    9:     0x6409287d9efb - <unknown>
[INFO] [stdout]   10:     0x6409287d9e12 - <unknown>
[INFO] [stdout]   11:     0x6409286968e7 - <unknown>
[INFO] [stdout]   12:     0x64092879059f - <unknown>
[INFO] [stdout]   13:     0x64092892098b - <unknown>
[INFO] [stdout]   14:     0x64092891bdef - <unknown>
[INFO] [stdout]   15:     0x64092891b86c - <unknown>
[INFO] [stdout]   16:     0x640928939b5c - <unknown>
[INFO] [stdout]   17:     0x640928905254 - <unknown>
[INFO] [stdout]   18:     0x72181c187dfa - <unknown>
[INFO] [stdout]   19:     0x72181c21b3d4 - clone
[INFO] [stdout]   20:                0x0 - <unknown>
[INFO] [stdout] 
[INFO] [stdout] ---- tests::tsconfig_paths::test_paths_nested_base stdout ----
[INFO] [stdout] 
[INFO] [stdout] thread 'tests::tsconfig_paths::test_paths_nested_base' (1681) panicked at src/tests/tsconfig_paths.rs:286:9:
[INFO] [stdout] assertion `left == right` failed: foo tsconfig.json "/opt/rustwide/workdir/fixtures/tsconfig/cases/paths-nested-base/other"
[INFO] [stdout]   left: Err(TsconfigNotFound("/opt/rustwide/workdir/fixtures/tsconfig/cases/paths-nested-base/tsconfig.json"))
[INFO] [stdout]  right: Ok("/opt/rustwide/workdir/fixtures/tsconfig/cases/paths-nested-base/root/foo.ts")
[INFO] [stdout] stack backtrace:
[INFO] [stdout]    0:     0x6409288ddc95 - <unknown>
[INFO] [stdout]    1:     0x6409287da06a - <unknown>
[INFO] [stdout]    2:     0x6409288dd32b - <unknown>
[INFO] [stdout]    3:     0x6409288dce0f - <unknown>
[INFO] [stdout]    4:     0x6409288dca3a - <unknown>
[INFO] [stdout]    5:     0x6409288dc575 - <unknown>
[INFO] [stdout]    6:     0x640928903441 - <unknown>
[INFO] [stdout]    7:     0x6409289033f9 - <unknown>
[INFO] [stdout]    8:     0x6409289038fc - <unknown>
[INFO] [stdout]    9:     0x6409287d9efb - <unknown>
[INFO] [stdout]   10:     0x6409287d9e71 - <unknown>
[INFO] [stdout]   11:     0x6409286968e7 - <unknown>
[INFO] [stdout]   12:     0x640928774759 - <unknown>
[INFO] [stdout]   13:     0x64092892098b - <unknown>
[INFO] [stdout]   14:     0x64092891bdef - <unknown>
[INFO] [stdout]   15:     0x64092891b86c - <unknown>
[INFO] [stdout]   16:     0x640928939b5c - <unknown>
[INFO] [stdout]   17:     0x640928905254 - <unknown>
[INFO] [stdout]   18:     0x72181c187dfa - <unknown>
[INFO] [stdout]   19:     0x72181c21b3d4 - clone
[INFO] [stdout]   20:                0x0 - <unknown>
[INFO] [stdout] 
[INFO] [stdout] ---- tests::imports_field::shared_resolvers stdout ----
[INFO] [stdout] 
[INFO] [stdout] thread 'tests::imports_field::shared_resolvers' (1638) panicked at src/tests/imports_field.rs:71:5:
[INFO] [stdout] assertion `left == right` failed
[INFO] [stdout]   left: Err(NotFound("#imports-field"))
[INFO] [stdout]  right: Ok("/opt/rustwide/workdir/fixtures/enhanced_resolve/test/fixtures/imports-field/b.js")
[INFO] [stdout] stack backtrace:
[INFO] [stdout]    0:     0x6409288ddc95 - <unknown>
[INFO] [stdout]    1:     0x6409287da06a - <unknown>
[INFO] [stdout]    2:     0x6409288dd32b - <unknown>
[INFO] [stdout]    3:     0x6409288dce0f - <unknown>
[INFO] [stdout]    4:     0x6409288dca3a - <unknown>
[INFO] [stdout]    5:     0x6409288dc575 - <unknown>
[INFO] [stdout]    6:     0x640928903441 - <unknown>
[INFO] [stdout]    7:     0x6409289033f9 - <unknown>
[INFO] [stdout]    8:     0x6409289038fc - <unknown>
[INFO] [stdout]    9:     0x6409287d9efb - <unknown>
[INFO] [stdout]   10:     0x6409287d9e12 - <unknown>
[INFO] [stdout]   11:     0x6409286968e7 - <unknown>
[INFO] [stdout]   12:     0x64092876f7b1 - <unknown>
[INFO] [stdout]   13:     0x64092892098b - <unknown>
[INFO] [stdout]   14:     0x64092891bdef - <unknown>
[INFO] [stdout]   15:     0x64092891b86c - <unknown>
[INFO] [stdout]   16:     0x640928939b5c - <unknown>
[INFO] [stdout]   17:     0x640928905254 - <unknown>
[INFO] [stdout]   18:     0x72181c187dfa - <unknown>
[INFO] [stdout]   19:     0x72181c21b3d4 - clone
[INFO] [stdout]   20:                0x0 - <unknown>
[INFO] [stdout] 
[INFO] [stdout] ---- tests::tsconfig_project_references::auto stdout ----
[INFO] [stdout] 
[INFO] [stdout] thread 'tests::tsconfig_project_references::auto' (1686) panicked at src/tests/tsconfig_project_references.rs:48:9:
[INFO] [stdout] assertion `left == right` failed: @/index.ts "/opt/rustwide/workdir/fixtures/tsconfig/cases/project_references/app"
[INFO] [stdout]   left: Err(TsconfigNotFound("/opt/rustwide/workdir/fixtures/tsconfig/cases/project_references/app"))
[INFO] [stdout]  right: Ok("/opt/rustwide/workdir/fixtures/tsconfig/cases/project_references/app/aliased/index.ts")
[INFO] [stdout] stack backtrace:
[INFO] [stdout]    0:     0x6409288ddc95 - <unknown>
[INFO] [stdout]    1:     0x6409287da06a - <unknown>
[INFO] [stdout]    2:     0x6409288dd32b - <unknown>
[INFO] [stdout]    3:     0x6409288dce0f - <unknown>
[INFO] [stdout]    4:     0x6409288dca3a - <unknown>
[INFO] [stdout]    5:     0x6409288dc575 - <unknown>
[INFO] [stdout]    6:     0x640928903441 - <unknown>
[INFO] [stdout]    7:     0x6409289033f9 - <unknown>
[INFO] [stdout]    8:     0x6409289038fc - <unknown>
[INFO] [stdout]    9:     0x6409287d9efb - <unknown>
[INFO] [stdout]   10:     0x6409287d9e71 - <unknown>
[INFO] [stdout]   11:     0x6409286968e7 - <unknown>
[INFO] [stdout]   12:     0x640928781624 - <unknown>
[INFO] [stdout]   13:     0x64092892098b - <unknown>
[INFO] [stdout]   14:     0x64092891bdef - <unknown>
[INFO] [stdout]   15:     0x64092891b86c - <unknown>
[INFO] [stdout]   16:     0x640928939b5c - <unknown>
[INFO] [stdout]   17:     0x640928905254 - <unknown>
[INFO] [stdout]   18:     0x72181c187dfa - <unknown>
[INFO] [stdout]   19:     0x72181c21b3d4 - clone
[INFO] [stdout]   20:                0x0 - <unknown>
[INFO] [stdout] 
[INFO] [stdout] ---- tests::incorrect_description_file::no_description_file stdout ----
[INFO] [stdout] 
[INFO] [stdout] thread 'tests::incorrect_description_file::no_description_file' (1644) panicked at src/tests/incorrect_description_file.rs:59:5:
[INFO] [stdout] assertion `left == right` failed
[INFO] [stdout]   left: Err(NotFound("."))
[INFO] [stdout]  right: Ok("/opt/rustwide/workdir/fixtures/enhanced_resolve/lib/index.js")
[INFO] [stdout] stack backtrace:
[INFO] [stdout]    0:     0x6409288ddc95 - <unknown>
[INFO] [stdout]    1:     0x6409287da06a - <unknown>
[INFO] [stdout]    2:     0x6409288dd32b - <unknown>
[INFO] [stdout]    3:     0x6409288dce0f - <unknown>
[INFO] [stdout]    4:     0x6409288dca3a - <unknown>
[INFO] [stdout]    5:     0x6409288dc575 - <unknown>
[INFO] [stdout]    6:     0x640928903441 - <unknown>
[INFO] [stdout]    7:     0x6409289033f9 - <unknown>
[INFO] [stdout]    8:     0x6409289038fc - <unknown>
[INFO] [stdout]    9:     0x6409287d9efb - <unknown>
[INFO] [stdout]   10:     0x6409287d9e12 - <unknown>
[INFO] [stdout]   11:     0x6409286968e7 - <unknown>
[INFO] [stdout]   12:     0x64092877d5d6 - <unknown>
[INFO] [stdout]   13:     0x64092892098b - <unknown>
[INFO] [stdout]   14:     0x64092891bdef - <unknown>
[INFO] [stdout]   15:     0x64092891b86c - <unknown>
[INFO] [stdout]   16:     0x640928939b5c - <unknown>
[INFO] [stdout]   17:     0x640928905254 - <unknown>
[INFO] [stdout]   18:     0x72181c187dfa - <unknown>
[INFO] [stdout]   19:     0x72181c21b3d4 - clone
[INFO] [stdout]   20:                0x0 - <unknown>
[INFO] [stdout] 
[INFO] [stdout] ---- tests::tsconfig_project_references::disabled stdout ----
[INFO] [stdout] 
[INFO] [stdout] thread 'tests::tsconfig_project_references::disabled' (1687) panicked at src/tests/tsconfig_project_references.rs:113:9:
[INFO] [stdout] assertion `left == right` failed: @/index.ts "/opt/rustwide/workdir/fixtures/tsconfig/cases/project_references/app"
[INFO] [stdout]   left: Err(TsconfigNotFound("/opt/rustwide/workdir/fixtures/tsconfig/cases/project_references/app"))
[INFO] [stdout]  right: Ok("/opt/rustwide/workdir/fixtures/tsconfig/cases/project_references/app/aliased/index.ts")
[INFO] [stdout] stack backtrace:
[INFO] [stdout]    0:     0x6409288ddc95 - <unknown>
[INFO] [stdout]    1:     0x6409287da06a - <unknown>
[INFO] [stdout]    2:     0x6409288dd32b - <unknown>
[INFO] [stdout]    3:     0x6409288dce0f - <unknown>
[INFO] [stdout]    4:     0x6409288dca3a - <unknown>
[INFO] [stdout]    5:     0x6409288dc575 - <unknown>
[INFO] [stdout]    6:     0x640928903441 - <unknown>
[INFO] [stdout]    7:     0x6409289033f9 - <unknown>
[INFO] [stdout]    8:     0x6409289038fc - <unknown>
[INFO] [stdout]    9:     0x6409287d9efb - <unknown>
[INFO] [stdout]   10:     0x6409287d9e71 - <unknown>
[INFO] [stdout]   11:     0x6409286968e7 - <unknown>
[INFO] [stdout]   12:     0x640928785f11 - <unknown>
[INFO] [stdout]   13:     0x64092892098b - <unknown>
[INFO] [stdout]   14:     0x64092891bdef - <unknown>
[INFO] [stdout]   15:     0x64092891b86c - <unknown>
[INFO] [stdout]   16:     0x640928939b5c - <unknown>
[INFO] [stdout]   17:     0x640928905254 - <unknown>
[INFO] [stdout]   18:     0x72181c187dfa - <unknown>
[INFO] [stdout]   19:     0x72181c21b3d4 - clone
[INFO] [stdout]   20:                0x0 - <unknown>
[INFO] [stdout] 
[INFO] [stdout] ---- tests::tsconfig_project_references::self_reference stdout ----
[INFO] [stdout] 
[INFO] [stdout] thread 'tests::tsconfig_project_references::self_reference' (1689) panicked at src/tests/tsconfig_project_references.rs:218:9:
[INFO] [stdout] assertion `left == right` failed: "/opt/rustwide/workdir/fixtures/tsconfig/cases/project_references/app" ["./tsconfig.json"]
[INFO] [stdout]   left: Err(TsconfigNotFound("/opt/rustwide/workdir/fixtures/tsconfig/cases/project_references/app"))
[INFO] [stdout]  right: Err(TsconfigSelfReference("/opt/rustwide/workdir/fixtures/tsconfig/cases/project_references/app/tsconfig.json"))
[INFO] [stdout] stack backtrace:
[INFO] [stdout]    0:     0x6409288ddc95 - <unknown>
[INFO] [stdout]    1:     0x6409287da06a - <unknown>
[INFO] [stdout]    2:     0x6409288dd32b - <unknown>
[INFO] [stdout]    3:     0x6409288dce0f - <unknown>
[INFO] [stdout]    4:     0x6409288dca3a - <unknown>
[INFO] [stdout]    5:     0x6409288dc575 - <unknown>
[INFO] [stdout]    6:     0x640928903441 - <unknown>
[INFO] [stdout]    7:     0x6409289033f9 - <unknown>
[INFO] [stdout]    8:     0x6409289038fc - <unknown>
[INFO] [stdout]    9:     0x6409287d9efb - <unknown>
[INFO] [stdout]   10:     0x6409287d9e71 - <unknown>
[INFO] [stdout]   11:     0x6409286968e7 - <unknown>
[INFO] [stdout]   12:     0x64092877f2f0 - <unknown>
[INFO] [stdout]   13:     0x64092892098b - <unknown>
[INFO] [stdout]   14:     0x64092891bdef - <unknown>
[INFO] [stdout]   15:     0x64092891b86c - <unknown>
[INFO] [stdout]   16:     0x640928939b5c - <unknown>
[INFO] [stdout]   17:     0x640928905254 - <unknown>
[INFO] [stdout]   18:     0x72181c187dfa - <unknown>
[INFO] [stdout]   19:     0x72181c21b3d4 - clone
[INFO] [stdout]   20:                0x0 - <unknown>
[INFO] [stdout] 
[INFO] [stdout] ---- tests::pnp::pnp1 stdout ----
[INFO] [stdout] 
[INFO] [stdout] thread 'tests::pnp::pnp1' (1649) panicked at src/tests/pnp.rs:19:5:
[INFO] [stdout] assertion `left == right` failed
[INFO] [stdout]   left: Err(NotFound("is-even"))
[INFO] [stdout]  right: Ok("/opt/rustwide/workdir/fixtures/pnp/.yarn/cache/is-even-npm-1.0.0-9f726520dc-2728cc2f39.zip/node_modules/is-even/index.js")
[INFO] [stdout] stack backtrace:
[INFO] [stdout]    0:     0x6409288ddc95 - <unknown>
[INFO] [stdout]    1:     0x6409287da06a - <unknown>
[INFO] [stdout]    2:     0x6409288dd32b - <unknown>
[INFO] [stdout]    3:     0x6409288dce0f - <unknown>
[INFO] [stdout]    4:     0x6409288dca3a - <unknown>
[INFO] [stdout]    5:     0x6409288dc575 - <unknown>
[INFO] [stdout]    6:     0x640928903441 - <unknown>
[INFO] [stdout]    7:     0x6409289033f9 - <unknown>
[INFO] [stdout]    8:     0x6409289038fc - <unknown>
[INFO] [stdout]    9:     0x6409287d9efb - <unknown>
[INFO] [stdout]   10:     0x6409287d9e12 - <unknown>
[INFO] [stdout]   11:     0x6409286968e7 - <unknown>
[INFO] [stdout]   12:     0x640928788b3d - <unknown>
[INFO] [stdout]   13:     0x64092892098b - <unknown>
[INFO] [stdout]   14:     0x64092891bdef - <unknown>
[INFO] [stdout]   15:     0x64092891b86c - <unknown>
[INFO] [stdout]   16:     0x640928939b5c - <unknown>
[INFO] [stdout]   17:     0x640928905254 - <unknown>
[INFO] [stdout]   18:     0x72181c187dfa - <unknown>
[INFO] [stdout]   19:     0x72181c21b3d4 - clone
[INFO] [stdout]   20:                0x0 - <unknown>
[INFO] [stdout] 
[INFO] [stdout] ---- tests::tsconfig_project_references::manual stdout ----
[INFO] [stdout] 
[INFO] [stdout] thread 'tests::tsconfig_project_references::manual' (1688) panicked at src/tests/tsconfig_project_references.rs:173:9:
[INFO] [stdout] assertion `left == right` failed: @/index.ts "/opt/rustwide/workdir/fixtures/tsconfig/cases/project_references/app"
[INFO] [stdout]   left: Err(TsconfigNotFound("/opt/rustwide/workdir/fixtures/tsconfig/cases/project_references/app"))
[INFO] [stdout]  right: Ok("/opt/rustwide/workdir/fixtures/tsconfig/cases/project_references/app/aliased/index.ts")
[INFO] [stdout] stack backtrace:
[INFO] [stdout]    0:     0x6409288ddc95 - <unknown>
[INFO] [stdout]    1:     0x6409287da06a - <unknown>
[INFO] [stdout]    2:     0x6409288dd32b - <unknown>
[INFO] [stdout]    3:     0x6409288dce0f - <unknown>
[INFO] [stdout]    4:     0x6409288dca3a - <unknown>
[INFO] [stdout]    5:     0x6409288dc575 - <unknown>
[INFO] [stdout]    6:     0x640928903441 - <unknown>
[INFO] [stdout]    7:     0x6409289033f9 - <unknown>
[INFO] [stdout]    8:     0x6409289038fc - <unknown>
[INFO] [stdout]    9:     0x6409287d9efb - <unknown>
[INFO] [stdout]   10:     0x6409287d9e71 - <unknown>
[INFO] [stdout]   11:     0x6409286968e7 - <unknown>
[INFO] [stdout]   12:     0x640928783b51 - <unknown>
[INFO] [stdout]   13:     0x64092892098b - <unknown>
[INFO] [stdout]   14:     0x64092891bdef - <unknown>
[INFO] [stdout]   15:     0x64092891b86c - <unknown>
[INFO] [stdout]   16:     0x640928939b5c - <unknown>
[INFO] [stdout]   17:     0x640928905254 - <unknown>
[INFO] [stdout]   18:     0x72181c187dfa - <unknown>
[INFO] [stdout]   19:     0x72181c21b3d4 - clone
[INFO] [stdout]   20:                0x0 - <unknown>
[INFO] [stdout] 
[INFO] [stdout] ---- tests::pnp::resolve_in_pnp_linked_folder stdout ----
[INFO] [stdout] 
[INFO] [stdout] thread 'tests::pnp::resolve_in_pnp_linked_folder' (1650) panicked at src/tests/pnp.rs:84:5:
[INFO] [stdout] assertion `left == right` failed
[INFO] [stdout]   left: Err(NotFound("lib/lib.js"))
[INFO] [stdout]  right: Ok("/opt/rustwide/workdir/fixtures/pnp/shared/lib.js")
[INFO] [stdout] stack backtrace:
[INFO] [stdout]    0:     0x6409288ddc95 - <unknown>
[INFO] [stdout]    1:     0x6409287da06a - <unknown>
[INFO] [stdout]    2:     0x6409288dd32b - <unknown>
[INFO] [stdout]    3:     0x6409288dce0f - <unknown>
[INFO] [stdout]    4:     0x6409288dca3a - <unknown>
[INFO] [stdout]    5:     0x6409288dc575 - <unknown>
[INFO] [stdout]    6:     0x640928903441 - <unknown>
[INFO] [stdout]    7:     0x6409289033f9 - <unknown>
[INFO] [stdout]    8:     0x6409289038fc - <unknown>
[INFO] [stdout]    9:     0x6409287d9efb - <unknown>
[INFO] [stdout]   10:     0x6409287d9e12 - <unknown>
[INFO] [stdout]   11:     0x6409286968e7 - <unknown>
[INFO] [stdout]   12:     0x6409287871bc - <unknown>
[INFO] [stdout]   13:     0x64092892098b - <unknown>
[INFO] [stdout]   14:     0x64092891bdef - <unknown>
[INFO] [stdout]   15:     0x64092891b86c - <unknown>
[INFO] [stdout]   16:     0x640928939b5c - <unknown>
[INFO] [stdout]   17:     0x640928905254 - <unknown>
[INFO] [stdout]   18:     0x72181c187dfa - <unknown>
[INFO] [stdout]   19:     0x72181c21b3d4 - clone
[INFO] [stdout]   20:                0x0 - <unknown>
[INFO] [stdout] 
[INFO] [stdout] ---- tests::main_field::test_fallback stdout ----
[INFO] [stdout] 
[INFO] [stdout] thread 'tests::main_field::test_fallback' (1646) panicked at src/tests/main_field.rs:37:5:
[INFO] [stdout] assertion `left == right` failed
[INFO] [stdout]   left: Err(NotFound("main_field_fallback"))
[INFO] [stdout]  right: Ok("/opt/rustwide/workdir/fixtures/invalid/node_modules/main_field_fallback/exist.js")
[INFO] [stdout] stack backtrace:
[INFO] [stdout]    0:     0x6409288ddc95 - <unknown>
[INFO] [stdout]    1:     0x6409287da06a - <unknown>
[INFO] [stdout]    2:     0x6409288dd32b - <unknown>
[INFO] [stdout]    3:     0x6409288dce0f - <unknown>
[INFO] [stdout]    4:     0x6409288dca3a - <unknown>
[INFO] [stdout]    5:     0x6409288dc575 - <unknown>
[INFO] [stdout]    6:     0x640928903441 - <unknown>
[INFO] [stdout]    7:     0x6409289033f9 - <unknown>
[INFO] [stdout]    8:     0x6409289038fc - <unknown>
[INFO] [stdout]    9:     0x6409287d9efb - <unknown>
[INFO] [stdout]   10:     0x6409287d9e12 - <unknown>
[INFO] [stdout]   11:     0x6409286968e7 - <unknown>
[INFO] [stdout]   12:     0x64092875be66 - <unknown>
[INFO] [stdout]   13:     0x64092892098b - <unknown>
[INFO] [stdout]   14:     0x64092891bdef - <unknown>
[INFO] [stdout]   15:     0x64092891b86c - <unknown>
[INFO] [stdout]   16:     0x640928939b5c - <unknown>
[INFO] [stdout]   17:     0x640928905254 - <unknown>
[INFO] [stdout]   18:     0x72181c187dfa - <unknown>
[INFO] [stdout]   19:     0x72181c21b3d4 - clone
[INFO] [stdout]   20:                0x0 - <unknown>
[INFO] [stdout] 
[INFO] [stdout] ---- tests::pnp::resolve_package_deep_link stdout ----
[INFO] [stdout] 
[INFO] [stdout] thread 'tests::pnp::resolve_package_deep_link' (1651) panicked at src/tests/pnp.rs:108:5:
[INFO] [stdout] assertion `left == right` failed
[INFO] [stdout]   left: Err(NotFound("beachball/lib/commands/bump.js"))
[INFO] [stdout]  right: Ok("/opt/rustwide/workdir/fixtures/pnp/.yarn/cache/beachball-npm-2.51.0-65bc162b4f-05a8be5dde.zip/node_modules/beachball/lib/commands/bump.js")
[INFO] [stdout] stack backtrace:
[INFO] [stdout]    0:     0x6409288ddc95 - <unknown>
[INFO] [stdout]    1:     0x6409287da06a - <unknown>
[INFO] [stdout]    2:     0x6409288dd32b - <unknown>
[INFO] [stdout]    3:     0x6409288dce0f - <unknown>
[INFO] [stdout]    4:     0x6409288dca3a - <unknown>
[INFO] [stdout]    5:     0x6409288dc575 - <unknown>
[INFO] [stdout]    6:     0x640928903441 - <unknown>
[INFO] [stdout]    7:     0x6409289033f9 - <unknown>
[INFO] [stdout]    8:     0x6409289038fc - <unknown>
[INFO] [stdout]    9:     0x6409287d9efb - <unknown>
[INFO] [stdout]   10:     0x6409287d9e12 - <unknown>
[INFO] [stdout]   11:     0x6409286968e7 - <unknown>
[INFO] [stdout]   12:     0x640928786965 - <unknown>
[INFO] [stdout]   13:     0x64092892098b - <unknown>
[INFO] [stdout]   14:     0x64092891bdef - <unknown>
[INFO] [stdout]   15:     0x64092891b86c - <unknown>
[INFO] [stdout]   16:     0x640928939b5c - <unknown>
[INFO] [stdout]   17:     0x640928905254 - <unknown>
[INFO] [stdout]   18:     0x72181c187dfa - <unknown>
[INFO] [stdout]   19:     0x72181c21b3d4 - clone
[INFO] [stdout]   20:                0x0 - <unknown>
[INFO] [stdout] 
[INFO] [stdout] 
[INFO] [stdout] failures:
[INFO] [stdout]     tests::alias::absolute_path
[INFO] [stdout]     tests::alias::alias_fragment
[INFO] [stdout]     tests::alias::alias_is_full_path
[INFO] [stdout]     tests::alias::alias_try_fragment_as_path
[INFO] [stdout]     tests::alias::system_path
[INFO] [stdout]     tests::browser_field::broken
[INFO] [stdout]     tests::browser_field::crypto_js
[INFO] [stdout]     tests::browser_field::ignore
[INFO] [stdout]     tests::browser_field::recursive
[INFO] [stdout]     tests::browser_field::replace_file
[INFO] [stdout]     tests::browser_field::shared_resolvers
[INFO] [stdout]     tests::browser_field::with_query
[INFO] [stdout]     tests::builtins::imports
[INFO] [stdout]     tests::exports_field::exports_not_browser_field1
[INFO] [stdout]     tests::exports_field::exports_not_browser_field2
[INFO] [stdout]     tests::exports_field::extension_alias_1_2
[INFO] [stdout]     tests::exports_field::extension_alias_3
[INFO] [stdout]     tests::exports_field::extension_alias_throw_error
[INFO] [stdout]     tests::exports_field::extension_without_fully_specified
[INFO] [stdout]     tests::exports_field::field_name_path
[INFO] [stdout]     tests::exports_field::shared_resolvers
[INFO] [stdout]     tests::exports_field::test_simple
[INFO] [stdout]     tests::extension_alias::extension_alias
[INFO] [stdout]     tests::extension_alias::not_apply_to_extension_nor_main_files
[INFO] [stdout]     tests::extensions::default_enforce_extension
[INFO] [stdout]     tests::extensions::extensions
[INFO] [stdout]     tests::extensions::multi_dot_extension
[INFO] [stdout]     tests::extensions::respect_enforce_extension
[INFO] [stdout]     tests::extensions::without_leading_dot
[INFO] [stdout]     tests::imports_field::shared_resolvers
[INFO] [stdout]     tests::imports_field::test_simple
[INFO] [stdout]     tests::incorrect_description_file::incorrect_description_file_1
[INFO] [stdout]     tests::incorrect_description_file::incorrect_description_file_2
[INFO] [stdout]     tests::incorrect_description_file::no_description_file
[INFO] [stdout]     tests::main_field::test
[INFO] [stdout]     tests::main_field::test_fallback
[INFO] [stdout]     tests::missing::test
[INFO] [stdout]     tests::pnp::pnp1
[INFO] [stdout]     tests::pnp::resolve_in_pnp_linked_folder
[INFO] [stdout]     tests::pnp::resolve_package_deep_link
[INFO] [stdout]     tests::resolve::issue238_resolve
[INFO] [stdout]     tests::resolve::prefer_relative
[INFO] [stdout]     tests::resolve::resolve
[INFO] [stdout]     tests::resolve::resolve_to_context
[INFO] [stdout]     tests::restrictions::restriction1
[INFO] [stdout]     tests::roots::prefer_absolute
[INFO] [stdout]     tests::roots::resolve_to_context
[INFO] [stdout]     tests::roots::roots
[INFO] [stdout]     tests::roots::roots_fall_through
[INFO] [stdout]     tests::roots::should_resolve_slash
[INFO] [stdout]     tests::scoped_packages::scoped_packages
[INFO] [stdout]     tests::simple::dashed_name
[INFO] [stdout]     tests::simple::resolve_abs_main
[INFO] [stdout]     tests::simple::simple
[INFO] [stdout]     tests::tsconfig_paths::broken
[INFO] [stdout]     tests::tsconfig_paths::json_with_comments
[INFO] [stdout]     tests::tsconfig_paths::test_merge_tsconfig
[INFO] [stdout]     tests::tsconfig_paths::test_no_merge_tsconfig
[INFO] [stdout]     tests::tsconfig_paths::test_paths_nested_base
[INFO] [stdout]     tests::tsconfig_paths::test_template_variable
[INFO] [stdout]     tests::tsconfig_paths::tsconfig
[INFO] [stdout]     tests::tsconfig_paths::tsconfig_fallthrough
[INFO] [stdout]     tests::tsconfig_project_references::auto
[INFO] [stdout]     tests::tsconfig_project_references::disabled
[INFO] [stdout]     tests::tsconfig_project_references::manual
[INFO] [stdout]     tests::tsconfig_project_references::self_reference
[INFO] [stdout] 
[INFO] [stdout] test result: FAILED. 41 passed; 66 failed; 0 ignored; 0 measured; 0 filtered out; finished in 0.15s
[INFO] [stdout] 
[INFO] [stderr] error: test failed, to rerun pass `--lib`
[INFO] running `Command { std: "docker" "inspect" "878bfa2ee83117312eb1b06d2f6816acc70376d29a03f1d4232d5d1c581f9899", kill_on_drop: false }`
[INFO] running `Command { std: "docker" "rm" "-f" "878bfa2ee83117312eb1b06d2f6816acc70376d29a03f1d4232d5d1c581f9899", kill_on_drop: false }`
[INFO] [stdout] 878bfa2ee83117312eb1b06d2f6816acc70376d29a03f1d4232d5d1c581f9899
