[INFO] fetching crate unrs_resolver 1.12.2...
[INFO] testing unrs_resolver-1.12.2 against 1.99.0-beta.8+cargoflags=--release for beta-release-1.100-2
[INFO] extracting crate unrs_resolver 1.12.2 into /workspace/builds/worker-6-tc1/source
[INFO] started tweaking crates.io crate unrs_resolver 1.12.2
[INFO] removed 0 missing examples
[INFO] finished tweaking crates.io crate unrs_resolver 1.12.2
[INFO] tweaked toml for crates.io crate unrs_resolver 1.12.2 written to /workspace/builds/worker-6-tc1/source/Cargo.toml
[INFO] validating manifest of crates.io crate unrs_resolver 1.12.2 on toolchain 1.99.0-beta.8
[INFO] running `Command { std: CARGO_HOME="/workspace/cargo-home" RUSTUP_HOME="/workspace/rustup-home" "/workspace/cargo-home/bin/cargo" "+1.99.0-beta.8" "metadata" "--manifest-path" "Cargo.toml" "--no-deps", kill_on_drop: false }`
[INFO] crate crates.io crate unrs_resolver 1.12.2 already has a lockfile, it will not be regenerated
[INFO] running `Command { std: CARGO_HOME="/workspace/cargo-home" RUSTUP_HOME="/workspace/rustup-home" "/workspace/cargo-home/bin/cargo" "+1.99.0-beta.8" "fetch" "--manifest-path" "Cargo.toml", kill_on_drop: false }`
[INFO] [stderr]     Updating crates.io index
[INFO] [stderr]  Downloading crates ...
[INFO] [stderr]   Downloaded fast-glob v1.0.1
[INFO] [stderr]   Downloaded json-strip-comments v3.1.1
[INFO] [stderr]   Downloaded vfs v0.13.0
[INFO] [stderr]   Downloaded anes v0.2.1
[INFO] [stderr]   Downloaded fancy-regex v0.18.0
[INFO] [stderr]   Downloaded criterion2 v3.0.3
[INFO] [stderr]   Downloaded bpaf v0.9.24
[INFO] [stderr]   Downloaded codspeed v4.4.1
[INFO] [stderr]   Downloaded pnp v0.12.9
[INFO] running `Command { std: "docker" "create" "-v" "/var/lib/crater-agent-workspace/builds/worker-6-tc1/source:/opt/rustwide/workdir:ro,Z" "-v" "/var/lib/crater-agent-workspace/builds/worker-6-tc1/target:/opt/rustwide/target:rw,Z" "-v" "/var/lib/crater-agent-workspace/cargo-home:/opt/rustwide/cargo-home:ro,Z" "-v" "/var/lib/crater-agent-workspace/rustup-home:/opt/rustwide/rustup-home:ro,Z" "-m" "1610612736" "--network" "none" "ghcr.io/rust-lang/crates-build-env/linux@sha256:77db811e55d90add9212f6832c23229e3de5f1c1f9905e8cb07319ea15df73ac" "sleep" "infinity", kill_on_drop: false }`
[INFO] [stdout] da7af33f85c6aeb96e4fd8da1b0920a8e211a250f2abe0ffdd299c829c6dfee2
[INFO] running `Command { std: "docker" "start" "da7af33f85c6aeb96e4fd8da1b0920a8e211a250f2abe0ffdd299c829c6dfee2", kill_on_drop: false }`
[INFO] running `Command { std: "docker" "inspect" "da7af33f85c6aeb96e4fd8da1b0920a8e211a250f2abe0ffdd299c829c6dfee2", kill_on_drop: false }`
[INFO] running `Command { std: "docker" "exec" "-e" "SOURCE_DIR=/opt/rustwide/workdir" "-e" "CARGO_HOME=/opt/rustwide/cargo-home" "-e" "RUSTUP_HOME=/opt/rustwide/rustup-home" "-e" "CARGO_TARGET_DIR=/opt/rustwide/target" "-w" "/opt/rustwide/workdir" "--user" "0:0" "da7af33f85c6aeb96e4fd8da1b0920a8e211a250f2abe0ffdd299c829c6dfee2" "/opt/rustwide/cargo-home/bin/cargo" "+1.99.0-beta.8" "metadata" "--no-deps" "--format-version=1", kill_on_drop: false }`
[INFO] running `Command { std: "docker" "inspect" "da7af33f85c6aeb96e4fd8da1b0920a8e211a250f2abe0ffdd299c829c6dfee2", kill_on_drop: false }`
[INFO] running `Command { std: "docker" "exec" "-e" "SOURCE_DIR=/opt/rustwide/workdir" "-e" "CARGO_HOME=/opt/rustwide/cargo-home" "-e" "RUSTUP_HOME=/opt/rustwide/rustup-home" "-e" "CARGO_TARGET_DIR=/opt/rustwide/target" "-e" "CARGO_INCREMENTAL=0" "-e" "RUST_BACKTRACE=full" "-e" "RUSTFLAGS=--cap-lints=warn" "-e" "RUSTDOCFLAGS=--cap-lints=warn" "-w" "/opt/rustwide/workdir" "--user" "0:0" "da7af33f85c6aeb96e4fd8da1b0920a8e211a250f2abe0ffdd299c829c6dfee2" "/opt/rustwide/cargo-home/bin/cargo" "+1.99.0-beta.8" "build" "--frozen" "--message-format=json" "--release", kill_on_drop: false }`
[INFO] [stderr]    Compiling proc-macro2 v1.0.106
[INFO] [stderr]    Compiling quote v1.0.45
[INFO] [stderr]    Compiling unicode-ident v1.0.24
[INFO] [stderr]    Compiling equivalent v1.0.2
[INFO] [stderr]    Compiling autocfg v1.5.0
[INFO] [stderr]    Compiling serde_core v1.0.228
[INFO] [stderr]    Compiling libc v0.2.184
[INFO] [stderr]    Compiling foldhash v0.2.0
[INFO] [stderr]    Compiling allocator-api2 v0.2.21
[INFO] [stderr]    Compiling itoa v1.0.18
[INFO] [stderr]    Compiling rustversion v1.0.22
[INFO] [stderr]    Compiling zmij v1.0.21
[INFO] [stderr]    Compiling ref-cast v1.0.25
[INFO] [stderr]    Compiling ryu v1.0.20
[INFO] [stderr]    Compiling rustix v1.1.4
[INFO] [stderr]    Compiling serde v1.0.228
[INFO] [stderr]    Compiling once_cell v1.21.4
[INFO] [stderr]    Compiling memchr v2.8.0
[INFO] [stderr]    Compiling hashbrown v0.17.0
[INFO] [stderr]    Compiling serde_json v1.0.149
[INFO] [stderr]    Compiling thiserror v2.0.18
[INFO] [stderr]    Compiling pin-project-lite v0.2.16
[INFO] [stderr]    Compiling arrayvec v0.7.6
[INFO] [stderr]    Compiling linux-raw-sys v0.12.1
[INFO] [stderr]    Compiling static_assertions v1.1.0
[INFO] [stderr]    Compiling tracing-core v0.1.36
[INFO] [stderr]    Compiling cfg-if v1.0.4
[INFO] [stderr]    Compiling bitflags v2.11.0
[INFO] [stderr]    Compiling simdutf8 v0.1.5
[INFO] [stderr]    Compiling nodejs-built-in-modules v1.0.0
[INFO] [stderr]    Compiling num-traits v0.2.19
[INFO] [stderr]    Compiling percent-encoding v2.3.2
[INFO] [stderr]    Compiling self_cell v1.2.2
[INFO] [stderr]    Compiling rustc-hash v2.1.2
[INFO] [stderr]    Compiling hashbrown v0.16.1
[INFO] [stderr]    Compiling fast-glob v1.0.1
[INFO] [stderr]    Compiling castaway v0.2.4
[INFO] [stderr]    Compiling compact_str v0.9.0
[INFO] [stderr]    Compiling json-strip-comments v3.1.1
[INFO] [stderr]    Compiling syn v2.0.117
[INFO] [stderr]    Compiling halfbrown v0.4.0
[INFO] [stderr]    Compiling float-cmp v0.10.0
[INFO] [stderr]    Compiling seize v0.5.1
[INFO] [stderr]    Compiling papaya v0.2.4
[INFO] [stderr]    Compiling value-trait v0.12.1
[INFO] [stderr]    Compiling indexmap v2.14.0
[INFO] [stderr]    Compiling ref-cast-impl v1.0.25
[INFO] [stderr]    Compiling thiserror-impl v2.0.18
[INFO] [stderr]    Compiling tracing-attributes v0.1.31
[INFO] [stderr]    Compiling serde_derive v1.0.228
[INFO] [stderr]    Compiling simd-json v0.17.0
[INFO] [stderr]    Compiling tracing v0.1.44
[INFO] [stderr]    Compiling unrs_resolver v1.12.2 (/opt/rustwide/workdir)
[INFO] [stderr]     Finished `release` profile [optimized] target(s) in 25.57s
[INFO] running `Command { std: "docker" "inspect" "da7af33f85c6aeb96e4fd8da1b0920a8e211a250f2abe0ffdd299c829c6dfee2", kill_on_drop: false }`
[INFO] running `Command { std: "docker" "exec" "-e" "SOURCE_DIR=/opt/rustwide/workdir" "-e" "CARGO_HOME=/opt/rustwide/cargo-home" "-e" "RUSTUP_HOME=/opt/rustwide/rustup-home" "-e" "CARGO_TARGET_DIR=/opt/rustwide/target" "-e" "CARGO_INCREMENTAL=0" "-e" "RUST_BACKTRACE=full" "-e" "RUSTFLAGS=--cap-lints=warn" "-e" "RUSTDOCFLAGS=--cap-lints=warn" "-w" "/opt/rustwide/workdir" "--user" "0:0" "da7af33f85c6aeb96e4fd8da1b0920a8e211a250f2abe0ffdd299c829c6dfee2" "/opt/rustwide/cargo-home/bin/cargo" "+1.99.0-beta.8" "test" "--frozen" "--no-run" "--message-format=json" "--release", kill_on_drop: false }`
[INFO] [stderr]    Compiling equivalent v1.0.2
[INFO] [stderr]    Compiling cfg-if v1.0.4
[INFO] [stderr]    Compiling serde_core v1.0.228
[INFO] [stderr]    Compiling crossbeam-utils v0.8.21
[INFO] [stderr]    Compiling zerocopy v0.8.48
[INFO] [stderr]    Compiling itoa v1.0.18
[INFO] [stderr]    Compiling serde v1.0.228
[INFO] [stderr]    Compiling foldhash v0.2.0
[INFO] [stderr]    Compiling allocator-api2 v0.2.21
[INFO] [stderr]    Compiling num-traits v0.2.19
[INFO] [stderr]    Compiling ryu v1.0.20
[INFO] [stderr]    Compiling libc v0.2.184
[INFO] [stderr]    Compiling memchr v2.8.0
[INFO] [stderr]    Compiling hashbrown v0.17.0
[INFO] [stderr]    Compiling zerocopy-derive v0.8.48
[INFO] [stderr]    Compiling zmij v1.0.21
[INFO] [stderr]    Compiling once_cell v1.21.4
[INFO] [stderr]    Compiling rayon-core v1.13.0
[INFO] [stderr]    Compiling ciborium-io v0.2.2
[INFO] [stderr]    Compiling castaway v0.2.4
[INFO] [stderr]    Compiling ref-cast v1.0.25
[INFO] [stderr]    Compiling bitflags v2.11.0
[INFO] [stderr]    Compiling regex-syntax v0.8.8
[INFO] [stderr]    Compiling bit-vec v0.8.0
[INFO] [stderr]    Compiling tracing-core v0.1.36
[INFO] [stderr]    Compiling pin-project-lite v0.2.16
[INFO] [stderr]    Compiling linux-raw-sys v0.12.1
[INFO] [stderr]    Compiling arrayvec v0.7.6
[INFO] [stderr]    Compiling static_assertions v1.1.0
[INFO] [stderr]    Compiling simdutf8 v0.1.5
[INFO] [stderr]    Compiling hashbrown v0.16.1
[INFO] [stderr]    Compiling option-ext v0.2.0
[INFO] [stderr]    Compiling same-file v1.0.6
[INFO] [stderr]    Compiling bit-set v0.8.0
[INFO] [stderr]    Compiling compact_str v0.9.0
[INFO] [stderr]    Compiling walkdir v2.5.0
[INFO] [stderr]    Compiling tracing v0.1.44
[INFO] [stderr]    Compiling fast-glob v1.0.1
[INFO] [stderr]    Compiling rustix v1.1.4
[INFO] [stderr]    Compiling crossbeam-epoch v0.9.18
[INFO] [stderr]    Compiling json-strip-comments v3.1.1
[INFO] [stderr]    Compiling thiserror v2.0.18
[INFO] [stderr]    Compiling self_cell v1.2.2
[INFO] [stderr]    Compiling percent-encoding v2.3.2
[INFO] [stderr]    Compiling bpaf v0.9.24
[INFO] [stderr]    Compiling oorandom v11.1.5
[INFO] [stderr]    Compiling nodejs-built-in-modules v1.0.0
[INFO] [stderr]    Compiling rustc-hash v2.1.2
[INFO] [stderr]    Compiling anes v0.2.1
[INFO] [stderr]    Compiling cast v0.3.0
[INFO] [stderr]    Compiling float-cmp v0.10.0
[INFO] [stderr]    Compiling either v1.15.0
[INFO] [stderr]    Compiling halfbrown v0.4.0
[INFO] [stderr]    Compiling crossbeam-deque v0.8.6
[INFO] [stderr]    Compiling pico-args v0.5.0
[INFO] [stderr]    Compiling seize v0.5.1
[INFO] [stderr]    Compiling filetime v0.2.26
[INFO] [stderr]    Compiling dirs-sys v0.5.0
[INFO] [stderr]    Compiling dirs v6.0.0
[INFO] [stderr]    Compiling papaya v0.2.4
[INFO] [stderr]    Compiling vfs v0.13.0
[INFO] [stderr]    Compiling value-trait v0.12.1
[INFO] [stderr]    Compiling simd-json v0.17.0
[INFO] [stderr]    Compiling regex-automata v0.4.14
[INFO] [stderr]    Compiling rayon v1.12.0
[INFO] [stderr]    Compiling indexmap v2.14.0
[INFO] [stderr]    Compiling serde_json v1.0.149
[INFO] [stderr]    Compiling unrs_resolver v1.12.2 (/opt/rustwide/workdir)
[INFO] [stderr]    Compiling fancy-regex v0.18.0
[INFO] [stderr]    Compiling half v2.7.1
[INFO] [stderr]    Compiling ciborium-ll v0.2.2
[INFO] [stderr]    Compiling ciborium v0.2.2
[INFO] [stderr]    Compiling criterion2 v3.0.3
[INFO] [stderr]     Finished `release` profile [optimized] target(s) in 1m 35s
[INFO] running `Command { std: "docker" "inspect" "da7af33f85c6aeb96e4fd8da1b0920a8e211a250f2abe0ffdd299c829c6dfee2", kill_on_drop: false }`
[INFO] running `Command { std: "docker" "exec" "-e" "SOURCE_DIR=/opt/rustwide/workdir" "-e" "CARGO_HOME=/opt/rustwide/cargo-home" "-e" "RUSTUP_HOME=/opt/rustwide/rustup-home" "-e" "CARGO_TARGET_DIR=/opt/rustwide/target" "-e" "CARGO_INCREMENTAL=0" "-e" "RUST_BACKTRACE=full" "-e" "RUSTFLAGS=--cap-lints=warn" "-e" "RUSTDOCFLAGS=--cap-lints=warn" "-w" "/opt/rustwide/workdir" "--user" "0:0" "da7af33f85c6aeb96e4fd8da1b0920a8e211a250f2abe0ffdd299c829c6dfee2" "/opt/rustwide/cargo-home/bin/cargo" "+1.99.0-beta.8" "test" "--frozen" "--release", kill_on_drop: false }`
[INFO] [stderr]     Finished `release` profile [optimized] target(s) in 0.12s
[INFO] [stderr]      Running unittests src/lib.rs (/opt/rustwide/target/release/deps/unrs_resolver-b32a6a8a80035e07)
[INFO] [stdout] 
[INFO] [stdout] running 218 tests
[INFO] [stdout] test error::test_into_io_error ... ok
[INFO] [stdout] test cache::tests::test_borrowed_cached_path_eq ... ok
[INFO] [stdout] test file_url::tests::has_encoded_separators_single_pass ... ok
[INFO] [stdout] test file_url::tests::invalid_utf8_rejected ... ok
[INFO] [stdout] test file_url::tests::basic_file_url ... ok
[INFO] [stdout] test error::test_coverage ... ok
[INFO] [stdout] test file_url::tests::posix_rejects_hostname ... ok
[INFO] [stdout] test file_system::metadata ... ok
[INFO] [stdout] test file_url::tests::query_and_fragment_preserved ... ok
[INFO] [stdout] test options::test::display ... ok
[INFO] [stdout] test file_system::file_metadata_getters ... ok
[INFO] [stdout] test options::test::enforce_extension ... ok
[INFO] [stdout] test path::is_invalid_exports_target ... ok
[INFO] [stdout] test file_url::tests::localhost_normalized ... ok
[INFO] [stdout] test path::normalize ... ok
[INFO] [stdout] test error::test_circular_path_bufs_display ... ok
[INFO] [stdout] test file_url::tests::posix_rejects_encoded_slash ... ok
[INFO] [stdout] test path::normalize_relative ... ok
[INFO] [stdout] test specifier::tests::debug ... ok
[INFO] [stdout] test file_url::tests::percent_decoding ... ok
[INFO] [stdout] test specifier::tests::absolute ... ok
[INFO] [stdout] test specifier::tests::enhanced_resolve_edge_cases ... ok
[INFO] [stdout] test specifier::tests::empty ... ok
[INFO] [stdout] test file_url::tests::non_file_url_passthrough ... ok
[INFO] [stdout] test specifier::tests::module ... ok
[INFO] [stdout] test specifier::tests::query_fragment ... ok
[INFO] [stdout] test specifier::tests::enhanced_resolve_windows_like ... ok
[INFO] [stdout] test specifier::tests::relative ... ok
[INFO] [stdout] test cache::tests::test_cached_path_debug ... ok
[INFO] [stdout] test specifier::tests::hash ... ok
[INFO] [stdout] test tests::browser_field::replace_file ... FAILED
[INFO] [stdout] test tests::alias::alias_is_full_path ... FAILED
[INFO] [stdout] test tests::browser_field::with_query ... FAILED
[INFO] [stdout] test tests::browser_field::recurse_fail ... ok
[INFO] [stdout] test tests::builtins::fail ... ok
[INFO] [stdout] test tests::builtins::builtins_off ... ok
[INFO] [stdout] test tests::browser_field::recursive ... FAILED
[INFO] [stdout] test tests::builtins::builtins ... ok
[INFO] [stdout] test tests::builtins::imports ... FAILED
[INFO] [stdout] test tests::dts_resolver::at_types_scoped ... FAILED
[INFO] [stdout] test tests::dts_resolver::completely_unresolvable_package ... ok
[INFO] [stdout] test tests::dts_resolver::directory_module_with_main ... FAILED
[INFO] [stdout] test tests::dts_resolver::dts_module_type_cts ... FAILED
[INFO] [stdout] test tests::browser_field::shared_resolvers ... FAILED
[INFO] [stdout] test tests::dts_resolver::dts_module_type_mts ... FAILED
[INFO] [stdout] test tests::dts_resolver::at_types_basic ... FAILED
[INFO] [stdout] test tests::dependencies::test::test ... ok
[INFO] [stdout] test tests::dts_resolver::exports_esm_match_finds_declaration ... FAILED
[INFO] [stdout] test tests::browser_field::broken ... FAILED
[INFO] [stdout] test tests::alias::alias_try_fragment_as_path ... FAILED
[INFO] [stdout] test tests::alias::alias ... ok
[INFO] [stdout] test tests::browser_field::crypto_js ... FAILED
[INFO] [stdout] test tests::alias::absolute_path ... FAILED
[INFO] [stdout] test tests::alias::system_path ... FAILED
[INFO] [stdout] test tests::alias::alias_with_multiple_fallbacks ... FAILED
[INFO] [stdout] test tests::dts_resolver::exports_field_types_condition ... FAILED
[INFO] [stdout] test tests::dts_resolver::extension_priority_dts_over_js ... FAILED
[INFO] [stdout] test tests::alias::alias_fragment ... FAILED
[INFO] [stdout] test tests::dts_resolver::mangle_scoped ... ok
[INFO] [stdout] test tests::dts_resolver::mangle_scoped_multi_slash ... ok
[INFO] [stdout] test tests::dts_resolver::hash_import ... FAILED
[INFO] [stdout] test tests::alias::infinite_recursion ... ok
[INFO] [stdout] test tests::browser_field::ignore ... FAILED
[INFO] [stdout] test tests::dts_resolver::mangle_unscoped ... ok
[INFO] [stdout] test tests::dts_resolver::node_protocol_not_resolved ... ok
[INFO] [stdout] test tests::dts_resolver::node_protocol_returns_not_found ... ok
[INFO] [stdout] test tests::dts_resolver::extension_substitution_cjs_to_dcts ... FAILED
[INFO] [stdout] test tests::alias::all_alias_values_are_not_found ... ok
[INFO] [stdout] test tests::dts_resolver::extension_priority_ts_wins ... FAILED
[INFO] [stdout] test tests::dts_resolver::relative_basic_ts ... FAILED
[INFO] [stdout] test tests::dts_resolver::extension_substitution_js_to_dts ... FAILED
[INFO] [stdout] test tests::dts_resolver::relative_dts_over_js ... FAILED
[INFO] [stdout] test tests::dts_resolver::subpath_with_types_versions ... FAILED
[INFO] [stdout] test tests::dts_resolver::types_field ... FAILED
[INFO] [stdout] test tests::dts_resolver::extension_substitution_json_to_d_json_ts ... FAILED
[INFO] [stdout] test tests::dts_resolver::self_referencing_package ... FAILED
[INFO] [stdout] test tests::dts_resolver::types_versions_root ... FAILED
[INFO] [stdout] test tests::dts_resolver::typings_field ... FAILED
[INFO] [stdout] test tests::dts_resolver::tsconfig_paths_in_dts ... FAILED
[INFO] [stdout] test tests::dts_resolver::extension_substitution_tsx ... FAILED
[INFO] [stdout] test tests::dts_resolver::typings_takes_precedence_over_types ... FAILED
[INFO] [stdout] test tests::dts_resolver::nonexistent_package ... ok
[INFO] [stdout] test tests::exports_field::directory ... FAILED
[INFO] [stdout] test tests::dts_resolver::extension_substitution_mjs_to_dmts ... FAILED
[INFO] [stdout] test tests::dts_resolver::types_versions_subpath ... FAILED
[INFO] [stdout] test tests::dts_resolver::relative_directory_index ... FAILED
[INFO] [stdout] test tests::exports_field::exports_not_browser_field1 ... FAILED
[INFO] [stdout] test tests::dts_resolver::no_types_not_resolved ... FAILED
[INFO] [stdout] test tests::dts_resolver::extension_substitution_mjs_prefers_mts ... FAILED
[INFO] [stdout] test tests::exports_field::exports_not_browser_field2 ... FAILED
[INFO] [stdout] test tests::exports_field::extension_alias_1_2 ... FAILED
[INFO] [stdout] test tests::exports_field::extension_alias_3 ... FAILED
[INFO] [stdout] test tests::exports_field::extension_alias_throw_error ... FAILED
[INFO] [stdout] test tests::exports_field::extension_without_fully_specified ... FAILED
[INFO] [stdout] test tests::exports_field::field_name_path ... FAILED
[INFO] [stdout] test tests::exports_field::shared_resolvers ... FAILED
[INFO] [stdout] test tests::exports_field::test_simple ... FAILED
[INFO] [stdout] test tests::extension_alias::extension_alias ... FAILED
[INFO] [stdout] test tests::extension_alias::not_apply_to_extension_nor_main_files ... FAILED
[INFO] [stdout] test tests::exports_field::test_cases ... ok
[INFO] [stdout] test tests::extensions::default_enforce_extension ... FAILED
[INFO] [stdout] test tests::extensions::extension_combinations ... FAILED
[INFO] [stdout] test tests::extensions::extensions ... FAILED
[INFO] [stdout] test tests::extensions::multi_dot_extension ... FAILED
[INFO] [stdout] test tests::extensions::respect_enforce_extension ... FAILED
[INFO] [stdout] test tests::extensions::without_leading_dot - should panic ... FAILED
[INFO] [stdout] test tests::fallback::fallback ... ok
[INFO] [stdout] test tests::full_specified::windows::resolve_to_context ... ok
[INFO] [stdout] test tests::full_specified::windows::test ... ok
[INFO] [stdout] test tests::imports_field::shared_resolvers ... FAILED
[INFO] [stdout] test tests::imports_field::test_simple ... FAILED
[INFO] [stdout] test tests::incorrect_description_file::incorrect_description_file_1 ... FAILED
[INFO] [stdout] test tests::incorrect_description_file::incorrect_description_file_3 ... ok
[INFO] [stdout] test tests::incorrect_description_file::incorrect_description_file_2 ... FAILED
[INFO] [stdout] test tests::main_field::test ... FAILED
[INFO] [stdout] test tests::memory_leak::test_canonicalized_path_not_dropped ... ok
[INFO] [stdout] test tests::memory_leak::test_canonicalized_path_weak_reference ... ok
[INFO] [stdout] test tests::main_field::test_fallback ... FAILED
[INFO] [stdout] test tests::imports_field::test_cases ... ok
[INFO] [stdout] test tests::memory_leak::test_memory_leak_arc_cycles ... FAILED
[INFO] [stdout] test tests::module_type::module_type_disabled ... FAILED
[INFO] [stdout] test tests::missing::test ... FAILED
[INFO] [stdout] test tests::module_type::nested_package_json_type ... FAILED
[INFO] [stdout] test tests::module_type::test ... FAILED
[INFO] [stdout] test tests::modules::tests::absolute_module_directory ... ok
[INFO] [stdout] test tests::modules::tests::custom_module_directory_name ... ok
[INFO] [stdout] test tests::modules::tests::empty_modules_list ... ok
[INFO] [stdout] test tests::missing::alias_and_extensions ... ok
[INFO] [stdout] test tests::modules::tests::multiple_module_directories_priority ... ok
[INFO] [stdout] test tests::modules::tests::module_directory_fallback ... ok
[INFO] [stdout] test tests::package_json::adjacent_to_node_modules ... FAILED
[INFO] [stdout] test tests::package_json::package_json_with_symlinks_true ... FAILED
[INFO] [stdout] test tests::package_json::test ... FAILED
[INFO] [stdout] test tests::package_json::test_corrupted_package_json ... ok
[INFO] [stdout] test tests::resolution::test ... ok
[INFO] [stdout] test tests::resolve::abnormal_relative ... FAILED
[INFO] [stdout] test tests::resolve::no_prefer_relative_uses_node_modules ... FAILED
[INFO] [stdout] test tests::resolve::prefer_relative ... FAILED
[INFO] [stdout] test tests::resolve::prefer_relative_local_over_node_modules ... FAILED
[INFO] [stdout] test tests::resolve::resolve_file_rejects_parentless_path ... ok
[INFO] [stdout] test tests::resolve::resolve_hash_as_module ... ok
[INFO] [stdout] test tests::resolve::resolve_dot ... FAILED
[INFO] [stdout] test tests::resolve::issue238_resolve ... FAILED
[INFO] [stdout] test tests::resolve::symlink_with_nested_node_modules ... FAILED
[INFO] [stdout] test tests::restrictions::should_check_restrictions_in_browser_field_alias ... ok
[INFO] [stdout] test tests::restrictions::should_check_restrictions_in_load_alias_or_file ... ok
[INFO] [stdout] test tests::resolve::resolve_to_context ... FAILED
[INFO] [stdout] test tests::restrictions::should_check_restrictions_in_extension_alias ... FAILED
[INFO] [stdout] test tests::restrictions::should_allow_exact_path_in_restriction ... FAILED
[INFO] [stdout] test tests::resolve::resolve ... FAILED
[INFO] [stdout] test tests::resolve::resolve_edge_cases ... FAILED
[INFO] [stdout] test tests::restrictions::should_respect_regexp_restriction ... ok
[INFO] [stdout] test tests::restrictions::should_respect_parent_directory_restriction ... ok
[INFO] [stdout] test tests::restrictions::should_apply_multiple_restrictions ... FAILED
[INFO] [stdout] test tests::restrictions::should_try_to_find_alternative_1 ... FAILED
[INFO] [stdout] test tests::restrictions::should_fail_if_any_restriction_fails ... ok
[INFO] [stdout] test tests::restrictions::should_respect_string_restriction ... ok
[INFO] [stdout] test tests::restrictions::should_check_restrictions_in_load_index_with_enforce_extension_disabled ... FAILED
[INFO] [stdout] test tests::roots::roots ... FAILED
[INFO] [stdout] test tests::restrictions::should_try_to_find_alternative_2 ... FAILED
[INFO] [stdout] test tests::restrictions::should_try_to_find_alternative_3 ... FAILED
[INFO] [stdout] test tests::restrictions::should_check_restrictions_in_package_main_fields ... ok
[INFO] [stdout] test tests::roots::resolve_to_context ... FAILED
[INFO] [stdout] test tests::roots::prefer_absolute ... FAILED
[INFO] [stdout] test tests::scoped_packages::scoped_packages_subpath_export ... FAILED
[INFO] [stdout] test tests::simple::resolve_abs_main ... FAILED
[INFO] [stdout] test tests::tsconfck::config_dir ... ok
[INFO] [stdout] test tests::simple::dashed_name ... FAILED
[INFO] [stdout] test tests::tsconfck::parse_valid ... ok
[INFO] [stdout] test tests::symlink::test_circular_symlink ... ok
[INFO] [stdout] test tests::simple::simple ... FAILED
[INFO] [stdout] test tests::symlink::test ... ok
[INFO] [stdout] test tests::simple::windows::no_package ... ok
[INFO] [stdout] test tests::tsconfig_discovery::tsconfig_discovery_skips_unreadable_file ... FAILED
[INFO] [stdout] test tests::tsconfck::parse_invalid ... ok
[INFO] [stdout] test tests::tsconfck::part_of_solution ... FAILED
[INFO] [stdout] test tests::scoped_packages::scoped_packages_with_exports ... FAILED
[INFO] [stdout] test tests::tsconfck::solution ... ok
[INFO] [stdout] test tests::tsconfig_extends::test_extend_tsconfig ... FAILED
[INFO] [stdout] test tests::tsconfig_extends::test_extend_tsconfig_paths ... FAILED
[INFO] [stdout] test tests::roots::should_resolve_slash ... FAILED
[INFO] [stdout] test tests::tsconfck::find ... FAILED
[INFO] [stdout] test tests::roots::roots_fall_through ... FAILED
[INFO] [stdout] test tests::tsconfig_extends::test_extend_tsconfig_no_override_existing ... ok
[INFO] [stdout] test tests::tsconfig_extends::test_extend_package ... FAILED
[INFO] [stdout] test tests::tsconfig_extends::test_extend_tsconfig_template_variables ... FAILED
[INFO] [stdout] test tests::tsconfig_paths::empty ... FAILED
[INFO] [stdout] test tests::tsconfig_paths::json_with_comments ... FAILED
[INFO] [stdout] test tests::tsconfig_discovery::tsconfig_discovery ... FAILED
[INFO] [stdout] test tests::tsconfig_paths::test_no_merge_tsconfig ... FAILED
[INFO] [stdout] test tests::tsconfig_paths::test_parent_base_url ... FAILED
[INFO] [stdout] test tests::scoped_packages::scoped_packages_not_found ... ok
[INFO] [stdout] test tests::tsconfig_discovery::tsconfig_discovery_virtual_file_importer ... ok
[INFO] [stdout] test tests::tsconfig_extends::test_extend_tsconfig_missing_file ... ok
[INFO] [stdout] test tests::tsconfig_extends::test_references_not_found ... ok
[INFO] [stdout] test tests::tsconfig_paths::test_tsconfig_mixed_root_non_root_cache ... FAILED
[INFO] [stdout] test tests::threaded_environment ... ok
[INFO] [stdout] test tests::tsconfig_paths::test_paths_nested_base ... FAILED
[INFO] [stdout] test tests::tsconfig_extends::test_references_unreadable_file ... FAILED
[INFO] [stdout] test tests::tsconfig_paths::broken ... FAILED
[INFO] [stdout] test tests::tsconfig_paths::test_template_variable ... FAILED
[INFO] [stdout] test tests::tsconfig_paths::test_tsconfig_mixed_root_non_root_cache2 ... FAILED
[INFO] [stdout] test tests::tsconfig_paths::tsconfig_fallthrough ... FAILED
[INFO] [stdout] test tests::tsconfig_paths::tsconfig_resolve ... FAILED
[INFO] [stdout] test tests::tsconfig_paths::windows_test::match_path ... ok
[INFO] [stdout] test tests::tsconfig_extends::test_extend_tsconfig_multiple_inheritance ... FAILED
[INFO] [stdout] test tests::tsconfig_project_references::auto ... FAILED
[INFO] [stdout] test tests::tsconfig_extends::test_extend_tsconfig_not_found ... ok
[INFO] [stdout] test tests::tsconfig_extends::test_extend_tsconfig_override_behavior ... FAILED
[INFO] [stdout] test tests::tsconfig_paths::test_tsconfig_mixed_root_non_root_cache3 ... FAILED
[INFO] [stdout] test tests::tsconfig_project_references::disabled ... FAILED
[INFO] [stdout] test tests::tsconfig_paths::with_bom ... FAILED
[INFO] [stdout] test tests::tsconfig_extends::test_extend_tsconfig_unreadable_file ... FAILED
[INFO] [stdout] test tests::tsconfig_project_references::references_with_extends ... FAILED
[INFO] [stdout] test tests::tsconfig_paths::test_merge_tsconfig ... FAILED
[INFO] [stdout] test tests::scoped_packages::scoped_packages ... FAILED
[INFO] [stdout] test tests::tsconfig_extends::test_extend_tsconfig_preserves_child_settings ... FAILED
[INFO] [stdout] test tests::tsconfig_root_dirs::test ... FAILED
[INFO] [stdout] 
[INFO] [stdout] failures:
[INFO] [stdout] 
[INFO] [stdout] ---- tests::browser_field::replace_file stdout ----
[INFO] [stdout] 
[INFO] [stdout] thread 'tests::browser_field::replace_file' (1899) panicked at src/tests/browser_field.rs:90:9:
[INFO] [stdout] assertion `left == right` failed: should replace a file 1 "/opt/rustwide/workdir/fixtures/enhanced-resolve/test/fixtures/browser-module" ./lib/replaced
[INFO] [stdout]   left: Err(NotFound("./lib/replaced"))
[INFO] [stdout]  right: Ok("/opt/rustwide/workdir/fixtures/enhanced-resolve/test/fixtures/browser-module/lib/browser.js")
[INFO] [stdout] stack backtrace:
[INFO] [stdout]    0:     0x582131de80f5 - <unknown>
[INFO] [stdout]    1:     0x582131d4670a - <unknown>
[INFO] [stdout]    2:     0x582131de778b - <unknown>
[INFO] [stdout]    3:     0x582131de726f - <unknown>
[INFO] [stdout]    4:     0x582131de6e9a - <unknown>
[INFO] [stdout]    5:     0x582131de69d2 - <unknown>
[INFO] [stdout]    6:     0x582131e0d951 - <unknown>
[INFO] [stdout]    7:     0x582131e0d909 - <unknown>
[INFO] [stdout]    8:     0x582131e0de1c - <unknown>
[INFO] [stdout]    9:     0x582131d4659b - <unknown>
[INFO] [stdout]   10:     0x582131d4651d - <unknown>
[INFO] [stdout]   11:     0x582131b99117 - <unknown>
[INFO] [stdout]   12:     0x582131ceaba6 - <unknown>
[INFO] [stdout]   13:     0x582131e2b54b - <unknown>
[INFO] [stdout]   14:     0x582131e26b5f - <unknown>
[INFO] [stdout]   15:     0x582131e265dc - <unknown>
[INFO] [stdout]   16:     0x582131e4146c - <unknown>
[INFO] [stdout]   17:     0x582131e0f422 - <unknown>
[INFO] [stdout]   18:     0x7af4c6083dfa - <unknown>
[INFO] [stdout]   19:     0x7af4c61173d4 - clone
[INFO] [stdout]   20:                0x0 - <unknown>
[INFO] [stdout] 
[INFO] [stdout] ---- tests::alias::alias_is_full_path stdout ----
[INFO] [stdout] 
[INFO] [stdout] thread 'tests::alias::alias_is_full_path' (1888) panicked at src/tests/alias.rs:223:9:
[INFO] [stdout] assertion `left == right` failed
[INFO] [stdout]   left: Err(MatchedAliasNotFound("@/index", "@"))
[INFO] [stdout]  right: Ok("/opt/rustwide/workdir/fixtures/enhanced-resolve/test/fixtures/foo/index.js")
[INFO] [stdout] stack backtrace:
[INFO] [stdout]    0:     0x582131de80f5 - <unknown>
[INFO] [stdout]    1:     0x582131d4670a - <unknown>
[INFO] [stdout]    2:     0x582131de778b - <unknown>
[INFO] [stdout]    3:     0x582131de726f - <unknown>
[INFO] [stdout]    4:     0x582131de6e9a - <unknown>
[INFO] [stdout]    5:     0x582131de69d2 - <unknown>
[INFO] [stdout]    6:     0x582131e0d951 - <unknown>
[INFO] [stdout]    7:     0x582131e0d909 - <unknown>
[INFO] [stdout]    8:     0x582131e0de1c - <unknown>
[INFO] [stdout]    9:     0x582131d4659b - <unknown>
[INFO] [stdout]   10:     0x582131d464be - <unknown>
[INFO] [stdout]   11:     0x582131b99117 - <unknown>
[INFO] [stdout]   12:     0x582131d1c57e - <unknown>
[INFO] [stdout]   13:     0x582131e2b54b - <unknown>
[INFO] [stdout]   14:     0x582131e26b5f - <unknown>
[INFO] [stdout]   15:     0x582131e265dc - <unknown>
[INFO] [stdout]   16:     0x582131e4146c - <unknown>
[INFO] [stdout]   17:     0x582131e0f422 - <unknown>
[INFO] [stdout]   18:     0x7af4c6083dfa - <unknown>
[INFO] [stdout]   19:     0x7af4c61173d4 - clone
[INFO] [stdout]   20:                0x0 - <unknown>
[INFO] [stdout] 
[INFO] [stdout] ---- tests::browser_field::with_query stdout ----
[INFO] [stdout] 
[INFO] [stdout] thread 'tests::browser_field::with_query' (1901) panicked at src/tests/browser_field.rs:188:5:
[INFO] [stdout] assertion `left == right` failed
[INFO] [stdout]   left: Err(NotFound("./foo"))
[INFO] [stdout]  right: Ok("/opt/rustwide/workdir/fixtures/enhanced-resolve/test/fixtures/browser-module/lib/browser.js?query")
[INFO] [stdout] stack backtrace:
[INFO] [stdout]    0:     0x582131de80f5 - <unknown>
[INFO] [stdout]    1:     0x582131d4670a - <unknown>
[INFO] [stdout]    2:     0x582131de778b - <unknown>
[INFO] [stdout]    3:     0x582131de726f - <unknown>
[INFO] [stdout]    4:     0x582131de6e9a - <unknown>
[INFO] [stdout]    5:     0x582131de69d2 - <unknown>
[INFO] [stdout]    6:     0x582131e0d951 - <unknown>
[INFO] [stdout]    7:     0x582131e0d909 - <unknown>
[INFO] [stdout]    8:     0x582131e0de1c - <unknown>
[INFO] [stdout]    9:     0x582131d4659b - <unknown>
[INFO] [stdout]   10:     0x582131d464be - <unknown>
[INFO] [stdout]   11:     0x582131b99117 - <unknown>
[INFO] [stdout]   12:     0x582131ce8164 - <unknown>
[INFO] [stdout]   13:     0x582131e2b54b - <unknown>
[INFO] [stdout]   14:     0x582131e26b5f - <unknown>
[INFO] [stdout]   15:     0x582131e265dc - <unknown>
[INFO] [stdout]   16:     0x582131e4146c - <unknown>
[INFO] [stdout]   17:     0x582131e0f422 - <unknown>
[INFO] [stdout]   18:     0x7af4c6083dfa - <unknown>
[INFO] [stdout]   19:     0x7af4c61173d4 - clone
[INFO] [stdout]   20:                0x0 - <unknown>
[INFO] [stdout] 
[INFO] [stdout] ---- tests::browser_field::recursive stdout ----
[INFO] [stdout] 
[INFO] [stdout] thread 'tests::browser_field::recursive' (1898) panicked at src/tests/browser_field.rs:174:9:
[INFO] [stdout] assertion `left == right` failed: should handle recursive file 1 "/opt/rustwide/workdir/fixtures/enhanced-resolve/test/fixtures/browser-module" recursive-file/a
[INFO] [stdout]   left: Err(NotFound("recursive-file/a"))
[INFO] [stdout]  right: Err(Recursion)
[INFO] [stdout] stack backtrace:
[INFO] [stdout]    0:     0x582131de80f5 - <unknown>
[INFO] [stdout]    1:     0x582131d4670a - <unknown>
[INFO] [stdout]    2:     0x582131de778b - <unknown>
[INFO] [stdout]    3:     0x582131de726f - <unknown>
[INFO] [stdout]    4:     0x582131de6e9a - <unknown>
[INFO] [stdout]    5:     0x582131de69d2 - <unknown>
[INFO] [stdout]    6:     0x582131e0d951 - <unknown>
[INFO] [stdout]    7:     0x582131e0d909 - <unknown>
[INFO] [stdout]    8:     0x582131e0de1c - <unknown>
[INFO] [stdout]    9:     0x582131d4659b - <unknown>
[INFO] [stdout]   10:     0x582131d4651d - <unknown>
[INFO] [stdout]   11:     0x582131b9914b - <unknown>
[INFO] [stdout]   12:     0x582131cefadc - <unknown>
[INFO] [stdout]   13:     0x582131e2b54b - <unknown>
[INFO] [stdout]   14:     0x582131e26b5f - <unknown>
[INFO] [stdout]   15:     0x582131e265dc - <unknown>
[INFO] [stdout]   16:     0x582131e4146c - <unknown>
[INFO] [stdout]   17:     0x582131e0f422 - <unknown>
[INFO] [stdout]   18:     0x7af4c6083dfa - <unknown>
[INFO] [stdout]   19:     0x7af4c61173d4 - clone
[INFO] [stdout]   20:                0x0 - <unknown>
[INFO] [stdout] 
[INFO] [stdout] ---- tests::builtins::imports stdout ----
[INFO] [stdout] 
[INFO] [stdout] thread 'tests::builtins::imports' (1905) panicked at src/tests/builtins.rs:68:9:
[INFO] [stdout] assertion `left == right` failed
[INFO] [stdout]   left: Err(NotFound("#fs"))
[INFO] [stdout]  right: Err(Builtin { resolved: "node:fs", is_runtime_module: false })
[INFO] [stdout] stack backtrace:
[INFO] [stdout]    0:     0x582131de80f5 - <unknown>
[INFO] [stdout]    1:     0x582131d4670a - <unknown>
[INFO] [stdout]    2:     0x582131de778b - <unknown>
[INFO] [stdout]    3:     0x582131de726f - <unknown>
[INFO] [stdout]    4:     0x582131de6e9a - <unknown>
[INFO] [stdout]    5:     0x582131de69d2 - <unknown>
[INFO] [stdout]    6:     0x582131e0d951 - <unknown>
[INFO] [stdout]    7:     0x582131e0d909 - <unknown>
[INFO] [stdout]    8:     0x582131e0de1c - <unknown>
[INFO] [stdout]    9:     0x582131d4659b - <unknown>
[INFO] [stdout]   10:     0x582131d464be - <unknown>
[INFO] [stdout]   11:     0x582131b99117 - <unknown>
[INFO] [stdout]   12:     0x582131d3373b - <unknown>
[INFO] [stdout]   13:     0x582131e2b54b - <unknown>
[INFO] [stdout]   14:     0x582131e26b5f - <unknown>
[INFO] [stdout]   15:     0x582131e265dc - <unknown>
[INFO] [stdout]   16:     0x582131e4146c - <unknown>
[INFO] [stdout]   17:     0x582131e0f422 - <unknown>
[INFO] [stdout]   18:     0x7af4c6083dfa - <unknown>
[INFO] [stdout]   19:     0x7af4c61173d4 - clone
[INFO] [stdout]   20:                0x0 - <unknown>
[INFO] [stdout] 
[INFO] [stdout] ---- tests::dts_resolver::at_types_scoped stdout ----
[INFO] [stdout] 
[INFO] [stdout] thread 'tests::dts_resolver::at_types_scoped' (1908) panicked at src/tests/dts_resolver.rs:112:71:
[INFO] [stdout] called `Result::unwrap()` on an `Err` value: NotFound("@babel/generator")
[INFO] [stdout] stack backtrace:
[INFO] [stdout]    0:     0x582131de80f5 - <unknown>
[INFO] [stdout]    1:     0x582131d4670a - <unknown>
[INFO] [stdout]    2:     0x582131de778b - <unknown>
[INFO] [stdout]    3:     0x582131de726f - <unknown>
[INFO] [stdout]    4:     0x582131de6e9a - <unknown>
[INFO] [stdout]    5:     0x582131de69d2 - <unknown>
[INFO] [stdout]    6:     0x582131e0d951 - <unknown>
[INFO] [stdout]    7:     0x582131e0d909 - <unknown>
[INFO] [stdout]    8:     0x582131e0de1c - <unknown>
[INFO] [stdout]    9:     0x582131d4659b - <unknown>
[INFO] [stdout]   10:     0x582131d4ae51 - <unknown>
[INFO] [stdout]   11:     0x582131cd5e5d - <unknown>
[INFO] [stdout]   12:     0x582131e2b54b - <unknown>
[INFO] [stdout]   13:     0x582131e26b5f - <unknown>
[INFO] [stdout]   14:     0x582131e265dc - <unknown>
[INFO] [stdout]   15:     0x582131e4146c - <unknown>
[INFO] [stdout]   16:     0x582131e0f422 - <unknown>
[INFO] [stdout]   17:     0x7af4c6083dfa - <unknown>
[INFO] [stdout]   18:     0x7af4c61173d4 - clone
[INFO] [stdout]   19:                0x0 - <unknown>
[INFO] [stdout] 
[INFO] [stdout] ---- tests::dts_resolver::directory_module_with_main stdout ----
[INFO] [stdout] 
[INFO] [stdout] thread 'tests::dts_resolver::directory_module_with_main' (1910) panicked at src/tests/dts_resolver.rs:92:67:
[INFO] [stdout] called `Result::unwrap()` on an `Err` value: NotFound("./dir-module")
[INFO] [stdout] stack backtrace:
[INFO] [stdout]    0:     0x582131de80f5 - <unknown>
[INFO] [stdout]    1:     0x582131d4670a - <unknown>
[INFO] [stdout]    2:     0x582131de778b - <unknown>
[INFO] [stdout]    3:     0x582131de726f - <unknown>
[INFO] [stdout]    4:     0x582131de6e9a - <unknown>
[INFO] [stdout]    5:     0x582131de69d2 - <unknown>
[INFO] [stdout]    6:     0x582131e0d951 - <unknown>
[INFO] [stdout]    7:     0x582131e0d909 - <unknown>
[INFO] [stdout]    8:     0x582131e0de1c - <unknown>
[INFO] [stdout]    9:     0x582131d4659b - <unknown>
[INFO] [stdout]   10:     0x582131d4ae51 - <unknown>
[INFO] [stdout]   11:     0x582131cd916d - <unknown>
[INFO] [stdout]   12:     0x582131e2b54b - <unknown>
[INFO] [stdout]   13:     0x582131e26b5f - <unknown>
[INFO] [stdout]   14:     0x582131e265dc - <unknown>
[INFO] [stdout]   15:     0x582131e4146c - <unknown>
[INFO] [stdout]   16:     0x582131e0f422 - <unknown>
[INFO] [stdout]   17:     0x7af4c6083dfa - <unknown>
[INFO] [stdout]   18:     0x7af4c61173d4 - clone
[INFO] [stdout]   19:                0x0 - <unknown>
[INFO] [stdout] 
[INFO] [stdout] ---- tests::dts_resolver::dts_module_type_cts stdout ----
[INFO] [stdout] 
[INFO] [stdout] thread 'tests::dts_resolver::dts_module_type_cts' (1911) panicked at src/tests/dts_resolver.rs:320:87:
[INFO] [stdout] called `Result::unwrap()` on an `Err` value: NotFound("./extension-substitution/baz.cjs")
[INFO] [stdout] stack backtrace:
[INFO] [stdout]    0:     0x582131de80f5 - <unknown>
[INFO] [stdout]    1:     0x582131d4670a - <unknown>
[INFO] [stdout]    2:     0x582131de778b - <unknown>
[INFO] [stdout]    3:     0x582131de726f - <unknown>
[INFO] [stdout]    4:     0x582131de6e9a - <unknown>
[INFO] [stdout]    5:     0x582131de69d2 - <unknown>
[INFO] [stdout]    6:     0x582131e0d951 - <unknown>
[INFO] [stdout]    7:     0x582131e0d909 - <unknown>
[INFO] [stdout]    8:     0x582131e0de1c - <unknown>
[INFO] [stdout]    9:     0x582131d4659b - <unknown>
[INFO] [stdout]   10:     0x582131d4ae51 - <unknown>
[INFO] [stdout]   11:     0x582131cd6644 - <unknown>
[INFO] [stdout]   12:     0x582131e2b54b - <unknown>
[INFO] [stdout]   13:     0x582131e26b5f - <unknown>
[INFO] [stdout]   14:     0x582131e265dc - <unknown>
[INFO] [stdout]   15:     0x582131e4146c - <unknown>
[INFO] [stdout]   16:     0x582131e0f422 - <unknown>
[INFO] [stdout]   17:     0x7af4c6083dfa - <unknown>
[INFO] [stdout]   18:     0x7af4c61173d4 - clone
[INFO] [stdout]   19:                0x0 - <unknown>
[INFO] [stdout] 
[INFO] [stdout] ---- tests::browser_field::shared_resolvers stdout ----
[INFO] [stdout] 
[INFO] [stdout] thread 'tests::browser_field::shared_resolvers' (1900) panicked at src/tests/browser_field.rs:43:5:
[INFO] [stdout] assertion `left == right` failed
[INFO] [stdout]   left: Err(NotFound("./lib/main1.js"))
[INFO] [stdout]  right: Ok("/opt/rustwide/workdir/fixtures/enhanced-resolve/test/fixtures/browser-module/lib/main.js")
[INFO] [stdout] stack backtrace:
[INFO] [stdout]    0:     0x582131de80f5 - <unknown>
[INFO] [stdout]    1:     0x582131d4670a - <unknown>
[INFO] [stdout]    2:     0x582131de778b - <unknown>
[INFO] [stdout]    3:     0x582131de726f - <unknown>
[INFO] [stdout]    4:     0x582131de6e9a - <unknown>
[INFO] [stdout]    5:     0x582131de69d2 - <unknown>
[INFO] [stdout]    6:     0x582131e0d951 - <unknown>
[INFO] [stdout]    7:     0x582131e0d909 - <unknown>
[INFO] [stdout]    8:     0x582131e0de1c - <unknown>
[INFO] [stdout]    9:     0x582131d4659b - <unknown>
[INFO] [stdout]   10:     0x582131d464be - <unknown>
[INFO] [stdout]   11:     0x582131b99117 - <unknown>
[INFO] [stdout]   12:     0x582131cec1cb - <unknown>
[INFO] [stdout]   13:     0x582131e2b54b - <unknown>
[INFO] [stdout]   14:     0x582131e26b5f - <unknown>
[INFO] [stdout]   15:     0x582131e265dc - <unknown>
[INFO] [stdout]   16:     0x582131e4146c - <unknown>
[INFO] [stdout]   17:     0x582131e0f422 - <unknown>
[INFO] [stdout]   18:     0x7af4c6083dfa - <unknown>
[INFO] [stdout]   19:     0x7af4c61173d4 - clone
[INFO] [stdout]   20:                0x0 - <unknown>
[INFO] [stdout] 
[INFO] [stdout] ---- tests::dts_resolver::dts_module_type_mts stdout ----
[INFO] [stdout] 
[INFO] [stdout] thread 'tests::dts_resolver::dts_module_type_mts' (1912) panicked at src/tests/dts_resolver.rs:312:74:
[INFO] [stdout] called `Result::unwrap()` on an `Err` value: NotFound("exports-dts-for-mjs")
[INFO] [stdout] stack backtrace:
[INFO] [stdout]    0:     0x582131de80f5 - <unknown>
[INFO] [stdout]    1:     0x582131d4670a - <unknown>
[INFO] [stdout]    2:     0x582131de778b - <unknown>
[INFO] [stdout]    3:     0x582131de726f - <unknown>
[INFO] [stdout]    4:     0x582131de6e9a - <unknown>
[INFO] [stdout]    5:     0x582131de69d2 - <unknown>
[INFO] [stdout]    6:     0x582131e0d951 - <unknown>
[INFO] [stdout]    7:     0x582131e0d909 - <unknown>
[INFO] [stdout]    8:     0x582131e0de1c - <unknown>
[INFO] [stdout]    9:     0x582131d4659b - <unknown>
[INFO] [stdout]   10:     0x582131d4ae51 - <unknown>
[INFO] [stdout]   11:     0x582131cd6914 - <unknown>
[INFO] [stdout]   12:     0x582131e2b54b - <unknown>
[INFO] [stdout]   13:     0x582131e26b5f - <unknown>
[INFO] [stdout]   14:     0x582131e265dc - <unknown>
[INFO] [stdout]   15:     0x582131e4146c - <unknown>
[INFO] [stdout]   16:     0x582131e0f422 - <unknown>
[INFO] [stdout]   17:     0x7af4c6083dfa - <unknown>
[INFO] [stdout]   18:     0x7af4c61173d4 - clone
[INFO] [stdout]   19:                0x0 - <unknown>
[INFO] [stdout] 
[INFO] [stdout] ---- tests::dts_resolver::at_types_basic stdout ----
[INFO] [stdout] 
[INFO] [stdout] thread 'tests::dts_resolver::at_types_basic' (1907) panicked at src/tests/dts_resolver.rs:102:60:
[INFO] [stdout] called `Result::unwrap()` on an `Err` value: NotFound("debug")
[INFO] [stdout] stack backtrace:
[INFO] [stdout]    0:     0x582131de80f5 - <unknown>
[INFO] [stdout]    1:     0x582131d4670a - <unknown>
[INFO] [stdout]    2:     0x582131de778b - <unknown>
[INFO] [stdout]    3:     0x582131de726f - <unknown>
[INFO] [stdout]    4:     0x582131de6e9a - <unknown>
[INFO] [stdout]    5:     0x582131de69d2 - <unknown>
[INFO] [stdout]    6:     0x582131e0d951 - <unknown>
[INFO] [stdout]    7:     0x582131e0d909 - <unknown>
[INFO] [stdout]    8:     0x582131e0de1c - <unknown>
[INFO] [stdout]    9:     0x582131d4659b - <unknown>
[INFO] [stdout]   10:     0x582131d4ae51 - <unknown>
[INFO] [stdout]   11:     0x582131cd5a4d - <unknown>
[INFO] [stdout]   12:     0x582131e2b54b - <unknown>
[INFO] [stdout]   13:     0x582131e26b5f - <unknown>
[INFO] [stdout]   14:     0x582131e265dc - <unknown>
[INFO] [stdout]   15:     0x582131e4146c - <unknown>
[INFO] [stdout]   16:     0x582131e0f422 - <unknown>
[INFO] [stdout]   17:     0x7af4c6083dfa - <unknown>
[INFO] [stdout]   18:     0x7af4c61173d4 - clone
[INFO] [stdout]   19:                0x0 - <unknown>
[INFO] [stdout] 
[INFO] [stdout] ---- tests::dts_resolver::exports_esm_match_finds_declaration stdout ----
[INFO] [stdout] 
[INFO] [stdout] thread 'tests::dts_resolver::exports_esm_match_finds_declaration' (1913) panicked at src/tests/dts_resolver.rs:182:74:
[INFO] [stdout] called `Result::unwrap()` on an `Err` value: NotFound("exports-dts-for-mjs")
[INFO] [stdout] stack backtrace:
[INFO] [stdout]    0:     0x582131de80f5 - <unknown>
[INFO] [stdout]    1:     0x582131d4670a - <unknown>
[INFO] [stdout]    2:     0x582131de778b - <unknown>
[INFO] [stdout]    3:     0x582131de726f - <unknown>
[INFO] [stdout]    4:     0x582131de6e9a - <unknown>
[INFO] [stdout]    5:     0x582131de69d2 - <unknown>
[INFO] [stdout]    6:     0x582131e0d951 - <unknown>
[INFO] [stdout]    7:     0x582131e0d909 - <unknown>
[INFO] [stdout]    8:     0x582131e0de1c - <unknown>
[INFO] [stdout]    9:     0x582131d4659b - <unknown>
[INFO] [stdout]   10:     0x582131d4ae51 - <unknown>
[INFO] [stdout]   11:     0x582131cdbc4d - <unknown>
[INFO] [stdout]   12:     0x582131e2b54b - <unknown>
[INFO] [stdout]   13:     0x582131e26b5f - <unknown>
[INFO] [stdout]   14:     0x582131e265dc - <unknown>
[INFO] [stdout]   15:     0x582131e4146c - <unknown>
[INFO] [stdout]   16:     0x582131e0f422 - <unknown>
[INFO] [stdout]   17:     0x7af4c6083dfa - <unknown>
[INFO] [stdout]   18:     0x7af4c61173d4 - clone
[INFO] [stdout]   19:                0x0 - <unknown>
[INFO] [stdout] 
[INFO] [stdout] ---- tests::browser_field::broken stdout ----
[INFO] [stdout] 
[INFO] [stdout] thread 'tests::browser_field::broken' (1894) panicked at src/tests/browser_field.rs:134:9:
[INFO] [stdout] assertion `left == right` failed: "/opt/rustwide/workdir/fixtures/enhanced-resolve/test/fixtures" browser-module-broken
[INFO] [stdout]   left: Err(NotFound("browser-module-broken"))
[INFO] [stdout]  right: Ok("/opt/rustwide/workdir/fixtures/enhanced-resolve/test/fixtures/node_modules/browser-module-broken/main.js")
[INFO] [stdout] stack backtrace:
[INFO] [stdout]    0:     0x582131de80f5 - <unknown>
[INFO] [stdout]    1:     0x582131d4670a - <unknown>
[INFO] [stdout]    2:     0x582131de778b - <unknown>
[INFO] [stdout]    3:     0x582131de726f - <unknown>
[INFO] [stdout]    4:     0x582131de6e9a - <unknown>
[INFO] [stdout]    5:     0x582131de69d2 - <unknown>
[INFO] [stdout]    6:     0x582131e0d951 - <unknown>
[INFO] [stdout]    7:     0x582131e0d909 - <unknown>
[INFO] [stdout]    8:     0x582131e0de1c - <unknown>
[INFO] [stdout]    9:     0x582131d4659b - <unknown>
[INFO] [stdout]   10:     0x582131d4651d - <unknown>
[INFO] [stdout]   11:     0x582131b99117 - <unknown>
[INFO] [stdout]   12:     0x582131cece4c - <unknown>
[INFO] [stdout]   13:     0x582131e2b54b - <unknown>
[INFO] [stdout]   14:     0x582131e26b5f - <unknown>
[INFO] [stdout]   15:     0x582131e265dc - <unknown>
[INFO] [stdout]   16:     0x582131e4146c - <unknown>
[INFO] [stdout]   17:     0x582131e0f422 - <unknown>
[INFO] [stdout]   18:     0x7af4c6083dfa - <unknown>
[INFO] [stdout]   19:     0x7af4c61173d4 - clone
[INFO] [stdout]   20:                0x0 - <unknown>
[INFO] [stdout] 
[INFO] [stdout] ---- tests::alias::alias_try_fragment_as_path stdout ----
[INFO] [stdout] 
[INFO] [stdout] thread 'tests::alias::alias_try_fragment_as_path' (1889) panicked at src/tests/alias.rs:300:5:
[INFO] [stdout] assertion `left == right` failed
[INFO] [stdout]   left: Err(MatchedAliasNotFound("#/a", "#"))
[INFO] [stdout]  right: Ok("/opt/rustwide/workdir/fixtures/enhanced-resolve/test/fixtures/#/a.js")
[INFO] [stdout] stack backtrace:
[INFO] [stdout]    0:     0x582131de80f5 - <unknown>
[INFO] [stdout]    1:     0x582131d4670a - <unknown>
[INFO] [stdout]    2:     0x582131de778b - <unknown>
[INFO] [stdout]    3:     0x582131de726f - <unknown>
[INFO] [stdout]    4:     0x582131de6e9a - <unknown>
[INFO] [stdout]    5:     0x582131de69d2 - <unknown>
[INFO] [stdout]    6:     0x582131e0d951 - <unknown>
[INFO] [stdout]    7:     0x582131e0d909 - <unknown>
[INFO] [stdout]    8:     0x582131e0de1c - <unknown>
[INFO] [stdout]    9:     0x582131d4659b - <unknown>
[INFO] [stdout]   10:     0x582131d464be - <unknown>
[INFO] [stdout]   11:     0x582131b99117 - <unknown>
[INFO] [stdout]   12:     0x582131d1dc75 - <unknown>
[INFO] [stdout]   13:     0x582131e2b54b - <unknown>
[INFO] [stdout]   14:     0x582131e26b5f - <unknown>
[INFO] [stdout]   15:     0x582131e265dc - <unknown>
[INFO] [stdout]   16:     0x582131e4146c - <unknown>
[INFO] [stdout]   17:     0x582131e0f422 - <unknown>
[INFO] [stdout]   18:     0x7af4c6083dfa - <unknown>
[INFO] [stdout]   19:     0x7af4c61173d4 - clone
[INFO] [stdout]   20:                0x0 - <unknown>
[INFO] [stdout] 
[INFO] [stdout] ---- tests::browser_field::crypto_js stdout ----
[INFO] [stdout] 
[INFO] [stdout] thread 'tests::browser_field::crypto_js' (1895) panicked at src/tests/browser_field.rs:152:5:
[INFO] [stdout] assertion `left == right` failed
[INFO] [stdout]   left: Err(MatchedAliasNotFound("crypto", "crypto"))
[INFO] [stdout]  right: Err(Ignored("/opt/rustwide/workdir/fixtures/enhanced-resolve/test/fixtures/crypto-js"))
[INFO] [stdout] stack backtrace:
[INFO] [stdout]    0:     0x582131de80f5 - <unknown>
[INFO] [stdout]    1:     0x582131d4670a - <unknown>
[INFO] [stdout]    2:     0x582131de778b - <unknown>
[INFO] [stdout]    3:     0x582131de726f - <unknown>
[INFO] [stdout]    4:     0x582131de6e9a - <unknown>
[INFO] [stdout]    5:     0x582131de69d2 - <unknown>
[INFO] [stdout]    6:     0x582131e0d951 - <unknown>
[INFO] [stdout]    7:     0x582131e0d909 - <unknown>
[INFO] [stdout]    8:     0x582131e0de1c - <unknown>
[INFO] [stdout]    9:     0x582131d4659b - <unknown>
[INFO] [stdout]   10:     0x582131d464be - <unknown>
[INFO] [stdout]   11:     0x582131b99117 - <unknown>
[INFO] [stdout]   12:     0x582131ceed97 - <unknown>
[INFO] [stdout]   13:     0x582131e2b54b - <unknown>
[INFO] [stdout]   14:     0x582131e26b5f - <unknown>
[INFO] [stdout]   15:     0x582131e265dc - <unknown>
[INFO] [stdout]   16:     0x582131e4146c - <unknown>
[INFO] [stdout]   17:     0x582131e0f422 - <unknown>
[INFO] [stdout]   18:     0x7af4c6083dfa - <unknown>
[INFO] [stdout]   19:     0x7af4c61173d4 - clone
[INFO] [stdout]   20:                0x0 - <unknown>
[INFO] [stdout] 
[INFO] [stdout] ---- tests::alias::absolute_path stdout ----
[INFO] [stdout] 
[INFO] [stdout] thread 'tests::alias::absolute_path' (1885) panicked at src/tests/alias.rs:179:5:
[INFO] [stdout] assertion `left == right` failed
[INFO] [stdout]   left: Err(NotFound("foo/index"))
[INFO] [stdout]  right: Err(Ignored("/opt/rustwide/workdir/fixtures/enhanced-resolve/test/fixtures/foo"))
[INFO] [stdout] stack backtrace:
[INFO] [stdout]    0:     0x582131de80f5 - <unknown>
[INFO] [stdout]    1:     0x582131d4670a - <unknown>
[INFO] [stdout]    2:     0x582131de778b - <unknown>
[INFO] [stdout]    3:     0x582131de726f - <unknown>
[INFO] [stdout]    4:     0x582131de6e9a - <unknown>
[INFO] [stdout]    5:     0x582131de69d2 - <unknown>
[INFO] [stdout]    6:     0x582131e0d951 - <unknown>
[INFO] [stdout]    7:     0x582131e0d909 - <unknown>
[INFO] [stdout]    8:     0x582131e0de1c - <unknown>
[INFO] [stdout]    9:     0x582131d4659b - <unknown>
[INFO] [stdout]   10:     0x582131d464be - <unknown>
[INFO] [stdout]   11:     0x582131b9914b - <unknown>
[INFO] [stdout]   12:     0x582131d1a5a0 - <unknown>
[INFO] [stdout]   13:     0x582131e2b54b - <unknown>
[INFO] [stdout]   14:     0x582131e26b5f - <unknown>
[INFO] [stdout]   15:     0x582131e265dc - <unknown>
[INFO] [stdout]   16:     0x582131e4146c - <unknown>
[INFO] [stdout]   17:     0x582131e0f422 - <unknown>
[INFO] [stdout]   18:     0x7af4c6083dfa - <unknown>
[INFO] [stdout]   19:     0x7af4c61173d4 - clone
[INFO] [stdout]   20:                0x0 - <unknown>
[INFO] [stdout] 
[INFO] [stdout] ---- tests::alias::system_path stdout ----
[INFO] [stdout] 
[INFO] [stdout] thread 'tests::alias::system_path' (1893) panicked at src/tests/alias.rs:193:83:
[INFO] [stdout] called `Result::unwrap()` on an `Err` value: MatchedAliasNotFound("@app/files/a", "@app")
[INFO] [stdout] stack backtrace:
[INFO] [stdout]    0:     0x582131de80f5 - <unknown>
[INFO] [stdout]    1:     0x582131d4670a - <unknown>
[INFO] [stdout]    2:     0x582131de778b - <unknown>
[INFO] [stdout]    3:     0x582131de726f - <unknown>
[INFO] [stdout]    4:     0x582131de6e9a - <unknown>
[INFO] [stdout]    5:     0x582131de69d2 - <unknown>
[INFO] [stdout]    6:     0x582131e0d951 - <unknown>
[INFO] [stdout]    7:     0x582131e0d909 - <unknown>
[INFO] [stdout]    8:     0x582131e0de1c - <unknown>
[INFO] [stdout]    9:     0x582131d4659b - <unknown>
[INFO] [stdout]   10:     0x582131d4ae51 - <unknown>
[INFO] [stdout]   11:     0x582131d19b3b - <unknown>
[INFO] [stdout]   12:     0x582131e2b54b - <unknown>
[INFO] [stdout]   13:     0x582131e26b5f - <unknown>
[INFO] [stdout]   14:     0x582131e265dc - <unknown>
[INFO] [stdout]   15:     0x582131e4146c - <unknown>
[INFO] [stdout]   16:     0x582131e0f422 - <unknown>
[INFO] [stdout]   17:     0x7af4c6083dfa - <unknown>
[INFO] [stdout]   18:     0x7af4c61173d4 - clone
[INFO] [stdout]   19:                0x0 - <unknown>
[INFO] [stdout] 
[INFO] [stdout] ---- tests::alias::alias_with_multiple_fallbacks stdout ----
[INFO] [stdout] 
[INFO] [stdout] thread 'tests::alias::alias_with_multiple_fallbacks' (1890) panicked at src/tests/alias.rs:317:5:
[INFO] [stdout] assertion `left == right` failed
[INFO] [stdout]   left: Err(MatchedAliasNotFound("multi/index.js", "multi"))
[INFO] [stdout]  right: Ok("/opt/rustwide/workdir/fixtures/enhanced-resolve/test/fixtures/foo/index.js")
[INFO] [stdout] stack backtrace:
[INFO] [stdout]    0:     0x582131de80f5 - <unknown>
[INFO] [stdout]    1:     0x582131d4670a - <unknown>
[INFO] [stdout]    2:     0x582131de778b - <unknown>
[INFO] [stdout]    3:     0x582131de726f - <unknown>
[INFO] [stdout]    4:     0x582131de6e9a - <unknown>
[INFO] [stdout]    5:     0x582131de69d2 - <unknown>
[INFO] [stdout]    6:     0x582131e0d951 - <unknown>
[INFO] [stdout]    7:     0x582131e0d909 - <unknown>
[INFO] [stdout]    8:     0x582131e0de1c - <unknown>
[INFO] [stdout]    9:     0x582131d4659b - <unknown>
[INFO] [stdout]   10:     0x582131d464be - <unknown>
[INFO] [stdout]   11:     0x582131b99117 - <unknown>
[INFO] [stdout]   12:     0x582131d1e6f2 - <unknown>
[INFO] [stdout]   13:     0x582131e2b54b - <unknown>
[INFO] [stdout]   14:     0x582131e26b5f - <unknown>
[INFO] [stdout]   15:     0x582131e265dc - <unknown>
[INFO] [stdout]   16:     0x582131e4146c - <unknown>
[INFO] [stdout]   17:     0x582131e0f422 - <unknown>
[INFO] [stdout]   18:     0x7af4c6083dfa - <unknown>
[INFO] [stdout]   19:     0x7af4c61173d4 - clone
[INFO] [stdout]   20:                0x0 - <unknown>
[INFO] [stdout] 
[INFO] [stdout] ---- tests::dts_resolver::exports_field_types_condition stdout ----
[INFO] [stdout] 
[INFO] [stdout] thread 'tests::dts_resolver::exports_field_types_condition' (1914) panicked at src/tests/dts_resolver.rs:125:67:
[INFO] [stdout] called `Result::unwrap()` on an `Err` value: NotFound("with-exports")
[INFO] [stdout] stack backtrace:
[INFO] [stdout]    0:     0x582131de80f5 - <unknown>
[INFO] [stdout]    1:     0x582131d4670a - <unknown>
[INFO] [stdout]    2:     0x582131de778b - <unknown>
[INFO] [stdout]    3:     0x582131de726f - <unknown>
[INFO] [stdout]    4:     0x582131de6e9a - <unknown>
[INFO] [stdout]    5:     0x582131de69d2 - <unknown>
[INFO] [stdout]    6:     0x582131e0d951 - <unknown>
[INFO] [stdout]    7:     0x582131e0d909 - <unknown>
[INFO] [stdout]    8:     0x582131e0de1c - <unknown>
[INFO] [stdout]    9:     0x582131d4659b - <unknown>
[INFO] [stdout]   10:     0x582131d4ae51 - <unknown>
[INFO] [stdout]   11:     0x582131cda34d - <unknown>
[INFO] [stdout]   12:     0x582131e2b54b - <unknown>
[INFO] [stdout]   13:     0x582131e26b5f - <unknown>
[INFO] [stdout]   14:     0x582131e265dc - <unknown>
[INFO] [stdout]   15:     0x582131e4146c - <unknown>
[INFO] [stdout]   16:     0x582131e0f422 - <unknown>
[INFO] [stdout]   17:     0x7af4c6083dfa - <unknown>
[INFO] [stdout]   18:     0x7af4c61173d4 - clone
[INFO] [stdout]   19:                0x0 - <unknown>
[INFO] [stdout] 
[INFO] [stdout] ---- tests::dts_resolver::extension_priority_dts_over_js stdout ----
[INFO] [stdout] 
[INFO] [stdout] thread 'tests::dts_resolver::extension_priority_dts_over_js' (1915) panicked at src/tests/dts_resolver.rs:83:84:
[INFO] [stdout] called `Result::unwrap()` on an `Err` value: NotFound("./extension-priority/only-dts")
[INFO] [stdout] stack backtrace:
[INFO] [stdout]    0:     0x582131de80f5 - <unknown>
[INFO] [stdout]    1:     0x582131d4670a - <unknown>
[INFO] [stdout]    2:     0x582131de778b - <unknown>
[INFO] [stdout]    3:     0x582131de726f - <unknown>
[INFO] [stdout]    4:     0x582131de6e9a - <unknown>
[INFO] [stdout]    5:     0x582131de69d2 - <unknown>
[INFO] [stdout]    6:     0x582131e0d951 - <unknown>
[INFO] [stdout]    7:     0x582131e0d909 - <unknown>
[INFO] [stdout]    8:     0x582131e0de1c - <unknown>
[INFO] [stdout]    9:     0x582131d4659b - <unknown>
[INFO] [stdout]   10:     0x582131d4ae51 - <unknown>
[INFO] [stdout]   11:     0x582131cda75d - <unknown>
[INFO] [stdout]   12:     0x582131e2b54b - <unknown>
[INFO] [stdout]   13:     0x582131e26b5f - <unknown>
[INFO] [stdout]   14:     0x582131e265dc - <unknown>
[INFO] [stdout]   15:     0x582131e4146c - <unknown>
[INFO] [stdout]   16:     0x582131e0f422 - <unknown>
[INFO] [stdout]   17:     0x7af4c6083dfa - <unknown>
[INFO] [stdout]   18:     0x7af4c61173d4 - clone
[INFO] [stdout]   19:                0x0 - <unknown>
[INFO] [stdout] 
[INFO] [stdout] ---- tests::alias::alias_fragment stdout ----
[INFO] [stdout] 
[INFO] [stdout] thread 'tests::alias::alias_fragment' (1887) panicked at src/tests/alias.rs:285:9:
[INFO] [stdout] assertion `left == right` failed: handle fragment edge case (no fragment) ./no#fragment/#/#
[INFO] [stdout]   left: Err(MatchedAliasNotFound("foo", "foo"))
[INFO] [stdout]  right: Ok("/opt/rustwide/workdir/fixtures/enhanced-resolve/test/fixtures/no#fragment/#/#.js")
[INFO] [stdout] stack backtrace:
[INFO] [stdout]    0:     0x582131de80f5 - <unknown>
[INFO] [stdout]    1:     0x582131d4670a - <unknown>
[INFO] [stdout]    2:     0x582131de778b - <unknown>
[INFO] [stdout]    3:     0x582131de726f - <unknown>
[INFO] [stdout]    4:     0x582131de6e9a - <unknown>
[INFO] [stdout]    5:     0x582131de69d2 - <unknown>
[INFO] [stdout]    6:     0x582131e0d951 - <unknown>
[INFO] [stdout]    7:     0x582131e0d909 - <unknown>
[INFO] [stdout]    8:     0x582131e0de1c - <unknown>
[INFO] [stdout]    9:     0x582131d4659b - <unknown>
[INFO] [stdout]   10:     0x582131d4651d - <unknown>
[INFO] [stdout]   11:     0x582131b99117 - <unknown>
[INFO] [stdout]   12:     0x582131d1b2af - <unknown>
[INFO] [stdout]   13:     0x582131e2b54b - <unknown>
[INFO] [stdout]   14:     0x582131e26b5f - <unknown>
[INFO] [stdout]   15:     0x582131e265dc - <unknown>
[INFO] [stdout]   16:     0x582131e4146c - <unknown>
[INFO] [stdout]   17:     0x582131e0f422 - <unknown>
[INFO] [stdout]   18:     0x7af4c6083dfa - <unknown>
[INFO] [stdout]   19:     0x7af4c61173d4 - clone
[INFO] [stdout]   20:                0x0 - <unknown>
[INFO] [stdout] 
[INFO] [stdout] ---- tests::dts_resolver::hash_import stdout ----
[INFO] [stdout] 
[INFO] [stdout] thread 'tests::dts_resolver::hash_import' (1923) panicked at src/tests/dts_resolver.rs:238:57:
[INFO] [stdout] called `Result::unwrap()` on an `Err` value: NotFound("#internal")
[INFO] [stdout] stack backtrace:
[INFO] [stdout]    0:     0x582131de80f5 - <unknown>
[INFO] [stdout]    1:     0x582131d4670a - <unknown>
[INFO] [stdout]    2:     0x582131de778b - <unknown>
[INFO] [stdout]    3:     0x582131de726f - <unknown>
[INFO] [stdout]    4:     0x582131de6e9a - <unknown>
[INFO] [stdout]    5:     0x582131de69d2 - <unknown>
[INFO] [stdout]    6:     0x582131e0d951 - <unknown>
[INFO] [stdout]    7:     0x582131e0d909 - <unknown>
[INFO] [stdout]    8:     0x582131e0de1c - <unknown>
[INFO] [stdout]    9:     0x582131d4659b - <unknown>
[INFO] [stdout]   10:     0x582131d4ae51 - <unknown>
[INFO] [stdout]   11:     0x582131cd4d70 - <unknown>
[INFO] [stdout]   12:     0x582131e2b54b - <unknown>
[INFO] [stdout]   13:     0x582131e26b5f - <unknown>
[INFO] [stdout]   14:     0x582131e265dc - <unknown>
[INFO] [stdout]   15:     0x582131e4146c - <unknown>
[INFO] [stdout]   16:     0x582131e0f422 - <unknown>
[INFO] [stdout]   17:     0x7af4c6083dfa - <unknown>
[INFO] [stdout]   18:     0x7af4c61173d4 - clone
[INFO] [stdout]   19:                0x0 - <unknown>
[INFO] [stdout] 
[INFO] [stdout] ---- tests::browser_field::ignore stdout ----
[INFO] [stdout] 
[INFO] [stdout] thread 'tests::browser_field::ignore' (1896) panicked at src/tests/browser_field.rs:30:9:
[INFO] [stdout] assertion `left == right` failed: "/opt/rustwide/workdir/fixtures/enhanced-resolve/test/fixtures/browser-module" ./lib/ignore
[INFO] [stdout]   left: Err(NotFound("./lib/ignore"))
[INFO] [stdout]  right: Err(Ignored("/opt/rustwide/workdir/fixtures/enhanced-resolve/test/fixtures/browser-module/lib/ignore.js"))
[INFO] [stdout] stack backtrace:
[INFO] [stdout]    0:     0x582131de80f5 - <unknown>
[INFO] [stdout]    1:     0x582131d4670a - <unknown>
[INFO] [stdout]    2:     0x582131de778b - <unknown>
[INFO] [stdout]    3:     0x582131de726f - <unknown>
[INFO] [stdout]    4:     0x582131de6e9a - <unknown>
[INFO] [stdout]    5:     0x582131de69d2 - <unknown>
[INFO] [stdout]    6:     0x582131e0d951 - <unknown>
[INFO] [stdout]    7:     0x582131e0d909 - <unknown>
[INFO] [stdout]    8:     0x582131e0de1c - <unknown>
[INFO] [stdout]    9:     0x582131d4659b - <unknown>
[INFO] [stdout]   10:     0x582131d4651d - <unknown>
[INFO] [stdout]   11:     0x582131b9914b - <unknown>
[INFO] [stdout]   12:     0x582131cee23d - <unknown>
[INFO] [stdout]   13:     0x582131e2b54b - <unknown>
[INFO] [stdout]   14:     0x582131e26b5f - <unknown>
[INFO] [stdout]   15:     0x582131e265dc - <unknown>
[INFO] [stdout]   16:     0x582131e4146c - <unknown>
[INFO] [stdout]   17:     0x582131e0f422 - <unknown>
[INFO] [stdout]   18:     0x7af4c6083dfa - <unknown>
[INFO] [stdout]   19:     0x7af4c61173d4 - clone
[INFO] [stdout]   20:                0x0 - <unknown>
[INFO] [stdout] 
[INFO] [stdout] ---- tests::dts_resolver::extension_substitution_cjs_to_dcts stdout ----
[INFO] [stdout] 
[INFO] [stdout] thread 'tests::dts_resolver::extension_substitution_cjs_to_dcts' (1917) panicked at src/tests/dts_resolver.rs:65:87:
[INFO] [stdout] called `Result::unwrap()` on an `Err` value: NotFound("./extension-substitution/baz.cjs")
[INFO] [stdout] stack backtrace:
[INFO] [stdout]    0:     0x582131de80f5 - <unknown>
[INFO] [stdout]    1:     0x582131d4670a - <unknown>
[INFO] [stdout]    2:     0x582131de778b - <unknown>
[INFO] [stdout]    3:     0x582131de726f - <unknown>
[INFO] [stdout]    4:     0x582131de6e9a - <unknown>
[INFO] [stdout]    5:     0x582131de69d2 - <unknown>
[INFO] [stdout]    6:     0x582131e0d951 - <unknown>
[INFO] [stdout]    7:     0x582131e0d909 - <unknown>
[INFO] [stdout]    8:     0x582131e0de1c - <unknown>
[INFO] [stdout]    9:     0x582131d4659b - <unknown>
[INFO] [stdout]   10:     0x582131d4ae51 - <unknown>
[INFO] [stdout]   11:     0x582131cdb42d - <unknown>
[INFO] [stdout]   12:     0x582131e2b54b - <unknown>
[INFO] [stdout]   13:     0x582131e26b5f - <unknown>
[INFO] [stdout]   14:     0x582131e265dc - <unknown>
[INFO] [stdout]   15:     0x582131e4146c - <unknown>
[INFO] [stdout]   16:     0x582131e0f422 - <unknown>
[INFO] [stdout]   17:     0x7af4c6083dfa - <unknown>
[INFO] [stdout]   18:     0x7af4c61173d4 - clone
[INFO] [stdout]   19:                0x0 - <unknown>
[INFO] [stdout] 
[INFO] [stdout] ---- tests::dts_resolver::extension_priority_ts_wins stdout ----
[INFO] [stdout] 
[INFO] [stdout] thread 'tests::dts_resolver::extension_priority_ts_wins' (1916) panicked at src/tests/dts_resolver.rs:75:80:
[INFO] [stdout] called `Result::unwrap()` on an `Err` value: NotFound("./extension-priority/main")
[INFO] [stdout] stack backtrace:
[INFO] [stdout]    0:     0x582131de80f5 - <unknown>
[INFO] [stdout]    1:     0x582131d4670a - <unknown>
[INFO] [stdout]    2:     0x582131de778b - <unknown>
[INFO] [stdout]    3:     0x582131de726f - <unknown>
[INFO] [stdout]    4:     0x582131de6e9a - <unknown>
[INFO] [stdout]    5:     0x582131de69d2 - <unknown>
[INFO] [stdout]    6:     0x582131e0d951 - <unknown>
[INFO] [stdout]    7:     0x582131e0d909 - <unknown>
[INFO] [stdout]    8:     0x582131e0de1c - <unknown>
[INFO] [stdout]    9:     0x582131d4659b - <unknown>
[INFO] [stdout]   10:     0x582131d4ae51 - <unknown>
[INFO] [stdout]   11:     0x582131cd957d - <unknown>
[INFO] [stdout]   12:     0x582131e2b54b - <unknown>
[INFO] [stdout]   13:     0x582131e26b5f - <unknown>
[INFO] [stdout]   14:     0x582131e265dc - <unknown>
[INFO] [stdout]   15:     0x582131e4146c - <unknown>
[INFO] [stdout]   16:     0x582131e0f422 - <unknown>
[INFO] [stdout]   17:     0x7af4c6083dfa - <unknown>
[INFO] [stdout]   18:     0x7af4c61173d4 - clone
[INFO] [stdout]   19:                0x0 - <unknown>
[INFO] [stdout] 
[INFO] [stdout] ---- tests::dts_resolver::relative_basic_ts stdout ----
[INFO] [stdout] 
[INFO] [stdout] thread 'tests::dts_resolver::relative_basic_ts' (1931) panicked at src/tests/dts_resolver.rs:23:77:
[INFO] [stdout] called `Result::unwrap()` on an `Err` value: NotFound("./relative-basic/index")
[INFO] [stdout] stack backtrace:
[INFO] [stdout]    0:     0x582131de80f5 - <unknown>
[INFO] [stdout]    1:     0x582131d4670a - <unknown>
[INFO] [stdout]    2:     0x582131de778b - <unknown>
[INFO] [stdout]    3:     0x582131de726f - <unknown>
[INFO] [stdout]    4:     0x582131de6e9a - <unknown>
[INFO] [stdout]    5:     0x582131de69d2 - <unknown>
[INFO] [stdout]    6:     0x582131e0d951 - <unknown>
[INFO] [stdout]    7:     0x582131e0d909 - <unknown>
[INFO] [stdout]    8:     0x582131e0de1c - <unknown>
[INFO] [stdout]    9:     0x582131d4659b - <unknown>
[INFO] [stdout]   10:     0x582131d4ae51 - <unknown>
[INFO] [stdout]   11:     0x582131cd631d - <unknown>
[INFO] [stdout]   12:     0x582131e2b54b - <unknown>
[INFO] [stdout]   13:     0x582131e26b5f - <unknown>
[INFO] [stdout]   14:     0x582131e265dc - <unknown>
[INFO] [stdout]   15:     0x582131e4146c - <unknown>
[INFO] [stdout]   16:     0x582131e0f422 - <unknown>
[INFO] [stdout]   17:     0x7af4c6083dfa - <unknown>
[INFO] [stdout]   18:     0x7af4c61173d4 - clone
[INFO] [stdout]   19:                0x0 - <unknown>
[INFO] [stdout] 
[INFO] [stdout] ---- tests::dts_resolver::extension_substitution_js_to_dts stdout ----
[INFO] [stdout] 
[INFO] [stdout] thread 'tests::dts_resolver::extension_substitution_js_to_dts' (1918) panicked at src/tests/dts_resolver.rs:49:86:
[INFO] [stdout] called `Result::unwrap()` on an `Err` value: NotFound("./extension-substitution/foo.js")
[INFO] [stdout] stack backtrace:
[INFO] [stdout]    0:     0x582131de80f5 - <unknown>
[INFO] [stdout]    1:     0x582131d4670a - <unknown>
[INFO] [stdout]    2:     0x582131de778b - <unknown>
[INFO] [stdout]    3:     0x582131de726f - <unknown>
[INFO] [stdout]    4:     0x582131de6e9a - <unknown>
[INFO] [stdout]    5:     0x582131de69d2 - <unknown>
[INFO] [stdout]    6:     0x582131e0d951 - <unknown>
[INFO] [stdout]    7:     0x582131e0d909 - <unknown>
[INFO] [stdout]    8:     0x582131e0de1c - <unknown>
[INFO] [stdout]    9:     0x582131d4659b - <unknown>
[INFO] [stdout]   10:     0x582131d4ae51 - <unknown>
[INFO] [stdout]   11:     0x582131cdb01d - <unknown>
[INFO] [stdout]   12:     0x582131e2b54b - <unknown>
[INFO] [stdout]   13:     0x582131e26b5f - <unknown>
[INFO] [stdout]   14:     0x582131e265dc - <unknown>
[INFO] [stdout]   15:     0x582131e4146c - <unknown>
[INFO] [stdout]   16:     0x582131e0f422 - <unknown>
[INFO] [stdout]   17:     0x7af4c6083dfa - <unknown>
[INFO] [stdout]   18:     0x7af4c61173d4 - clone
[INFO] [stdout]   19:                0x0 - <unknown>
[INFO] [stdout] 
[INFO] [stdout] ---- tests::dts_resolver::relative_dts_over_js stdout ----
[INFO] [stdout] 
[INFO] [stdout] thread 'tests::dts_resolver::relative_dts_over_js' (1933) panicked at src/tests/dts_resolver.rs:32:83:
[INFO] [stdout] called `Result::unwrap()` on an `Err` value: NotFound("./relative-dts-over-js/index")
[INFO] [stdout] stack backtrace:
[INFO] [stdout]    0:     0x582131de80f5 - <unknown>
[INFO] [stdout]    1:     0x582131d4670a - <unknown>
[INFO] [stdout]    2:     0x582131de778b - <unknown>
[INFO] [stdout]    3:     0x582131de726f - <unknown>
[INFO] [stdout]    4:     0x582131de6e9a - <unknown>
[INFO] [stdout]    5:     0x582131de69d2 - <unknown>
[INFO] [stdout]    6:     0x582131e0d951 - <unknown>
[INFO] [stdout]    7:     0x582131e0d909 - <unknown>
[INFO] [stdout]    8:     0x582131e0de1c - <unknown>
[INFO] [stdout]    9:     0x582131d4659b - <unknown>
[INFO] [stdout]   10:     0x582131d4ae51 - <unknown>
[INFO] [stdout]   11:     0x582131cd73fd - <unknown>
[INFO] [stdout]   12:     0x582131e2b54b - <unknown>
[INFO] [stdout]   13:     0x582131e26b5f - <unknown>
[INFO] [stdout]   14:     0x582131e265dc - <unknown>
[INFO] [stdout]   15:     0x582131e4146c - <unknown>
[INFO] [stdout]   16:     0x582131e0f422 - <unknown>
[INFO] [stdout]   17:     0x7af4c6083dfa - <unknown>
[INFO] [stdout]   18:     0x7af4c61173d4 - clone
[INFO] [stdout]   19:                0x0 - <unknown>
[INFO] [stdout] 
[INFO] [stdout] ---- tests::dts_resolver::subpath_with_types_versions stdout ----
[INFO] [stdout] 
[INFO] [stdout] thread 'tests::dts_resolver::subpath_with_types_versions' (1935) panicked at src/tests/dts_resolver.rs:302:75:
[INFO] [stdout] called `Result::unwrap()` on an `Err` value: NotFound("with-subpath/sub/foo")
[INFO] [stdout] stack backtrace:
[INFO] [stdout]    0:     0x582131de80f5 - <unknown>
[INFO] [stdout]    1:     0x582131d4670a - <unknown>
[INFO] [stdout]    2:     0x582131de778b - <unknown>
[INFO] [stdout]    3:     0x582131de726f - <unknown>
[INFO] [stdout]    4:     0x582131de6e9a - <unknown>
[INFO] [stdout]    5:     0x582131de69d2 - <unknown>
[INFO] [stdout]    6:     0x582131e0d951 - <unknown>
[INFO] [stdout]    7:     0x582131e0d909 - <unknown>
[INFO] [stdout]    8:     0x582131e0de1c - <unknown>
[INFO] [stdout]    9:     0x582131d4659b - <unknown>
[INFO] [stdout]   10:     0x582131d4ae51 - <unknown>
[INFO] [stdout]   11:     0x582131cd9f3d - <unknown>
[INFO] [stdout]   12:     0x582131e2b54b - <unknown>
[INFO] [stdout]   13:     0x582131e26b5f - <unknown>
[INFO] [stdout]   14:     0x582131e265dc - <unknown>
[INFO] [stdout]   15:     0x582131e4146c - <unknown>
[INFO] [stdout]   16:     0x582131e0f422 - <unknown>
[INFO] [stdout]   17:     0x7af4c6083dfa - <unknown>
[INFO] [stdout]   18:     0x7af4c61173d4 - clone
[INFO] [stdout]   19:                0x0 - <unknown>
[INFO] [stdout] 
[INFO] [stdout] ---- tests::dts_resolver::types_field stdout ----
[INFO] [stdout] 
[INFO] [stdout] thread 'tests::dts_resolver::types_field' (1937) panicked at src/tests/dts_resolver.rs:194:65:
[INFO] [stdout] called `Result::unwrap()` on an `Err` value: NotFound("with-types")
[INFO] [stdout] stack backtrace:
[INFO] [stdout]    0:     0x582131de80f5 - <unknown>
[INFO] [stdout]    1:     0x582131d4670a - <unknown>
[INFO] [stdout]    2:     0x582131de778b - <unknown>
[INFO] [stdout]    3:     0x582131de726f - <unknown>
[INFO] [stdout]    4:     0x582131de6e9a - <unknown>
[INFO] [stdout]    5:     0x582131de69d2 - <unknown>
[INFO] [stdout]    6:     0x582131e0d951 - <unknown>
[INFO] [stdout]    7:     0x582131e0d909 - <unknown>
[INFO] [stdout]    8:     0x582131e0de1c - <unknown>
[INFO] [stdout]    9:     0x582131d4659b - <unknown>
[INFO] [stdout]   10:     0x582131d4ae51 - <unknown>
[INFO] [stdout]   11:     0x582131cd517d - <unknown>
[INFO] [stdout]   12:     0x582131e2b54b - <unknown>
[INFO] [stdout]   13:     0x582131e26b5f - <unknown>
[INFO] [stdout]   14:     0x582131e265dc - <unknown>
[INFO] [stdout]   15:     0x582131e4146c - <unknown>
[INFO] [stdout]   16:     0x582131e0f422 - <unknown>
[INFO] [stdout]   17:     0x7af4c6083dfa - <unknown>
[INFO] [stdout]   18:     0x7af4c61173d4 - clone
[INFO] [stdout]   19:                0x0 - <unknown>
[INFO] [stdout] 
[INFO] [stdout] ---- tests::dts_resolver::extension_substitution_json_to_d_json_ts stdout ----
[INFO] [stdout] 
[INFO] [stdout] thread 'tests::dts_resolver::extension_substitution_json_to_d_json_ts' (1919) panicked at src/tests/dts_resolver.rs:274:88:
[INFO] [stdout] called `Result::unwrap()` on an `Err` value: NotFound("./extension-substitution/qux.json")
[INFO] [stdout] stack backtrace:
[INFO] [stdout]    0:     0x582131de80f5 - <unknown>
[INFO] [stdout]    1:     0x582131d4670a - <unknown>
[INFO] [stdout]    2:     0x582131de778b - <unknown>
[INFO] [stdout]    3:     0x582131de726f - <unknown>
[INFO] [stdout]    4:     0x582131de6e9a - <unknown>
[INFO] [stdout]    5:     0x582131de69d2 - <unknown>
[INFO] [stdout]    6:     0x582131e0d951 - <unknown>
[INFO] [stdout]    7:     0x582131e0d909 - <unknown>
[INFO] [stdout]    8:     0x582131e0de1c - <unknown>
[INFO] [stdout]    9:     0x582131d4659b - <unknown>
[INFO] [stdout]   10:     0x582131d4ae51 - <unknown>
[INFO] [stdout]   11:     0x582131cdc87d - <unknown>
[INFO] [stdout]   12:     0x582131e2b54b - <unknown>
[INFO] [stdout]   13:     0x582131e26b5f - <unknown>
[INFO] [stdout]   14:     0x582131e265dc - <unknown>
[INFO] [stdout]   15:     0x582131e4146c - <unknown>
[INFO] [stdout]   16:     0x582131e0f422 - <unknown>
[INFO] [stdout]   17:     0x7af4c6083dfa - <unknown>
[INFO] [stdout]   18:     0x7af4c61173d4 - clone
[INFO] [stdout]   19:                0x0 - <unknown>
[INFO] [stdout] 
[INFO] [stdout] ---- tests::dts_resolver::self_referencing_package stdout ----
[INFO] [stdout] 
[INFO] [stdout] thread 'tests::dts_resolver::self_referencing_package' (1934) panicked at src/tests/dts_resolver.rs:293:61:
[INFO] [stdout] called `Result::unwrap()` on an `Err` value: NotFound("with-self-ref")
[INFO] [stdout] stack backtrace:
[INFO] [stdout]    0:     0x582131de80f5 - <unknown>
[INFO] [stdout]    1:     0x582131d4670a - <unknown>
[INFO] [stdout]    2:     0x582131de778b - <unknown>
[INFO] [stdout]    3:     0x582131de726f - <unknown>
[INFO] [stdout]    4:     0x582131de6e9a - <unknown>
[INFO] [stdout]    5:     0x582131de69d2 - <unknown>
[INFO] [stdout]    6:     0x582131e0d951 - <unknown>
[INFO] [stdout]    7:     0x582131e0d909 - <unknown>
[INFO] [stdout]    8:     0x582131e0de1c - <unknown>
[INFO] [stdout]    9:     0x582131d4659b - <unknown>
[INFO] [stdout]   10:     0x582131d4ae51 - <unknown>
[INFO] [stdout]   11:     0x582131cd8cb0 - <unknown>
[INFO] [stdout]   12:     0x582131e2b54b - <unknown>
[INFO] [stdout]   13:     0x582131e26b5f - <unknown>
[INFO] [stdout]   14:     0x582131e265dc - <unknown>
[INFO] [stdout]   15:     0x582131e4146c - <unknown>
[INFO] [stdout]   16:     0x582131e0f422 - <unknown>
[INFO] [stdout]   17:     0x7af4c6083dfa - <unknown>
[INFO] [stdout]   18:     0x7af4c61173d4 - clone
[INFO] [stdout]   19:                0x0 - <unknown>
[INFO] [stdout] 
[INFO] [stdout] ---- tests::dts_resolver::types_versions_root stdout ----
[INFO] [stdout] 
[INFO] [stdout] thread 'tests::dts_resolver::types_versions_root' (1938) panicked at src/tests/dts_resolver.rs:135:74:
[INFO] [stdout] called `Result::unwrap()` on an `Err` value: NotFound("with-types-versions")
[INFO] [stdout] stack backtrace:
[INFO] [stdout]    0:     0x582131de80f5 - <unknown>
[INFO] [stdout]    1:     0x582131d4670a - <unknown>
[INFO] [stdout]    2:     0x582131de778b - <unknown>
[INFO] [stdout]    3:     0x582131de726f - <unknown>
[INFO] [stdout]    4:     0x582131de6e9a - <unknown>
[INFO] [stdout]    5:     0x582131de69d2 - <unknown>
[INFO] [stdout]    6:     0x582131e0d951 - <unknown>
[INFO] [stdout]    7:     0x582131e0d909 - <unknown>
[INFO] [stdout]    8:     0x582131e0de1c - <unknown>
[INFO] [stdout]    9:     0x582131d4659b - <unknown>
[INFO] [stdout]   10:     0x582131d4ae51 - <unknown>
[INFO] [stdout]   11:     0x582131cd6fed - <unknown>
[INFO] [stdout]   12:     0x582131e2b54b - <unknown>
[INFO] [stdout]   13:     0x582131e26b5f - <unknown>
[INFO] [stdout]   14:     0x582131e265dc - <unknown>
[INFO] [stdout]   15:     0x582131e4146c - <unknown>
[INFO] [stdout]   16:     0x582131e0f422 - <unknown>
[INFO] [stdout]   17:     0x7af4c6083dfa - <unknown>
[INFO] [stdout]   18:     0x7af4c61173d4 - clone
[INFO] [stdout]   19:                0x0 - <unknown>
[INFO] [stdout] 
[INFO] [stdout] ---- tests::dts_resolver::typings_field stdout ----
[INFO] [stdout] 
[INFO] [stdout] thread 'tests::dts_resolver::typings_field' (1940) panicked at src/tests/dts_resolver.rs:155:67:
[INFO] [stdout] called `Result::unwrap()` on an `Err` value: NotFound("with-typings")
[INFO] [stdout] stack backtrace:
[INFO] [stdout]    0:     0x582131de80f5 - <unknown>
[INFO] [stdout]    1:     0x582131d4670a - <unknown>
[INFO] [stdout]    2:     0x582131de778b - <unknown>
[INFO] [stdout]    3:     0x582131de726f - <unknown>
[INFO] [stdout]    4:     0x582131de6e9a - <unknown>
[INFO] [stdout]    5:     0x582131de69d2 - <unknown>
[INFO] [stdout]    6:     0x582131e0d951 - <unknown>
[INFO] [stdout]    7:     0x582131e0d909 - <unknown>
[INFO] [stdout]    8:     0x582131e0de1c - <unknown>
[INFO] [stdout]    9:     0x582131d4659b - <unknown>
[INFO] [stdout]   10:     0x582131d4ae51 - <unknown>
[INFO] [stdout]   11:     0x582131cd563d - <unknown>
[INFO] [stdout]   12:     0x582131e2b54b - <unknown>
[INFO] [stdout]   13:     0x582131e26b5f - <unknown>
[INFO] [stdout]   14:     0x582131e265dc - <unknown>
[INFO] [stdout]   15:     0x582131e4146c - <unknown>
[INFO] [stdout]   16:     0x582131e0f422 - <unknown>
[INFO] [stdout]   17:     0x7af4c6083dfa - <unknown>
[INFO] [stdout]   18:     0x7af4c61173d4 - clone
[INFO] [stdout]   19:                0x0 - <unknown>
[INFO] [stdout] 
[INFO] [stdout] ---- tests::dts_resolver::tsconfig_paths_in_dts stdout ----
[INFO] [stdout] 
[INFO] [stdout] thread 'tests::dts_resolver::tsconfig_paths_in_dts' (1936) panicked at src/tests/dts_resolver.rs:255:58:
[INFO] [stdout] called `Result::unwrap()` on an `Err` value: TsconfigNotFound("/opt/rustwide/workdir/fixtures/dts_resolver/with-tsconfig/tsconfig.json")
[INFO] [stdout] stack backtrace:
[INFO] [stdout]    0:     0x582131de80f5 - <unknown>
[INFO] [stdout]    1:     0x582131d4670a - <unknown>
[INFO] [stdout]    2:     0x582131de778b - <unknown>
[INFO] [stdout]    3:     0x582131de726f - <unknown>
[INFO] [stdout]    4:     0x582131de6e9a - <unknown>
[INFO] [stdout]    5:     0x582131de69d2 - <unknown>
[INFO] [stdout]    6:     0x582131e0d951 - <unknown>
[INFO] [stdout]    7:     0x582131e0d909 - <unknown>
[INFO] [stdout]    8:     0x582131e0de1c - <unknown>
[INFO] [stdout]    9:     0x582131d4659b - <unknown>
[INFO] [stdout]   10:     0x582131d4ae51 - <unknown>
[INFO] [stdout]   11:     0x582131cd7fa9 - <unknown>
[INFO] [stdout]   12:     0x582131e2b54b - <unknown>
[INFO] [stdout]   13:     0x582131e26b5f - <unknown>
[INFO] [stdout]   14:     0x582131e265dc - <unknown>
[INFO] [stdout]   15:     0x582131e4146c - <unknown>
[INFO] [stdout]   16:     0x582131e0f422 - <unknown>
[INFO] [stdout]   17:     0x7af4c6083dfa - <unknown>
[INFO] [stdout]   18:     0x7af4c61173d4 - clone
[INFO] [stdout]   19:                0x0 - <unknown>
[INFO] [stdout] 
[INFO] [stdout] ---- tests::dts_resolver::extension_substitution_tsx stdout ----
[INFO] [stdout] 
[INFO] [stdout] thread 'tests::dts_resolver::extension_substitution_tsx' (1922) panicked at src/tests/dts_resolver.rs:283:88:
[INFO] [stdout] called `Result::unwrap()` on an `Err` value: NotFound("./extension-substitution/comp.tsx")
[INFO] [stdout] stack backtrace:
[INFO] [stdout]    0:     0x582131de80f5 - <unknown>
[INFO] [stdout]    1:     0x582131d4670a - <unknown>
[INFO] [stdout]    2:     0x582131de778b - <unknown>
[INFO] [stdout]    3:     0x582131de726f - <unknown>
[INFO] [stdout]    4:     0x582131de6e9a - <unknown>
[INFO] [stdout]    5:     0x582131de69d2 - <unknown>
[INFO] [stdout]    6:     0x582131e0d951 - <unknown>
[INFO] [stdout]    7:     0x582131e0d909 - <unknown>
[INFO] [stdout]    8:     0x582131e0de1c - <unknown>
[INFO] [stdout]    9:     0x582131d4659b - <unknown>
[INFO] [stdout]   10:     0x582131d4ae51 - <unknown>
[INFO] [stdout]   11:     0x582131cd998d - <unknown>
[INFO] [stdout]   12:     0x582131e2b54b - <unknown>
[INFO] [stdout]   13:     0x582131e26b5f - <unknown>
[INFO] [stdout]   14:     0x582131e265dc - <unknown>
[INFO] [stdout]   15:     0x582131e4146c - <unknown>
[INFO] [stdout]   16:     0x582131e0f422 - <unknown>
[INFO] [stdout]   17:     0x7af4c6083dfa - <unknown>
[INFO] [stdout]   18:     0x7af4c61173d4 - clone
[INFO] [stdout]   19:                0x0 - <unknown>
[INFO] [stdout] 
[INFO] [stdout] ---- tests::dts_resolver::typings_takes_precedence_over_types stdout ----
[INFO] [stdout] 
[INFO] [stdout] thread 'tests::dts_resolver::typings_takes_precedence_over_types' (1941) panicked at src/tests/dts_resolver.rs:202:77:
[INFO] [stdout] called `Result::unwrap()` on an `Err` value: NotFound("with-both-types-fields")
[INFO] [stdout] stack backtrace:
[INFO] [stdout]    0:     0x582131de80f5 - <unknown>
[INFO] [stdout]    1:     0x582131d4670a - <unknown>
[INFO] [stdout]    2:     0x582131de778b - <unknown>
[INFO] [stdout]    3:     0x582131de726f - <unknown>
[INFO] [stdout]    4:     0x582131de6e9a - <unknown>
[INFO] [stdout]    5:     0x582131de69d2 - <unknown>
[INFO] [stdout]    6:     0x582131e0d951 - <unknown>
[INFO] [stdout]    7:     0x582131e0d909 - <unknown>
[INFO] [stdout]    8:     0x582131e0de1c - <unknown>
[INFO] [stdout]    9:     0x582131d4659b - <unknown>
[INFO] [stdout]   10:     0x582131d4ae51 - <unknown>
[INFO] [stdout]   11:     0x582131cdc05d - <unknown>
[INFO] [stdout]   12:     0x582131e2b54b - <unknown>
[INFO] [stdout]   13:     0x582131e26b5f - <unknown>
[INFO] [stdout]   14:     0x582131e265dc - <unknown>
[INFO] [stdout]   15:     0x582131e4146c - <unknown>
[INFO] [stdout]   16:     0x582131e0f422 - <unknown>
[INFO] [stdout]   17:     0x7af4c6083dfa - <unknown>
[INFO] [stdout]   18:     0x7af4c61173d4 - clone
[INFO] [stdout]   19:                0x0 - <unknown>
[INFO] [stdout] 
[INFO] [stdout] ---- tests::exports_field::directory stdout ----
[INFO] [stdout] 
[INFO] [stdout] thread 'tests::exports_field::directory' (1942) panicked at src/tests/exports_field.rs:296:27:
[INFO] [stdout] called `Result::unwrap()` on an `Err` value: NotFound("../exports-field")
[INFO] [stdout] stack backtrace:
[INFO] [stdout]    0:     0x582131de80f5 - <unknown>
[INFO] [stdout]    1:     0x582131d4670a - <unknown>
[INFO] [stdout]    2:     0x582131de778b - <unknown>
[INFO] [stdout]    3:     0x582131de726f - <unknown>
[INFO] [stdout]    4:     0x582131de6e9a - <unknown>
[INFO] [stdout]    5:     0x582131de69d2 - <unknown>
[INFO] [stdout]    6:     0x582131e0d951 - <unknown>
[INFO] [stdout]    7:     0x582131e0d909 - <unknown>
[INFO] [stdout]    8:     0x582131e0de1c - <unknown>
[INFO] [stdout]    9:     0x582131d4659b - <unknown>
[INFO] [stdout]   10:     0x582131d4ae51 - <unknown>
[INFO] [stdout]   11:     0x582131cf6293 - <unknown>
[INFO] [stdout]   12:     0x582131e2b54b - <unknown>
[INFO] [stdout]   13:     0x582131e26b5f - <unknown>
[INFO] [stdout]   14:     0x582131e265dc - <unknown>
[INFO] [stdout]   15:     0x582131e4146c - <unknown>
[INFO] [stdout]   16:     0x582131e0f422 - <unknown>
[INFO] [stdout]   17:     0x7af4c6083dfa - <unknown>
[INFO] [stdout]   18:     0x7af4c61173d4 - clone
[INFO] [stdout]   19:                0x0 - <unknown>
[INFO] [stdout] 
[INFO] [stdout] ---- tests::dts_resolver::extension_substitution_mjs_to_dmts stdout ----
[INFO] [stdout] 
[INFO] [stdout] thread 'tests::dts_resolver::extension_substitution_mjs_to_dmts' (1921) panicked at src/tests/dts_resolver.rs:57:87:
[INFO] [stdout] called `Result::unwrap()` on an `Err` value: NotFound("./extension-substitution/bar.mjs")
[INFO] [stdout] stack backtrace:
[INFO] [stdout]    0:     0x582131de80f5 - <unknown>
[INFO] [stdout]    1:     0x582131d4670a - <unknown>
[INFO] [stdout]    2:     0x582131de778b - <unknown>
[INFO] [stdout]    3:     0x582131de726f - <unknown>
[INFO] [stdout]    4:     0x582131de6e9a - <unknown>
[INFO] [stdout]    5:     0x582131de69d2 - <unknown>
[INFO] [stdout]    6:     0x582131e0d951 - <unknown>
[INFO] [stdout]    7:     0x582131e0d909 - <unknown>
[INFO] [stdout]    8:     0x582131e0de1c - <unknown>
[INFO] [stdout]    9:     0x582131d4659b - <unknown>
[INFO] [stdout]   10:     0x582131d4ae51 - <unknown>
[INFO] [stdout]   11:     0x582131cdb83d - <unknown>
[INFO] [stdout]   12:     0x582131e2b54b - <unknown>
[INFO] [stdout]   13:     0x582131e26b5f - <unknown>
[INFO] [stdout]   14:     0x582131e265dc - <unknown>
[INFO] [stdout]   15:     0x582131e4146c - <unknown>
[INFO] [stdout]   16:     0x582131e0f422 - <unknown>
[INFO] [stdout]   17:     0x7af4c6083dfa - <unknown>
[INFO] [stdout]   18:     0x7af4c61173d4 - clone
[INFO] [stdout]   19:                0x0 - <unknown>
[INFO] [stdout] 
[INFO] [stdout] ---- tests::dts_resolver::types_versions_subpath stdout ----
[INFO] [stdout] 
[INFO] [stdout] thread 'tests::dts_resolver::types_versions_subpath' (1939) panicked at src/tests/dts_resolver.rs:146:78:
[INFO] [stdout] called `Result::unwrap()` on an `Err` value: NotFound("with-types-versions/sub")
[INFO] [stdout] stack backtrace:
[INFO] [stdout]    0:     0x582131de80f5 - <unknown>
[INFO] [stdout]    1:     0x582131d4670a - <unknown>
[INFO] [stdout]    2:     0x582131de778b - <unknown>
[INFO] [stdout]    3:     0x582131de726f - <unknown>
[INFO] [stdout]    4:     0x582131de6e9a - <unknown>
[INFO] [stdout]    5:     0x582131de69d2 - <unknown>
[INFO] [stdout]    6:     0x582131e0d951 - <unknown>
[INFO] [stdout]    7:     0x582131e0d909 - <unknown>
[INFO] [stdout]    8:     0x582131e0de1c - <unknown>
[INFO] [stdout]    9:     0x582131d4659b - <unknown>
[INFO] [stdout]   10:     0x582131d4ae51 - <unknown>
[INFO] [stdout]   11:     0x582131cd847d - <unknown>
[INFO] [stdout]   12:     0x582131e2b54b - <unknown>
[INFO] [stdout]   13:     0x582131e26b5f - <unknown>
[INFO] [stdout]   14:     0x582131e265dc - <unknown>
[INFO] [stdout]   15:     0x582131e4146c - <unknown>
[INFO] [stdout]   16:     0x582131e0f422 - <unknown>
[INFO] [stdout]   17:     0x7af4c6083dfa - <unknown>
[INFO] [stdout]   18:     0x7af4c61173d4 - clone
[INFO] [stdout]   19:                0x0 - <unknown>
[INFO] [stdout] 
[INFO] [stdout] ---- tests::dts_resolver::relative_directory_index stdout ----
[INFO] [stdout] 
[INFO] [stdout] thread 'tests::dts_resolver::relative_directory_index' (1932) panicked at src/tests/dts_resolver.rs:39:71:
[INFO] [stdout] called `Result::unwrap()` on an `Err` value: NotFound("./relative-basic")
[INFO] [stdout] stack backtrace:
[INFO] [stdout]    0:     0x582131de80f5 - <unknown>
[INFO] [stdout]    1:     0x582131d4670a - <unknown>
[INFO] [stdout]    2:     0x582131de778b - <unknown>
[INFO] [stdout]    3:     0x582131de726f - <unknown>
[INFO] [stdout]    4:     0x582131de6e9a - <unknown>
[INFO] [stdout]    5:     0x582131de69d2 - <unknown>
[INFO] [stdout]    6:     0x582131e0d951 - <unknown>
[INFO] [stdout]    7:     0x582131e0d909 - <unknown>
[INFO] [stdout]    8:     0x582131e0de1c - <unknown>
[INFO] [stdout]    9:     0x582131d4659b - <unknown>
[INFO] [stdout]   10:     0x582131d4ae51 - <unknown>
[INFO] [stdout]   11:     0x582131cd888d - <unknown>
[INFO] [stdout]   12:     0x582131e2b54b - <unknown>
[INFO] [stdout]   13:     0x582131e26b5f - <unknown>
[INFO] [stdout]   14:     0x582131e265dc - <unknown>
[INFO] [stdout]   15:     0x582131e4146c - <unknown>
[INFO] [stdout]   16:     0x582131e0f422 - <unknown>
[INFO] [stdout]   17:     0x7af4c6083dfa - <unknown>
[INFO] [stdout]   18:     0x7af4c61173d4 - clone
[INFO] [stdout]   19:                0x0 - <unknown>
[INFO] [stdout] 
[INFO] [stdout] ---- tests::exports_field::exports_not_browser_field1 stdout ----
[INFO] [stdout] 
[INFO] [stdout] thread 'tests::exports_field::exports_not_browser_field1' (1943) panicked at src/tests/exports_field.rs:102:5:
[INFO] [stdout] assertion `left == right` failed
[INFO] [stdout]   left: Err(NotFound("exports-field/dist/main.js"))
[INFO] [stdout]  right: Ok("/opt/rustwide/workdir/fixtures/enhanced-resolve/test/fixtures/exports-field/node_modules/exports-field/lib/lib2/main.js")
[INFO] [stdout] stack backtrace:
[INFO] [stdout]    0:     0x582131de80f5 - <unknown>
[INFO] [stdout]    1:     0x582131d4670a - <unknown>
[INFO] [stdout]    2:     0x582131de778b - <unknown>
[INFO] [stdout]    3:     0x582131de726f - <unknown>
[INFO] [stdout]    4:     0x582131de6e9a - <unknown>
[INFO] [stdout]    5:     0x582131de69d2 - <unknown>
[INFO] [stdout]    6:     0x582131e0d951 - <unknown>
[INFO] [stdout]    7:     0x582131e0d909 - <unknown>
[INFO] [stdout]    8:     0x582131e0de1c - <unknown>
[INFO] [stdout]    9:     0x582131d4659b - <unknown>
[INFO] [stdout]   10:     0x582131d464be - <unknown>
[INFO] [stdout]   11:     0x582131b99117 - <unknown>
[INFO] [stdout]   12:     0x582131cf3ac5 - <unknown>
[INFO] [stdout]   13:     0x582131e2b54b - <unknown>
[INFO] [stdout]   14:     0x582131e26b5f - <unknown>
[INFO] [stdout]   15:     0x582131e265dc - <unknown>
[INFO] [stdout]   16:     0x582131e4146c - <unknown>
[INFO] [stdout]   17:     0x582131e0f422 - <unknown>
[INFO] [stdout]   18:     0x7af4c6083dfa - <unknown>
[INFO] [stdout]   19:     0x7af4c61173d4 - clone
[INFO] [stdout]   20:                0x0 - <unknown>
[INFO] [stdout] 
[INFO] [stdout] ---- tests::dts_resolver::no_types_not_resolved stdout ----
[INFO] [stdout] 
[INFO] [stdout] thread 'tests::dts_resolver::no_types_not_resolved' (1927) panicked at src/tests/dts_resolver.rs:172:63:
[INFO] [stdout] called `Result::unwrap()` on an `Err` value: NotFound("no-types")
[INFO] [stdout] stack backtrace:
[INFO] [stdout]    0:     0x582131de80f5 - <unknown>
[INFO] [stdout]    1:     0x582131d4670a - <unknown>
[INFO] [stdout]    2:     0x582131de778b - <unknown>
[INFO] [stdout]    3:     0x582131de726f - <unknown>
[INFO] [stdout]    4:     0x582131de6e9a - <unknown>
[INFO] [stdout]    5:     0x582131de69d2 - <unknown>
[INFO] [stdout]    6:     0x582131e0d951 - <unknown>
[INFO] [stdout]    7:     0x582131e0d909 - <unknown>
[INFO] [stdout]    8:     0x582131e0de1c - <unknown>
[INFO] [stdout]    9:     0x582131d4659b - <unknown>
[INFO] [stdout]   10:     0x582131d4ae51 - <unknown>
[INFO] [stdout]   11:     0x582131cd780d - <unknown>
[INFO] [stdout]   12:     0x582131e2b54b - <unknown>
[INFO] [stdout]   13:     0x582131e26b5f - <unknown>
[INFO] [stdout]   14:     0x582131e265dc - <unknown>
[INFO] [stdout]   15:     0x582131e4146c - <unknown>
[INFO] [stdout]   16:     0x582131e0f422 - <unknown>
[INFO] [stdout]   17:     0x7af4c6083dfa - <unknown>
[INFO] [stdout]   18:     0x7af4c61173d4 - clone
[INFO] [stdout]   19:                0x0 - <unknown>
[INFO] [stdout] 
[INFO] [stdout] ---- tests::dts_resolver::extension_substitution_mjs_prefers_mts stdout ----
[INFO] [stdout] 
[INFO] [stdout] thread 'tests::dts_resolver::extension_substitution_mjs_prefers_mts' (1920) panicked at src/tests/dts_resolver.rs:265:92:
[INFO] [stdout] called `Result::unwrap()` on an `Err` value: NotFound("./extension-substitution/priority.mjs")
[INFO] [stdout] stack backtrace:
[INFO] [stdout]    0:     0x582131de80f5 - <unknown>
[INFO] [stdout]    1:     0x582131d4670a - <unknown>
[INFO] [stdout]    2:     0x582131de778b - <unknown>
[INFO] [stdout]    3:     0x582131de726f - <unknown>
[INFO] [stdout]    4:     0x582131de6e9a - <unknown>
[INFO] [stdout]    5:     0x582131de69d2 - <unknown>
[INFO] [stdout]    6:     0x582131e0d951 - <unknown>
[INFO] [stdout]    7:     0x582131e0d909 - <unknown>
[INFO] [stdout]    8:     0x582131e0de1c - <unknown>
[INFO] [stdout]    9:     0x582131d4659b - <unknown>
[INFO] [stdout]   10:     0x582131d4ae51 - <unknown>
[INFO] [stdout]   11:     0x582131cdc46d - <unknown>
[INFO] [stdout]   12:     0x582131e2b54b - <unknown>
[INFO] [stdout]   13:     0x582131e26b5f - <unknown>
[INFO] [stdout]   14:     0x582131e265dc - <unknown>
[INFO] [stdout]   15:     0x582131e4146c - <unknown>
[INFO] [stdout]   16:     0x582131e0f422 - <unknown>
[INFO] [stdout]   17:     0x7af4c6083dfa - <unknown>
[INFO] [stdout]   18:     0x7af4c61173d4 - clone
[INFO] [stdout]   19:                0x0 - <unknown>
[INFO] [stdout] 
[INFO] [stdout] ---- tests::exports_field::exports_not_browser_field2 stdout ----
[INFO] [stdout] 
[INFO] [stdout] thread 'tests::exports_field::exports_not_browser_field2' (1944) panicked at src/tests/exports_field.rs:118:5:
[INFO] [stdout] assertion `left == right` failed
[INFO] [stdout]   left: Err(NotFound("exports-field/dist/main.js"))
[INFO] [stdout]  right: Ok("/opt/rustwide/workdir/fixtures/enhanced-resolve/test/fixtures/exports-field2/node_modules/exports-field/lib/browser.js")
[INFO] [stdout] stack backtrace:
[INFO] [stdout]    0:     0x582131de80f5 - <unknown>
[INFO] [stdout]    1:     0x582131d4670a - <unknown>
[INFO] [stdout]    2:     0x582131de778b - <unknown>
[INFO] [stdout]    3:     0x582131de726f - <unknown>
[INFO] [stdout]    4:     0x582131de6e9a - <unknown>
[INFO] [stdout]    5:     0x582131de69d2 - <unknown>
[INFO] [stdout]    6:     0x582131e0d951 - <unknown>
[INFO] [stdout]    7:     0x582131e0d909 - <unknown>
[INFO] [stdout]    8:     0x582131e0de1c - <unknown>
[INFO] [stdout]    9:     0x582131d4659b - <unknown>
[INFO] [stdout]   10:     0x582131d464be - <unknown>
[INFO] [stdout]   11:     0x582131b99117 - <unknown>
[INFO] [stdout]   12:     0x582131cf4515 - <unknown>
[INFO] [stdout]   13:     0x582131e2b54b - <unknown>
[INFO] [stdout]   14:     0x582131e26b5f - <unknown>
[INFO] [stdout]   15:     0x582131e265dc - <unknown>
[INFO] [stdout]   16:     0x582131e4146c - <unknown>
[INFO] [stdout]   17:     0x582131e0f422 - <unknown>
[INFO] [stdout]   18:     0x7af4c6083dfa - <unknown>
[INFO] [stdout]   19:     0x7af4c61173d4 - clone
[INFO] [stdout]   20:                0x0 - <unknown>
[INFO] [stdout] 
[INFO] [stdout] ---- tests::exports_field::extension_alias_1_2 stdout ----
[INFO] [stdout] 
[INFO] [stdout] thread 'tests::exports_field::extension_alias_1_2' (1945) panicked at src/tests/exports_field.rs:231:9:
[INFO] [stdout] assertion `left == right` failed: should resolve with the `extensionAlias` option "/opt/rustwide/workdir/fixtures/enhanced-resolve/test/fixtures/exports-field-and-extension-alias" @org/pkg/string.js
[INFO] [stdout]   left: Err(NotFound("@org/pkg/string.js"))
[INFO] [stdout]  right: Ok("/opt/rustwide/workdir/fixtures/enhanced-resolve/test/fixtures/exports-field-and-extension-alias/node_modules/@org/pkg/dist/string.js")
[INFO] [stdout] stack backtrace:
[INFO] [stdout]    0:     0x582131de80f5 - <unknown>
[INFO] [stdout]    1:     0x582131d4670a - <unknown>
[INFO] [stdout]    2:     0x582131de778b - <unknown>
[INFO] [stdout]    3:     0x582131de726f - <unknown>
[INFO] [stdout]    4:     0x582131de6e9a - <unknown>
[INFO] [stdout]    5:     0x582131de69d2 - <unknown>
[INFO] [stdout]    6:     0x582131e0d951 - <unknown>
[INFO] [stdout]    7:     0x582131e0d909 - <unknown>
[INFO] [stdout]    8:     0x582131e0de1c - <unknown>
[INFO] [stdout]    9:     0x582131d4659b - <unknown>
[INFO] [stdout]   10:     0x582131d4651d - <unknown>
[INFO] [stdout]   11:     0x582131b99117 - <unknown>
[INFO] [stdout]   12:     0x582131cf2efd - <unknown>
[INFO] [stdout]   13:     0x582131e2b54b - <unknown>
[INFO] [stdout]   14:     0x582131e26b5f - <unknown>
[INFO] [stdout]   15:     0x582131e265dc - <unknown>
[INFO] [stdout]   16:     0x582131e4146c - <unknown>
[INFO] [stdout]   17:     0x582131e0f422 - <unknown>
[INFO] [stdout]   18:     0x7af4c6083dfa - <unknown>
[INFO] [stdout]   19:     0x7af4c61173d4 - clone
[INFO] [stdout]   20:                0x0 - <unknown>
[INFO] [stdout] 
[INFO] [stdout] ---- tests::exports_field::extension_alias_3 stdout ----
[INFO] [stdout] 
[INFO] [stdout] thread 'tests::exports_field::extension_alias_3' (1946) panicked at src/tests/exports_field.rs:257:9:
[INFO] [stdout] assertion `left == right` failed: should resolve with the `extensionAlias` option #3 "/opt/rustwide/workdir/fixtures/enhanced-resolve/test/fixtures/exports-field-and-extension-alias" pkg/string.js
[INFO] [stdout]   left: Err(NotFound("pkg/string.js"))
[INFO] [stdout]  right: Ok("/opt/rustwide/workdir/fixtures/enhanced-resolve/test/fixtures/exports-field-and-extension-alias/node_modules/pkg/dist/string.js")
[INFO] [stdout] stack backtrace:
[INFO] [stdout]    0:     0x582131de80f5 - <unknown>
[INFO] [stdout]    1:     0x582131d4670a - <unknown>
[INFO] [stdout]    2:     0x582131de778b - <unknown>
[INFO] [stdout]    3:     0x582131de726f - <unknown>
[INFO] [stdout]    4:     0x582131de6e9a - <unknown>
[INFO] [stdout]    5:     0x582131de69d2 - <unknown>
[INFO] [stdout]    6:     0x582131e0d951 - <unknown>
[INFO] [stdout]    7:     0x582131e0d909 - <unknown>
[INFO] [stdout]    8:     0x582131e0de1c - <unknown>
[INFO] [stdout]    9:     0x582131d4659b - <unknown>
[INFO] [stdout]   10:     0x582131d4651d - <unknown>
[INFO] [stdout]   11:     0x582131b99117 - <unknown>
[INFO] [stdout]   12:     0x582131cf1be5 - <unknown>
[INFO] [stdout]   13:     0x582131e2b54b - <unknown>
[INFO] [stdout]   14:     0x582131e26b5f - <unknown>
[INFO] [stdout]   15:     0x582131e265dc - <unknown>
[INFO] [stdout]   16:     0x582131e4146c - <unknown>
[INFO] [stdout]   17:     0x582131e0f422 - <unknown>
[INFO] [stdout]   18:     0x7af4c6083dfa - <unknown>
[INFO] [stdout]   19:     0x7af4c61173d4 - clone
[INFO] [stdout]   20:                0x0 - <unknown>
[INFO] [stdout] 
[INFO] [stdout] ---- tests::exports_field::extension_alias_throw_error stdout ----
[INFO] [stdout] 
[INFO] [stdout] thread 'tests::exports_field::extension_alias_throw_error' (1947) panicked at src/tests/exports_field.rs:284:9:
[INFO] [stdout] assertion `left == right` failed: should throw error with the `extensionAlias` option "/opt/rustwide/workdir/fixtures/enhanced-resolve/test/fixtures/exports-field-and-extension-alias" pkg/string.js
[INFO] [stdout]   left: Err(NotFound("pkg/string.js"))
[INFO] [stdout]  right: Err(ExtensionAlias("string.js", "string.ts", "/opt/rustwide/workdir/fixtures/enhanced-resolve/test/fixtures/exports-field-and-extension-alias/node_modules/pkg/dist"))
[INFO] [stdout] stack backtrace:
[INFO] [stdout]    0:     0x582131de80f5 - <unknown>
[INFO] [stdout]    1:     0x582131d4670a - <unknown>
[INFO] [stdout]    2:     0x582131de778b - <unknown>
[INFO] [stdout]    3:     0x582131de726f - <unknown>
[INFO] [stdout]    4:     0x582131de6e9a - <unknown>
[INFO] [stdout]    5:     0x582131de69d2 - <unknown>
[INFO] [stdout]    6:     0x582131e0d951 - <unknown>
[INFO] [stdout]    7:     0x582131e0d909 - <unknown>
[INFO] [stdout]    8:     0x582131e0de1c - <unknown>
[INFO] [stdout]    9:     0x582131d4659b - <unknown>
[INFO] [stdout]   10:     0x582131d4651d - <unknown>
[INFO] [stdout]   11:     0x582131b9914b - <unknown>
[INFO] [stdout]   12:     0x582131cf51e9 - <unknown>
[INFO] [stdout]   13:     0x582131e2b54b - <unknown>
[INFO] [stdout]   14:     0x582131e26b5f - <unknown>
[INFO] [stdout]   15:     0x582131e265dc - <unknown>
[INFO] [stdout]   16:     0x582131e4146c - <unknown>
[INFO] [stdout]   17:     0x582131e0f422 - <unknown>
[INFO] [stdout]   18:     0x7af4c6083dfa - <unknown>
[INFO] [stdout]   19:     0x7af4c61173d4 - clone
[INFO] [stdout]   20:                0x0 - <unknown>
[INFO] [stdout] 
[INFO] [stdout] ---- tests::exports_field::extension_without_fully_specified stdout ----
[INFO] [stdout] 
[INFO] [stdout] thread 'tests::exports_field::extension_without_fully_specified' (1948) panicked at src/tests/exports_field.rs:134:5:
[INFO] [stdout] assertion `left == right` failed
[INFO] [stdout]   left: Err(NotFound("exports-field/dist/main"))
[INFO] [stdout]  right: Ok("/opt/rustwide/workdir/fixtures/enhanced-resolve/test/fixtures/exports-field2/node_modules/exports-field/lib/lib2/main.js")
[INFO] [stdout] stack backtrace:
[INFO] [stdout]    0:     0x582131de80f5 - <unknown>
[INFO] [stdout]    1:     0x582131d4670a - <unknown>
[INFO] [stdout]    2:     0x582131de778b - <unknown>
[INFO] [stdout]    3:     0x582131de726f - <unknown>
[INFO] [stdout]    4:     0x582131de6e9a - <unknown>
[INFO] [stdout]    5:     0x582131de69d2 - <unknown>
[INFO] [stdout]    6:     0x582131e0d951 - <unknown>
[INFO] [stdout]    7:     0x582131e0d909 - <unknown>
[INFO] [stdout]    8:     0x582131e0de1c - <unknown>
[INFO] [stdout]    9:     0x582131d4659b - <unknown>
[INFO] [stdout]   10:     0x582131d464be - <unknown>
[INFO] [stdout]   11:     0x582131b99117 - <unknown>
[INFO] [stdout]   12:     0x582131cf5c2d - <unknown>
[INFO] [stdout]   13:     0x582131e2b54b - <unknown>
[INFO] [stdout]   14:     0x582131e26b5f - <unknown>
[INFO] [stdout]   15:     0x582131e265dc - <unknown>
[INFO] [stdout]   16:     0x582131e4146c - <unknown>
[INFO] [stdout]   17:     0x582131e0f422 - <unknown>
[INFO] [stdout]   18:     0x7af4c6083dfa - <unknown>
[INFO] [stdout]   19:     0x7af4c61173d4 - clone
[INFO] [stdout]   20:                0x0 - <unknown>
[INFO] [stdout] 
[INFO] [stdout] ---- tests::exports_field::field_name_path stdout ----
[INFO] [stdout] 
[INFO] [stdout] thread 'tests::exports_field::field_name_path' (1949) panicked at src/tests/exports_field.rs:157:9:
[INFO] [stdout] assertion `left == right` failed
[INFO] [stdout]   left: Err(NotFound("exports-field"))
[INFO] [stdout]  right: Ok("/opt/rustwide/workdir/fixtures/enhanced-resolve/test/fixtures/exports-field3/node_modules/exports-field/main.js")
[INFO] [stdout] stack backtrace:
[INFO] [stdout]    0:     0x582131de80f5 - <unknown>
[INFO] [stdout]    1:     0x582131d4670a - <unknown>
[INFO] [stdout]    2:     0x582131de778b - <unknown>
[INFO] [stdout]    3:     0x582131de726f - <unknown>
[INFO] [stdout]    4:     0x582131de6e9a - <unknown>
[INFO] [stdout]    5:     0x582131de69d2 - <unknown>
[INFO] [stdout]    6:     0x582131e0d951 - <unknown>
[INFO] [stdout]    7:     0x582131e0d909 - <unknown>
[INFO] [stdout]    8:     0x582131e0de1c - <unknown>
[INFO] [stdout]    9:     0x582131d4659b - <unknown>
[INFO] [stdout]   10:     0x582131d464be - <unknown>
[INFO] [stdout]   11:     0x582131b99117 - <unknown>
[INFO] [stdout]   12:     0x582131c6d2c6 - <unknown>
[INFO] [stdout]   13:     0x582131cefca9 - <unknown>
[INFO] [stdout]   14:     0x582131e2b54b - <unknown>
[INFO] [stdout]   15:     0x582131e26b5f - <unknown>
[INFO] [stdout]   16:     0x582131e265dc - <unknown>
[INFO] [stdout]   17:     0x582131e4146c - <unknown>
[INFO] [stdout]   18:     0x582131e0f422 - <unknown>
[INFO] [stdout]   19:     0x7af4c6083dfa - <unknown>
[INFO] [stdout]   20:     0x7af4c61173d4 - clone
[INFO] [stdout]   21:                0x0 - <unknown>
[INFO] [stdout] 
[INFO] [stdout] ---- tests::exports_field::shared_resolvers stdout ----
[INFO] [stdout] 
[INFO] [stdout] thread 'tests::exports_field::shared_resolvers' (1950) panicked at src/tests/exports_field.rs:200:5:
[INFO] [stdout] assertion `left == right` failed
[INFO] [stdout]   left: Err(NotFound("exports-field"))
[INFO] [stdout]  right: Ok("/opt/rustwide/workdir/fixtures/enhanced-resolve/test/fixtures/exports-field3/node_modules/exports-field/main.js")
[INFO] [stdout] stack backtrace:
[INFO] [stdout]    0:     0x582131de80f5 - <unknown>
[INFO] [stdout]    1:     0x582131d4670a - <unknown>
[INFO] [stdout]    2:     0x582131de778b - <unknown>
[INFO] [stdout]    3:     0x582131de726f - <unknown>
[INFO] [stdout]    4:     0x582131de6e9a - <unknown>
[INFO] [stdout]    5:     0x582131de69d2 - <unknown>
[INFO] [stdout]    6:     0x582131e0d951 - <unknown>
[INFO] [stdout]    7:     0x582131e0d909 - <unknown>
[INFO] [stdout]    8:     0x582131e0de1c - <unknown>
[INFO] [stdout]    9:     0x582131d4659b - <unknown>
[INFO] [stdout]   10:     0x582131d464be - <unknown>
[INFO] [stdout]   11:     0x582131b99117 - <unknown>
[INFO] [stdout]   12:     0x582131cf0cdf - <unknown>
[INFO] [stdout]   13:     0x582131e2b54b - <unknown>
[INFO] [stdout]   14:     0x582131e26b5f - <unknown>
[INFO] [stdout]   15:     0x582131e265dc - <unknown>
[INFO] [stdout]   16:     0x582131e4146c - <unknown>
[INFO] [stdout]   17:     0x582131e0f422 - <unknown>
[INFO] [stdout]   18:     0x7af4c6083dfa - <unknown>
[INFO] [stdout]   19:     0x7af4c61173d4 - clone
[INFO] [stdout]   20:                0x0 - <unknown>
[INFO] [stdout] 
[INFO] [stdout] ---- tests::exports_field::test_simple stdout ----
[INFO] [stdout] 
[INFO] [stdout] thread 'tests::exports_field::test_simple' (1952) panicked at src/tests/exports_field.rs:61:9:
[INFO] [stdout] assertion `left == right` failed: resolve root using exports field, not a main field "/opt/rustwide/workdir/fixtures/enhanced-resolve/test/fixtures/exports-field" exports-field
[INFO] [stdout]   left: Err(NotFound("exports-field"))
[INFO] [stdout]  right: Ok("/opt/rustwide/workdir/fixtures/enhanced-resolve/test/fixtures/exports-field/node_modules/exports-field/x.js")
[INFO] [stdout] stack backtrace:
[INFO] [stdout]    0:     0x582131de80f5 - <unknown>
[INFO] [stdout]    1:     0x582131d4670a - <unknown>
[INFO] [stdout]    2:     0x582131de778b - <unknown>
[INFO] [stdout]    3:     0x582131de726f - <unknown>
[INFO] [stdout]    4:     0x582131de6e9a - <unknown>
[INFO] [stdout]    5:     0x582131de69d2 - <unknown>
[INFO] [stdout]    6:     0x582131e0d951 - <unknown>
[INFO] [stdout]    7:     0x582131e0d909 - <unknown>
[INFO] [stdout]    8:     0x582131e0de1c - <unknown>
[INFO] [stdout]    9:     0x582131d4659b - <unknown>
[INFO] [stdout]   10:     0x582131d4651d - <unknown>
[INFO] [stdout]   11:     0x582131b99117 - <unknown>
[INFO] [stdout]   12:     0x582131c69c3f - <unknown>
[INFO] [stdout]   13:     0x582131cefc89 - <unknown>
[INFO] [stdout]   14:     0x582131e2b54b - <unknown>
[INFO] [stdout]   15:     0x582131e26b5f - <unknown>
[INFO] [stdout]   16:     0x582131e265dc - <unknown>
[INFO] [stdout]   17:     0x582131e4146c - <unknown>
[INFO] [stdout]   18:     0x582131e0f422 - <unknown>
[INFO] [stdout]   19:     0x7af4c6083dfa - <unknown>
[INFO] [stdout]   20:     0x7af4c61173d4 - clone
[INFO] [stdout]   21:                0x0 - <unknown>
[INFO] [stdout] 
[INFO] [stdout] ---- tests::extension_alias::extension_alias stdout ----
[INFO] [stdout] 
[INFO] [stdout] thread 'tests::extension_alias::extension_alias' (1953) panicked at src/tests/extension_alias.rs:29:9:
[INFO] [stdout] assertion `left == right` failed: should alias fully specified file "/opt/rustwide/workdir/fixtures/enhanced-resolve/test/fixtures/extension-alias" ./index.js
[INFO] [stdout]   left: Err(NotFound("./index.js"))
[INFO] [stdout]  right: Ok("/opt/rustwide/workdir/fixtures/enhanced-resolve/test/fixtures/extension-alias/index.ts")
[INFO] [stdout] stack backtrace:
[INFO] [stdout]    0:     0x582131de80f5 - <unknown>
[INFO] [stdout]    1:     0x582131d4670a - <unknown>
[INFO] [stdout]    2:     0x582131de778b - <unknown>
[INFO] [stdout]    3:     0x582131de726f - <unknown>
[INFO] [stdout]    4:     0x582131de6e9a - <unknown>
[INFO] [stdout]    5:     0x582131de69d2 - <unknown>
[INFO] [stdout]    6:     0x582131e0d951 - <unknown>
[INFO] [stdout]    7:     0x582131e0d909 - <unknown>
[INFO] [stdout]    8:     0x582131e0de1c - <unknown>
[INFO] [stdout]    9:     0x582131d4659b - <unknown>
[INFO] [stdout]   10:     0x582131d4651d - <unknown>
[INFO] [stdout]   11:     0x582131b99117 - <unknown>
[INFO] [stdout]   12:     0x582131d05f90 - <unknown>
[INFO] [stdout]   13:     0x582131e2b54b - <unknown>
[INFO] [stdout]   14:     0x582131e26b5f - <unknown>
[INFO] [stdout]   15:     0x582131e265dc - <unknown>
[INFO] [stdout]   16:     0x582131e4146c - <unknown>
[INFO] [stdout]   17:     0x582131e0f422 - <unknown>
[INFO] [stdout]   18:     0x7af4c6083dfa - <unknown>
[INFO] [stdout]   19:     0x7af4c61173d4 - clone
[INFO] [stdout]   20:                0x0 - <unknown>
[INFO] [stdout] 
[INFO] [stdout] ---- tests::extension_alias::not_apply_to_extension_nor_main_files stdout ----
[INFO] [stdout] 
[INFO] [stdout] thread 'tests::extension_alias::not_apply_to_extension_nor_main_files' (1954) panicked at src/tests/extension_alias.rs:74:9:
[INFO] [stdout] assertion `left == right` failed: directory "/opt/rustwide/workdir/fixtures/enhanced-resolve/test/fixtures/extension-alias" ./dir2
[INFO] [stdout]   left: Err(NotFound("./dir2"))
[INFO] [stdout]  right: Ok("/opt/rustwide/workdir/fixtures/enhanced-resolve/test/fixtures/extension-alias/dir2/index.js")
[INFO] [stdout] stack backtrace:
[INFO] [stdout]    0:     0x582131de80f5 - <unknown>
[INFO] [stdout]    1:     0x582131d4670a - <unknown>
[INFO] [stdout]    2:     0x582131de778b - <unknown>
[INFO] [stdout]    3:     0x582131de726f - <unknown>
[INFO] [stdout]    4:     0x582131de6e9a - <unknown>
[INFO] [stdout]    5:     0x582131de69d2 - <unknown>
[INFO] [stdout]    6:     0x582131e0d951 - <unknown>
[INFO] [stdout]    7:     0x582131e0d909 - <unknown>
[INFO] [stdout]    8:     0x582131e0de1c - <unknown>
[INFO] [stdout]    9:     0x582131d4659b - <unknown>
[INFO] [stdout]   10:     0x582131d4651d - <unknown>
[INFO] [stdout]   11:     0x582131b99117 - <unknown>
[INFO] [stdout]   12:     0x582131d07496 - <unknown>
[INFO] [stdout]   13:     0x582131e2b54b - <unknown>
[INFO] [stdout]   14:     0x582131e26b5f - <unknown>
[INFO] [stdout]   15:     0x582131e265dc - <unknown>
[INFO] [stdout]   16:     0x582131e4146c - <unknown>
[INFO] [stdout]   17:     0x582131e0f422 - <unknown>
[INFO] [stdout]   18:     0x7af4c6083dfa - <unknown>
[INFO] [stdout]   19:     0x7af4c61173d4 - clone
[INFO] [stdout]   20:                0x0 - <unknown>
[INFO] [stdout] 
[INFO] [stdout] ---- tests::extensions::default_enforce_extension stdout ----
[INFO] [stdout] 
[INFO] [stdout] thread 'tests::extensions::default_enforce_extension' (1955) panicked at src/tests/extensions.rs:56:5:
[INFO] [stdout] assertion `left == right` failed
[INFO] [stdout]   left: Err(NotFound("./foo"))
[INFO] [stdout]  right: Ok("/opt/rustwide/workdir/fixtures/enhanced-resolve/test/fixtures/extensions/foo.ts")
[INFO] [stdout] stack backtrace:
[INFO] [stdout]    0:     0x582131de80f5 - <unknown>
[INFO] [stdout]    1:     0x582131d4670a - <unknown>
[INFO] [stdout]    2:     0x582131de778b - <unknown>
[INFO] [stdout]    3:     0x582131de726f - <unknown>
[INFO] [stdout]    4:     0x582131de6e9a - <unknown>
[INFO] [stdout]    5:     0x582131de69d2 - <unknown>
[INFO] [stdout]    6:     0x582131e0d951 - <unknown>
[INFO] [stdout]    7:     0x582131e0d909 - <unknown>
[INFO] [stdout]    8:     0x582131e0de1c - <unknown>
[INFO] [stdout]    9:     0x582131d4659b - <unknown>
[INFO] [stdout]   10:     0x582131d464be - <unknown>
[INFO] [stdout]   11:     0x582131b99117 - <unknown>
[INFO] [stdout]   12:     0x582131cce5ce - <unknown>
[INFO] [stdout]   13:     0x582131e2b54b - <unknown>
[INFO] [stdout]   14:     0x582131e26b5f - <unknown>
[INFO] [stdout]   15:     0x582131e265dc - <unknown>
[INFO] [stdout]   16:     0x582131e4146c - <unknown>
[INFO] [stdout]   17:     0x582131e0f422 - <unknown>
[INFO] [stdout]   18:     0x7af4c6083dfa - <unknown>
[INFO] [stdout]   19:     0x7af4c61173d4 - clone
[INFO] [stdout]   20:                0x0 - <unknown>
[INFO] [stdout] 
[INFO] [stdout] ---- tests::extensions::extension_combinations stdout ----
[INFO] [stdout] 
[INFO] [stdout] thread 'tests::extensions::extension_combinations' (1956) panicked at src/tests/extensions.rs:147:9:
[INFO] [stdout] assertion `left == right` failed: should resolve file with explicit extension ./foo.ts foo.ts
[INFO] [stdout]   left: Err(NotFound("./foo.ts"))
[INFO] [stdout]  right: Ok("/opt/rustwide/workdir/fixtures/enhanced-resolve/test/fixtures/extensions/foo.ts")
[INFO] [stdout] stack backtrace:
[INFO] [stdout]    0:     0x582131de80f5 - <unknown>
[INFO] [stdout]    1:     0x582131d4670a - <unknown>
[INFO] [stdout]    2:     0x582131de778b - <unknown>
[INFO] [stdout]    3:     0x582131de726f - <unknown>
[INFO] [stdout]    4:     0x582131de6e9a - <unknown>
[INFO] [stdout]    5:     0x582131de69d2 - <unknown>
[INFO] [stdout]    6:     0x582131e0d951 - <unknown>
[INFO] [stdout]    7:     0x582131e0d909 - <unknown>
[INFO] [stdout]    8:     0x582131e0de1c - <unknown>
[INFO] [stdout]    9:     0x582131d4659b - <unknown>
[INFO] [stdout]   10:     0x582131d4651d - <unknown>
[INFO] [stdout]   11:     0x582131b99117 - <unknown>
[INFO] [stdout]   12:     0x582131ccdb81 - <unknown>
[INFO] [stdout]   13:     0x582131e2b54b - <unknown>
[INFO] [stdout]   14:     0x582131e26b5f - <unknown>
[INFO] [stdout]   15:     0x582131e265dc - <unknown>
[INFO] [stdout]   16:     0x582131e4146c - <unknown>
[INFO] [stdout]   17:     0x582131e0f422 - <unknown>
[INFO] [stdout]   18:     0x7af4c6083dfa - <unknown>
[INFO] [stdout]   19:     0x7af4c61173d4 - clone
[INFO] [stdout]   20:                0x0 - <unknown>
[INFO] [stdout] 
[INFO] [stdout] ---- tests::extensions::extensions stdout ----
[INFO] [stdout] 
[INFO] [stdout] thread 'tests::extensions::extensions' (1957) panicked at src/tests/extensions.rs:29:9:
[INFO] [stdout] assertion `left == right` failed: should resolve according to order of provided extensions ./foo foo.ts
[INFO] [stdout]   left: Err(NotFound("./foo"))
[INFO] [stdout]  right: Ok("/opt/rustwide/workdir/fixtures/enhanced-resolve/test/fixtures/extensions/foo.ts")
[INFO] [stdout] stack backtrace:
[INFO] [stdout]    0:     0x582131de80f5 - <unknown>
[INFO] [stdout]    1:     0x582131d4670a - <unknown>
[INFO] [stdout]    2:     0x582131de778b - <unknown>
[INFO] [stdout]    3:     0x582131de726f - <unknown>
[INFO] [stdout]    4:     0x582131de6e9a - <unknown>
[INFO] [stdout]    5:     0x582131de69d2 - <unknown>
[INFO] [stdout]    6:     0x582131e0d951 - <unknown>
[INFO] [stdout]    7:     0x582131e0d909 - <unknown>
[INFO] [stdout]    8:     0x582131e0de1c - <unknown>
[INFO] [stdout]    9:     0x582131d4659b - <unknown>
[INFO] [stdout]   10:     0x582131d4651d - <unknown>
[INFO] [stdout]   11:     0x582131b99117 - <unknown>
[INFO] [stdout]   12:     0x582131ccb494 - <unknown>
[INFO] [stdout]   13:     0x582131e2b54b - <unknown>
[INFO] [stdout]   14:     0x582131e26b5f - <unknown>
[INFO] [stdout]   15:     0x582131e265dc - <unknown>
[INFO] [stdout]   16:     0x582131e4146c - <unknown>
[INFO] [stdout]   17:     0x582131e0f422 - <unknown>
[INFO] [stdout]   18:     0x7af4c6083dfa - <unknown>
[INFO] [stdout]   19:     0x7af4c61173d4 - clone
[INFO] [stdout]   20:                0x0 - <unknown>
[INFO] [stdout] 
[INFO] [stdout] ---- tests::extensions::multi_dot_extension stdout ----
[INFO] [stdout] 
[INFO] [stdout] thread 'tests::extensions::multi_dot_extension' (1958) panicked at src/tests/extensions.rs:106:9:
[INFO] [stdout] assertion `left == right` failed: should resolve according to order of provided extensions ./foo foo.ts
[INFO] [stdout]   left: Err(NotFound("./foo"))
[INFO] [stdout]  right: Ok("/opt/rustwide/workdir/fixtures/enhanced-resolve/test/fixtures/extensions/foo.ts")
[INFO] [stdout] stack backtrace:
[INFO] [stdout]    0:     0x582131de80f5 - <unknown>
[INFO] [stdout]    1:     0x582131d4670a - <unknown>
[INFO] [stdout]    2:     0x582131de778b - <unknown>
[INFO] [stdout]    3:     0x582131de726f - <unknown>
[INFO] [stdout]    4:     0x582131de6e9a - <unknown>
[INFO] [stdout]    5:     0x582131de69d2 - <unknown>
[INFO] [stdout]    6:     0x582131e0d951 - <unknown>
[INFO] [stdout]    7:     0x582131e0d909 - <unknown>
[INFO] [stdout]    8:     0x582131e0de1c - <unknown>
[INFO] [stdout]    9:     0x582131d4659b - <unknown>
[INFO] [stdout]   10:     0x582131d4651d - <unknown>
[INFO] [stdout]   11:     0x582131b99117 - <unknown>
[INFO] [stdout]   12:     0x582131ccc85f - <unknown>
[INFO] [stdout]   13:     0x582131e2b54b - <unknown>
[INFO] [stdout]   14:     0x582131e26b5f - <unknown>
[INFO] [stdout]   15:     0x582131e265dc - <unknown>
[INFO] [stdout]   16:     0x582131e4146c - <unknown>
[INFO] [stdout]   17:     0x582131e0f422 - <unknown>
[INFO] [stdout]   18:     0x7af4c6083dfa - <unknown>
[INFO] [stdout]   19:     0x7af4c61173d4 - clone
[INFO] [stdout]   20:                0x0 - <unknown>
[INFO] [stdout] 
[INFO] [stdout] ---- tests::extensions::respect_enforce_extension stdout ----
[INFO] [stdout] 
[INFO] [stdout] thread 'tests::extensions::respect_enforce_extension' (1959) panicked at src/tests/extensions.rs:77:5:
[INFO] [stdout] assertion `left == right` failed
[INFO] [stdout]   left: Err(NotFound("./foo"))
[INFO] [stdout]  right: Ok("/opt/rustwide/workdir/fixtures/enhanced-resolve/test/fixtures/extensions/foo.ts")
[INFO] [stdout] stack backtrace:
[INFO] [stdout]    0:     0x582131de80f5 - <unknown>
[INFO] [stdout]    1:     0x582131d4670a - <unknown>
[INFO] [stdout]    2:     0x582131de778b - <unknown>
[INFO] [stdout]    3:     0x582131de726f - <unknown>
[INFO] [stdout]    4:     0x582131de6e9a - <unknown>
[INFO] [stdout]    5:     0x582131de69d2 - <unknown>
[INFO] [stdout]    6:     0x582131e0d951 - <unknown>
[INFO] [stdout]    7:     0x582131e0d909 - <unknown>
[INFO] [stdout]    8:     0x582131e0de1c - <unknown>
[INFO] [stdout]    9:     0x582131d4659b - <unknown>
[INFO] [stdout]   10:     0x582131d464be - <unknown>
[INFO] [stdout]   11:     0x582131b99117 - <unknown>
[INFO] [stdout]   12:     0x582131ccf1ce - <unknown>
[INFO] [stdout]   13:     0x582131e2b54b - <unknown>
[INFO] [stdout]   14:     0x582131e26b5f - <unknown>
[INFO] [stdout]   15:     0x582131e265dc - <unknown>
[INFO] [stdout]   16:     0x582131e4146c - <unknown>
[INFO] [stdout]   17:     0x582131e0f422 - <unknown>
[INFO] [stdout]   18:     0x7af4c6083dfa - <unknown>
[INFO] [stdout]   19:     0x7af4c61173d4 - clone
[INFO] [stdout]   20:                0x0 - <unknown>
[INFO] [stdout] 
[INFO] [stdout] ---- tests::extensions::without_leading_dot stdout ----
[INFO] [stdout] note: test did not panic as expected at src/tests/extensions.rs:123:4
[INFO] [stdout] ---- tests::imports_field::shared_resolvers stdout ----
[INFO] [stdout] 
[INFO] [stdout] thread 'tests::imports_field::shared_resolvers' (1964) panicked at src/tests/imports_field.rs:74:5:
[INFO] [stdout] assertion `left == right` failed
[INFO] [stdout]   left: Err(NotFound("#imports-field"))
[INFO] [stdout]  right: Ok("/opt/rustwide/workdir/fixtures/enhanced-resolve/test/fixtures/imports-field/b.js")
[INFO] [stdout] stack backtrace:
[INFO] [stdout]    0:     0x582131de80f5 - <unknown>
[INFO] [stdout]    1:     0x582131d4670a - <unknown>
[INFO] [stdout]    2:     0x582131de778b - <unknown>
[INFO] [stdout]    3:     0x582131de726f - <unknown>
[INFO] [stdout]    4:     0x582131de6e9a - <unknown>
[INFO] [stdout]    5:     0x582131de69d2 - <unknown>
[INFO] [stdout]    6:     0x582131e0d951 - <unknown>
[INFO] [stdout]    7:     0x582131e0d909 - <unknown>
[INFO] [stdout]    8:     0x582131e0de1c - <unknown>
[INFO] [stdout]    9:     0x582131d4659b - <unknown>
[INFO] [stdout]   10:     0x582131d464be - <unknown>
[INFO] [stdout]   11:     0x582131b99117 - <unknown>
[INFO] [stdout]   12:     0x582131cf991a - <unknown>
[INFO] [stdout]   13:     0x582131e2b54b - <unknown>
[INFO] [stdout]   14:     0x582131e26b5f - <unknown>
[INFO] [stdout]   15:     0x582131e265dc - <unknown>
[INFO] [stdout]   16:     0x582131e4146c - <unknown>
[INFO] [stdout]   17:     0x582131e0f422 - <unknown>
[INFO] [stdout]   18:     0x7af4c6083dfa - <unknown>
[INFO] [stdout]   19:     0x7af4c61173d4 - clone
[INFO] [stdout]   20:                0x0 - <unknown>
[INFO] [stdout] 
[INFO] [stdout] ---- tests::imports_field::test_simple stdout ----
[INFO] [stdout] 
[INFO] [stdout] thread 'tests::imports_field::test_simple' (1966) panicked at src/tests/imports_field.rs:40:9:
[INFO] [stdout] assertion `left == right` failed: should resolve using imports field instead of self-referencing "/opt/rustwide/workdir/fixtures/enhanced-resolve/test/fixtures/imports-field" #imports-field
[INFO] [stdout]   left: Err(NotFound("#imports-field"))
[INFO] [stdout]  right: Ok("/opt/rustwide/workdir/fixtures/enhanced-resolve/test/fixtures/imports-field/b.js")
[INFO] [stdout] stack backtrace:
[INFO] [stdout]    0:     0x582131de80f5 - <unknown>
[INFO] [stdout]    1:     0x582131d4670a - <unknown>
[INFO] [stdout]    2:     0x582131de778b - <unknown>
[INFO] [stdout]    3:     0x582131de726f - <unknown>
[INFO] [stdout]    4:     0x582131de6e9a - <unknown>
[INFO] [stdout]    5:     0x582131de69d2 - <unknown>
[INFO] [stdout]    6:     0x582131e0d951 - <unknown>
[INFO] [stdout]    7:     0x582131e0d909 - <unknown>
[INFO] [stdout]    8:     0x582131e0de1c - <unknown>
[INFO] [stdout]    9:     0x582131d4659b - <unknown>
[INFO] [stdout]   10:     0x582131d4651d - <unknown>
[INFO] [stdout]   11:     0x582131b99117 - <unknown>
[INFO] [stdout]   12:     0x582131cf8078 - <unknown>
[INFO] [stdout]   13:     0x582131e2b54b - <unknown>
[INFO] [stdout]   14:     0x582131e26b5f - <unknown>
[INFO] [stdout]   15:     0x582131e265dc - <unknown>
[INFO] [stdout]   16:     0x582131e4146c - <unknown>
[INFO] [stdout]   17:     0x582131e0f422 - <unknown>
[INFO] [stdout]   18:     0x7af4c6083dfa - <unknown>
[INFO] [stdout]   19:     0x7af4c61173d4 - clone
[INFO] [stdout]   20:                0x0 - <unknown>
[INFO] [stdout] 
[INFO] [stdout] ---- tests::incorrect_description_file::incorrect_description_file_1 stdout ----
[INFO] [stdout] 
[INFO] [stdout] thread 'tests::incorrect_description_file::incorrect_description_file_1' (1967) panicked at src/tests/incorrect_description_file.rs:21:14:
[INFO] [stdout] must be a json error.
[INFO] [stdout] stack backtrace:
[INFO] [stdout]    0:     0x582131de80f5 - <unknown>
[INFO] [stdout]    1:     0x582131d4670a - <unknown>
[INFO] [stdout]    2:     0x582131de778b - <unknown>
[INFO] [stdout]    3:     0x582131de726f - <unknown>
[INFO] [stdout]    4:     0x582131de6e9a - <unknown>
[INFO] [stdout]    5:     0x582131de69d2 - <unknown>
[INFO] [stdout]    6:     0x582131e0d982 - <unknown>
[INFO] [stdout]    7:     0x582131e0d909 - <unknown>
[INFO] [stdout]    8:     0x582131e0de1c - <unknown>
[INFO] [stdout]    9:     0x582131d4659b - <unknown>
[INFO] [stdout]   10:     0x582131d14123 - <unknown>
[INFO] [stdout]   11:     0x582131e2b54b - <unknown>
[INFO] [stdout]   12:     0x582131e26b5f - <unknown>
[INFO] [stdout]   13:     0x582131e265dc - <unknown>
[INFO] [stdout]   14:     0x582131e4146c - <unknown>
[INFO] [stdout]   15:     0x582131e0f422 - <unknown>
[INFO] [stdout]   16:     0x7af4c6083dfa - <unknown>
[INFO] [stdout]   17:     0x7af4c61173d4 - clone
[INFO] [stdout]   18:                0x0 - <unknown>
[INFO] [stdout] 
[INFO] [stdout] ---- tests::incorrect_description_file::incorrect_description_file_2 stdout ----
[INFO] [stdout] 
[INFO] [stdout] thread 'tests::incorrect_description_file::incorrect_description_file_2' (1968) panicked at src/tests/incorrect_description_file.rs:38:5:
[INFO] [stdout] assertion `left == right` failed
[INFO] [stdout]   left: Err(NotFound("."))
[INFO] [stdout]  right: Err(Json(JSONError { path: "/opt/rustwide/workdir/fixtures/enhanced-resolve/test/fixtures/incorrect-package/pack2/package.json", message: "File is empty", line: 0, column: 0 }))
[INFO] [stdout] stack backtrace:
[INFO] [stdout]    0:     0x582131de80f5 - <unknown>
[INFO] [stdout]    1:     0x582131d4670a - <unknown>
[INFO] [stdout]    2:     0x582131de778b - <unknown>
[INFO] [stdout]    3:     0x582131de726f - <unknown>
[INFO] [stdout]    4:     0x582131de6e9a - <unknown>
[INFO] [stdout]    5:     0x582131de69d2 - <unknown>
[INFO] [stdout]    6:     0x582131e0d951 - <unknown>
[INFO] [stdout]    7:     0x582131e0d909 - <unknown>
[INFO] [stdout]    8:     0x582131e0de1c - <unknown>
[INFO] [stdout]    9:     0x582131d4659b - <unknown>
[INFO] [stdout]   10:     0x582131d464be - <unknown>
[INFO] [stdout]   11:     0x582131b9914b - <unknown>
[INFO] [stdout]   12:     0x582131d14600 - <unknown>
[INFO] [stdout]   13:     0x582131e2b54b - <unknown>
[INFO] [stdout]   14:     0x582131e26b5f - <unknown>
[INFO] [stdout]   15:     0x582131e265dc - <unknown>
[INFO] [stdout]   16:     0x582131e4146c - <unknown>
[INFO] [stdout]   17:     0x582131e0f422 - <unknown>
[INFO] [stdout]   18:     0x7af4c6083dfa - <unknown>
[INFO] [stdout]   19:     0x7af4c61173d4 - clone
[INFO] [stdout]   20:                0x0 - <unknown>
[INFO] [stdout] 
[INFO] [stdout] ---- tests::main_field::test stdout ----
[INFO] [stdout] 
[INFO] [stdout] thread 'tests::main_field::test' (1970) panicked at src/tests/main_field.rs:15:5:
[INFO] [stdout] assertion `left == right` failed
[INFO] [stdout]   left: Err(NotFound("pck2"))
[INFO] [stdout]  right: Ok("/opt/rustwide/workdir/fixtures/enhanced-resolve/test/fixtures/restrictions/node_modules/pck2/index.css")
[INFO] [stdout] stack backtrace:
[INFO] [stdout]    0:     0x582131de80f5 - <unknown>
[INFO] [stdout]    1:     0x582131d4670a - <unknown>
[INFO] [stdout]    2:     0x582131de778b - <unknown>
[INFO] [stdout]    3:     0x582131de726f - <unknown>
[INFO] [stdout]    4:     0x582131de6e9a - <unknown>
[INFO] [stdout]    5:     0x582131de69d2 - <unknown>
[INFO] [stdout]    6:     0x582131e0d951 - <unknown>
[INFO] [stdout]    7:     0x582131e0d909 - <unknown>
[INFO] [stdout]    8:     0x582131e0de1c - <unknown>
[INFO] [stdout]    9:     0x582131d4659b - <unknown>
[INFO] [stdout]   10:     0x582131d464be - <unknown>
[INFO] [stdout]   11:     0x582131b99117 - <unknown>
[INFO] [stdout]   12:     0x582131cd0bdf - <unknown>
[INFO] [stdout]   13:     0x582131e2b54b - <unknown>
[INFO] [stdout]   14:     0x582131e26b5f - <unknown>
[INFO] [stdout]   15:     0x582131e265dc - <unknown>
[INFO] [stdout]   16:     0x582131e4146c - <unknown>
[INFO] [stdout]   17:     0x582131e0f422 - <unknown>
[INFO] [stdout]   18:     0x7af4c6083dfa - <unknown>
[INFO] [stdout]   19:     0x7af4c61173d4 - clone
[INFO] [stdout]   20:                0x0 - <unknown>
[INFO] [stdout] 
[INFO] [stdout] ---- tests::main_field::test_fallback stdout ----
[INFO] [stdout] 
[INFO] [stdout] thread 'tests::main_field::test_fallback' (1971) panicked at src/tests/main_field.rs:37:5:
[INFO] [stdout] assertion `left == right` failed
[INFO] [stdout]   left: Err(NotFound("main_field_fallback"))
[INFO] [stdout]  right: Ok("/opt/rustwide/workdir/fixtures/invalid/node_modules/main_field_fallback/exist.js")
[INFO] [stdout] stack backtrace:
[INFO] [stdout]    0:     0x582131de80f5 - <unknown>
[INFO] [stdout]    1:     0x582131d4670a - <unknown>
[INFO] [stdout]    2:     0x582131de778b - <unknown>
[INFO] [stdout]    3:     0x582131de726f - <unknown>
[INFO] [stdout]    4:     0x582131de6e9a - <unknown>
[INFO] [stdout]    5:     0x582131de69d2 - <unknown>
[INFO] [stdout]    6:     0x582131e0d951 - <unknown>
[INFO] [stdout]    7:     0x582131e0d909 - <unknown>
[INFO] [stdout]    8:     0x582131e0de1c - <unknown>
[INFO] [stdout]    9:     0x582131d4659b - <unknown>
[INFO] [stdout]   10:     0x582131d464be - <unknown>
[INFO] [stdout]   11:     0x582131b99117 - <unknown>
[INFO] [stdout]   12:     0x582131ccfcaf - <unknown>
[INFO] [stdout]   13:     0x582131e2b54b - <unknown>
[INFO] [stdout]   14:     0x582131e26b5f - <unknown>
[INFO] [stdout]   15:     0x582131e265dc - <unknown>
[INFO] [stdout]   16:     0x582131e4146c - <unknown>
[INFO] [stdout]   17:     0x582131e0f422 - <unknown>
[INFO] [stdout]   18:     0x7af4c6083dfa - <unknown>
[INFO] [stdout]   19:     0x7af4c61173d4 - clone
[INFO] [stdout]   20:                0x0 - <unknown>
[INFO] [stdout] 
[INFO] [stdout] ---- tests::memory_leak::test_memory_leak_arc_cycles stdout ----
[INFO] [stdout] 
[INFO] [stdout] thread 'tests::memory_leak::test_memory_leak_arc_cycles' (1974) panicked at src/tests/memory_leak.rs:14:49:
[INFO] [stdout] called `Result::unwrap()` on an `Err` value: NotFound("package-json-nested")
[INFO] [stdout] stack backtrace:
[INFO] [stdout]    0:     0x582131de80f5 - <unknown>
[INFO] [stdout]    1:     0x582131d4670a - <unknown>
[INFO] [stdout]    2:     0x582131de778b - <unknown>
[INFO] [stdout]    3:     0x582131de726f - <unknown>
[INFO] [stdout]    4:     0x582131de6e9a - <unknown>
[INFO] [stdout]    5:     0x582131de69d2 - <unknown>
[INFO] [stdout]    6:     0x582131e0d951 - <unknown>
[INFO] [stdout]    7:     0x582131e0d909 - <unknown>
[INFO] [stdout]    8:     0x582131e0de1c - <unknown>
[INFO] [stdout]    9:     0x582131d4659b - <unknown>
[INFO] [stdout]   10:     0x582131d4ae51 - <unknown>
[INFO] [stdout]   11:     0x582131cd1640 - <unknown>
[INFO] [stdout]   12:     0x582131e2b54b - <unknown>
[INFO] [stdout]   13:     0x582131e26b5f - <unknown>
[INFO] [stdout]   14:     0x582131e265dc - <unknown>
[INFO] [stdout]   15:     0x582131e4146c - <unknown>
[INFO] [stdout]   16:     0x582131e0f422 - <unknown>
[INFO] [stdout]   17:     0x7af4c6083dfa - <unknown>
[INFO] [stdout]   18:     0x7af4c61173d4 - clone
[INFO] [stdout]   19:                0x0 - <unknown>
[INFO] [stdout] 
[INFO] [stdout] ---- tests::module_type::module_type_disabled stdout ----
[INFO] [stdout] 
[INFO] [stdout] thread 'tests::module_type::module_type_disabled' (1977) panicked at src/tests/module_type.rs:54:57:
[INFO] [stdout] called `Result::unwrap()` on an `Err` value: NotFound("./file.cjs")
[INFO] [stdout] stack backtrace:
[INFO] [stdout]    0:     0x582131de80f5 - <unknown>
[INFO] [stdout]    1:     0x582131d4670a - <unknown>
[INFO] [stdout]    2:     0x582131de778b - <unknown>
[INFO] [stdout]    3:     0x582131de726f - <unknown>
[INFO] [stdout]    4:     0x582131de6e9a - <unknown>
[INFO] [stdout]    5:     0x582131de69d2 - <unknown>
[INFO] [stdout]    6:     0x582131e0d951 - <unknown>
[INFO] [stdout]    7:     0x582131e0d909 - <unknown>
[INFO] [stdout]    8:     0x582131e0de1c - <unknown>
[INFO] [stdout]    9:     0x582131d4659b - <unknown>
[INFO] [stdout]   10:     0x582131d4ae51 - <unknown>
[INFO] [stdout]   11:     0x582131cd2ee7 - <unknown>
[INFO] [stdout]   12:     0x582131e2b54b - <unknown>
[INFO] [stdout]   13:     0x582131e26b5f - <unknown>
[INFO] [stdout]   14:     0x582131e265dc - <unknown>
[INFO] [stdout]   15:     0x582131e4146c - <unknown>
[INFO] [stdout]   16:     0x582131e0f422 - <unknown>
[INFO] [stdout]   17:     0x7af4c6083dfa - <unknown>
[INFO] [stdout]   18:     0x7af4c61173d4 - clone
[INFO] [stdout]   19:                0x0 - <unknown>
[INFO] [stdout] 
[INFO] [stdout] ---- tests::missing::test stdout ----
[INFO] [stdout] 
[INFO] [stdout] thread 'tests::missing::test' (1976) panicked at src/tests/missing.rs:60:13:
[INFO] [stdout] missing-module: "/opt/rustwide/workdir/fixtures/enhanced-resolve/test/fixtures/node_modules/missing-module" not in {"/opt/rustwide/node_modules", "/package.json", "/opt/rustwide/workdir/package.json", "/opt/node_modules", "/opt/rustwide/workdir/fixtures", "/opt/rustwide/package.json", "/opt/rustwide/workdir/fixtures/enhanced-resolve", "/opt/package.json", "/opt/rustwide/workdir/fixtures/enhanced-resolve/test/fixtures", "/opt/rustwide/workdir/fixtures/enhanced-resolve/test", "/node_modules", "/opt/rustwide/workdir/node_modules"}
[INFO] [stdout] stack backtrace:
[INFO] [stdout]    0:     0x582131de80f5 - <unknown>
[INFO] [stdout]    1:     0x582131d4670a - <unknown>
[INFO] [stdout]    2:     0x582131de778b - <unknown>
[INFO] [stdout]    3:     0x582131de726f - <unknown>
[INFO] [stdout]    4:     0x582131de6e9a - <unknown>
[INFO] [stdout]    5:     0x582131de69d2 - <unknown>
[INFO] [stdout]    6:     0x582131e0d951 - <unknown>
[INFO] [stdout]    7:     0x582131e0d909 - <unknown>
[INFO] [stdout]    8:     0x582131e0de1c - <unknown>
[INFO] [stdout]    9:     0x582131d4659b - <unknown>
[INFO] [stdout]   10:     0x582131d27c21 - <unknown>
[INFO] [stdout]   11:     0x582131e2b54b - <unknown>
[INFO] [stdout]   12:     0x582131e26b5f - <unknown>
[INFO] [stdout]   13:     0x582131e265dc - <unknown>
[INFO] [stdout]   14:     0x582131e4146c - <unknown>
[INFO] [stdout]   15:     0x582131e0f422 - <unknown>
[INFO] [stdout]   16:     0x7af4c6083dfa - <unknown>
[INFO] [stdout]   17:     0x7af4c61173d4 - clone
[INFO] [stdout]   18:                0x0 - <unknown>
[INFO] [stdout] 
[INFO] [stdout] ---- tests::module_type::nested_package_json_type stdout ----
[INFO] [stdout] 
[INFO] [stdout] thread 'tests::module_type::nested_package_json_type' (1978) panicked at src/tests/module_type.rs:41:68:
[INFO] [stdout] called `Result::unwrap()` on an `Err` value: NotFound("./nested-type/file.js")
[INFO] [stdout] stack backtrace:
[INFO] [stdout]    0:     0x582131de80f5 - <unknown>
[INFO] [stdout]    1:     0x582131d4670a - <unknown>
[INFO] [stdout]    2:     0x582131de778b - <unknown>
[INFO] [stdout]    3:     0x582131de726f - <unknown>
[INFO] [stdout]    4:     0x582131de6e9a - <unknown>
[INFO] [stdout]    5:     0x582131de69d2 - <unknown>
[INFO] [stdout]    6:     0x582131e0d951 - <unknown>
[INFO] [stdout]    7:     0x582131e0d909 - <unknown>
[INFO] [stdout]    8:     0x582131e0de1c - <unknown>
[INFO] [stdout]    9:     0x582131d4659b - <unknown>
[INFO] [stdout]   10:     0x582131d4ae51 - <unknown>
[INFO] [stdout]   11:     0x582131cd3605 - <unknown>
[INFO] [stdout]   12:     0x582131e2b54b - <unknown>
[INFO] [stdout]   13:     0x582131e26b5f - <unknown>
[INFO] [stdout]   14:     0x582131e265dc - <unknown>
[INFO] [stdout]   15:     0x582131e4146c - <unknown>
[INFO] [stdout]   16:     0x582131e0f422 - <unknown>
[INFO] [stdout]   17:     0x7af4c6083dfa - <unknown>
[INFO] [stdout]   18:     0x7af4c61173d4 - clone
[INFO] [stdout]   19:                0x0 - <unknown>
[INFO] [stdout] 
[INFO] [stdout] ---- tests::module_type::test stdout ----
[INFO] [stdout] 
[INFO] [stdout] thread 'tests::module_type::test' (1979) panicked at src/tests/module_type.rs:23:53:
[INFO] [stdout] called `Result::unwrap()` on an `Err` value: NotFound("./file.cjs")
[INFO] [stdout] stack backtrace:
[INFO] [stdout]    0:     0x582131de80f5 - <unknown>
[INFO] [stdout]    1:     0x582131d4670a - <unknown>
[INFO] [stdout]    2:     0x582131de778b - <unknown>
[INFO] [stdout]    3:     0x582131de726f - <unknown>
[INFO] [stdout]    4:     0x582131de6e9a - <unknown>
[INFO] [stdout]    5:     0x582131de69d2 - <unknown>
[INFO] [stdout]    6:     0x582131e0d951 - <unknown>
[INFO] [stdout]    7:     0x582131e0d909 - <unknown>
[INFO] [stdout]    8:     0x582131e0de1c - <unknown>
[INFO] [stdout]    9:     0x582131d4659b - <unknown>
[INFO] [stdout]   10:     0x582131d4ae51 - <unknown>
[INFO] [stdout]   11:     0x582131cd47e2 - <unknown>
[INFO] [stdout]   12:     0x582131e2b54b - <unknown>
[INFO] [stdout]   13:     0x582131e26b5f - <unknown>
[INFO] [stdout]   14:     0x582131e265dc - <unknown>
[INFO] [stdout]   15:     0x582131e4146c - <unknown>
[INFO] [stdout]   16:     0x582131e0f422 - <unknown>
[INFO] [stdout]   17:     0x7af4c6083dfa - <unknown>
[INFO] [stdout]   18:     0x7af4c61173d4 - clone
[INFO] [stdout]   19:                0x0 - <unknown>
[INFO] [stdout] 
[INFO] [stdout] ---- tests::package_json::adjacent_to_node_modules stdout ----
[INFO] [stdout] 
[INFO] [stdout] thread 'tests::package_json::adjacent_to_node_modules' (1985) panicked at src/tests/package_json.rs:43:57:
[INFO] [stdout] called `Result::unwrap()` on an `Err` value: NotFound("./index.js")
[INFO] [stdout] stack backtrace:
[INFO] [stdout]    0:     0x582131de80f5 - <unknown>
[INFO] [stdout]    1:     0x582131d4670a - <unknown>
[INFO] [stdout]    2:     0x582131de778b - <unknown>
[INFO] [stdout]    3:     0x582131de726f - <unknown>
[INFO] [stdout]    4:     0x582131de6e9a - <unknown>
[INFO] [stdout]    5:     0x582131de69d2 - <unknown>
[INFO] [stdout]    6:     0x582131e0d951 - <unknown>
[INFO] [stdout]    7:     0x582131e0d909 - <unknown>
[INFO] [stdout]    8:     0x582131e0de1c - <unknown>
[INFO] [stdout]    9:     0x582131d4659b - <unknown>
[INFO] [stdout]   10:     0x582131d4ae51 - <unknown>
[INFO] [stdout]   11:     0x582131cdceb8 - <unknown>
[INFO] [stdout]   12:     0x582131e2b54b - <unknown>
[INFO] [stdout]   13:     0x582131e26b5f - <unknown>
[INFO] [stdout]   14:     0x582131e265dc - <unknown>
[INFO] [stdout]   15:     0x582131e4146c - <unknown>
[INFO] [stdout]   16:     0x582131e0f422 - <unknown>
[INFO] [stdout]   17:     0x7af4c6083dfa - <unknown>
[INFO] [stdout]   18:     0x7af4c61173d4 - clone
[INFO] [stdout]   19:                0x0 - <unknown>
[INFO] [stdout] 
[INFO] [stdout] ---- tests::package_json::package_json_with_symlinks_true stdout ----
[INFO] [stdout] 
[INFO] [stdout] thread 'tests::package_json::package_json_with_symlinks_true' (1986) panicked at src/tests/package_json.rs:61:57:
[INFO] [stdout] called `Result::unwrap()` on an `Err` value: NotFound("./index.js")
[INFO] [stdout] stack backtrace:
[INFO] [stdout]    0:     0x582131de80f5 - <unknown>
[INFO] [stdout]    1:     0x582131d4670a - <unknown>
[INFO] [stdout]    2:     0x582131de778b - <unknown>
[INFO] [stdout]    3:     0x582131de726f - <unknown>
[INFO] [stdout]    4:     0x582131de6e9a - <unknown>
[INFO] [stdout]    5:     0x582131de69d2 - <unknown>
[INFO] [stdout]    6:     0x582131e0d951 - <unknown>
[INFO] [stdout]    7:     0x582131e0d909 - <unknown>
[INFO] [stdout]    8:     0x582131e0de1c - <unknown>
[INFO] [stdout]    9:     0x582131d4659b - <unknown>
[INFO] [stdout]   10:     0x582131d4ae51 - <unknown>
[INFO] [stdout]   11:     0x582131cde057 - <unknown>
[INFO] [stdout]   12:     0x582131e2b54b - <unknown>
[INFO] [stdout]   13:     0x582131e26b5f - <unknown>
[INFO] [stdout]   14:     0x582131e265dc - <unknown>
[INFO] [stdout]   15:     0x582131e4146c - <unknown>
[INFO] [stdout]   16:     0x582131e0f422 - <unknown>
[INFO] [stdout]   17:     0x7af4c6083dfa - <unknown>
[INFO] [stdout]   18:     0x7af4c61173d4 - clone
[INFO] [stdout]   19:                0x0 - <unknown>
[INFO] [stdout] 
[INFO] [stdout] ---- tests::package_json::test stdout ----
[INFO] [stdout] 
[INFO] [stdout] thread 'tests::package_json::test' (1987) panicked at src/tests/package_json.rs:25:9:
[INFO] [stdout] assertion `left == right` failed: "/opt/rustwide/workdir/fixtures/integration/misc" package-json-nested
[INFO] [stdout]   left: None
[INFO] [stdout]  right: Some("/opt/rustwide/workdir/fixtures/integration/misc/node_modules/package-json-nested/package.json")
[INFO] [stdout] stack backtrace:
[INFO] [stdout]    0:     0x582131de80f5 - <unknown>
[INFO] [stdout]    1:     0x582131d4670a - <unknown>
[INFO] [stdout]    2:     0x582131de778b - <unknown>
[INFO] [stdout]    3:     0x582131de726f - <unknown>
[INFO] [stdout]    4:     0x582131de6e9a - <unknown>
[INFO] [stdout]    5:     0x582131de69d2 - <unknown>
[INFO] [stdout]    6:     0x582131e0d951 - <unknown>
[INFO] [stdout]    7:     0x582131e0d909 - <unknown>
[INFO] [stdout]    8:     0x582131e0de1c - <unknown>
[INFO] [stdout]    9:     0x582131d4659b - <unknown>
[INFO] [stdout]   10:     0x582131d4651d - <unknown>
[INFO] [stdout]   11:     0x582131b99040 - <unknown>
[INFO] [stdout]   12:     0x582131cdec2f - <unknown>
[INFO] [stdout]   13:     0x582131e2b54b - <unknown>
[INFO] [stdout]   14:     0x582131e26b5f - <unknown>
[INFO] [stdout]   15:     0x582131e265dc - <unknown>
[INFO] [stdout]   16:     0x582131e4146c - <unknown>
[INFO] [stdout]   17:     0x582131e0f422 - <unknown>
[INFO] [stdout]   18:     0x7af4c6083dfa - <unknown>
[INFO] [stdout]   19:     0x7af4c61173d4 - clone
[INFO] [stdout]   20:                0x0 - <unknown>
[INFO] [stdout] 
[INFO] [stdout] ---- tests::resolve::abnormal_relative stdout ----
[INFO] [stdout] 
[INFO] [stdout] thread 'tests::resolve::abnormal_relative' (1990) panicked at src/tests/resolve.rs:247:85:
[INFO] [stdout] called `Result::unwrap()` on an `Err` value: NotFound("jest-runner-../../..")
[INFO] [stdout] stack backtrace:
[INFO] [stdout]    0:     0x582131de80f5 - <unknown>
[INFO] [stdout]    1:     0x582131d4670a - <unknown>
[INFO] [stdout]    2:     0x582131de778b - <unknown>
[INFO] [stdout]    3:     0x582131de726f - <unknown>
[INFO] [stdout]    4:     0x582131de6e9a - <unknown>
[INFO] [stdout]    5:     0x582131de69d2 - <unknown>
[INFO] [stdout]    6:     0x582131e0d951 - <unknown>
[INFO] [stdout]    7:     0x582131e0d909 - <unknown>
[INFO] [stdout]    8:     0x582131e0de1c - <unknown>
[INFO] [stdout]    9:     0x582131d4659b - <unknown>
[INFO] [stdout]   10:     0x582131d4ae51 - <unknown>
[INFO] [stdout]   11:     0x582131d2ce05 - <unknown>
[INFO] [stdout]   12:     0x582131e2b54b - <unknown>
[INFO] [stdout]   13:     0x582131e26b5f - <unknown>
[INFO] [stdout]   14:     0x582131e265dc - <unknown>
[INFO] [stdout]   15:     0x582131e4146c - <unknown>
[INFO] [stdout]   16:     0x582131e0f422 - <unknown>
[INFO] [stdout]   17:     0x7af4c6083dfa - <unknown>
[INFO] [stdout]   18:     0x7af4c61173d4 - clone
[INFO] [stdout]   19:                0x0 - <unknown>
[INFO] [stdout] 
[INFO] [stdout] ---- tests::resolve::no_prefer_relative_uses_node_modules stdout ----
[INFO] [stdout] 
[INFO] [stdout] thread 'tests::resolve::no_prefer_relative_uses_node_modules' (1992) panicked at src/tests/resolve.rs:124:5:
[INFO] [stdout] assertion `left == right` failed
[INFO] [stdout]   left: Err(NotFound("main1"))
[INFO] [stdout]  right: Ok("/opt/rustwide/workdir/fixtures/enhanced-resolve/test/fixtures/prefer-relative/node_modules/main1/index.js")
[INFO] [stdout] stack backtrace:
[INFO] [stdout]    0:     0x582131de80f5 - <unknown>
[INFO] [stdout]    1:     0x582131d4670a - <unknown>
[INFO] [stdout]    2:     0x582131de778b - <unknown>
[INFO] [stdout]    3:     0x582131de726f - <unknown>
[INFO] [stdout]    4:     0x582131de6e9a - <unknown>
[INFO] [stdout]    5:     0x582131de69d2 - <unknown>
[INFO] [stdout]    6:     0x582131e0d951 - <unknown>
[INFO] [stdout]    7:     0x582131e0d909 - <unknown>
[INFO] [stdout]    8:     0x582131e0de1c - <unknown>
[INFO] [stdout]    9:     0x582131d4659b - <unknown>
[INFO] [stdout]   10:     0x582131d464be - <unknown>
[INFO] [stdout]   11:     0x582131b99117 - <unknown>
[INFO] [stdout]   12:     0x582131d2f8ad - <unknown>
[INFO] [stdout]   13:     0x582131e2b54b - <unknown>
[INFO] [stdout]   14:     0x582131e26b5f - <unknown>
[INFO] [stdout]   15:     0x582131e265dc - <unknown>
[INFO] [stdout]   16:     0x582131e4146c - <unknown>
[INFO] [stdout]   17:     0x582131e0f422 - <unknown>
[INFO] [stdout]   18:     0x7af4c6083dfa - <unknown>
[INFO] [stdout]   19:     0x7af4c61173d4 - clone
[INFO] [stdout]   20:                0x0 - <unknown>
[INFO] [stdout] 
[INFO] [stdout] ---- tests::resolve::prefer_relative stdout ----
[INFO] [stdout] 
[INFO] [stdout] thread 'tests::resolve::prefer_relative' (1993) panicked at src/tests/resolve.rs:104:9:
[INFO] [stdout] assertion `left == right` failed: should correctly resolve with preferRelative 1 main1.js
[INFO] [stdout]   left: Err(NotFound("main1.js"))
[INFO] [stdout]  right: Ok("/opt/rustwide/workdir/fixtures/enhanced-resolve/test/fixtures/main1.js")
[INFO] [stdout] stack backtrace:
[INFO] [stdout]    0:     0x582131de80f5 - <unknown>
[INFO] [stdout]    1:     0x582131d4670a - <unknown>
[INFO] [stdout]    2:     0x582131de778b - <unknown>
[INFO] [stdout]    3:     0x582131de726f - <unknown>
[INFO] [stdout]    4:     0x582131de6e9a - <unknown>
[INFO] [stdout]    5:     0x582131de69d2 - <unknown>
[INFO] [stdout]    6:     0x582131e0d951 - <unknown>
[INFO] [stdout]    7:     0x582131e0d909 - <unknown>
[INFO] [stdout]    8:     0x582131e0de1c - <unknown>
[INFO] [stdout]    9:     0x582131d4659b - <unknown>
[INFO] [stdout]   10:     0x582131d4651d - <unknown>
[INFO] [stdout]   11:     0x582131b99117 - <unknown>
[INFO] [stdout]   12:     0x582131d2a9f2 - <unknown>
[INFO] [stdout]   13:     0x582131e2b54b - <unknown>
[INFO] [stdout]   14:     0x582131e26b5f - <unknown>
[INFO] [stdout]   15:     0x582131e265dc - <unknown>
[INFO] [stdout]   16:     0x582131e4146c - <unknown>
[INFO] [stdout]   17:     0x582131e0f422 - <unknown>
[INFO] [stdout]   18:     0x7af4c6083dfa - <unknown>
[INFO] [stdout]   19:     0x7af4c61173d4 - clone
[INFO] [stdout]   20:                0x0 - <unknown>
[INFO] [stdout] 
[INFO] [stdout] ---- tests::resolve::prefer_relative_local_over_node_modules stdout ----
[INFO] [stdout] 
[INFO] [stdout] thread 'tests::resolve::prefer_relative_local_over_node_modules' (1994) panicked at src/tests/resolve.rs:115:5:
[INFO] [stdout] assertion `left == right` failed
[INFO] [stdout]   left: Err(NotFound("main1.js"))
[INFO] [stdout]  right: Ok("/opt/rustwide/workdir/fixtures/enhanced-resolve/test/fixtures/prefer-relative/main1.js")
[INFO] [stdout] stack backtrace:
[INFO] [stdout]    0:     0x582131de80f5 - <unknown>
[INFO] [stdout]    1:     0x582131d4670a - <unknown>
[INFO] [stdout]    2:     0x582131de778b - <unknown>
[INFO] [stdout]    3:     0x582131de726f - <unknown>
[INFO] [stdout]    4:     0x582131de6e9a - <unknown>
[INFO] [stdout]    5:     0x582131de69d2 - <unknown>
[INFO] [stdout]    6:     0x582131e0d951 - <unknown>
[INFO] [stdout]    7:     0x582131e0d909 - <unknown>
[INFO] [stdout]    8:     0x582131e0de1c - <unknown>
[INFO] [stdout]    9:     0x582131d4659b - <unknown>
[INFO] [stdout]   10:     0x582131d464be - <unknown>
[INFO] [stdout]   11:     0x582131b99117 - <unknown>
[INFO] [stdout]   12:     0x582131d3040d - <unknown>
[INFO] [stdout]   13:     0x582131e2b54b - <unknown>
[INFO] [stdout]   14:     0x582131e26b5f - <unknown>
[INFO] [stdout]   15:     0x582131e265dc - <unknown>
[INFO] [stdout]   16:     0x582131e4146c - <unknown>
[INFO] [stdout]   17:     0x582131e0f422 - <unknown>
[INFO] [stdout]   18:     0x7af4c6083dfa - <unknown>
[INFO] [stdout]   19:     0x7af4c61173d4 - clone
[INFO] [stdout]   20:                0x0 - <unknown>
[INFO] [stdout] 
[INFO] [stdout] ---- tests::resolve::resolve_dot stdout ----
[INFO] [stdout] 
[INFO] [stdout] thread 'tests::resolve::resolve_dot' (1996) panicked at src/tests/resolve.rs:200:9:
[INFO] [stdout] assertion `left == right` failed: dot dir "/opt/rustwide/workdir/fixtures/integration/dot/foo" .
[INFO] [stdout]   left: Err(NotFound("."))
[INFO] [stdout]  right: Ok("/opt/rustwide/workdir/fixtures/integration/dot/foo/index.js")
[INFO] [stdout] stack backtrace:
[INFO] [stdout]    0:     0x582131de80f5 - <unknown>
[INFO] [stdout]    1:     0x582131d4670a - <unknown>
[INFO] [stdout]    2:     0x582131de778b - <unknown>
[INFO] [stdout]    3:     0x582131de726f - <unknown>
[INFO] [stdout]    4:     0x582131de6e9a - <unknown>
[INFO] [stdout]    5:     0x582131de69d2 - <unknown>
[INFO] [stdout]    6:     0x582131e0d951 - <unknown>
[INFO] [stdout]    7:     0x582131e0d909 - <unknown>
[INFO] [stdout]    8:     0x582131e0de1c - <unknown>
[INFO] [stdout]    9:     0x582131d4659b - <unknown>
[INFO] [stdout]   10:     0x582131d4651d - <unknown>
[INFO] [stdout]   11:     0x582131b99117 - <unknown>
[INFO] [stdout]   12:     0x582131d29ac6 - <unknown>
[INFO] [stdout]   13:     0x582131e2b54b - <unknown>
[INFO] [stdout]   14:     0x582131e26b5f - <unknown>
[INFO] [stdout]   15:     0x582131e265dc - <unknown>
[INFO] [stdout]   16:     0x582131e4146c - <unknown>
[INFO] [stdout]   17:     0x582131e0f422 - <unknown>
[INFO] [stdout]   18:     0x7af4c6083dfa - <unknown>
[INFO] [stdout]   19:     0x7af4c61173d4 - clone
[INFO] [stdout]   20:                0x0 - <unknown>
[INFO] [stdout] 
[INFO] [stdout] ---- tests::resolve::issue238_resolve stdout ----
[INFO] [stdout] 
[INFO] [stdout] thread 'tests::resolve::issue238_resolve' (1991) panicked at src/tests/resolve.rs:86:5:
[INFO] [stdout] assertion `left == right` failed
[INFO] [stdout]   left: Err(NotFound("config/myObjectFile"))
[INFO] [stdout]  right: Ok("/opt/rustwide/workdir/fixtures/enhanced-resolve/test/fixtures/issue-238/src/common/config/myObjectFile.js")
[INFO] [stdout] stack backtrace:
[INFO] [stdout]    0:     0x582131de80f5 - <unknown>
[INFO] [stdout]    1:     0x582131d4670a - <unknown>
[INFO] [stdout]    2:     0x582131de778b - <unknown>
[INFO] [stdout]    3:     0x582131de726f - <unknown>
[INFO] [stdout]    4:     0x582131de6e9a - <unknown>
[INFO] [stdout]    5:     0x582131de69d2 - <unknown>
[INFO] [stdout]    6:     0x582131e0d951 - <unknown>
[INFO] [stdout]    7:     0x582131e0d909 - <unknown>
[INFO] [stdout]    8:     0x582131e0de1c - <unknown>
[INFO] [stdout]    9:     0x582131d4659b - <unknown>
[INFO] [stdout]   10:     0x582131d464be - <unknown>
[INFO] [stdout]   11:     0x582131b99117 - <unknown>
[INFO] [stdout]   12:     0x582131d2b3d3 - <unknown>
[INFO] [stdout]   13:     0x582131e2b54b - <unknown>
[INFO] [stdout]   14:     0x582131e26b5f - <unknown>
[INFO] [stdout]   15:     0x582131e265dc - <unknown>
[INFO] [stdout]   16:     0x582131e4146c - <unknown>
[INFO] [stdout]   17:     0x582131e0f422 - <unknown>
[INFO] [stdout]   18:     0x7af4c6083dfa - <unknown>
[INFO] [stdout]   19:     0x7af4c61173d4 - clone
[INFO] [stdout]   20:                0x0 - <unknown>
[INFO] [stdout] 
[INFO] [stdout] ---- tests::resolve::symlink_with_nested_node_modules stdout ----
[INFO] [stdout] 
[INFO] [stdout] thread 'tests::resolve::symlink_with_nested_node_modules' (2001) panicked at src/tests/resolve.rs:222:5:
[INFO] [stdout] assertion `left == right` failed
[INFO] [stdout]   left: Err(NotFound("dep"))
[INFO] [stdout]  right: Ok("/opt/rustwide/workdir/fixtures/symlink-with-nested-node_modules/foo/node_modules/dep/index.js")
[INFO] [stdout] stack backtrace:
[INFO] [stdout]    0:     0x582131de80f5 - <unknown>
[INFO] [stdout]    1:     0x582131d4670a - <unknown>
[INFO] [stdout]    2:     0x582131de778b - <unknown>
[INFO] [stdout]    3:     0x582131de726f - <unknown>
[INFO] [stdout]    4:     0x582131de6e9a - <unknown>
[INFO] [stdout]    5:     0x582131de69d2 - <unknown>
[INFO] [stdout]    6:     0x582131e0d951 - <unknown>
[INFO] [stdout]    7:     0x582131e0d909 - <unknown>
[INFO] [stdout]    8:     0x582131e0de1c - <unknown>
[INFO] [stdout]    9:     0x582131d4659b - <unknown>
[INFO] [stdout]   10:     0x582131d464be - <unknown>
[INFO] [stdout]   11:     0x582131b99117 - <unknown>
[INFO] [stdout]   12:     0x582131d2f37d - <unknown>
[INFO] [stdout]   13:     0x582131e2b54b - <unknown>
[INFO] [stdout]   14:     0x582131e26b5f - <unknown>
[INFO] [stdout]   15:     0x582131e265dc - <unknown>
[INFO] [stdout]   16:     0x582131e4146c - <unknown>
[INFO] [stdout]   17:     0x582131e0f422 - <unknown>
[INFO] [stdout]   18:     0x7af4c6083dfa - <unknown>
[INFO] [stdout]   19:     0x7af4c61173d4 - clone
[INFO] [stdout]   20:                0x0 - <unknown>
[INFO] [stdout] 
[INFO] [stdout] ---- tests::resolve::resolve_to_context stdout ----
[INFO] [stdout] 
[INFO] [stdout] thread 'tests::resolve::resolve_to_context' (2000) panicked at src/tests/resolve.rs:143:9:
[INFO] [stdout] assertion `left == right` failed: context for fixtures "/opt/rustwide/workdir/fixtures/enhanced-resolve/test/fixtures" ./
[INFO] [stdout]   left: Err(NotFound("./"))
[INFO] [stdout]  right: Ok("/opt/rustwide/workdir/fixtures/enhanced-resolve/test/fixtures")
[INFO] [stdout] stack backtrace:
[INFO] [stdout]    0:     0x582131de80f5 - <unknown>
[INFO] [stdout]    1:     0x582131d4670a - <unknown>
[INFO] [stdout]    2:     0x582131de778b - <unknown>
[INFO] [stdout]    3:     0x582131de726f - <unknown>
[INFO] [stdout]    4:     0x582131de6e9a - <unknown>
[INFO] [stdout]    5:     0x582131de69d2 - <unknown>
[INFO] [stdout]    6:     0x582131e0d951 - <unknown>
[INFO] [stdout]    7:     0x582131e0d909 - <unknown>
[INFO] [stdout]    8:     0x582131e0de1c - <unknown>
[INFO] [stdout]    9:     0x582131d4659b - <unknown>
[INFO] [stdout]   10:     0x582131d4651d - <unknown>
[INFO] [stdout]   11:     0x582131b99117 - <unknown>
[INFO] [stdout]   12:     0x582131d2e4c7 - <unknown>
[INFO] [stdout]   13:     0x582131e2b54b - <unknown>
[INFO] [stdout]   14:     0x582131e26b5f - <unknown>
[INFO] [stdout]   15:     0x582131e265dc - <unknown>
[INFO] [stdout]   16:     0x582131e4146c - <unknown>
[INFO] [stdout]   17:     0x582131e0f422 - <unknown>
[INFO] [stdout]   18:     0x7af4c6083dfa - <unknown>
[INFO] [stdout]   19:     0x7af4c61173d4 - clone
[INFO] [stdout]   20:                0x0 - <unknown>
[INFO] [stdout] 
[INFO] [stdout] ---- tests::restrictions::should_check_restrictions_in_extension_alias stdout ----
[INFO] [stdout] 
[INFO] [stdout] thread 'tests::restrictions::should_check_restrictions_in_extension_alias' (2005) panicked at src/tests/restrictions.rs:174:5:
[INFO] [stdout] assertion `left == right` failed
[INFO] [stdout]   left: Err(NotFound("./index.js"))
[INFO] [stdout]  right: Ok("/opt/rustwide/workdir/fixtures/enhanced-resolve/test/fixtures/extension-alias/index.js")
[INFO] [stdout] stack backtrace:
[INFO] [stdout]    0:     0x582131de80f5 - <unknown>
[INFO] [stdout]    1:     0x582131d4670a - <unknown>
[INFO] [stdout]    2:     0x582131de778b - <unknown>
[INFO] [stdout]    3:     0x582131de726f - <unknown>
[INFO] [stdout]    4:     0x582131de6e9a - <unknown>
[INFO] [stdout]    5:     0x582131de69d2 - <unknown>
[INFO] [stdout]    6:     0x582131e0d951 - <unknown>
[INFO] [stdout]    7:     0x582131e0d909 - <unknown>
[INFO] [stdout]    8:     0x582131e0de1c - <unknown>
[INFO] [stdout]    9:     0x582131d4659b - <unknown>
[INFO] [stdout]   10:     0x582131d464be - <unknown>
[INFO] [stdout]   11:     0x582131b99117 - <unknown>
[INFO] [stdout]   12:     0x582131ce57ba - <unknown>
[INFO] [stdout]   13:     0x582131e2b54b - <unknown>
[INFO] [stdout]   14:     0x582131e26b5f - <unknown>
[INFO] [stdout]   15:     0x582131e265dc - <unknown>
[INFO] [stdout]   16:     0x582131e4146c - <unknown>
[INFO] [stdout]   17:     0x582131e0f422 - <unknown>
[INFO] [stdout]   18:     0x7af4c6083dfa - <unknown>
[INFO] [stdout]   19:     0x7af4c61173d4 - clone
[INFO] [stdout]   20:                0x0 - <unknown>
[INFO] [stdout] 
[INFO] [stdout] ---- tests::restrictions::should_allow_exact_path_in_restriction stdout ----
[INFO] [stdout] 
[INFO] [stdout] thread 'tests::restrictions::should_allow_exact_path_in_restriction' (2002) panicked at src/tests/restrictions.rs:268:5:
[INFO] [stdout] assertion `left == right` failed
[INFO] [stdout]   left: Err(NotFound("pck1"))
[INFO] [stdout]  right: Ok("/opt/rustwide/workdir/fixtures/enhanced-resolve/test/fixtures/restrictions/node_modules/pck1/index.css")
[INFO] [stdout] stack backtrace:
[INFO] [stdout]    0:     0x582131de80f5 - <unknown>
[INFO] [stdout]    1:     0x582131d4670a - <unknown>
[INFO] [stdout]    2:     0x582131de778b - <unknown>
[INFO] [stdout]    3:     0x582131de726f - <unknown>
[INFO] [stdout]    4:     0x582131de6e9a - <unknown>
[INFO] [stdout]    5:     0x582131de69d2 - <unknown>
[INFO] [stdout]    6:     0x582131e0d951 - <unknown>
[INFO] [stdout]    7:     0x582131e0d909 - <unknown>
[INFO] [stdout]    8:     0x582131e0de1c - <unknown>
[INFO] [stdout]    9:     0x582131d4659b - <unknown>
[INFO] [stdout]   10:     0x582131d464be - <unknown>
[INFO] [stdout]   11:     0x582131b99117 - <unknown>
[INFO] [stdout]   12:     0x582131ce42b1 - <unknown>
[INFO] [stdout]   13:     0x582131e2b54b - <unknown>
[INFO] [stdout]   14:     0x582131e26b5f - <unknown>
[INFO] [stdout]   15:     0x582131e265dc - <unknown>
[INFO] [stdout]   16:     0x582131e4146c - <unknown>
[INFO] [stdout]   17:     0x582131e0f422 - <unknown>
[INFO] [stdout]   18:     0x7af4c6083dfa - <unknown>
[INFO] [stdout]   19:     0x7af4c61173d4 - clone
[INFO] [stdout]   20:                0x0 - <unknown>
[INFO] [stdout] 
[INFO] [stdout] ---- tests::resolve::resolve stdout ----
[INFO] [stdout] 
[INFO] [stdout] thread 'tests::resolve::resolve' (1995) panicked at src/tests/resolve.rs:72:9:
[INFO] [stdout] assertion `left == right` failed: absolute path "/opt/rustwide/workdir/fixtures/enhanced-resolve/test/fixtures" /opt/rustwide/workdir/fixtures/enhanced-resolve/test/fixtures/main1.js
[INFO] [stdout]   left: None
[INFO] [stdout]  right: Some("/opt/rustwide/workdir/fixtures/enhanced-resolve/test/fixtures/main1.js")
[INFO] [stdout] stack backtrace:
[INFO] [stdout]    0:     0x582131de80f5 - <unknown>
[INFO] [stdout]    1:     0x582131d4670a - <unknown>
[INFO] [stdout]    2:     0x582131de778b - <unknown>
[INFO] [stdout]    3:     0x582131de726f - <unknown>
[INFO] [stdout]    4:     0x582131de6e9a - <unknown>
[INFO] [stdout]    5:     0x582131de69d2 - <unknown>
[INFO] [stdout]    6:     0x582131e0d951 - <unknown>
[INFO] [stdout]    7:     0x582131e0d909 - <unknown>
[INFO] [stdout]    8:     0x582131e0de1c - <unknown>
[INFO] [stdout]    9:     0x582131d4659b - <unknown>
[INFO] [stdout]   10:     0x582131d4651d - <unknown>
[INFO] [stdout]   11:     0x582131b98fd8 - <unknown>
[INFO] [stdout]   12:     0x582131cab47e - <unknown>
[INFO] [stdout]   13:     0x582131d304d9 - <unknown>
[INFO] [stdout]   14:     0x582131e2b54b - <unknown>
[INFO] [stdout]   15:     0x582131e26b5f - <unknown>
[INFO] [stdout]   16:     0x582131e265dc - <unknown>
[INFO] [stdout]   17:     0x582131e4146c - <unknown>
[INFO] [stdout]   18:     0x582131e0f422 - <unknown>
[INFO] [stdout]   19:     0x7af4c6083dfa - <unknown>
[INFO] [stdout]   20:     0x7af4c61173d4 - clone
[INFO] [stdout]   21:                0x0 - <unknown>
[INFO] [stdout] 
[INFO] [stdout] ---- tests::resolve::resolve_edge_cases stdout ----
[INFO] [stdout] 
[INFO] [stdout] thread 'tests::resolve::resolve_edge_cases' (1997) panicked at src/tests/resolve.rs:165:9:
[INFO] [stdout] assertion `left == right` failed: resolve with multiple dots "/opt/rustwide/workdir/fixtures/enhanced-resolve/test/fixtures" ./a/../main1.js
[INFO] [stdout]   left: Err(NotFound("./a/../main1.js"))
[INFO] [stdout]  right: Ok("/opt/rustwide/workdir/fixtures/enhanced-resolve/test/fixtures/main1.js")
[INFO] [stdout] stack backtrace:
[INFO] [stdout]    0:     0x582131de80f5 - <unknown>
[INFO] [stdout]    1:     0x582131d4670a - <unknown>
[INFO] [stdout]    2:     0x582131de778b - <unknown>
[INFO] [stdout]    3:     0x582131de726f - <unknown>
[INFO] [stdout]    4:     0x582131de6e9a - <unknown>
[INFO] [stdout]    5:     0x582131de69d2 - <unknown>
[INFO] [stdout]    6:     0x582131e0d951 - <unknown>
[INFO] [stdout]    7:     0x582131e0d909 - <unknown>
[INFO] [stdout]    8:     0x582131e0de1c - <unknown>
[INFO] [stdout]    9:     0x582131d4659b - <unknown>
[INFO] [stdout]   10:     0x582131d4651d - <unknown>
[INFO] [stdout]   11:     0x582131b99117 - <unknown>
[INFO] [stdout]   12:     0x582131d2d708 - <unknown>
[INFO] [stdout]   13:     0x582131e2b54b - <unknown>
[INFO] [stdout]   14:     0x582131e26b5f - <unknown>
[INFO] [stdout]   15:     0x582131e265dc - <unknown>
[INFO] [stdout]   16:     0x582131e4146c - <unknown>
[INFO] [stdout]   17:     0x582131e0f422 - <unknown>
[INFO] [stdout]   18:     0x7af4c6083dfa - <unknown>
[INFO] [stdout]   19:     0x7af4c61173d4 - clone
[INFO] [stdout]   20:                0x0 - <unknown>
[INFO] [stdout] 
[INFO] [stdout] ---- tests::restrictions::should_apply_multiple_restrictions stdout ----
[INFO] [stdout] 
[INFO] [stdout] thread 'tests::restrictions::should_apply_multiple_restrictions' (2003) panicked at src/tests/restrictions.rs:221:5:
[INFO] [stdout] assertion `left == right` failed
[INFO] [stdout]   left: Err(NotFound("pck1"))
[INFO] [stdout]  right: Ok("/opt/rustwide/workdir/fixtures/enhanced-resolve/test/fixtures/restrictions/node_modules/pck1/index.css")
[INFO] [stdout] stack backtrace:
[INFO] [stdout]    0:     0x582131de80f5 - <unknown>
[INFO] [stdout]    1:     0x582131d4670a - <unknown>
[INFO] [stdout]    2:     0x582131de778b - <unknown>
[INFO] [stdout]    3:     0x582131de726f - <unknown>
[INFO] [stdout]    4:     0x582131de6e9a - <unknown>
[INFO] [stdout]    5:     0x582131de69d2 - <unknown>
[INFO] [stdout]    6:     0x582131e0d951 - <unknown>
[INFO] [stdout]    7:     0x582131e0d909 - <unknown>
[INFO] [stdout]    8:     0x582131e0de1c - <unknown>
[INFO] [stdout]    9:     0x582131d4659b - <unknown>
[INFO] [stdout]   10:     0x582131d464be - <unknown>
[INFO] [stdout]   11:     0x582131b99117 - <unknown>
[INFO] [stdout]   12:     0x582131ce2e5f - <unknown>
[INFO] [stdout]   13:     0x582131e2b54b - <unknown>
[INFO] [stdout]   14:     0x582131e26b5f - <unknown>
[INFO] [stdout]   15:     0x582131e265dc - <unknown>
[INFO] [stdout]   16:     0x582131e4146c - <unknown>
[INFO] [stdout]   17:     0x582131e0f422 - <unknown>
[INFO] [stdout]   18:     0x7af4c6083dfa - <unknown>
[INFO] [stdout]   19:     0x7af4c61173d4 - clone
[INFO] [stdout]   20:                0x0 - <unknown>
[INFO] [stdout] 
[INFO] [stdout] ---- tests::restrictions::should_try_to_find_alternative_1 stdout ----
[INFO] [stdout] 
[INFO] [stdout] thread 'tests::restrictions::should_try_to_find_alternative_1' (2013) panicked at src/tests/restrictions.rs:41:5:
[INFO] [stdout] assertion `left == right` failed
[INFO] [stdout]   left: Err(NotFound("pck1"))
[INFO] [stdout]  right: Ok("/opt/rustwide/workdir/fixtures/enhanced-resolve/test/fixtures/restrictions/node_modules/pck1/index.css")
[INFO] [stdout] stack backtrace:
[INFO] [stdout]    0:     0x582131de80f5 - <unknown>
[INFO] [stdout]    1:     0x582131d4670a - <unknown>
[INFO] [stdout]    2:     0x582131de778b - <unknown>
[INFO] [stdout]    3:     0x582131de726f - <unknown>
[INFO] [stdout]    4:     0x582131de6e9a - <unknown>
[INFO] [stdout]    5:     0x582131de69d2 - <unknown>
[INFO] [stdout]    6:     0x582131e0d951 - <unknown>
[INFO] [stdout]    7:     0x582131e0d909 - <unknown>
[INFO] [stdout]    8:     0x582131e0de1c - <unknown>
[INFO] [stdout]    9:     0x582131d4659b - <unknown>
[INFO] [stdout]   10:     0x582131d464be - <unknown>
[INFO] [stdout]   11:     0x582131b99117 - <unknown>
[INFO] [stdout]   12:     0x582131cdf856 - <unknown>
[INFO] [stdout]   13:     0x582131e2b54b - <unknown>
[INFO] [stdout]   14:     0x582131e26b5f - <unknown>
[INFO] [stdout]   15:     0x582131e265dc - <unknown>
[INFO] [stdout]   16:     0x582131e4146c - <unknown>
[INFO] [stdout]   17:     0x582131e0f422 - <unknown>
[INFO] [stdout]   18:     0x7af4c6083dfa - <unknown>
[INFO] [stdout]   19:     0x7af4c61173d4 - clone
[INFO] [stdout]   20:                0x0 - <unknown>
[INFO] [stdout] 
[INFO] [stdout] ---- tests::restrictions::should_check_restrictions_in_load_index_with_enforce_extension_disabled stdout ----
[INFO] [stdout] 
[INFO] [stdout] thread 'tests::restrictions::should_check_restrictions_in_load_index_with_enforce_extension_disabled' (2007) panicked at src/tests/restrictions.rs:113:5:
[INFO] [stdout] assertion `left == right` failed
[INFO] [stdout]   left: Err(NotFound("pck1"))
[INFO] [stdout]  right: Ok("/opt/rustwide/workdir/fixtures/enhanced-resolve/test/fixtures/restrictions/node_modules/pck1/index.css")
[INFO] [stdout] stack backtrace:
[INFO] [stdout]    0:     0x582131de80f5 - <unknown>
[INFO] [stdout]    1:     0x582131d4670a - <unknown>
[INFO] [stdout]    2:     0x582131de778b - <unknown>
[INFO] [stdout]    3:     0x582131de726f - <unknown>
[INFO] [stdout]    4:     0x582131de6e9a - <unknown>
[INFO] [stdout]    5:     0x582131de69d2 - <unknown>
[INFO] [stdout]    6:     0x582131e0d951 - <unknown>
[INFO] [stdout]    7:     0x582131e0d909 - <unknown>
[INFO] [stdout]    8:     0x582131e0de1c - <unknown>
[INFO] [stdout]    9:     0x582131d4659b - <unknown>
[INFO] [stdout]   10:     0x582131d464be - <unknown>
[INFO] [stdout]   11:     0x582131b99117 - <unknown>
[INFO] [stdout]   12:     0x582131ce7806 - <unknown>
[INFO] [stdout]   13:     0x582131e2b54b - <unknown>
[INFO] [stdout]   14:     0x582131e26b5f - <unknown>
[INFO] [stdout]   15:     0x582131e265dc - <unknown>
[INFO] [stdout]   16:     0x582131e4146c - <unknown>
[INFO] [stdout]   17:     0x582131e0f422 - <unknown>
[INFO] [stdout]   18:     0x7af4c6083dfa - <unknown>
[INFO] [stdout]   19:     0x7af4c61173d4 - clone
[INFO] [stdout]   20:                0x0 - <unknown>
[INFO] [stdout] 
[INFO] [stdout] ---- tests::roots::roots stdout ----
[INFO] [stdout] 
[INFO] [stdout] thread 'tests::roots::roots' (2018) panicked at src/tests/roots.rs:33:9:
[INFO] [stdout] assertion `left == right` failed: should respect roots option /fixtures/b.js
[INFO] [stdout]   left: Err(NotFound("/fixtures/b.js"))
[INFO] [stdout]  right: Ok("/opt/rustwide/workdir/fixtures/enhanced-resolve/test/fixtures/b.js")
[INFO] [stdout] stack backtrace:
[INFO] [stdout]    0:     0x582131de80f5 - <unknown>
[INFO] [stdout]    1:     0x582131d4670a - <unknown>
[INFO] [stdout]    2:     0x582131de778b - <unknown>
[INFO] [stdout]    3:     0x582131de726f - <unknown>
[INFO] [stdout]    4:     0x582131de6e9a - <unknown>
[INFO] [stdout]    5:     0x582131de69d2 - <unknown>
[INFO] [stdout]    6:     0x582131e0d951 - <unknown>
[INFO] [stdout]    7:     0x582131e0d909 - <unknown>
[INFO] [stdout]    8:     0x582131e0de1c - <unknown>
[INFO] [stdout]    9:     0x582131d4659b - <unknown>
[INFO] [stdout]   10:     0x582131d4651d - <unknown>
[INFO] [stdout]   11:     0x582131b99117 - <unknown>
[INFO] [stdout]   12:     0x582131d234f9 - <unknown>
[INFO] [stdout]   13:     0x582131e2b54b - <unknown>
[INFO] [stdout]   14:     0x582131e26b5f - <unknown>
[INFO] [stdout]   15:     0x582131e265dc - <unknown>
[INFO] [stdout]   16:     0x582131e4146c - <unknown>
[INFO] [stdout]   17:     0x582131e0f422 - <unknown>
[INFO] [stdout]   18:     0x7af4c6083dfa - <unknown>
[INFO] [stdout]   19:     0x7af4c61173d4 - clone
[INFO] [stdout]   20:                0x0 - <unknown>
[INFO] [stdout] 
[INFO] [stdout] ---- tests::restrictions::should_try_to_find_alternative_2 stdout ----
[INFO] [stdout] 
[INFO] [stdout] thread 'tests::restrictions::should_try_to_find_alternative_2' (2014) panicked at src/tests/restrictions.rs:74:5:
[INFO] [stdout] assertion `left == right` failed
[INFO] [stdout]   left: Err(NotFound("pck2"))
[INFO] [stdout]  right: Ok("/opt/rustwide/workdir/fixtures/enhanced-resolve/test/fixtures/restrictions/node_modules/pck2/index.css")
[INFO] [stdout] stack backtrace:
[INFO] [stdout]    0:     0x582131de80f5 - <unknown>
[INFO] [stdout]    1:     0x582131d4670a - <unknown>
[INFO] [stdout]    2:     0x582131de778b - <unknown>
[INFO] [stdout]    3:     0x582131de726f - <unknown>
[INFO] [stdout]    4:     0x582131de6e9a - <unknown>
[INFO] [stdout]    5:     0x582131de69d2 - <unknown>
[INFO] [stdout]    6:     0x582131e0d951 - <unknown>
[INFO] [stdout]    7:     0x582131e0d909 - <unknown>
[INFO] [stdout]    8:     0x582131e0de1c - <unknown>
[INFO] [stdout]    9:     0x582131d4659b - <unknown>
[INFO] [stdout]   10:     0x582131d464be - <unknown>
[INFO] [stdout]   11:     0x582131b99117 - <unknown>
[INFO] [stdout]   12:     0x582131ce03f9 - <unknown>
[INFO] [stdout]   13:     0x582131e2b54b - <unknown>
[INFO] [stdout]   14:     0x582131e26b5f - <unknown>
[INFO] [stdout]   15:     0x582131e265dc - <unknown>
[INFO] [stdout]   16:     0x582131e4146c - <unknown>
[INFO] [stdout]   17:     0x582131e0f422 - <unknown>
[INFO] [stdout]   18:     0x7af4c6083dfa - <unknown>
[INFO] [stdout]   19:     0x7af4c61173d4 - clone
[INFO] [stdout]   20:                0x0 - <unknown>
[INFO] [stdout] 
[INFO] [stdout] ---- tests::restrictions::should_try_to_find_alternative_3 stdout ----
[INFO] [stdout] 
[INFO] [stdout] thread 'tests::restrictions::should_try_to_find_alternative_3' (2015) panicked at src/tests/restrictions.rs:92:5:
[INFO] [stdout] assertion `left == right` failed
[INFO] [stdout]   left: Err(NotFound("pck2"))
[INFO] [stdout]  right: Ok("/opt/rustwide/workdir/fixtures/enhanced-resolve/test/fixtures/restrictions/node_modules/pck2/index.css")
[INFO] [stdout] stack backtrace:
[INFO] [stdout]    0:     0x582131de80f5 - <unknown>
[INFO] [stdout]    1:     0x582131d4670a - <unknown>
[INFO] [stdout]    2:     0x582131de778b - <unknown>
[INFO] [stdout]    3:     0x582131de726f - <unknown>
[INFO] [stdout]    4:     0x582131de6e9a - <unknown>
[INFO] [stdout]    5:     0x582131de69d2 - <unknown>
[INFO] [stdout]    6:     0x582131e0d951 - <unknown>
[INFO] [stdout]    7:     0x582131e0d909 - <unknown>
[INFO] [stdout]    8:     0x582131e0de1c - <unknown>
[INFO] [stdout]    9:     0x582131d4659b - <unknown>
[INFO] [stdout]   10:     0x582131d464be - <unknown>
[INFO] [stdout]   11:     0x582131b99117 - <unknown>
[INFO] [stdout]   12:     0x582131ce0fc9 - <unknown>
[INFO] [stdout]   13:     0x582131e2b54b - <unknown>
[INFO] [stdout]   14:     0x582131e26b5f - <unknown>
[INFO] [stdout]   15:     0x582131e265dc - <unknown>
[INFO] [stdout]   16:     0x582131e4146c - <unknown>
[INFO] [stdout]   17:     0x582131e0f422 - <unknown>
[INFO] [stdout]   18:     0x7af4c6083dfa - <unknown>
[INFO] [stdout]   19:     0x7af4c61173d4 - clone
[INFO] [stdout]   20:                0x0 - <unknown>
[INFO] [stdout] 
[INFO] [stdout] ---- tests::roots::resolve_to_context stdout ----
[INFO] [stdout] 
[INFO] [stdout] thread 'tests::roots::resolve_to_context' (2017) panicked at src/tests/roots.rs:57:5:
[INFO] [stdout] assertion `left == right` failed
[INFO] [stdout]   left: Err(NotFound("/fixtures/lib"))
[INFO] [stdout]  right: Ok("/opt/rustwide/workdir/fixtures/enhanced-resolve/test/fixtures/lib")
[INFO] [stdout] stack backtrace:
[INFO] [stdout]    0:     0x582131de80f5 - <unknown>
[INFO] [stdout]    1:     0x582131d4670a - <unknown>
[INFO] [stdout]    2:     0x582131de778b - <unknown>
[INFO] [stdout]    3:     0x582131de726f - <unknown>
[INFO] [stdout]    4:     0x582131de6e9a - <unknown>
[INFO] [stdout]    5:     0x582131de69d2 - <unknown>
[INFO] [stdout]    6:     0x582131e0d951 - <unknown>
[INFO] [stdout]    7:     0x582131e0d909 - <unknown>
[INFO] [stdout]    8:     0x582131e0de1c - <unknown>
[INFO] [stdout]    9:     0x582131d4659b - <unknown>
[INFO] [stdout]   10:     0x582131d464be - <unknown>
[INFO] [stdout]   11:     0x582131b99117 - <unknown>
[INFO] [stdout]   12:     0x582131d20853 - <unknown>
[INFO] [stdout]   13:     0x582131e2b54b - <unknown>
[INFO] [stdout]   14:     0x582131e26b5f - <unknown>
[INFO] [stdout]   15:     0x582131e265dc - <unknown>
[INFO] [stdout]   16:     0x582131e4146c - <unknown>
[INFO] [stdout]   17:     0x582131e0f422 - <unknown>
[INFO] [stdout]   18:     0x7af4c6083dfa - <unknown>
[INFO] [stdout]   19:     0x7af4c61173d4 - clone
[INFO] [stdout]   20:                0x0 - <unknown>
[INFO] [stdout] 
[INFO] [stdout] ---- tests::roots::prefer_absolute stdout ----
[INFO] [stdout] 
[INFO] [stdout] thread 'tests::roots::prefer_absolute' (2016) panicked at src/tests/roots.rs:78:9:
[INFO] [stdout] assertion `left == right` failed: should resolve an absolute path (prefer absolute) /opt/rustwide/workdir/fixtures/enhanced-resolve/test/fixtures/b.js
[INFO] [stdout]   left: Err(NotFound("/opt/rustwide/workdir/fixtures/enhanced-resolve/test/fixtures/b.js"))
[INFO] [stdout]  right: Ok("/opt/rustwide/workdir/fixtures/enhanced-resolve/test/fixtures/b.js")
[INFO] [stdout] stack backtrace:
[INFO] [stdout]    0:     0x582131de80f5 - <unknown>
[INFO] [stdout]    1:     0x582131d4670a - <unknown>
[INFO] [stdout]    2:     0x582131de778b - <unknown>
[INFO] [stdout]    3:     0x582131de726f - <unknown>
[INFO] [stdout]    4:     0x582131de6e9a - <unknown>
[INFO] [stdout]    5:     0x582131de69d2 - <unknown>
[INFO] [stdout]    6:     0x582131e0d951 - <unknown>
[INFO] [stdout]    7:     0x582131e0d909 - <unknown>
[INFO] [stdout]    8:     0x582131e0de1c - <unknown>
[INFO] [stdout]    9:     0x582131d4659b - <unknown>
[INFO] [stdout]   10:     0x582131d4651d - <unknown>
[INFO] [stdout]   11:     0x582131b99117 - <unknown>
[INFO] [stdout]   12:     0x582131d1fe8e - <unknown>
[INFO] [stdout]   13:     0x582131e2b54b - <unknown>
[INFO] [stdout]   14:     0x582131e26b5f - <unknown>
[INFO] [stdout]   15:     0x582131e265dc - <unknown>
[INFO] [stdout]   16:     0x582131e4146c - <unknown>
[INFO] [stdout]   17:     0x582131e0f422 - <unknown>
[INFO] [stdout]   18:     0x7af4c6083dfa - <unknown>
[INFO] [stdout]   19:     0x7af4c61173d4 - clone
[INFO] [stdout]   20:                0x0 - <unknown>
[INFO] [stdout] 
[INFO] [stdout] ---- tests::scoped_packages::scoped_packages_subpath_export stdout ----
[INFO] [stdout] 
[INFO] [stdout] thread 'tests::scoped_packages::scoped_packages_subpath_export' (2023) panicked at src/tests/scoped_packages.rs:55:5:
[INFO] [stdout] assertion `left == right` failed
[INFO] [stdout]   left: Err(NotFound("@scope/pack3/utils"))
[INFO] [stdout]  right: Ok("/opt/rustwide/workdir/fixtures/enhanced-resolve/test/fixtures/scoped/node_modules/@scope/pack3/utils/index.js")
[INFO] [stdout] stack backtrace:
[INFO] [stdout]    0:     0x582131de80f5 - <unknown>
[INFO] [stdout]    1:     0x582131d4670a - <unknown>
[INFO] [stdout]    2:     0x582131de778b - <unknown>
[INFO] [stdout]    3:     0x582131de726f - <unknown>
[INFO] [stdout]    4:     0x582131de6e9a - <unknown>
[INFO] [stdout]    5:     0x582131de69d2 - <unknown>
[INFO] [stdout]    6:     0x582131e0d951 - <unknown>
[INFO] [stdout]    7:     0x582131e0d909 - <unknown>
[INFO] [stdout]    8:     0x582131e0de1c - <unknown>
[INFO] [stdout]    9:     0x582131d4659b - <unknown>
[INFO] [stdout]   10:     0x582131d464be - <unknown>
[INFO] [stdout]   11:     0x582131b99117 - <unknown>
[INFO] [stdout]   12:     0x582131d09b7e - <unknown>
[INFO] [stdout]   13:     0x582131e2b54b - <unknown>
[INFO] [stdout]   14:     0x582131e26b5f - <unknown>
[INFO] [stdout]   15:     0x582131e265dc - <unknown>
[INFO] [stdout]   16:     0x582131e4146c - <unknown>
[INFO] [stdout]   17:     0x582131e0f422 - <unknown>
[INFO] [stdout]   18:     0x7af4c6083dfa - <unknown>
[INFO] [stdout]   19:     0x7af4c61173d4 - clone
[INFO] [stdout]   20:                0x0 - <unknown>
[INFO] [stdout] 
[INFO] [stdout] ---- tests::simple::resolve_abs_main stdout ----
[INFO] [stdout] 
[INFO] [stdout] thread 'tests::simple::resolve_abs_main' (2026) panicked at src/tests/simple.rs:11:48:
[INFO] [stdout] called `Result::unwrap()` on an `Err` value: NotFound("a")
[INFO] [stdout] stack backtrace:
[INFO] [stdout]    0:     0x582131de80f5 - <unknown>
[INFO] [stdout]    1:     0x582131d4670a - <unknown>
[INFO] [stdout]    2:     0x582131de778b - <unknown>
[INFO] [stdout]    3:     0x582131de726f - <unknown>
[INFO] [stdout]    4:     0x582131de6e9a - <unknown>
[INFO] [stdout]    5:     0x582131de69d2 - <unknown>
[INFO] [stdout]    6:     0x582131e0d951 - <unknown>
[INFO] [stdout]    7:     0x582131e0d909 - <unknown>
[INFO] [stdout]    8:     0x582131e0de1c - <unknown>
[INFO] [stdout]    9:     0x582131d4659b - <unknown>
[INFO] [stdout]   10:     0x582131d4ae51 - <unknown>
[INFO] [stdout]   11:     0x582131d24d20 - <unknown>
[INFO] [stdout]   12:     0x582131e2b54b - <unknown>
[INFO] [stdout]   13:     0x582131e26b5f - <unknown>
[INFO] [stdout]   14:     0x582131e265dc - <unknown>
[INFO] [stdout]   15:     0x582131e4146c - <unknown>
[INFO] [stdout]   16:     0x582131e0f422 - <unknown>
[INFO] [stdout]   17:     0x7af4c6083dfa - <unknown>
[INFO] [stdout]   18:     0x7af4c61173d4 - clone
[INFO] [stdout]   19:                0x0 - <unknown>
[INFO] [stdout] 
[INFO] [stdout] ---- tests::simple::dashed_name stdout ----
[INFO] [stdout] 
[INFO] [stdout] thread 'tests::simple::dashed_name' (2025) panicked at src/tests/simple.rs:57:9:
[INFO] [stdout] assertion `left == right` failed: "/opt/rustwide/workdir/fixtures/enhanced-resolve/test/fixtures" dash
[INFO] [stdout]   left: None
[INFO] [stdout]  right: Some("/opt/rustwide/workdir/fixtures/enhanced-resolve/test/fixtures/node_modules/dash/index.js")
[INFO] [stdout] stack backtrace:
[INFO] [stdout]    0:     0x582131de80f5 - <unknown>
[INFO] [stdout]    1:     0x582131d4670a - <unknown>
[INFO] [stdout]    2:     0x582131de778b - <unknown>
[INFO] [stdout]    3:     0x582131de726f - <unknown>
[INFO] [stdout]    4:     0x582131de6e9a - <unknown>
[INFO] [stdout]    5:     0x582131de69d2 - <unknown>
[INFO] [stdout]    6:     0x582131e0d951 - <unknown>
[INFO] [stdout]    7:     0x582131e0d909 - <unknown>
[INFO] [stdout]    8:     0x582131e0de1c - <unknown>
[INFO] [stdout]    9:     0x582131d4659b - <unknown>
[INFO] [stdout]   10:     0x582131d4651d - <unknown>
[INFO] [stdout]   11:     0x582131b98fd8 - <unknown>
[INFO] [stdout]   12:     0x582131d24539 - <unknown>
[INFO] [stdout]   13:     0x582131e2b54b - <unknown>
[INFO] [stdout]   14:     0x582131e26b5f - <unknown>
[INFO] [stdout]   15:     0x582131e265dc - <unknown>
[INFO] [stdout]   16:     0x582131e4146c - <unknown>
[INFO] [stdout]   17:     0x582131e0f422 - <unknown>
[INFO] [stdout]   18:     0x7af4c6083dfa - <unknown>
[INFO] [stdout]   19:     0x7af4c61173d4 - clone
[INFO] [stdout]   20:                0x0 - <unknown>
[INFO] [stdout] 
[INFO] [stdout] ---- tests::simple::simple stdout ----
[INFO] [stdout] 
[INFO] [stdout] thread 'tests::simple::simple' (2027) panicked at src/tests/simple.rs:33:9:
[INFO] [stdout] assertion `left == right` failed: direct "/opt/rustwide/workdir/fixtures/enhanced-resolve/test" ../lib/index
[INFO] [stdout]   left: Err(NotFound("../lib/index"))
[INFO] [stdout]  right: Ok("/opt/rustwide/workdir/fixtures/enhanced-resolve/lib/index.js")
[INFO] [stdout] stack backtrace:
[INFO] [stdout]    0:     0x582131de80f5 - <unknown>
[INFO] [stdout]    1:     0x582131d4670a - <unknown>
[INFO] [stdout]    2:     0x582131de778b - <unknown>
[INFO] [stdout]    3:     0x582131de726f - <unknown>
[INFO] [stdout]    4:     0x582131de6e9a - <unknown>
[INFO] [stdout]    5:     0x582131de69d2 - <unknown>
[INFO] [stdout]    6:     0x582131e0d951 - <unknown>
[INFO] [stdout]    7:     0x582131e0d909 - <unknown>
[INFO] [stdout]    8:     0x582131e0de1c - <unknown>
[INFO] [stdout]    9:     0x582131d4659b - <unknown>
[INFO] [stdout]   10:     0x582131d4651d - <unknown>
[INFO] [stdout]   11:     0x582131b99117 - <unknown>
[INFO] [stdout]   12:     0x582131d254f8 - <unknown>
[INFO] [stdout]   13:     0x582131e2b54b - <unknown>
[INFO] [stdout]   14:     0x582131e26b5f - <unknown>
[INFO] [stdout]   15:     0x582131e265dc - <unknown>
[INFO] [stdout]   16:     0x582131e4146c - <unknown>
[INFO] [stdout]   17:     0x582131e0f422 - <unknown>
[INFO] [stdout]   18:     0x7af4c6083dfa - <unknown>
[INFO] [stdout]   19:     0x7af4c61173d4 - clone
[INFO] [stdout]   20:                0x0 - <unknown>
[INFO] [stdout] 
[INFO] [stdout] ---- tests::tsconfig_discovery::tsconfig_discovery_skips_unreadable_file stdout ----
[INFO] [stdout] 
[INFO] [stdout] thread 'tests::tsconfig_discovery::tsconfig_discovery_skips_unreadable_file' (2039) panicked at src/tests/tsconfig_discovery.rs:40:30:
[INFO] [stdout] called `Result::unwrap()` on an `Err` value: Os { code: 30, kind: ReadOnlyFilesystem, message: "Read-only file system" }
[INFO] [stdout] stack backtrace:
[INFO] [stdout]    0:     0x582131de80f5 - <unknown>
[INFO] [stdout]    1:     0x582131d4670a - <unknown>
[INFO] [stdout]    2:     0x582131de778b - <unknown>
[INFO] [stdout]    3:     0x582131de726f - <unknown>
[INFO] [stdout]    4:     0x582131de6e9a - <unknown>
[INFO] [stdout]    5:     0x582131de69d2 - <unknown>
[INFO] [stdout]    6:     0x582131e0d951 - <unknown>
[INFO] [stdout]    7:     0x582131e0d909 - <unknown>
[INFO] [stdout]    8:     0x582131e0de1c - <unknown>
[INFO] [stdout]    9:     0x582131d4659b - <unknown>
[INFO] [stdout]   10:     0x582131d4ae51 - <unknown>
[INFO] [stdout]   11:     0x582131d10dd7 - <unknown>
[INFO] [stdout]   12:     0x582131e2b54b - <unknown>
[INFO] [stdout]   13:     0x582131e26b5f - <unknown>
[INFO] [stdout]   14:     0x582131e265dc - <unknown>
[INFO] [stdout]   15:     0x582131e4146c - <unknown>
[INFO] [stdout]   16:     0x582131e0f422 - <unknown>
[INFO] [stdout]   17:     0x7af4c6083dfa - <unknown>
[INFO] [stdout]   18:     0x7af4c61173d4 - clone
[INFO] [stdout]   19:                0x0 - <unknown>
[INFO] [stdout] 
[INFO] [stdout] ---- tests::tsconfck::part_of_solution stdout ----
[INFO] [stdout] 
[INFO] [stdout] thread 'tests::tsconfck::part_of_solution' (2036) panicked at src/tests/tsconfck.rs:93:77:
[INFO] [stdout] called `Option::unwrap()` on a `None` value
[INFO] [stdout] stack backtrace:
[INFO] [stdout]    0:     0x582131de80f5 - <unknown>
[INFO] [stdout]    1:     0x582131d4670a - <unknown>
[INFO] [stdout]    2:     0x582131de778b - <unknown>
[INFO] [stdout]    3:     0x582131de726f - <unknown>
[INFO] [stdout]    4:     0x582131de6e9a - <unknown>
[INFO] [stdout]    5:     0x582131de69d2 - <unknown>
[INFO] [stdout]    6:     0x582131e0d982 - <unknown>
[INFO] [stdout]    7:     0x582131e0d909 - <unknown>
[INFO] [stdout]    8:     0x582131e0de1c - <unknown>
[INFO] [stdout]    9:     0x582131d4659b - <unknown>
[INFO] [stdout]   10:     0x582131d48861 - <unknown>
[INFO] [stdout]   11:     0x582131d4ac98 - <unknown>
[INFO] [stdout]   12:     0x582131d38eae - <unknown>
[INFO] [stdout]   13:     0x582131e2b54b - <unknown>
[INFO] [stdout]   14:     0x582131e26b5f - <unknown>
[INFO] [stdout]   15:     0x582131e265dc - <unknown>
[INFO] [stdout]   16:     0x582131e4146c - <unknown>
[INFO] [stdout]   17:     0x582131e0f422 - <unknown>
[INFO] [stdout]   18:     0x7af4c6083dfa - <unknown>
[INFO] [stdout]   19:     0x7af4c61173d4 - clone
[INFO] [stdout]   20:                0x0 - <unknown>
[INFO] [stdout] 
[INFO] [stdout] ---- tests::scoped_packages::scoped_packages_with_exports stdout ----
[INFO] [stdout] 
[INFO] [stdout] thread 'tests::scoped_packages::scoped_packages_with_exports' (2024) panicked at src/tests/scoped_packages.rs:42:5:
[INFO] [stdout] assertion `left == right` failed
[INFO] [stdout]   left: Err(NotFound("@scope/pack3"))
[INFO] [stdout]  right: Ok("/opt/rustwide/workdir/fixtures/enhanced-resolve/test/fixtures/scoped/node_modules/@scope/pack3/esm/index.js")
[INFO] [stdout] stack backtrace:
[INFO] [stdout]    0:     0x582131de80f5 - <unknown>
[INFO] [stdout]    1:     0x582131d4670a - <unknown>
[INFO] [stdout]    2:     0x582131de778b - <unknown>
[INFO] [stdout]    3:     0x582131de726f - <unknown>
[INFO] [stdout]    4:     0x582131de6e9a - <unknown>
[INFO] [stdout]    5:     0x582131de69d2 - <unknown>
[INFO] [stdout]    6:     0x582131e0d951 - <unknown>
[INFO] [stdout]    7:     0x582131e0d909 - <unknown>
[INFO] [stdout]    8:     0x582131e0de1c - <unknown>
[INFO] [stdout]    9:     0x582131d4659b - <unknown>
[INFO] [stdout]   10:     0x582131d464be - <unknown>
[INFO] [stdout]   11:     0x582131b99117 - <unknown>
[INFO] [stdout]   12:     0x582131d093de - <unknown>
[INFO] [stdout]   13:     0x582131e2b54b - <unknown>
[INFO] [stdout]   14:     0x582131e26b5f - <unknown>
[INFO] [stdout]   15:     0x582131e265dc - <unknown>
[INFO] [stdout]   16:     0x582131e4146c - <unknown>
[INFO] [stdout]   17:     0x582131e0f422 - <unknown>
[INFO] [stdout]   18:     0x7af4c6083dfa - <unknown>
[INFO] [stdout]   19:     0x7af4c61173d4 - clone
[INFO] [stdout]   20:                0x0 - <unknown>
[INFO] [stdout] 
[INFO] [stdout] ---- tests::tsconfig_extends::test_extend_tsconfig stdout ----
[INFO] [stdout] 
[INFO] [stdout] thread 'tests::tsconfig_extends::test_extend_tsconfig' (2043) panicked at src/tests/tsconfig_extends.rs:24:52:
[INFO] [stdout] resolved: TsconfigNotFound("/opt/rustwide/workdir/fixtures/tsconfig/cases/extends")
[INFO] [stdout] stack backtrace:
[INFO] [stdout]    0:     0x582131de80f5 - <unknown>
[INFO] [stdout]    1:     0x582131d4670a - <unknown>
[INFO] [stdout]    2:     0x582131de778b - <unknown>
[INFO] [stdout]    3:     0x582131de726f - <unknown>
[INFO] [stdout]    4:     0x582131de6e9a - <unknown>
[INFO] [stdout]    5:     0x582131de69d2 - <unknown>
[INFO] [stdout]    6:     0x582131e0d951 - <unknown>
[INFO] [stdout]    7:     0x582131e0d909 - <unknown>
[INFO] [stdout]    8:     0x582131e0de1c - <unknown>
[INFO] [stdout]    9:     0x582131d4659b - <unknown>
[INFO] [stdout]   10:     0x582131d4ae51 - <unknown>
[INFO] [stdout]   11:     0x582131d0b276 - <unknown>
[INFO] [stdout]   12:     0x582131e2b54b - <unknown>
[INFO] [stdout]   13:     0x582131e26b5f - <unknown>
[INFO] [stdout]   14:     0x582131e265dc - <unknown>
[INFO] [stdout]   15:     0x582131e4146c - <unknown>
[INFO] [stdout]   16:     0x582131e0f422 - <unknown>
[INFO] [stdout]   17:     0x7af4c6083dfa - <unknown>
[INFO] [stdout]   18:     0x7af4c61173d4 - clone
[INFO] [stdout]   19:                0x0 - <unknown>
[INFO] [stdout] 
[INFO] [stdout] ---- tests::tsconfig_extends::test_extend_tsconfig_paths stdout ----
[INFO] [stdout] 
[INFO] [stdout] thread 'tests::tsconfig_extends::test_extend_tsconfig_paths' (2049) panicked at src/tests/tsconfig_extends.rs:60:5:
[INFO] [stdout] assertion `left == right` failed
[INFO] [stdout]   left: Err(TsconfigNotFound("/opt/rustwide/workdir/fixtures/tsconfig/cases/extends-paths-inheritance/tsconfig.json"))
[INFO] [stdout]  right: Ok("/opt/rustwide/workdir/fixtures/tsconfig/cases/extends-paths-inheritance/src/test.ts")
[INFO] [stdout] stack backtrace:
[INFO] [stdout]    0:     0x582131de80f5 - <unknown>
[INFO] [stdout]    1:     0x582131d4670a - <unknown>
[INFO] [stdout]    2:     0x582131de778b - <unknown>
[INFO] [stdout]    3:     0x582131de726f - <unknown>
[INFO] [stdout]    4:     0x582131de6e9a - <unknown>
[INFO] [stdout]    5:     0x582131de69d2 - <unknown>
[INFO] [stdout]    6:     0x582131e0d951 - <unknown>
[INFO] [stdout]    7:     0x582131e0d909 - <unknown>
[INFO] [stdout]    8:     0x582131e0de1c - <unknown>
[INFO] [stdout]    9:     0x582131d4659b - <unknown>
[INFO] [stdout]   10:     0x582131d464be - <unknown>
[INFO] [stdout]   11:     0x582131b99117 - <unknown>
[INFO] [stdout]   12:     0x582131d0c113 - <unknown>
[INFO] [stdout]   13:     0x582131e2b54b - <unknown>
[INFO] [stdout]   14:     0x582131e26b5f - <unknown>
[INFO] [stdout]   15:     0x582131e265dc - <unknown>
[INFO] [stdout]   16:     0x582131e4146c - <unknown>
[INFO] [stdout]   17:     0x582131e0f422 - <unknown>
[INFO] [stdout]   18:     0x7af4c6083dfa - <unknown>
[INFO] [stdout]   19:     0x7af4c61173d4 - clone
[INFO] [stdout]   20:                0x0 - <unknown>
[INFO] [stdout] 
[INFO] [stdout] ---- tests::roots::should_resolve_slash stdout ----
[INFO] [stdout] 
[INFO] [stdout] thread 'tests::roots::should_resolve_slash' (2020) panicked at src/tests/roots.rs:108:9:
[INFO] [stdout] assertion `left == right` failed: should resolve if importer is root ["/opt/rustwide/workdir/fixtures/./integration/misc/dir-with-index"]
[INFO] [stdout]   left: Err(NotFound("/"))
[INFO] [stdout]  right: Ok("/opt/rustwide/workdir/fixtures/./integration/misc/dir-with-index/index.js")
[INFO] [stdout] stack backtrace:
[INFO] [stdout]    0:     0x582131de80f5 - <unknown>
[INFO] [stdout]    1:     0x582131d4670a - <unknown>
[INFO] [stdout]    2:     0x582131de778b - <unknown>
[INFO] [stdout]    3:     0x582131de726f - <unknown>
[INFO] [stdout]    4:     0x582131de6e9a - <unknown>
[INFO] [stdout]    5:     0x582131de69d2 - <unknown>
[INFO] [stdout]    6:     0x582131e0d951 - <unknown>
[INFO] [stdout]    7:     0x582131e0d909 - <unknown>
[INFO] [stdout]    8:     0x582131e0de1c - <unknown>
[INFO] [stdout]    9:     0x582131d4659b - <unknown>
[INFO] [stdout]   10:     0x582131d4651d - <unknown>
[INFO] [stdout]   11:     0x582131b99117 - <unknown>
[INFO] [stdout]   12:     0x582131d22027 - <unknown>
[INFO] [stdout]   13:     0x582131e2b54b - <unknown>
[INFO] [stdout]   14:     0x582131e26b5f - <unknown>
[INFO] [stdout]   15:     0x582131e265dc - <unknown>
[INFO] [stdout]   16:     0x582131e4146c - <unknown>
[INFO] [stdout]   17:     0x582131e0f422 - <unknown>
[INFO] [stdout]   18:     0x7af4c6083dfa - <unknown>
[INFO] [stdout]   19:     0x7af4c61173d4 - clone
[INFO] [stdout]   20:                0x0 - <unknown>
[INFO] [stdout] 
[INFO] [stdout] ---- tests::tsconfck::find stdout ----
[INFO] [stdout] 
[INFO] [stdout] thread 'tests::tsconfck::find' (2033) panicked at src/tests/tsconfck.rs:108:47:
[INFO] [stdout] called `Option::unwrap()` on a `None` value
[INFO] [stdout] stack backtrace:
[INFO] [stdout]    0:     0x582131de80f5 - <unknown>
[INFO] [stdout]    1:     0x582131d4670a - <unknown>
[INFO] [stdout]    2:     0x582131de778b - <unknown>
[INFO] [stdout]    3:     0x582131de726f - <unknown>
[INFO] [stdout]    4:     0x582131de6e9a - <unknown>
[INFO] [stdout]    5:     0x582131de69d2 - <unknown>
[INFO] [stdout]    6:     0x582131e0d982 - <unknown>
[INFO] [stdout]    7:     0x582131e0d909 - <unknown>
[INFO] [stdout]    8:     0x582131e0de1c - <unknown>
[INFO] [stdout]    9:     0x582131d4659b - <unknown>
[INFO] [stdout]   10:     0x582131d48861 - <unknown>
[INFO] [stdout]   11:     0x582131d4ac98 - <unknown>
[INFO] [stdout]   12:     0x582131d39aed - <unknown>
[INFO] [stdout]   13:     0x582131e2b54b - <unknown>
[INFO] [stdout]   14:     0x582131e26b5f - <unknown>
[INFO] [stdout]   15:     0x582131e265dc - <unknown>
[INFO] [stdout]   16:     0x582131e4146c - <unknown>
[INFO] [stdout]   17:     0x582131e0f422 - <unknown>
[INFO] [stdout]   18:     0x7af4c6083dfa - <unknown>
[INFO] [stdout]   19:     0x7af4c61173d4 - clone
[INFO] [stdout]   20:                0x0 - <unknown>
[INFO] [stdout] 
[INFO] [stdout] ---- tests::roots::roots_fall_through stdout ----
[INFO] [stdout] 
[INFO] [stdout] thread 'tests::roots::roots_fall_through' (2019) panicked at src/tests/roots.rs:88:5:
[INFO] [stdout] assertion `left == right` failed
[INFO] [stdout]   left: Err(NotFound("/opt/rustwide/workdir/fixtures/enhanced-resolve/test/fixtures/roots-fall-through/index.js"))
[INFO] [stdout]  right: Ok("/opt/rustwide/workdir/fixtures/enhanced-resolve/test/fixtures/roots-fall-through/index.js")
[INFO] [stdout] stack backtrace:
[INFO] [stdout]    0:     0x582131de80f5 - <unknown>
[INFO] [stdout]    1:     0x582131d4670a - <unknown>
[INFO] [stdout]    2:     0x582131de778b - <unknown>
[INFO] [stdout]    3:     0x582131de726f - <unknown>
[INFO] [stdout]    4:     0x582131de6e9a - <unknown>
[INFO] [stdout]    5:     0x582131de69d2 - <unknown>
[INFO] [stdout]    6:     0x582131e0d951 - <unknown>
[INFO] [stdout]    7:     0x582131e0d909 - <unknown>
[INFO] [stdout]    8:     0x582131e0de1c - <unknown>
[INFO] [stdout]    9:     0x582131d4659b - <unknown>
[INFO] [stdout]   10:     0x582131d464be - <unknown>
[INFO] [stdout]   11:     0x582131b99117 - <unknown>
[INFO] [stdout]   12:     0x582131d20de2 - <unknown>
[INFO] [stdout]   13:     0x582131e2b54b - <unknown>
[INFO] [stdout]   14:     0x582131e26b5f - <unknown>
[INFO] [stdout]   15:     0x582131e265dc - <unknown>
[INFO] [stdout]   16:     0x582131e4146c - <unknown>
[INFO] [stdout]   17:     0x582131e0f422 - <unknown>
[INFO] [stdout]   18:     0x7af4c6083dfa - <unknown>
[INFO] [stdout]   19:     0x7af4c61173d4 - clone
[INFO] [stdout]   20:                0x0 - <unknown>
[INFO] [stdout] 
[INFO] [stdout] ---- tests::tsconfig_extends::test_extend_package stdout ----
[INFO] [stdout] 
[INFO] [stdout] thread 'tests::tsconfig_extends::test_extend_package' (2042) panicked at src/tests/tsconfig_extends.rs:363:65:
[INFO] [stdout] resolved: TsconfigNotFound("/opt/rustwide/workdir/fixtures/tsconfig/cases/extends-esm")
[INFO] [stdout] stack backtrace:
[INFO] [stdout]    0:     0x582131de80f5 - <unknown>
[INFO] [stdout]    1:     0x582131d4670a - <unknown>
[INFO] [stdout]    2:     0x582131de778b - <unknown>
[INFO] [stdout]    3:     0x582131de726f - <unknown>
[INFO] [stdout]    4:     0x582131de6e9a - <unknown>
[INFO] [stdout]    5:     0x582131de69d2 - <unknown>
[INFO] [stdout]    6:     0x582131e0d951 - <unknown>
[INFO] [stdout]    7:     0x582131e0d909 - <unknown>
[INFO] [stdout]    8:     0x582131e0de1c - <unknown>
[INFO] [stdout]    9:     0x582131d4659b - <unknown>
[INFO] [stdout]   10:     0x582131d4ae51 - <unknown>
[INFO] [stdout]   11:     0x582131d0a41e - <unknown>
[INFO] [stdout]   12:     0x582131e2b54b - <unknown>
[INFO] [stdout]   13:     0x582131e26b5f - <unknown>
[INFO] [stdout]   14:     0x582131e265dc - <unknown>
[INFO] [stdout]   15:     0x582131e4146c - <unknown>
[INFO] [stdout]   16:     0x582131e0f422 - <unknown>
[INFO] [stdout]   17:     0x7af4c6083dfa - <unknown>
[INFO] [stdout]   18:     0x7af4c61173d4 - clone
[INFO] [stdout]   19:                0x0 - <unknown>
[INFO] [stdout] 
[INFO] [stdout] ---- tests::tsconfig_extends::test_extend_tsconfig_template_variables stdout ----
[INFO] [stdout] 
[INFO] [stdout] thread 'tests::tsconfig_extends::test_extend_tsconfig_template_variables' (2051) panicked at src/tests/tsconfig_extends.rs:99:5:
[INFO] [stdout] assertion `left == right` failed
[INFO] [stdout]   left: Err(TsconfigNotFound("/opt/rustwide/workdir/fixtures/tsconfig/cases/extends-template-vars/tsconfig.json"))
[INFO] [stdout]  right: Ok("/opt/rustwide/workdir/fixtures/tsconfig/cases/extends-template-vars/src/utils.ts")
[INFO] [stdout] stack backtrace:
[INFO] [stdout]    0:     0x582131de80f5 - <unknown>
[INFO] [stdout]    1:     0x582131d4670a - <unknown>
[INFO] [stdout]    2:     0x582131de778b - <unknown>
[INFO] [stdout]    3:     0x582131de726f - <unknown>
[INFO] [stdout]    4:     0x582131de6e9a - <unknown>
[INFO] [stdout]    5:     0x582131de69d2 - <unknown>
[INFO] [stdout]    6:     0x582131e0d951 - <unknown>
[INFO] [stdout]    7:     0x582131e0d909 - <unknown>
[INFO] [stdout]    8:     0x582131e0de1c - <unknown>
[INFO] [stdout]    9:     0x582131d4659b - <unknown>
[INFO] [stdout]   10:     0x582131d464be - <unknown>
[INFO] [stdout]   11:     0x582131b99117 - <unknown>
[INFO] [stdout]   12:     0x582131d0e5f3 - <unknown>
[INFO] [stdout]   13:     0x582131e2b54b - <unknown>
[INFO] [stdout]   14:     0x582131e26b5f - <unknown>
[INFO] [stdout]   15:     0x582131e265dc - <unknown>
[INFO] [stdout]   16:     0x582131e4146c - <unknown>
[INFO] [stdout]   17:     0x582131e0f422 - <unknown>
[INFO] [stdout]   18:     0x7af4c6083dfa - <unknown>
[INFO] [stdout]   19:     0x7af4c61173d4 - clone
[INFO] [stdout]   20:                0x0 - <unknown>
[INFO] [stdout] 
[INFO] [stdout] ---- tests::tsconfig_paths::empty stdout ----
[INFO] [stdout] 
[INFO] [stdout] thread 'tests::tsconfig_paths::empty' (2056) panicked at src/tests/tsconfig_paths.rs:180:5:
[INFO] [stdout] assertion `left == right` failed
[INFO] [stdout]   left: Err(TsconfigNotFound("/opt/rustwide/workdir/fixtures/tsconfig/cases/empty/tsconfig.json"))
[INFO] [stdout]  right: Ok("/opt/rustwide/workdir/fixtures/tsconfig/cases/empty/index.js")
[INFO] [stdout] stack backtrace:
[INFO] [stdout]    0:     0x582131de80f5 - <unknown>
[INFO] [stdout]    1:     0x582131d4670a - <unknown>
[INFO] [stdout]    2:     0x582131de778b - <unknown>
[INFO] [stdout]    3:     0x582131de726f - <unknown>
[INFO] [stdout]    4:     0x582131de6e9a - <unknown>
[INFO] [stdout]    5:     0x582131de69d2 - <unknown>
[INFO] [stdout]    6:     0x582131e0d951 - <unknown>
[INFO] [stdout]    7:     0x582131e0d909 - <unknown>
[INFO] [stdout]    8:     0x582131e0de1c - <unknown>
[INFO] [stdout]    9:     0x582131d4659b - <unknown>
[INFO] [stdout]   10:     0x582131d464be - <unknown>
[INFO] [stdout]   11:     0x582131b99117 - <unknown>
[INFO] [stdout]   12:     0x582131d037ee - <unknown>
[INFO] [stdout]   13:     0x582131e2b54b - <unknown>
[INFO] [stdout]   14:     0x582131e26b5f - <unknown>
[INFO] [stdout]   15:     0x582131e265dc - <unknown>
[INFO] [stdout]   16:     0x582131e4146c - <unknown>
[INFO] [stdout]   17:     0x582131e0f422 - <unknown>
[INFO] [stdout]   18:     0x7af4c6083dfa - <unknown>
[INFO] [stdout]   19:     0x7af4c61173d4 - clone
[INFO] [stdout]   20:                0x0 - <unknown>
[INFO] [stdout] 
[INFO] [stdout] ---- tests::tsconfig_paths::json_with_comments stdout ----
[INFO] [stdout] 
[INFO] [stdout] thread 'tests::tsconfig_paths::json_with_comments' (2057) panicked at src/tests/tsconfig_paths.rs:126:5:
[INFO] [stdout] assertion `left == right` failed
[INFO] [stdout]   left: Err(TsconfigNotFound("/opt/rustwide/workdir/fixtures/tsconfig/cases/trailing-comma/tsconfig.json"))
[INFO] [stdout]  right: Ok("/opt/rustwide/workdir/fixtures/tsconfig/cases/trailing-comma/bar.js")
[INFO] [stdout] stack backtrace:
[INFO] [stdout]    0:     0x582131de80f5 - <unknown>
[INFO] [stdout]    1:     0x582131d4670a - <unknown>
[INFO] [stdout]    2:     0x582131de778b - <unknown>
[INFO] [stdout]    3:     0x582131de726f - <unknown>
[INFO] [stdout]    4:     0x582131de6e9a - <unknown>
[INFO] [stdout]    5:     0x582131de69d2 - <unknown>
[INFO] [stdout]    6:     0x582131e0d951 - <unknown>
[INFO] [stdout]    7:     0x582131e0d909 - <unknown>
[INFO] [stdout]    8:     0x582131e0de1c - <unknown>
[INFO] [stdout]    9:     0x582131d4659b - <unknown>
[INFO] [stdout]   10:     0x582131d464be - <unknown>
[INFO] [stdout]   11:     0x582131b99117 - <unknown>
[INFO] [stdout]   12:     0x582131cfa2de - <unknown>
[INFO] [stdout]   13:     0x582131e2b54b - <unknown>
[INFO] [stdout]   14:     0x582131e26b5f - <unknown>
[INFO] [stdout]   15:     0x582131e265dc - <unknown>
[INFO] [stdout]   16:     0x582131e4146c - <unknown>
[INFO] [stdout]   17:     0x582131e0f422 - <unknown>
[INFO] [stdout]   18:     0x7af4c6083dfa - <unknown>
[INFO] [stdout]   19:     0x7af4c61173d4 - clone
[INFO] [stdout]   20:                0x0 - <unknown>
[INFO] [stdout] 
[INFO] [stdout] ---- tests::tsconfig_discovery::tsconfig_discovery stdout ----
[INFO] [stdout] 
[INFO] [stdout] thread 'tests::tsconfig_discovery::tsconfig_discovery' (2038) panicked at src/tests/tsconfig_paths.rs:48:9:
[INFO] [stdout] assertion `left == right` failed: ts-path "/opt/rustwide/workdir/fixtures/tsconfig" true
[INFO] [stdout]   left: Err(NotFound("ts-path"))
[INFO] [stdout]  right: Ok("/opt/rustwide/workdir/fixtures/tsconfig/src/foo.js")
[INFO] [stdout] stack backtrace:
[INFO] [stdout]    0:     0x582131de80f5 - <unknown>
[INFO] [stdout]    1:     0x582131d4670a - <unknown>
[INFO] [stdout]    2:     0x582131de778b - <unknown>
[INFO] [stdout]    3:     0x582131de726f - <unknown>
[INFO] [stdout]    4:     0x582131de6e9a - <unknown>
[INFO] [stdout]    5:     0x582131de69d2 - <unknown>
[INFO] [stdout]    6:     0x582131e0d951 - <unknown>
[INFO] [stdout]    7:     0x582131e0d909 - <unknown>
[INFO] [stdout]    8:     0x582131e0de1c - <unknown>
[INFO] [stdout]    9:     0x582131d4659b - <unknown>
[INFO] [stdout]   10:     0x582131d4651d - <unknown>
[INFO] [stdout]   11:     0x582131b99117 - <unknown>
[INFO] [stdout]   12:     0x582131ca3fb0 - <unknown>
[INFO] [stdout]   13:     0x582131d105de - <unknown>
[INFO] [stdout]   14:     0x582131e2b54b - <unknown>
[INFO] [stdout]   15:     0x582131e26b5f - <unknown>
[INFO] [stdout]   16:     0x582131e265dc - <unknown>
[INFO] [stdout]   17:     0x582131e4146c - <unknown>
[INFO] [stdout]   18:     0x582131e0f422 - <unknown>
[INFO] [stdout]   19:     0x7af4c6083dfa - <unknown>
[INFO] [stdout]   20:     0x7af4c61173d4 - clone
[INFO] [stdout]   21:                0x0 - <unknown>
[INFO] [stdout] 
[INFO] [stdout] ---- tests::tsconfig_paths::test_no_merge_tsconfig stdout ----
[INFO] [stdout] 
[INFO] [stdout] thread 'tests::tsconfig_paths::test_no_merge_tsconfig' (2059) panicked at src/tests/tsconfig_paths.rs:202:54:
[INFO] [stdout] resolved: TsconfigNotFound("/opt/rustwide/workdir/fixtures/tsconfig/cases/no-merge-compiler-options")
[INFO] [stdout] stack backtrace:
[INFO] [stdout]    0:     0x582131de80f5 - <unknown>
[INFO] [stdout]    1:     0x582131d4670a - <unknown>
[INFO] [stdout]    2:     0x582131de778b - <unknown>
[INFO] [stdout]    3:     0x582131de726f - <unknown>
[INFO] [stdout]    4:     0x582131de6e9a - <unknown>
[INFO] [stdout]    5:     0x582131de69d2 - <unknown>
[INFO] [stdout]    6:     0x582131e0d951 - <unknown>
[INFO] [stdout]    7:     0x582131e0d909 - <unknown>
[INFO] [stdout]    8:     0x582131e0de1c - <unknown>
[INFO] [stdout]    9:     0x582131d4659b - <unknown>
[INFO] [stdout]   10:     0x582131d4ae51 - <unknown>
[INFO] [stdout]   11:     0x582131cfc3f8 - <unknown>
[INFO] [stdout]   12:     0x582131e2b54b - <unknown>
[INFO] [stdout]   13:     0x582131e26b5f - <unknown>
[INFO] [stdout]   14:     0x582131e265dc - <unknown>
[INFO] [stdout]   15:     0x582131e4146c - <unknown>
[INFO] [stdout]   16:     0x582131e0f422 - <unknown>
[INFO] [stdout]   17:     0x7af4c6083dfa - <unknown>
[INFO] [stdout]   18:     0x7af4c61173d4 - clone
[INFO] [stdout]   19:                0x0 - <unknown>
[INFO] [stdout] 
[INFO] [stdout] ---- tests::tsconfig_paths::test_parent_base_url stdout ----
[INFO] [stdout] 
[INFO] [stdout] thread 'tests::tsconfig_paths::test_parent_base_url' (2060) panicked at src/tests/tsconfig_paths.rs:291:9:
[INFO] [stdout] assertion `left == right` failed: . tsconfig.json "/opt/rustwide/workdir/fixtures/tsconfig/cases/parent-base-url/test"
[INFO] [stdout]   left: Err(TsconfigNotFound("/opt/rustwide/workdir/fixtures/tsconfig/cases/parent-base-url/tsconfig.json"))
[INFO] [stdout]  right: Err(NotFound("."))
[INFO] [stdout] stack backtrace:
[INFO] [stdout]    0:     0x582131de80f5 - <unknown>
[INFO] [stdout]    1:     0x582131d4670a - <unknown>
[INFO] [stdout]    2:     0x582131de778b - <unknown>
[INFO] [stdout]    3:     0x582131de726f - <unknown>
[INFO] [stdout]    4:     0x582131de6e9a - <unknown>
[INFO] [stdout]    5:     0x582131de69d2 - <unknown>
[INFO] [stdout]    6:     0x582131e0d951 - <unknown>
[INFO] [stdout]    7:     0x582131e0d909 - <unknown>
[INFO] [stdout]    8:     0x582131e0de1c - <unknown>
[INFO] [stdout]    9:     0x582131d4659b - <unknown>
[INFO] [stdout]   10:     0x582131d4651d - <unknown>
[INFO] [stdout]   11:     0x582131b99117 - <unknown>
[INFO] [stdout]   12:     0x582131cfb67a - <unknown>
[INFO] [stdout]   13:     0x582131e2b54b - <unknown>
[INFO] [stdout]   14:     0x582131e26b5f - <unknown>
[INFO] [stdout]   15:     0x582131e265dc - <unknown>
[INFO] [stdout]   16:     0x582131e4146c - <unknown>
[INFO] [stdout]   17:     0x582131e0f422 - <unknown>
[INFO] [stdout]   18:     0x7af4c6083dfa - <unknown>
[INFO] [stdout]   19:     0x7af4c61173d4 - clone
[INFO] [stdout]   20:                0x0 - <unknown>
[INFO] [stdout] 
[INFO] [stdout] ---- tests::tsconfig_paths::test_tsconfig_mixed_root_non_root_cache stdout ----
[INFO] [stdout] 
[INFO] [stdout] thread 'tests::tsconfig_paths::test_tsconfig_mixed_root_non_root_cache' (2064) panicked at src/tests/tsconfig_paths.rs:301:36:
[INFO] [stdout] called `Result::unwrap()` on an `Err` value: Os { code: 2, kind: NotFound, message: "No such file or directory" }
[INFO] [stdout] stack backtrace:
[INFO] [stdout]    0:     0x582131de80f5 - <unknown>
[INFO] [stdout]    1:     0x582131d4670a - <unknown>
[INFO] [stdout]    2:     0x582131de778b - <unknown>
[INFO] [stdout]    3:     0x582131de726f - <unknown>
[INFO] [stdout]    4:     0x582131de6e9a - <unknown>
[INFO] [stdout]    5:     0x582131de69d2 - <unknown>
[INFO] [stdout]    6:     0x582131e0d951 - <unknown>
[INFO] [stdout]    7:     0x582131e0d909 - <unknown>
[INFO] [stdout]    8:     0x582131e0de1c - <unknown>
[INFO] [stdout]    9:     0x582131d4659b - <unknown>
[INFO] [stdout]   10:     0x582131d4ae51 - <unknown>
[INFO] [stdout]   11:     0x582131d00270 - <unknown>
[INFO] [stdout]   12:     0x582131e2b54b - <unknown>
[INFO] [stdout]   13:     0x582131e26b5f - <unknown>
[INFO] [stdout]   14:     0x582131e265dc - <unknown>
[INFO] [stdout]   15:     0x582131e4146c - <unknown>
[INFO] [stdout]   16:     0x582131e0f422 - <unknown>
[INFO] [stdout]   17:     0x7af4c6083dfa - <unknown>
[INFO] [stdout]   18:     0x7af4c61173d4 - clone
[INFO] [stdout]   19:                0x0 - <unknown>
[INFO] [stdout] 
[INFO] [stdout] ---- tests::tsconfig_paths::test_paths_nested_base stdout ----
[INFO] [stdout] 
[INFO] [stdout] thread 'tests::tsconfig_paths::test_paths_nested_base' (2061) panicked at src/tests/tsconfig_paths.rs:267:9:
[INFO] [stdout] assertion `left == right` failed: foo tsconfig.json "/opt/rustwide/workdir/fixtures/tsconfig/cases/paths-nested-base/other"
[INFO] [stdout]   left: Err(TsconfigNotFound("/opt/rustwide/workdir/fixtures/tsconfig/cases/paths-nested-base/tsconfig.json"))
[INFO] [stdout]  right: Ok("/opt/rustwide/workdir/fixtures/tsconfig/cases/paths-nested-base/root/foo.ts")
[INFO] [stdout] stack backtrace:
[INFO] [stdout]    0:     0x582131de80f5 - <unknown>
[INFO] [stdout]    1:     0x582131d4670a - <unknown>
[INFO] [stdout]    2:     0x582131de778b - <unknown>
[INFO] [stdout]    3:     0x582131de726f - <unknown>
[INFO] [stdout]    4:     0x582131de6e9a - <unknown>
[INFO] [stdout]    5:     0x582131de69d2 - <unknown>
[INFO] [stdout]    6:     0x582131e0d951 - <unknown>
[INFO] [stdout]    7:     0x582131e0d909 - <unknown>
[INFO] [stdout]    8:     0x582131e0de1c - <unknown>
[INFO] [stdout]    9:     0x582131d4659b - <unknown>
[INFO] [stdout]   10:     0x582131d4651d - <unknown>
[INFO] [stdout]   11:     0x582131b99117 - <unknown>
[INFO] [stdout]   12:     0x582131cfd185 - <unknown>
[INFO] [stdout]   13:     0x582131e2b54b - <unknown>
[INFO] [stdout]   14:     0x582131e26b5f - <unknown>
[INFO] [stdout]   15:     0x582131e265dc - <unknown>
[INFO] [stdout]   16:     0x582131e4146c - <unknown>
[INFO] [stdout]   17:     0x582131e0f422 - <unknown>
[INFO] [stdout]   18:     0x7af4c6083dfa - <unknown>
[INFO] [stdout]   19:     0x7af4c61173d4 - clone
[INFO] [stdout]   20:                0x0 - <unknown>
[INFO] [stdout] 
[INFO] [stdout] ---- tests::tsconfig_extends::test_references_unreadable_file stdout ----
[INFO] [stdout] 
[INFO] [stdout] thread 'tests::tsconfig_extends::test_references_unreadable_file' (2054) panicked at src/tests/tsconfig_extends.rs:342:5:
[INFO] [stdout] expected IOError for unreadable references target, got Err(TsconfigNotFound("/opt/rustwide/workdir/fixtures/tsconfig/cases/references-unreadable"))
[INFO] [stdout] stack backtrace:
[INFO] [stderr] error: test failed, to rerun pass `--lib`
[INFO] [stdout]    0:     0x582131de80f5 - <unknown>
[INFO] [stdout]    1:     0x582131d4670a - <unknown>
[INFO] [stdout]    2:     0x582131de778b - <unknown>
[INFO] [stdout]    3:     0x582131de726f - <unknown>
[INFO] [stdout]    4:     0x582131de6e9a - <unknown>
[INFO] [stdout]    5:     0x582131de69d2 - <unknown>
[INFO] [stdout]    6:     0x582131e0d951 - <unknown>
[INFO] [stdout]    7:     0x582131e0d909 - <unknown>
[INFO] [stdout]    8:     0x582131e0de1c - <unknown>
[INFO] [stdout]    9:     0x582131d4659b - <unknown>
[INFO] [stdout]   10:     0x582131d0cc35 - <unknown>
[INFO] [stdout]   11:     0x582131e2b54b - <unknown>
[INFO] [stdout]   12:     0x582131e26b5f - <unknown>
[INFO] [stdout]   13:     0x582131e265dc - <unknown>
[INFO] [stdout]   14:     0x582131e4146c - <unknown>
[INFO] [stdout]   15:     0x582131e0f422 - <unknown>
[INFO] [stdout]   16:     0x7af4c6083dfa - <unknown>
[INFO] [stdout]   17:     0x7af4c61173d4 - clone
[INFO] [stdout]   18:                0x0 - <unknown>
[INFO] [stdout] 
[INFO] [stdout] ---- tests::tsconfig_paths::broken stdout ----
[INFO] [stdout] 
[INFO] [stdout] thread 'tests::tsconfig_paths::broken' (2055) panicked at src/tests/tsconfig_paths.rs:164:5:
[INFO] [stdout] assertion `left == right` failed
[INFO] [stdout]   left: Err(TsconfigNotFound("/opt/rustwide/workdir/fixtures/tsconfig/tsconfig_broken.json"))
[INFO] [stdout]  right: Err(Json(JSONError { path: "/opt/rustwide/workdir/fixtures/tsconfig/tsconfig_broken.json", message: "EOF while parsing an object at line 2 column 0", line: 2, column: 0 }))
[INFO] [stdout] stack backtrace:
[INFO] [stdout]    0:     0x582131de80f5 - <unknown>
[INFO] [stdout]    1:     0x582131d4670a - <unknown>
[INFO] [stdout]    2:     0x582131de778b - <unknown>
[INFO] [stdout]    3:     0x582131de726f - <unknown>
[INFO] [stdout]    4:     0x582131de6e9a - <unknown>
[INFO] [stdout]    5:     0x582131de69d2 - <unknown>
[INFO] [stdout]    6:     0x582131e0d951 - <unknown>
[INFO] [stdout]    7:     0x582131e0d909 - <unknown>
[INFO] [stdout]    8:     0x582131e0de1c - <unknown>
[INFO] [stdout]    9:     0x582131d4659b - <unknown>
[INFO] [stdout]   10:     0x582131d464be - <unknown>
[INFO] [stdout]   11:     0x582131b9914b - <unknown>
[INFO] [stdout]   12:     0x582131d03ecb - <unknown>
[INFO] [stdout]   13:     0x582131e2b54b - <unknown>
[INFO] [stdout]   14:     0x582131e26b5f - <unknown>
[INFO] [stdout]   15:     0x582131e265dc - <unknown>
[INFO] [stdout]   16:     0x582131e4146c - <unknown>
[INFO] [stdout]   17:     0x582131e0f422 - <unknown>
[INFO] [stdout]   18:     0x7af4c6083dfa - <unknown>
[INFO] [stdout]   19:     0x7af4c61173d4 - clone
[INFO] [stdout]   20:                0x0 - <unknown>
[INFO] [stdout] 
[INFO] [stdout] ---- tests::tsconfig_paths::test_template_variable stdout ----
[INFO] [stdout] 
[INFO] [stdout] thread 'tests::tsconfig_paths::test_template_variable' (2063) panicked at src/tests/tsconfig_paths.rs:243:9:
[INFO] [stdout] assertion `left == right` failed: foo tsconfig.json "/opt/rustwide/workdir/fixtures/tsconfig/cases/paths-template-variable"
[INFO] [stdout]   left: Err(TsconfigNotFound("/opt/rustwide/workdir/fixtures/tsconfig/cases/paths-template-variable/tsconfig.json"))
[INFO] [stdout]  right: Ok("/opt/rustwide/workdir/fixtures/tsconfig/cases/paths-template-variable/src/foo.js")
[INFO] [stdout] stack backtrace:
[INFO] [stdout]    0:     0x582131de80f5 - <unknown>
[INFO] [stdout]    1:     0x582131d4670a - <unknown>
[INFO] [stdout]    2:     0x582131de778b - <unknown>
[INFO] [stdout]    3:     0x582131de726f - <unknown>
[INFO] [stdout]    4:     0x582131de6e9a - <unknown>
[INFO] [stdout]    5:     0x582131de69d2 - <unknown>
[INFO] [stdout]    6:     0x582131e0d951 - <unknown>
[INFO] [stdout]    7:     0x582131e0d909 - <unknown>
[INFO] [stdout]    8:     0x582131e0de1c - <unknown>
[INFO] [stdout]    9:     0x582131d4659b - <unknown>
[INFO] [stdout]   10:     0x582131d4651d - <unknown>
[INFO] [stdout]   11:     0x582131b99117 - <unknown>
[INFO] [stdout]   12:     0x582131cfe9a1 - <unknown>
[INFO] [stdout]   13:     0x582131e2b54b - <unknown>
[INFO] [stdout]   14:     0x582131e26b5f - <unknown>
[INFO] [stdout]   15:     0x582131e265dc - <unknown>
[INFO] [stdout]   16:     0x582131e4146c - <unknown>
[INFO] [stdout]   17:     0x582131e0f422 - <unknown>
[INFO] [stdout]   18:     0x7af4c6083dfa - <unknown>
[INFO] [stdout]   19:     0x7af4c61173d4 - clone
[INFO] [stdout]   20:                0x0 - <unknown>
[INFO] [stdout] 
[INFO] [stdout] ---- tests::tsconfig_paths::test_tsconfig_mixed_root_non_root_cache2 stdout ----
[INFO] [stdout] 
[INFO] [stdout] thread 'tests::tsconfig_paths::test_tsconfig_mixed_root_non_root_cache2' (2065) panicked at src/tests/tsconfig_paths.rs:322:83:
[INFO] [stdout] called `Result::unwrap()` on an `Err` value: TsconfigNotFound("/opt/rustwide/workdir/fixtures/tsconfig/cases/extends-paths/tsconfig.base.json")
[INFO] [stdout] stack backtrace:
[INFO] [stdout]    0:     0x582131de80f5 - <unknown>
[INFO] [stdout]    1:     0x582131d4670a - <unknown>
[INFO] [stdout]    2:     0x582131de778b - <unknown>
[INFO] [stdout]    3:     0x582131de726f - <unknown>
[INFO] [stdout]    4:     0x582131de6e9a - <unknown>
[INFO] [stdout]    5:     0x582131de69d2 - <unknown>
[INFO] [stdout]    6:     0x582131e0d951 - <unknown>
[INFO] [stdout]    7:     0x582131e0d909 - <unknown>
[INFO] [stdout]    8:     0x582131e0de1c - <unknown>
[INFO] [stdout]    9:     0x582131d4659b - <unknown>
[INFO] [stdout]   10:     0x582131d4ae51 - <unknown>
[INFO] [stdout]   11:     0x582131d018a2 - <unknown>
[INFO] [stdout]   12:     0x582131e2b54b - <unknown>
[INFO] [stdout]   13:     0x582131e26b5f - <unknown>
[INFO] [stdout]   14:     0x582131e265dc - <unknown>
[INFO] [stdout]   15:     0x582131e4146c - <unknown>
[INFO] [stdout]   16:     0x582131e0f422 - <unknown>
[INFO] [stdout]   17:     0x7af4c6083dfa - <unknown>
[INFO] [stdout]   18:     0x7af4c61173d4 - clone
[INFO] [stdout]   19:                0x0 - <unknown>
[INFO] [stdout] 
[INFO] [stdout] ---- tests::tsconfig_paths::tsconfig_fallthrough stdout ----
[INFO] [stdout] 
[INFO] [stdout] thread 'tests::tsconfig_paths::tsconfig_fallthrough' (2067) panicked at src/tests/tsconfig_paths.rs:110:5:
[INFO] [stdout] assertion `left == right` failed
[INFO] [stdout]   left: Err(TsconfigNotFound("/opt/rustwide/workdir/fixtures/tsconfig/tsconfig.json"))
[INFO] [stdout]  right: Err(NotFound("/"))
[INFO] [stdout] stack backtrace:
[INFO] [stdout]    0:     0x582131de80f5 - <unknown>
[INFO] [stdout]    1:     0x582131d4670a - <unknown>
[INFO] [stdout]    2:     0x582131de778b - <unknown>
[INFO] [stdout]    3:     0x582131de726f - <unknown>
[INFO] [stdout]    4:     0x582131de6e9a - <unknown>
[INFO] [stdout]    5:     0x582131de69d2 - <unknown>
[INFO] [stdout]    6:     0x582131e0d951 - <unknown>
[INFO] [stdout]    7:     0x582131e0d909 - <unknown>
[INFO] [stdout]    8:     0x582131e0de1c - <unknown>
[INFO] [stdout]    9:     0x582131d4659b - <unknown>
[INFO] [stdout]   10:     0x582131d464be - <unknown>
[INFO] [stdout]   11:     0x582131b9914b - <unknown>
[INFO] [stdout]   12:     0x582131cfbe36 - <unknown>
[INFO] [stdout]   13:     0x582131e2b54b - <unknown>
[INFO] [stdout]   14:     0x582131e26b5f - <unknown>
[INFO] [stdout]   15:     0x582131e265dc - <unknown>
[INFO] [stdout]   16:     0x582131e4146c - <unknown>
[INFO] [stdout]   17:     0x582131e0f422 - <unknown>
[INFO] [stdout]   18:     0x7af4c6083dfa - <unknown>
[INFO] [stdout]   19:     0x7af4c61173d4 - clone
[INFO] [stdout]   20:                0x0 - <unknown>
[INFO] [stdout] 
[INFO] [stdout] ---- tests::tsconfig_paths::tsconfig_resolve stdout ----
[INFO] [stdout] 
[INFO] [stdout] thread 'tests::tsconfig_paths::tsconfig_resolve' (2068) panicked at src/tests/tsconfig_paths.rs:48:9:
[INFO] [stdout] assertion `left == right` failed: ts-path "/opt/rustwide/workdir/fixtures/tsconfig" false
[INFO] [stdout]   left: Err(TsconfigNotFound("/opt/rustwide/workdir/fixtures/tsconfig/tsconfig.json"))
[INFO] [stdout]  right: Ok("/opt/rustwide/workdir/fixtures/tsconfig/src/foo.js")
[INFO] [stdout] stack backtrace:
[INFO] [stdout]    0:     0x582131de80f5 - <unknown>
[INFO] [stdout]    1:     0x582131d4670a - <unknown>
[INFO] [stdout]    2:     0x582131de778b - <unknown>
[INFO] [stdout]    3:     0x582131de726f - <unknown>
[INFO] [stdout]    4:     0x582131de6e9a - <unknown>
[INFO] [stdout]    5:     0x582131de69d2 - <unknown>
[INFO] [stdout]    6:     0x582131e0d951 - <unknown>
[INFO] [stdout]    7:     0x582131e0d909 - <unknown>
[INFO] [stdout]    8:     0x582131e0de1c - <unknown>
[INFO] [stdout]    9:     0x582131d4659b - <unknown>
[INFO] [stdout]   10:     0x582131d4651d - <unknown>
[INFO] [stdout]   11:     0x582131b99117 - <unknown>
[INFO] [stdout]   12:     0x582131ca3fb0 - <unknown>
[INFO] [stdout]   13:     0x582131cf9c5b - <unknown>
[INFO] [stdout]   14:     0x582131e2b54b - <unknown>
[INFO] [stdout]   15:     0x582131e26b5f - <unknown>
[INFO] [stdout]   16:     0x582131e265dc - <unknown>
[INFO] [stdout]   17:     0x582131e4146c - <unknown>
[INFO] [stdout]   18:     0x582131e0f422 - <unknown>
[INFO] [stdout]   19:     0x7af4c6083dfa - <unknown>
[INFO] [stdout]   20:     0x7af4c61173d4 - clone
[INFO] [stdout]   21:                0x0 - <unknown>
[INFO] [stdout] 
[INFO] [stdout] ---- tests::tsconfig_extends::test_extend_tsconfig_multiple_inheritance stdout ----
[INFO] [stdout] 
[INFO] [stdout] thread 'tests::tsconfig_extends::test_extend_tsconfig_multiple_inheritance' (2045) panicked at src/tests/tsconfig_extends.rs:132:52:
[INFO] [stdout] resolved: TsconfigNotFound("/opt/rustwide/workdir/fixtures/tsconfig/cases/extends-chain")
[INFO] [stdout] stack backtrace:
[INFO] [stdout]    0:     0x582131de80f5 - <unknown>
[INFO] [stdout]    1:     0x582131d4670a - <unknown>
[INFO] [stdout]    2:     0x582131de778b - <unknown>
[INFO] [stdout]    3:     0x582131de726f - <unknown>
[INFO] [stdout]    4:     0x582131de6e9a - <unknown>
[INFO] [stdout]    5:     0x582131de69d2 - <unknown>
[INFO] [stdout]    6:     0x582131e0d951 - <unknown>
[INFO] [stdout]    7:     0x582131e0d909 - <unknown>
[INFO] [stdout]    8:     0x582131e0de1c - <unknown>
[INFO] [stdout]    9:     0x582131d4659b - <unknown>
[INFO] [stdout]   10:     0x582131d4ae51 - <unknown>
[INFO] [stdout]   11:     0x582131d0ed3f - <unknown>
[INFO] [stdout]   12:     0x582131e2b54b - <unknown>
[INFO] [stdout]   13:     0x582131e26b5f - <unknown>
[INFO] [stdout]   14:     0x582131e265dc - <unknown>
[INFO] [stdout]   15:     0x582131e4146c - <unknown>
[INFO] [stdout]   16:     0x582131e0f422 - <unknown>
[INFO] [stdout]   17:     0x7af4c6083dfa - <unknown>
[INFO] [stdout]   18:     0x7af4c61173d4 - clone
[INFO] [stdout]   19:                0x0 - <unknown>
[INFO] [stdout] 
[INFO] [stdout] ---- tests::tsconfig_project_references::auto stdout ----
[INFO] [stdout] 
[INFO] [stdout] thread 'tests::tsconfig_project_references::auto' (2071) panicked at src/tests/tsconfig_project_references.rs:41:9:
[INFO] [stdout] assertion `left == right` failed: @/index.ts "/opt/rustwide/workdir/fixtures/tsconfig/cases/project-references/app/index.ts"
[INFO] [stdout]   left: Err(TsconfigNotFound("/opt/rustwide/workdir/fixtures/tsconfig/cases/project-references/app"))
[INFO] [stdout]  right: Ok("/opt/rustwide/workdir/fixtures/tsconfig/cases/project-references/app/aliased/index.ts")
[INFO] [stdout] stack backtrace:
[INFO] [stdout]    0:     0x582131de80f5 - <unknown>
[INFO] [stdout]    1:     0x582131d4670a - <unknown>
[INFO] [stdout]    2:     0x582131de778b - <unknown>
[INFO] [stdout]    3:     0x582131de726f - <unknown>
[INFO] [stdout]    4:     0x582131de6e9a - <unknown>
[INFO] [stdout]    5:     0x582131de69d2 - <unknown>
[INFO] [stdout]    6:     0x582131e0d951 - <unknown>
[INFO] [stdout]    7:     0x582131e0d909 - <unknown>
[INFO] [stdout]    8:     0x582131e0de1c - <unknown>
[INFO] [stdout]    9:     0x582131d4659b - <unknown>
[INFO] [stdout]   10:     0x582131d4651d - <unknown>
[INFO] [stdout]   11:     0x582131b99117 - <unknown>
[INFO] [stdout]   12:     0x582131d16ddd - <unknown>
[INFO] [stdout]   13:     0x582131e2b54b - <unknown>
[INFO] [stdout]   14:     0x582131e26b5f - <unknown>
[INFO] [stdout]   15:     0x582131e265dc - <unknown>
[INFO] [stdout]   16:     0x582131e4146c - <unknown>
[INFO] [stdout]   17:     0x582131e0f422 - <unknown>
[INFO] [stdout]   18:     0x7af4c6083dfa - <unknown>
[INFO] [stdout]   19:     0x7af4c61173d4 - clone
[INFO] [stdout]   20:                0x0 - <unknown>
[INFO] [stdout] 
[INFO] [stdout] ---- tests::tsconfig_extends::test_extend_tsconfig_override_behavior stdout ----
[INFO] [stdout] 
[INFO] [stdout] thread 'tests::tsconfig_extends::test_extend_tsconfig_override_behavior' (2048) panicked at src/tests/tsconfig_extends.rs:75:52:
[INFO] [stdout] resolved: TsconfigNotFound("/opt/rustwide/workdir/fixtures/tsconfig/cases/extends-override")
[INFO] [stdout] stack backtrace:
[INFO] [stdout]    0:     0x582131de80f5 - <unknown>
[INFO] [stdout]    1:     0x582131d4670a - <unknown>
[INFO] [stdout]    2:     0x582131de778b - <unknown>
[INFO] [stdout]    3:     0x582131de726f - <unknown>
[INFO] [stdout]    4:     0x582131de6e9a - <unknown>
[INFO] [stdout]    5:     0x582131de69d2 - <unknown>
[INFO] [stdout]    6:     0x582131e0d951 - <unknown>
[INFO] [stdout]    7:     0x582131e0d909 - <unknown>
[INFO] [stdout]    8:     0x582131e0de1c - <unknown>
[INFO] [stdout]    9:     0x582131d4659b - <unknown>
[INFO] [stdout]   10:     0x582131d4ae51 - <unknown>
[INFO] [stdout]   11:     0x582131d0dd17 - <unknown>
[INFO] [stdout]   12:     0x582131e2b54b - <unknown>
[INFO] [stdout]   13:     0x582131e26b5f - <unknown>
[INFO] [stdout]   14:     0x582131e265dc - <unknown>
[INFO] [stdout]   15:     0x582131e4146c - <unknown>
[INFO] [stdout]   16:     0x582131e0f422 - <unknown>
[INFO] [stdout]   17:     0x7af4c6083dfa - <unknown>
[INFO] [stdout]   18:     0x7af4c61173d4 - clone
[INFO] [stdout]   19:                0x0 - <unknown>
[INFO] [stdout] 
[INFO] [stdout] ---- tests::tsconfig_paths::test_tsconfig_mixed_root_non_root_cache3 stdout ----
[INFO] [stdout] 
[INFO] [stdout] thread 'tests::tsconfig_paths::test_tsconfig_mixed_root_non_root_cache3' (2066) panicked at src/tests/tsconfig_paths.rs:337:79:
[INFO] [stdout] called `Result::unwrap()` on an `Err` value: TsconfigNotFound("/opt/rustwide/workdir/fixtures/tsconfig/cases/extends-paths/tsconfig.json")
[INFO] [stdout] stack backtrace:
[INFO] [stdout]    0:     0x582131de80f5 - <unknown>
[INFO] [stdout]    1:     0x582131d4670a - <unknown>
[INFO] [stdout]    2:     0x582131de778b - <unknown>
[INFO] [stdout]    3:     0x582131de726f - <unknown>
[INFO] [stdout]    4:     0x582131de6e9a - <unknown>
[INFO] [stdout]    5:     0x582131de69d2 - <unknown>
[INFO] [stdout]    6:     0x582131e0d951 - <unknown>
[INFO] [stdout]    7:     0x582131e0d909 - <unknown>
[INFO] [stdout]    8:     0x582131e0de1c - <unknown>
[INFO] [stdout]    9:     0x582131d4659b - <unknown>
[INFO] [stdout]   10:     0x582131d4ae51 - <unknown>
[INFO] [stdout]   11:     0x582131d02e0c - <unknown>
[INFO] [stdout]   12:     0x582131e2b54b - <unknown>
[INFO] [stdout]   13:     0x582131e26b5f - <unknown>
[INFO] [stdout]   14:     0x582131e265dc - <unknown>
[INFO] [stdout]   15:     0x582131e4146c - <unknown>
[INFO] [stdout]   16:     0x582131e0f422 - <unknown>
[INFO] [stdout]   17:     0x7af4c6083dfa - <unknown>
[INFO] [stdout]   18:     0x7af4c61173d4 - clone
[INFO] [stdout]   19:                0x0 - <unknown>
[INFO] [stdout] 
[INFO] [stdout] ---- tests::tsconfig_project_references::disabled stdout ----
[INFO] [stdout] 
[INFO] [stdout] thread 'tests::tsconfig_project_references::disabled' (2072) panicked at src/tests/tsconfig_project_references.rs:115:9:
[INFO] [stdout] assertion `left == right` failed: @/index.ts "/opt/rustwide/workdir/fixtures/tsconfig/cases/project-references/app"
[INFO] [stdout]   left: Err(TsconfigNotFound("/opt/rustwide/workdir/fixtures/tsconfig/cases/project-references/app"))
[INFO] [stdout]  right: Ok("/opt/rustwide/workdir/fixtures/tsconfig/cases/project-references/app/aliased/index.ts")
[INFO] [stdout] stack backtrace:
[INFO] [stdout]    0:     0x582131de80f5 - <unknown>
[INFO] [stdout]    1:     0x582131d4670a - <unknown>
[INFO] [stdout]    2:     0x582131de778b - <unknown>
[INFO] [stdout]    3:     0x582131de726f - <unknown>
[INFO] [stdout]    4:     0x582131de6e9a - <unknown>
[INFO] [stdout]    5:     0x582131de69d2 - <unknown>
[INFO] [stdout]    6:     0x582131e0d951 - <unknown>
[INFO] [stdout]    7:     0x582131e0d909 - <unknown>
[INFO] [stdout]    8:     0x582131e0de1c - <unknown>
[INFO] [stdout]    9:     0x582131d4659b - <unknown>
[INFO] [stdout]   10:     0x582131d4651d - <unknown>
[INFO] [stdout]   11:     0x582131b99117 - <unknown>
[INFO] [stdout]   12:     0x582131d18bf4 - <unknown>
[INFO] [stdout]   13:     0x582131e2b54b - <unknown>
[INFO] [stdout]   14:     0x582131e26b5f - <unknown>
[INFO] [stdout]   15:     0x582131e265dc - <unknown>
[INFO] [stdout]   16:     0x582131e4146c - <unknown>
[INFO] [stdout]   17:     0x582131e0f422 - <unknown>
[INFO] [stdout]   18:     0x7af4c6083dfa - <unknown>
[INFO] [stdout]   19:     0x7af4c61173d4 - clone
[INFO] [stdout]   20:                0x0 - <unknown>
[INFO] [stdout] 
[INFO] [stdout] ---- tests::tsconfig_paths::with_bom stdout ----
[INFO] [stdout] 
[INFO] [stdout] thread 'tests::tsconfig_paths::with_bom' (2070) panicked at src/tests/tsconfig_paths.rs:142:5:
[INFO] [stdout] assertion `left == right` failed
[INFO] [stdout]   left: Err(TsconfigNotFound("/opt/rustwide/workdir/fixtures/tsconfig/cases/with-bom/tsconfig.json"))
[INFO] [stdout]  right: Ok("/opt/rustwide/workdir/fixtures/tsconfig/cases/with-bom/bar.js")
[INFO] [stdout] stack backtrace:
[INFO] [stdout]    0:     0x582131de80f5 - <unknown>
[INFO] [stdout]    1:     0x582131d4670a - <unknown>
[INFO] [stdout]    2:     0x582131de778b - <unknown>
[INFO] [stdout]    3:     0x582131de726f - <unknown>
[INFO] [stdout]    4:     0x582131de6e9a - <unknown>
[INFO] [stdout]    5:     0x582131de69d2 - <unknown>
[INFO] [stdout]    6:     0x582131e0d951 - <unknown>
[INFO] [stdout]    7:     0x582131e0d909 - <unknown>
[INFO] [stdout]    8:     0x582131e0de1c - <unknown>
[INFO] [stdout]    9:     0x582131d4659b - <unknown>
[INFO] [stdout]   10:     0x582131d464be - <unknown>
[INFO] [stdout]   11:     0x582131b99117 - <unknown>
[INFO] [stdout]   12:     0x582131d0464e - <unknown>
[INFO] [stdout]   13:     0x582131e2b54b - <unknown>
[INFO] [stdout]   14:     0x582131e26b5f - <unknown>
[INFO] [stdout]   15:     0x582131e265dc - <unknown>
[INFO] [stdout]   16:     0x582131e4146c - <unknown>
[INFO] [stdout]   17:     0x582131e0f422 - <unknown>
[INFO] [stdout]   18:     0x7af4c6083dfa - <unknown>
[INFO] [stdout]   19:     0x7af4c61173d4 - clone
[INFO] [stdout]   20:                0x0 - <unknown>
[INFO] [stdout] 
[INFO] [stdout] ---- tests::tsconfig_extends::test_extend_tsconfig_unreadable_file stdout ----
[INFO] [stdout] 
[INFO] [stdout] thread 'tests::tsconfig_extends::test_extend_tsconfig_unreadable_file' (2052) panicked at src/tests/tsconfig_extends.rs:315:5:
[INFO] [stdout] expected IOError for unreadable extends target, got Err(TsconfigNotFound("/opt/rustwide/workdir/fixtures/tsconfig/cases/extends-unreadable"))
[INFO] [stdout] stack backtrace:
[INFO] [stdout]    0:     0x582131de80f5 - <unknown>
[INFO] [stdout]    1:     0x582131d4670a - <unknown>
[INFO] [stdout]    2:     0x582131de778b - <unknown>
[INFO] [stdout]    3:     0x582131de726f - <unknown>
[INFO] [stdout]    4:     0x582131de6e9a - <unknown>
[INFO] [stdout]    5:     0x582131de69d2 - <unknown>
[INFO] [stdout]    6:     0x582131e0d951 - <unknown>
[INFO] [stdout]    7:     0x582131e0d909 - <unknown>
[INFO] [stdout]    8:     0x582131e0de1c - <unknown>
[INFO] [stdout]    9:     0x582131d4659b - <unknown>
[INFO] [stdout]   10:     0x582131d0d685 - <unknown>
[INFO] [stdout]   11:     0x582131e2b54b - <unknown>
[INFO] [stdout]   12:     0x582131e26b5f - <unknown>
[INFO] [stdout]   13:     0x582131e265dc - <unknown>
[INFO] [stdout]   14:     0x582131e4146c - <unknown>
[INFO] [stdout]   15:     0x582131e0f422 - <unknown>
[INFO] [stdout]   16:     0x7af4c6083dfa - <unknown>
[INFO] [stdout]   17:     0x7af4c61173d4 - clone
[INFO] [stdout]   18:                0x0 - <unknown>
[INFO] [stdout] 
[INFO] [stdout] ---- tests::tsconfig_project_references::references_with_extends stdout ----
[INFO] [stdout] 
[INFO] [stdout] thread 'tests::tsconfig_project_references::references_with_extends' (2073) panicked at src/tests/tsconfig_project_references.rs:153:5:
[INFO] [stdout] assertion `left == right` failed
[INFO] [stdout]   left: Err(TsconfigNotFound("/opt/rustwide/workdir/fixtures/tsconfig/cases/project-references/extends"))
[INFO] [stdout]  right: Ok("/opt/rustwide/workdir/fixtures/tsconfig/cases/project-references/extends/src/pages/index.tsx")
[INFO] [stdout] stack backtrace:
[INFO] [stdout]    0:     0x582131de80f5 - <unknown>
[INFO] [stdout]    1:     0x582131d4670a - <unknown>
[INFO] [stdout]    2:     0x582131de778b - <unknown>
[INFO] [stdout]    3:     0x582131de726f - <unknown>
[INFO] [stdout]    4:     0x582131de6e9a - <unknown>
[INFO] [stdout]    5:     0x582131de69d2 - <unknown>
[INFO] [stdout]    6:     0x582131e0d951 - <unknown>
[INFO] [stdout]    7:     0x582131e0d909 - <unknown>
[INFO] [stdout]    8:     0x582131e0de1c - <unknown>
[INFO] [stdout]    9:     0x582131d4659b - <unknown>
[INFO] [stdout]   10:     0x582131d464be - <unknown>
[INFO] [stdout]   11:     0x582131b99117 - <unknown>
[INFO] [stdout]   12:     0x582131d15113 - <unknown>
[INFO] [stdout]   13:     0x582131e2b54b - <unknown>
[INFO] [stdout]   14:     0x582131e26b5f - <unknown>
[INFO] [stdout]   15:     0x582131e265dc - <unknown>
[INFO] [stdout]   16:     0x582131e4146c - <unknown>
[INFO] [stdout]   17:     0x582131e0f422 - <unknown>
[INFO] [stdout]   18:     0x7af4c6083dfa - <unknown>
[INFO] [stdout]   19:     0x7af4c61173d4 - clone
[INFO] [stdout]   20:                0x0 - <unknown>
[INFO] [stdout] 
[INFO] [stdout] ---- tests::tsconfig_paths::test_merge_tsconfig stdout ----
[INFO] [stdout] 
[INFO] [stdout] thread 'tests::tsconfig_paths::test_merge_tsconfig' (2058) panicked at src/tests/tsconfig_paths.rs:187:54:
[INFO] [stdout] resolved: TsconfigNotFound("/opt/rustwide/workdir/fixtures/tsconfig/cases/merge-compiler-options")
[INFO] [stdout] stack backtrace:
[INFO] [stdout]    0:     0x582131de80f5 - <unknown>
[INFO] [stdout]    1:     0x582131d4670a - <unknown>
[INFO] [stdout]    2:     0x582131de778b - <unknown>
[INFO] [stdout]    3:     0x582131de726f - <unknown>
[INFO] [stdout]    4:     0x582131de6e9a - <unknown>
[INFO] [stdout]    5:     0x582131de69d2 - <unknown>
[INFO] [stdout]    6:     0x582131e0d951 - <unknown>
[INFO] [stdout]    7:     0x582131e0d909 - <unknown>
[INFO] [stdout]    8:     0x582131e0de1c - <unknown>
[INFO] [stdout]    9:     0x582131d4659b - <unknown>
[INFO] [stdout]   10:     0x582131d4ae51 - <unknown>
[INFO] [stdout]   11:     0x582131cfa9ac - <unknown>
[INFO] [stdout]   12:     0x582131e2b54b - <unknown>
[INFO] [stdout]   13:     0x582131e26b5f - <unknown>
[INFO] [stdout]   14:     0x582131e265dc - <unknown>
[INFO] [stdout]   15:     0x582131e4146c - <unknown>
[INFO] [stdout]   16:     0x582131e0f422 - <unknown>
[INFO] [stdout]   17:     0x7af4c6083dfa - <unknown>
[INFO] [stdout]   18:     0x7af4c61173d4 - clone
[INFO] [stdout]   19:                0x0 - <unknown>
[INFO] [stdout] 
[INFO] [stdout] ---- tests::scoped_packages::scoped_packages stdout ----
[INFO] [stdout] 
[INFO] [stdout] thread 'tests::scoped_packages::scoped_packages' (2021) panicked at src/tests/scoped_packages.rs:26:9:
[INFO] [stdout] assertion `left == right` failed: main field should work "/opt/rustwide/workdir/fixtures/enhanced-resolve/test/fixtures/scoped" @scope/pack1
[INFO] [stdout]   left: None
[INFO] [stdout]  right: Some("/opt/rustwide/workdir/fixtures/enhanced-resolve/test/fixtures/scoped/./node_modules/@scope/pack1/main.js")
[INFO] [stdout] stack backtrace:
[INFO] [stdout]    0:     0x582131de80f5 - <unknown>
[INFO] [stdout]    1:     0x582131d4670a - <unknown>
[INFO] [stdout]    2:     0x582131de778b - <unknown>
[INFO] [stdout]    3:     0x582131de726f - <unknown>
[INFO] [stdout]    4:     0x582131de6e9a - <unknown>
[INFO] [stdout]    5:     0x582131de69d2 - <unknown>
[INFO] [stdout]    6:     0x582131e0d951 - <unknown>
[INFO] [stdout]    7:     0x582131e0d909 - <unknown>
[INFO] [stdout]    8:     0x582131e0de1c - <unknown>
[INFO] [stdout]    9:     0x582131d4659b - <unknown>
[INFO] [stdout]   10:     0x582131d4651d - <unknown>
[INFO] [stdout]   11:     0x582131b98fd8 - <unknown>
[INFO] [stdout]   12:     0x582131d08534 - <unknown>
[INFO] [stdout]   13:     0x582131e2b54b - <unknown>
[INFO] [stdout]   14:     0x582131e26b5f - <unknown>
[INFO] [stdout]   15:     0x582131e265dc - <unknown>
[INFO] [stdout]   16:     0x582131e4146c - <unknown>
[INFO] [stdout]   17:     0x582131e0f422 - <unknown>
[INFO] [stdout]   18:     0x7af4c6083dfa - <unknown>
[INFO] [stdout]   19:     0x7af4c61173d4 - clone
[INFO] [stdout]   20:                0x0 - <unknown>
[INFO] [stdout] 
[INFO] [stdout] ---- tests::tsconfig_extends::test_extend_tsconfig_preserves_child_settings stdout ----
[INFO] [stdout] 
[INFO] [stdout] thread 'tests::tsconfig_extends::test_extend_tsconfig_preserves_child_settings' (2050) panicked at src/tests/tsconfig_extends.rs:153:52:
[INFO] [stdout] resolved: TsconfigNotFound("/opt/rustwide/workdir/fixtures/tsconfig/cases/extends-preserve-child")
[INFO] [stdout] stack backtrace:
[INFO] [stdout]    0:     0x582131de80f5 - <unknown>
[INFO] [stdout]    1:     0x582131d4670a - <unknown>
[INFO] [stdout]    2:     0x582131de778b - <unknown>
[INFO] [stdout]    3:     0x582131de726f - <unknown>
[INFO] [stdout]    4:     0x582131de6e9a - <unknown>
[INFO] [stdout]    5:     0x582131de69d2 - <unknown>
[INFO] [stdout]    6:     0x582131e0d951 - <unknown>
[INFO] [stdout]    7:     0x582131e0d909 - <unknown>
[INFO] [stdout]    8:     0x582131e0de1c - <unknown>
[INFO] [stdout]    9:     0x582131d4659b - <unknown>
[INFO] [stdout]   10:     0x582131d4ae51 - <unknown>
[INFO] [stdout]   11:     0x582131d104b4 - <unknown>
[INFO] [stdout]   12:     0x582131e2b54b - <unknown>
[INFO] [stdout]   13:     0x582131e26b5f - <unknown>
[INFO] [stdout]   14:     0x582131e265dc - <unknown>
[INFO] [stdout]   15:     0x582131e4146c - <unknown>
[INFO] [stdout]   16:     0x582131e0f422 - <unknown>
[INFO] [stdout]   17:     0x7af4c6083dfa - <unknown>
[INFO] [stdout]   18:     0x7af4c61173d4 - clone
[INFO] [stdout]   19:                0x0 - <unknown>
[INFO] [stdout] 
[INFO] [stdout] ---- tests::tsconfig_root_dirs::test stdout ----
[INFO] [stdout] 
[INFO] [stdout] thread 'tests::tsconfig_root_dirs::test' (2074) panicked at src/tests/tsconfig_root_dirs.rs:68:9:
[INFO] [stdout] assertion `left == right` failed: from "/opt/rustwide/workdir/fixtures/tsconfig/cases/root-dirs/src/index.ts" resolve ./foo
[INFO] [stdout]   left: Err(TsconfigNotFound("/opt/rustwide/workdir/fixtures/tsconfig/cases/root-dirs/tsconfig.json"))
[INFO] [stdout]  right: Ok("/opt/rustwide/workdir/fixtures/tsconfig/cases/root-dirs/generated/foo.ts")
[INFO] [stdout] stack backtrace:
[INFO] [stdout]    0:     0x582131de80f5 - <unknown>
[INFO] [stdout]    1:     0x582131d4670a - <unknown>
[INFO] [stdout]    2:     0x582131de778b - <unknown>
[INFO] [stdout]    3:     0x582131de726f - <unknown>
[INFO] [stdout]    4:     0x582131de6e9a - <unknown>
[INFO] [stdout]    5:     0x582131de69d2 - <unknown>
[INFO] [stdout]    6:     0x582131e0d951 - <unknown>
[INFO] [stdout]    7:     0x582131e0d909 - <unknown>
[INFO] [stdout]    8:     0x582131e0de1c - <unknown>
[INFO] [stdout]    9:     0x582131d4659b - <unknown>
[INFO] [stdout]   10:     0x582131d4651d - <unknown>
[INFO] [stdout]   11:     0x582131b99117 - <unknown>
[INFO] [stdout]   12:     0x582131d132b9 - <unknown>
[INFO] [stdout]   13:     0x582131e2b54b - <unknown>
[INFO] [stdout]   14:     0x582131e26b5f - <unknown>
[INFO] [stdout]   15:     0x582131e265dc - <unknown>
[INFO] [stdout]   16:     0x582131e4146c - <unknown>
[INFO] [stdout]   17:     0x582131e0f422 - <unknown>
[INFO] [stdout]   18:     0x7af4c6083dfa - <unknown>
[INFO] [stdout]   19:     0x7af4c61173d4 - clone
[INFO] [stdout]   20:                0x0 - <unknown>
[INFO] [stdout] 
[INFO] [stdout] 
[INFO] [stdout] failures:
[INFO] [stdout]     tests::alias::absolute_path
[INFO] [stdout]     tests::alias::alias_fragment
[INFO] [stdout]     tests::alias::alias_is_full_path
[INFO] [stdout]     tests::alias::alias_try_fragment_as_path
[INFO] [stdout]     tests::alias::alias_with_multiple_fallbacks
[INFO] [stdout]     tests::alias::system_path
[INFO] [stdout]     tests::browser_field::broken
[INFO] [stdout]     tests::browser_field::crypto_js
[INFO] [stdout]     tests::browser_field::ignore
[INFO] [stdout]     tests::browser_field::recursive
[INFO] [stdout]     tests::browser_field::replace_file
[INFO] [stdout]     tests::browser_field::shared_resolvers
[INFO] [stdout]     tests::browser_field::with_query
[INFO] [stdout]     tests::builtins::imports
[INFO] [stdout]     tests::dts_resolver::at_types_basic
[INFO] [stdout]     tests::dts_resolver::at_types_scoped
[INFO] [stdout]     tests::dts_resolver::directory_module_with_main
[INFO] [stdout]     tests::dts_resolver::dts_module_type_cts
[INFO] [stdout]     tests::dts_resolver::dts_module_type_mts
[INFO] [stdout]     tests::dts_resolver::exports_esm_match_finds_declaration
[INFO] [stdout]     tests::dts_resolver::exports_field_types_condition
[INFO] [stdout]     tests::dts_resolver::extension_priority_dts_over_js
[INFO] [stdout]     tests::dts_resolver::extension_priority_ts_wins
[INFO] [stdout]     tests::dts_resolver::extension_substitution_cjs_to_dcts
[INFO] [stdout]     tests::dts_resolver::extension_substitution_js_to_dts
[INFO] [stdout]     tests::dts_resolver::extension_substitution_json_to_d_json_ts
[INFO] [stdout]     tests::dts_resolver::extension_substitution_mjs_prefers_mts
[INFO] [stdout]     tests::dts_resolver::extension_substitution_mjs_to_dmts
[INFO] [stdout]     tests::dts_resolver::extension_substitution_tsx
[INFO] [stdout]     tests::dts_resolver::hash_import
[INFO] [stdout]     tests::dts_resolver::no_types_not_resolved
[INFO] [stdout]     tests::dts_resolver::relative_basic_ts
[INFO] [stdout]     tests::dts_resolver::relative_directory_index
[INFO] [stdout]     tests::dts_resolver::relative_dts_over_js
[INFO] [stdout]     tests::dts_resolver::self_referencing_package
[INFO] [stdout]     tests::dts_resolver::subpath_with_types_versions
[INFO] [stdout]     tests::dts_resolver::tsconfig_paths_in_dts
[INFO] [stdout]     tests::dts_resolver::types_field
[INFO] [stdout]     tests::dts_resolver::types_versions_root
[INFO] [stdout]     tests::dts_resolver::types_versions_subpath
[INFO] [stdout]     tests::dts_resolver::typings_field
[INFO] [stdout]     tests::dts_resolver::typings_takes_precedence_over_types
[INFO] [stdout]     tests::exports_field::directory
[INFO] [stdout]     tests::exports_field::exports_not_browser_field1
[INFO] [stdout]     tests::exports_field::exports_not_browser_field2
[INFO] [stdout]     tests::exports_field::extension_alias_1_2
[INFO] [stdout]     tests::exports_field::extension_alias_3
[INFO] [stdout]     tests::exports_field::extension_alias_throw_error
[INFO] [stdout]     tests::exports_field::extension_without_fully_specified
[INFO] [stdout]     tests::exports_field::field_name_path
[INFO] [stdout]     tests::exports_field::shared_resolvers
[INFO] [stdout]     tests::exports_field::test_simple
[INFO] [stdout]     tests::extension_alias::extension_alias
[INFO] [stdout]     tests::extension_alias::not_apply_to_extension_nor_main_files
[INFO] [stdout]     tests::extensions::default_enforce_extension
[INFO] [stdout]     tests::extensions::extension_combinations
[INFO] [stdout]     tests::extensions::extensions
[INFO] [stdout]     tests::extensions::multi_dot_extension
[INFO] [stdout]     tests::extensions::respect_enforce_extension
[INFO] [stdout]     tests::extensions::without_leading_dot
[INFO] [stdout]     tests::imports_field::shared_resolvers
[INFO] [stdout]     tests::imports_field::test_simple
[INFO] [stdout]     tests::incorrect_description_file::incorrect_description_file_1
[INFO] [stdout]     tests::incorrect_description_file::incorrect_description_file_2
[INFO] [stdout]     tests::main_field::test
[INFO] [stdout]     tests::main_field::test_fallback
[INFO] [stdout]     tests::memory_leak::test_memory_leak_arc_cycles
[INFO] [stdout]     tests::missing::test
[INFO] [stdout]     tests::module_type::module_type_disabled
[INFO] [stdout]     tests::module_type::nested_package_json_type
[INFO] [stdout]     tests::module_type::test
[INFO] [stdout]     tests::package_json::adjacent_to_node_modules
[INFO] [stdout]     tests::package_json::package_json_with_symlinks_true
[INFO] [stdout]     tests::package_json::test
[INFO] [stdout]     tests::resolve::abnormal_relative
[INFO] [stdout]     tests::resolve::issue238_resolve
[INFO] [stdout]     tests::resolve::no_prefer_relative_uses_node_modules
[INFO] [stdout]     tests::resolve::prefer_relative
[INFO] [stdout]     tests::resolve::prefer_relative_local_over_node_modules
[INFO] [stdout]     tests::resolve::resolve
[INFO] [stdout]     tests::resolve::resolve_dot
[INFO] [stdout]     tests::resolve::resolve_edge_cases
[INFO] [stdout]     tests::resolve::resolve_to_context
[INFO] [stdout]     tests::resolve::symlink_with_nested_node_modules
[INFO] [stdout]     tests::restrictions::should_allow_exact_path_in_restriction
[INFO] [stdout]     tests::restrictions::should_apply_multiple_restrictions
[INFO] [stdout]     tests::restrictions::should_check_restrictions_in_extension_alias
[INFO] [stdout]     tests::restrictions::should_check_restrictions_in_load_index_with_enforce_extension_disabled
[INFO] [stdout]     tests::restrictions::should_try_to_find_alternative_1
[INFO] [stdout]     tests::restrictions::should_try_to_find_alternative_2
[INFO] [stdout]     tests::restrictions::should_try_to_find_alternative_3
[INFO] [stdout]     tests::roots::prefer_absolute
[INFO] [stdout]     tests::roots::resolve_to_context
[INFO] [stdout]     tests::roots::roots
[INFO] [stdout]     tests::roots::roots_fall_through
[INFO] [stdout]     tests::roots::should_resolve_slash
[INFO] [stdout]     tests::scoped_packages::scoped_packages
[INFO] [stdout]     tests::scoped_packages::scoped_packages_subpath_export
[INFO] [stdout]     tests::scoped_packages::scoped_packages_with_exports
[INFO] [stdout]     tests::simple::dashed_name
[INFO] [stdout]     tests::simple::resolve_abs_main
[INFO] [stdout]     tests::simple::simple
[INFO] [stdout]     tests::tsconfck::find
[INFO] [stdout]     tests::tsconfck::part_of_solution
[INFO] [stdout]     tests::tsconfig_discovery::tsconfig_discovery
[INFO] [stdout]     tests::tsconfig_discovery::tsconfig_discovery_skips_unreadable_file
[INFO] [stdout]     tests::tsconfig_extends::test_extend_package
[INFO] [stdout]     tests::tsconfig_extends::test_extend_tsconfig
[INFO] [stdout]     tests::tsconfig_extends::test_extend_tsconfig_multiple_inheritance
[INFO] [stdout]     tests::tsconfig_extends::test_extend_tsconfig_override_behavior
[INFO] [stdout]     tests::tsconfig_extends::test_extend_tsconfig_paths
[INFO] [stdout]     tests::tsconfig_extends::test_extend_tsconfig_preserves_child_settings
[INFO] [stdout]     tests::tsconfig_extends::test_extend_tsconfig_template_variables
[INFO] [stdout]     tests::tsconfig_extends::test_extend_tsconfig_unreadable_file
[INFO] [stdout]     tests::tsconfig_extends::test_references_unreadable_file
[INFO] [stdout]     tests::tsconfig_paths::broken
[INFO] [stdout]     tests::tsconfig_paths::empty
[INFO] [stdout]     tests::tsconfig_paths::json_with_comments
[INFO] [stdout]     tests::tsconfig_paths::test_merge_tsconfig
[INFO] [stdout]     tests::tsconfig_paths::test_no_merge_tsconfig
[INFO] [stdout]     tests::tsconfig_paths::test_parent_base_url
[INFO] [stdout]     tests::tsconfig_paths::test_paths_nested_base
[INFO] [stdout]     tests::tsconfig_paths::test_template_variable
[INFO] [stdout]     tests::tsconfig_paths::test_tsconfig_mixed_root_non_root_cache
[INFO] [stdout]     tests::tsconfig_paths::test_tsconfig_mixed_root_non_root_cache2
[INFO] [stdout]     tests::tsconfig_paths::test_tsconfig_mixed_root_non_root_cache3
[INFO] [stdout]     tests::tsconfig_paths::tsconfig_fallthrough
[INFO] [stdout]     tests::tsconfig_paths::tsconfig_resolve
[INFO] [stdout]     tests::tsconfig_paths::with_bom
[INFO] [stdout]     tests::tsconfig_project_references::auto
[INFO] [stdout]     tests::tsconfig_project_references::disabled
[INFO] [stdout]     tests::tsconfig_project_references::references_with_extends
[INFO] [stdout]     tests::tsconfig_root_dirs::test
[INFO] [stdout] 
[INFO] [stdout] test result: FAILED. 85 passed; 133 failed; 0 ignored; 0 measured; 0 filtered out; finished in 0.07s
[INFO] [stdout] 
[INFO] running `Command { std: "docker" "inspect" "da7af33f85c6aeb96e4fd8da1b0920a8e211a250f2abe0ffdd299c829c6dfee2", kill_on_drop: false }`
[INFO] running `Command { std: "docker" "rm" "-f" "da7af33f85c6aeb96e4fd8da1b0920a8e211a250f2abe0ffdd299c829c6dfee2", kill_on_drop: false }`
[INFO] [stdout] da7af33f85c6aeb96e4fd8da1b0920a8e211a250f2abe0ffdd299c829c6dfee2
