[INFO] fetching crate unreleased 0.1.1...
[INFO] testing unreleased-0.1.1 against 1.99.0-beta.8+cargoflags=--release for beta-release-1.100-2
[INFO] extracting crate unreleased 0.1.1 into /workspace/builds/worker-3-tc1/source
[INFO] removed /workspace/builds/worker-3-tc1/source/rust-toolchain.toml
[INFO] started tweaking crates.io crate unreleased 0.1.1
[INFO] removed 0 missing tests
[INFO] finished tweaking crates.io crate unreleased 0.1.1
[INFO] tweaked toml for crates.io crate unreleased 0.1.1 written to /workspace/builds/worker-3-tc1/source/Cargo.toml
[INFO] validating manifest of crates.io crate unreleased 0.1.1 on toolchain 1.99.0-beta.8
[INFO] running `Command { std: CARGO_HOME="/workspace/cargo-home" RUSTUP_HOME="/workspace/rustup-home" "/workspace/cargo-home/bin/cargo" "+1.99.0-beta.8" "metadata" "--manifest-path" "Cargo.toml" "--no-deps", kill_on_drop: false }`
[INFO] crate crates.io crate unreleased 0.1.1 already has a lockfile, it will not be regenerated
[INFO] running `Command { std: CARGO_HOME="/workspace/cargo-home" RUSTUP_HOME="/workspace/rustup-home" "/workspace/cargo-home/bin/cargo" "+1.99.0-beta.8" "fetch" "--manifest-path" "Cargo.toml", kill_on_drop: false }`
[INFO] [stderr]     Updating crates.io index
[INFO] [stderr]  Downloading crates ...
[INFO] [stderr]   Downloaded insta-cmd v0.6.0
[INFO] [stderr]   Downloaded insta v1.47.2
[INFO] running `Command { std: "docker" "create" "-v" "/var/lib/crater-agent-workspace/builds/worker-3-tc1/source:/opt/rustwide/workdir:ro,Z" "-v" "/var/lib/crater-agent-workspace/builds/worker-3-tc1/target:/opt/rustwide/target:rw,Z" "-v" "/var/lib/crater-agent-workspace/cargo-home:/opt/rustwide/cargo-home:ro,Z" "-v" "/var/lib/crater-agent-workspace/rustup-home:/opt/rustwide/rustup-home:ro,Z" "-m" "1610612736" "--network" "none" "ghcr.io/rust-lang/crates-build-env/linux@sha256:77db811e55d90add9212f6832c23229e3de5f1c1f9905e8cb07319ea15df73ac" "sleep" "infinity", kill_on_drop: false }`
[INFO] [stdout] 7ef34989ec81216992f43db8e01655e4262370b01472abc7987dab7ac0377801
[INFO] running `Command { std: "docker" "start" "7ef34989ec81216992f43db8e01655e4262370b01472abc7987dab7ac0377801", kill_on_drop: false }`
[INFO] running `Command { std: "docker" "inspect" "7ef34989ec81216992f43db8e01655e4262370b01472abc7987dab7ac0377801", kill_on_drop: false }`
[INFO] running `Command { std: "docker" "exec" "-e" "SOURCE_DIR=/opt/rustwide/workdir" "-e" "CARGO_HOME=/opt/rustwide/cargo-home" "-e" "RUSTUP_HOME=/opt/rustwide/rustup-home" "-e" "CARGO_TARGET_DIR=/opt/rustwide/target" "-w" "/opt/rustwide/workdir" "--user" "0:0" "7ef34989ec81216992f43db8e01655e4262370b01472abc7987dab7ac0377801" "/opt/rustwide/cargo-home/bin/cargo" "+1.99.0-beta.8" "metadata" "--no-deps" "--format-version=1", kill_on_drop: false }`
[INFO] running `Command { std: "docker" "inspect" "7ef34989ec81216992f43db8e01655e4262370b01472abc7987dab7ac0377801", kill_on_drop: false }`
[INFO] running `Command { std: "docker" "exec" "-e" "SOURCE_DIR=/opt/rustwide/workdir" "-e" "CARGO_HOME=/opt/rustwide/cargo-home" "-e" "RUSTUP_HOME=/opt/rustwide/rustup-home" "-e" "CARGO_TARGET_DIR=/opt/rustwide/target" "-e" "CARGO_INCREMENTAL=0" "-e" "RUST_BACKTRACE=full" "-e" "RUSTFLAGS=--cap-lints=warn" "-e" "RUSTDOCFLAGS=--cap-lints=warn" "-w" "/opt/rustwide/workdir" "--user" "0:0" "7ef34989ec81216992f43db8e01655e4262370b01472abc7987dab7ac0377801" "/opt/rustwide/cargo-home/bin/cargo" "+1.99.0-beta.8" "build" "--frozen" "--message-format=json" "--release", kill_on_drop: false }`
[INFO] [stderr]    Compiling proc-macro2 v1.0.106
[INFO] [stderr]    Compiling quote v1.0.45
[INFO] [stderr]    Compiling unicode-ident v1.0.24
[INFO] [stderr]    Compiling libc v0.2.186
[INFO] [stderr]    Compiling memchr v2.7.6
[INFO] [stderr]    Compiling stable_deref_trait v1.2.1
[INFO] [stderr]    Compiling find-msvc-tools v0.1.5
[INFO] [stderr]    Compiling shlex v1.3.0
[INFO] [stderr]    Compiling pin-project-lite v0.2.17
[INFO] [stderr]    Compiling smallvec v1.15.1
[INFO] [stderr]    Compiling futures-core v0.3.32
[INFO] [stderr]    Compiling dunce v1.0.5
[INFO] [stderr]    Compiling serde_core v1.0.228
[INFO] [stderr]    Compiling fs_extra v1.3.0
[INFO] [stderr]    Compiling bytes v1.11.1
[INFO] [stderr]    Compiling cfg-if v1.0.4
[INFO] [stderr]    Compiling itoa v1.0.15
[INFO] [stderr]    Compiling futures-sink v0.3.32
[INFO] [stderr]    Compiling siphasher v1.0.1
[INFO] [stderr]    Compiling aws-lc-rs v1.17.0
[INFO] [stderr]    Compiling zeroize v1.8.2
[INFO] [stderr]    Compiling litemap v0.8.1
[INFO] [stderr]    Compiling fnv v1.0.7
[INFO] [stderr]    Compiling once_cell v1.21.4
[INFO] [stderr]    Compiling futures-io v0.3.32
[INFO] [stderr]    Compiling regex-syntax v0.8.8
[INFO] [stderr]    Compiling slab v0.4.11
[INFO] [stderr]    Compiling futures-channel v0.3.32
[INFO] [stderr]    Compiling phf_shared v0.11.3
[INFO] [stderr]    Compiling writeable v0.6.2
[INFO] [stderr]    Compiling futures-task v0.3.32
[INFO] [stderr]    Compiling rand_core v0.6.4
[INFO] [stderr]    Compiling rustls-pki-types v1.13.0
[INFO] [stderr]    Compiling icu_normalizer_data v2.1.1
[INFO] [stderr]    Compiling icu_properties_data v2.1.1
[INFO] [stderr]    Compiling serde v1.0.228
[INFO] [stderr]    Compiling crossbeam-utils v0.8.21
[INFO] [stderr]    Compiling bitflags v2.11.1
[INFO] [stderr]    Compiling rand v0.8.5
[INFO] [stderr]    Compiling zerocopy v0.8.28
[INFO] [stderr]    Compiling httparse v1.10.1
[INFO] [stderr]    Compiling http v1.3.1
[INFO] [stderr]    Compiling aho-corasick v1.1.4
[INFO] [stderr]    Compiling autocfg v1.5.0
[INFO] [stderr]    Compiling rustls v0.23.35
[INFO] [stderr]    Compiling log v0.4.28
[INFO] [stderr]    Compiling percent-encoding v2.3.2
[INFO] [stderr]    Compiling untrusted v0.9.0
[INFO] [stderr]    Compiling syn v2.0.117
[INFO] [stderr]    Compiling phf v0.11.3
[INFO] [stderr]    Compiling parking_lot_core v0.9.12
[INFO] [stderr]    Compiling tower-service v0.3.3
[INFO] [stderr]    Compiling num-traits v0.2.19
[INFO] [stderr]    Compiling ucd-trie v0.1.7
[INFO] [stderr]    Compiling subtle v2.6.1
[INFO] [stderr]    Compiling try-lock v0.2.5
[INFO] [stderr]    Compiling phf_generator v0.11.3
[INFO] [stderr]    Compiling want v0.3.1
[INFO] [stderr]    Compiling bstr v1.12.1
[INFO] [stderr]    Compiling phf_codegen v0.11.3
[INFO] [stderr]    Compiling tracing-core v0.1.34
[INFO] [stderr]    Compiling pin-utils v0.1.0
[INFO] [stderr]    Compiling rustix v1.1.4
[INFO] [stderr]    Compiling regex-automata v0.4.13
[INFO] [stderr]    Compiling pest v2.8.3
[INFO] [stderr]    Compiling crossbeam-epoch v0.9.18
[INFO] [stderr]    Compiling http-body v1.0.1
[INFO] [stderr]    Compiling scopeguard v1.2.0
[INFO] [stderr]    Compiling atomic-waker v1.1.2
[INFO] [stderr]    Compiling same-file v1.0.6
[INFO] [stderr]    Compiling jobserver v0.1.34
[INFO] [stderr]    Compiling serde_json v1.0.145
[INFO] [stderr]    Compiling utf8parse v0.2.2
[INFO] [stderr]    Compiling libm v0.2.15
[INFO] [stderr]    Compiling crossbeam-deque v0.8.6
[INFO] [stderr]    Compiling anstyle-parse v1.0.0
[INFO] [stderr]    Compiling mio v1.2.0
[INFO] [stderr]    Compiling cc v1.2.46
[INFO] [stderr]    Compiling socket2 v0.6.3
[INFO] [stderr]    Compiling getrandom v0.2.16
[INFO] [stderr]    Compiling walkdir v2.5.0
[INFO] [stderr]    Compiling lock_api v0.4.14
[INFO] [stderr]    Compiling tracing v0.1.41
[INFO] [stderr]    Compiling sync_wrapper v1.0.2
[INFO] [stderr]    Compiling iana-time-zone v0.1.64
[INFO] [stderr]    Compiling is_terminal_polyfill v1.70.2
[INFO] [stderr]    Compiling openssl-probe v0.2.1
[INFO] [stderr]    Compiling base64 v0.22.1
[INFO] [stderr]    Compiling anstyle-query v1.1.5
[INFO] [stderr]    Compiling linux-raw-sys v0.12.1
[INFO] [stderr]    Compiling tower-layer v0.3.3
[INFO] [stderr]    Compiling litrs v1.0.0
[INFO] [stderr]    Compiling anstyle v1.0.14
[INFO] [stderr]    Compiling utf8_iter v1.0.4
[INFO] [stderr]    Compiling colorchoice v1.0.5
[INFO] [stderr]    Compiling ipnet v2.11.0
[INFO] [stderr]    Compiling ryu v1.0.20
[INFO] [stderr]    Compiling rustls-native-certs v0.8.3
[INFO] [stderr]    Compiling anstream v1.0.0
[INFO] [stderr]    Compiling regex v1.12.3
[INFO] [stderr]    Compiling pest_meta v2.8.3
[INFO] [stderr]    Compiling document-features v0.2.12
[INFO] [stderr]    Compiling parking_lot v0.12.5
[INFO] [stderr]    Compiling cmake v0.1.58
[INFO] [stderr]    Compiling parse-zoneinfo v0.3.1
[INFO] [stderr]    Compiling form_urlencoded v1.2.2
[INFO] [stderr]    Compiling winnow v1.0.3
[INFO] [stderr]    Compiling ppv-lite86 v0.2.21
[INFO] [stderr]    Compiling chrono-tz-build v0.3.0
[INFO] [stderr]    Compiling unicode-segmentation v1.12.0
[INFO] [stderr]    Compiling deunicode v1.6.2
[INFO] [stderr]    Compiling anyhow v1.0.102
[INFO] [stderr]    Compiling aws-lc-sys v0.41.0
[INFO] [stderr]    Compiling strsim v0.11.1
[INFO] [stderr]    Compiling heck v0.5.0
[INFO] [stderr]    Compiling clap_lex v1.1.0
[INFO] [stderr]    Compiling iri-string v0.7.9
[INFO] [stderr]    Compiling slug v0.1.6
[INFO] [stderr]    Compiling rand_chacha v0.3.1
[INFO] [stderr]    Compiling chrono-tz v0.9.0
[INFO] [stderr]    Compiling crossterm v0.29.0
[INFO] [stderr]    Compiling humansize v2.1.3
[INFO] [stderr]    Compiling clap_builder v4.6.0
[INFO] [stderr]    Compiling toml_parser v1.1.2+spec-1.1.0
[INFO] [stderr]    Compiling serde_spanned v1.1.1
[INFO] [stderr]    Compiling toml_datetime v0.7.5+spec-1.1.0
[INFO] [stderr]    Compiling http-body-util v0.1.3
[INFO] [stderr]    Compiling unicode-width v0.2.2
[INFO] [stderr]    Compiling toml_writer v1.1.1+spec-1.1.0
[INFO] [stderr]    Compiling lazy_static v1.5.0
[INFO] [stderr]    Compiling winnow v0.7.15
[INFO] [stderr]    Compiling comfy-table v7.2.2
[INFO] [stderr]    Compiling etcetera v0.11.0
[INFO] [stderr]    Compiling synstructure v0.13.2
[INFO] [stderr]    Compiling pest_generator v2.8.3
[INFO] [stderr]    Compiling globset v0.4.18
[INFO] [stderr]    Compiling zerofrom-derive v0.1.6
[INFO] [stderr]    Compiling yoke-derive v0.8.1
[INFO] [stderr]    Compiling zerovec-derive v0.11.2
[INFO] [stderr]    Compiling displaydoc v0.2.5
[INFO] [stderr]    Compiling futures-macro v0.3.32
[INFO] [stderr]    Compiling tokio-macros v2.7.0
[INFO] [stderr]    Compiling serde_derive v1.0.228
[INFO] [stderr]    Compiling ignore v0.4.25
[INFO] [stderr]    Compiling pest_derive v2.8.3
[INFO] [stderr]    Compiling clap_derive v4.6.1
[INFO] [stderr]    Compiling toml v0.9.12+spec-1.1.0
[INFO] [stderr]    Compiling tokio v1.52.3
[INFO] [stderr]    Compiling zerofrom v0.1.6
[INFO] [stderr]    Compiling yoke v0.8.1
[INFO] [stderr]    Compiling futures-util v0.3.32
[INFO] [stderr]    Compiling zerotrie v0.2.3
[INFO] [stderr]    Compiling zerovec v0.11.5
[INFO] [stderr]    Compiling globwalk v0.9.1
[INFO] [stderr]    Compiling tinystr v0.8.2
[INFO] [stderr]    Compiling icu_locale_core v2.1.1
[INFO] [stderr]    Compiling potential_utf v0.1.4
[INFO] [stderr]    Compiling icu_collections v2.1.1
[INFO] [stderr]    Compiling clap v4.6.1
[INFO] [stderr]    Compiling icu_provider v2.1.1
[INFO] [stderr]    Compiling icu_normalizer v2.1.1
[INFO] [stderr]    Compiling icu_properties v2.1.1
[INFO] [stderr]    Compiling chrono v0.4.44
[INFO] [stderr]    Compiling futures-executor v0.3.32
[INFO] [stderr]    Compiling futures v0.3.32
[INFO] [stderr]    Compiling hyper v1.8.1
[INFO] [stderr]    Compiling tower v0.5.2
[INFO] [stderr]    Compiling tower-http v0.6.8
[INFO] [stderr]    Compiling hyper-util v0.1.18
[INFO] [stderr]    Compiling idna_adapter v1.2.1
[INFO] [stderr]    Compiling idna v1.1.0
[INFO] [stderr]    Compiling url v2.5.7
[INFO] [stderr]    Compiling tera v1.20.1
[INFO] [stderr]    Compiling rustls-webpki v0.103.13
[INFO] [stderr]    Compiling tokio-rustls v0.26.4
[INFO] [stderr]    Compiling rustls-platform-verifier v0.7.0
[INFO] [stderr]    Compiling hyper-rustls v0.27.7
[INFO] [stderr]    Compiling reqwest v0.13.3
[INFO] [stderr]    Compiling unreleased v0.1.1 (/opt/rustwide/workdir)
[INFO] [stderr]     Finished `release` profile [optimized] target(s) in 3m 25s
[INFO] running `Command { std: "docker" "inspect" "7ef34989ec81216992f43db8e01655e4262370b01472abc7987dab7ac0377801", kill_on_drop: false }`
[INFO] running `Command { std: "docker" "exec" "-e" "SOURCE_DIR=/opt/rustwide/workdir" "-e" "CARGO_HOME=/opt/rustwide/cargo-home" "-e" "RUSTUP_HOME=/opt/rustwide/rustup-home" "-e" "CARGO_TARGET_DIR=/opt/rustwide/target" "-e" "CARGO_INCREMENTAL=0" "-e" "RUST_BACKTRACE=full" "-e" "RUSTFLAGS=--cap-lints=warn" "-e" "RUSTDOCFLAGS=--cap-lints=warn" "-w" "/opt/rustwide/workdir" "--user" "0:0" "7ef34989ec81216992f43db8e01655e4262370b01472abc7987dab7ac0377801" "/opt/rustwide/cargo-home/bin/cargo" "+1.99.0-beta.8" "test" "--frozen" "--no-run" "--message-format=json" "--release", kill_on_drop: false }`
[INFO] [stderr]    Compiling rustix v1.1.4
[INFO] [stderr]    Compiling getrandom v0.4.2
[INFO] [stderr]    Compiling fastrand v2.4.1
[INFO] [stderr]    Compiling console v0.16.3
[INFO] [stderr]    Compiling similar v2.7.0
[INFO] [stderr]    Compiling crossterm v0.29.0
[INFO] [stderr]    Compiling tempfile v3.27.0
[INFO] [stderr]    Compiling insta v1.47.2
[INFO] [stderr]    Compiling comfy-table v7.2.2
[INFO] [stderr]    Compiling unreleased v0.1.1 (/opt/rustwide/workdir)
[INFO] [stderr]    Compiling insta-cmd v0.6.0
[INFO] [stderr]     Finished `release` profile [optimized] target(s) in 1m 24s
[INFO] running `Command { std: "docker" "inspect" "7ef34989ec81216992f43db8e01655e4262370b01472abc7987dab7ac0377801", kill_on_drop: false }`
[INFO] running `Command { std: "docker" "exec" "-e" "SOURCE_DIR=/opt/rustwide/workdir" "-e" "CARGO_HOME=/opt/rustwide/cargo-home" "-e" "RUSTUP_HOME=/opt/rustwide/rustup-home" "-e" "CARGO_TARGET_DIR=/opt/rustwide/target" "-e" "CARGO_INCREMENTAL=0" "-e" "RUST_BACKTRACE=full" "-e" "RUSTFLAGS=--cap-lints=warn" "-e" "RUSTDOCFLAGS=--cap-lints=warn" "-w" "/opt/rustwide/workdir" "--user" "0:0" "7ef34989ec81216992f43db8e01655e4262370b01472abc7987dab7ac0377801" "/opt/rustwide/cargo-home/bin/cargo" "+1.99.0-beta.8" "test" "--frozen" "--release", kill_on_drop: false }`
[INFO] [stderr]     Finished `release` profile [optimized] target(s) in 0.34s
[INFO] [stderr]      Running unittests src/main.rs (/opt/rustwide/target/release/deps/unreleased-d8a30be79bb71b0b)
[INFO] [stdout] 
[INFO] [stdout] running 18 tests
[INFO] [stdout] test view::date::tests::humanizing_minutes_works ... ok
[INFO] [stdout] test view::date::tests::humanizing_months_works ... ok
[INFO] [stdout] test view::date::tests::humanizing_years_works ... ok
[INFO] [stdout] test view::date::tests::humanizing_weeks_works ... ok
[INFO] [stdout] test view::date::tests::humanizing_hours_works ... ok
[INFO] [stdout] test view::stdout::tests::get_author_color_returns_valid_color_from_pool ... ok
[INFO] [stdout] test view::date::tests::humanizing_future_date_works ... ok
[INFO] [stdout] test view::date::tests::humanizing_recent_date_works ... ok
[INFO] [stdout] test view::date::tests::humanizing_days_works ... ok
[INFO] [stdout] test view::stdout::tests::get_author_color_returns_consistent_color_for_same_author ... ok
[INFO] [stdout] test domain::config::tests::parsing_config_with_invalid_data_fails ... ok
[INFO] [stdout] test domain::config::tests::parsing_invalid_toml_fails ... ok
[INFO] [stdout] test domain::config::tests::parsing_correct_config_works ... ok
[INFO] [stdout] test domain::config::tests::parsing_config_with_invalid_schema_fails ... ok
[INFO] [stdout] test view::html::tests::built_in_html_template_is_rendered_correctly ... ok
[INFO] [stdout] test view::html::tests::custom_html_template_is_rendered_correctly ... ok
[INFO] [stdout] test view::stdout::tests::rendering_plain_commit_logs_works ... ok
[INFO] [stdout] test view::stdout::tests::long_commit_messages_are_trimmed ... ok
[INFO] [stdout] 
[INFO] [stdout] test result: ok. 18 passed; 0 failed; 0 ignored; 0 measured; 0 filtered out; finished in 0.03s
[INFO] [stdout] 
[INFO] [stderr]      Running tests/report_test.rs (/opt/rustwide/target/release/deps/report_test-7848b76f46df1d13)
[INFO] [stdout] 
[INFO] [stdout] running 11 tests
[INFO] [stdout] test shows_help ... ok
[INFO] [stdout] test debug_flag_works_with_overridden_flags_for_html_output ... ok
[INFO] [stdout] test debug_flag_works_for_defaults ... ok
[INFO] [stdout] test debug_flag_works_with_overridden_flags_for_stdout_output ... ok
[INFO] [stdout] test fails_if_no_repos_match_filter ... FAILED
[INFO] [stdout] test fails_if_provided_with_config_with_invalid_toml ... FAILED
[INFO] [stdout] test fails_if_provided_with_config_with_invalid_data ... FAILED
[INFO] [stdout] test fails_if_provided_with_config_with_invalid_schema ... FAILED
[INFO] [stderr] error: test failed, to rerun pass `--test report_test`
[INFO] [stdout] test fails_if_provided_with_absent_html_template_file ... FAILED
[INFO] [stdout] test fails_if_provided_with_absent_config_file ... FAILED
[INFO] [stdout] test fails_if_provided_invalid_regex ... FAILED
[INFO] [stdout] 
[INFO] [stdout] failures:
[INFO] [stdout] 
[INFO] [stdout] ---- fails_if_no_repos_match_filter stdout ----
[INFO] [stdout] ━━━━━━━━━━━━━━━━━━━━━━━━━━━━━━━ Snapshot Summary ━━━━━━━━━━━━━━━━━━━━━━━━━━━━━━━
[INFO] [stdout] Snapshot: fails_if_no_repos_match_filter
[INFO] [stdout] Source: tests/report_test.rs:299
[INFO] [stdout] ────────────────────────────────────────────────────────────────────────────────
[INFO] [stdout] program: unreleased
[INFO] [stdout] args:
[INFO] [stdout]   - report
[INFO] [stdout]   - "--config-path"
[INFO] [stdout]   - tests/assets/valid-config.toml
[INFO] [stdout]   - "--filter"
[INFO] [stdout]   - will-not-match
[INFO] [stdout] env:
[INFO] [stdout]   UNRELEASED_GH_TOKEN: invalid
[INFO] [stdout] ────────────────────────────────────────────────────────────────────────────────
[INFO] [stdout] -old snapshot
[INFO] [stdout] +new results
[INFO] [stdout] ────────────┬───────────────────────────────────────────────────────────────────
[INFO] [stdout]     2     2 │ exit_code: 1
[INFO] [stdout]     3     3 │ ----- stdout -----
[INFO] [stdout]     4     4 │ 
[INFO] [stdout]     5     5 │ ----- stderr -----
[INFO] [stdout]     6       │-Error: no repos match the provided filter
[INFO] [stdout]           6 │+Error: no repos match the provided filter
[INFO] [stdout]           7 │+
[INFO] [stdout]           8 │+Stack backtrace:
[INFO] [stdout]           9 │+   0: <unknown>
[INFO] [stdout]          10 │+   1: <unknown>
[INFO] [stdout]          11 │+   2: <unknown>
[INFO] [stdout]          12 │+   3: <unknown>
[INFO] [stdout]          13 │+   4: <unknown>
[INFO] [stdout]          14 │+   5: <unknown>
[INFO] [stdout]          15 │+   6: __libc_start_main
[INFO] [stdout]          16 │+   7: <unknown>
[INFO] [stdout] ────────────┴───────────────────────────────────────────────────────────────────
[INFO] [stdout] 
[INFO] [stdout] thread 'fails_if_no_repos_match_filter' (3847) panicked at tests/report_test.rs:299:5:
[INFO] [stdout] called `Result::unwrap()` on an `Err` value: Os { code: 30, kind: ReadOnlyFilesystem, message: "Read-only file system" }
[INFO] [stdout] stack backtrace:
[INFO] [stdout]    0:     0x632f608a0275 - <unknown>
[INFO] [stdout]    1:     0x632f6081b5ea - <unknown>
[INFO] [stdout]    2:     0x632f6089f90b - <unknown>
[INFO] [stdout]    3:     0x632f6089f3ef - <unknown>
[INFO] [stdout]    4:     0x632f6089f01a - <unknown>
[INFO] [stdout]    5:     0x632f6089eb52 - <unknown>
[INFO] [stdout]    6:     0x632f608c5971 - <unknown>
[INFO] [stdout]    7:     0x632f608c5929 - <unknown>
[INFO] [stdout]    8:     0x632f608c5e3c - <unknown>
[INFO] [stdout]    9:     0x632f6081b47b - <unknown>
[INFO] [stdout]   10:     0x632f6081f2c1 - <unknown>
[INFO] [stdout]   11:     0x632f60815171 - <unknown>
[INFO] [stdout]   12:     0x632f608e1e4b - <unknown>
[INFO] [stdout]   13:     0x632f608ddfc1 - <unknown>
[INFO] [stdout]   14:     0x632f608dd7ac - <unknown>
[INFO] [stdout]   15:     0x632f608f981c - <unknown>
[INFO] [stdout]   16:     0x632f608c73d2 - <unknown>
[INFO] [stdout]   17:     0x7a85c1b24dfa - <unknown>
[INFO] [stdout]   18:     0x7a85c1bb83d4 - clone
[INFO] [stdout]   19:                0x0 - <unknown>
[INFO] [stdout] 
[INFO] [stdout] ---- fails_if_provided_with_config_with_invalid_toml stdout ----
[INFO] [stdout] ━━━━━━━━━━━━━━━━━━━━━━━━━━━━━━━ Snapshot Summary ━━━━━━━━━━━━━━━━━━━━━━━━━━━━━━━
[INFO] [stdout] Snapshot: fails_if_provided_with_config_with_invalid_toml
[INFO] [stdout] Source: tests/report_test.rs:177
[INFO] [stdout] ────────────────────────────────────────────────────────────────────────────────
[INFO] [stdout] program: unreleased
[INFO] [stdout] args:
[INFO] [stdout]   - report
[INFO] [stdout]   - "--config-path"
[INFO] [stdout]   - tests/assets/invalid-toml.toml
[INFO] [stdout] env:
[INFO] [stdout]   UNRELEASED_GH_TOKEN: invalid
[INFO] [stdout] ────────────────────────────────────────────────────────────────────────────────
[INFO] [stdout] -old snapshot
[INFO] [stdout] +new results
[INFO] [stdout] ────────────┬───────────────────────────────────────────────────────────────────
[INFO] [stdout]    10    10 │     1: TOML parse error at line 5, column 7
[INFO] [stdout]    11    11 │          |
[INFO] [stdout]    12    12 │        5 | repo  "owner/repo-b"
[INFO] [stdout]    13    13 │          |       ^
[INFO] [stdout]    14       │-       key with no value, expected `=`
[INFO] [stdout]          14 │+       key with no value, expected `=`
[INFO] [stdout]          15 │+       
[INFO] [stdout]          16 │+
[INFO] [stdout]          17 │+Stack backtrace:
[INFO] [stdout]          18 │+   0: <unknown>
[INFO] [stdout]          19 │+   1: <unknown>
[INFO] [stdout]          20 │+   2: <unknown>
[INFO] [stdout]          21 │+   3: <unknown>
[INFO] [stdout]          22 │+   4: <unknown>
[INFO] [stdout]          23 │+   5: <unknown>
[INFO] [stdout]          24 │+   6: __libc_start_main
[INFO] [stdout]          25 │+   7: <unknown>
[INFO] [stdout] ────────────┴───────────────────────────────────────────────────────────────────
[INFO] [stdout] 
[INFO] [stdout] thread 'fails_if_provided_with_config_with_invalid_toml' (3853) panicked at tests/report_test.rs:177:5:
[INFO] [stdout] called `Result::unwrap()` on an `Err` value: Os { code: 30, kind: ReadOnlyFilesystem, message: "Read-only file system" }
[INFO] [stdout] stack backtrace:
[INFO] [stdout]    0:     0x632f608a0275 - <unknown>
[INFO] [stdout]    1:     0x632f6081b5ea - <unknown>
[INFO] [stdout]    2:     0x632f6089f90b - <unknown>
[INFO] [stdout]    3:     0x632f6089f3ef - <unknown>
[INFO] [stdout]    4:     0x632f6089f01a - <unknown>
[INFO] [stdout]    5:     0x632f6089eb52 - <unknown>
[INFO] [stdout]    6:     0x632f608c5971 - <unknown>
[INFO] [stdout]    7:     0x632f608c5929 - <unknown>
[INFO] [stdout]    8:     0x632f608c5e3c - <unknown>
[INFO] [stdout]    9:     0x632f6081b47b - <unknown>
[INFO] [stdout]   10:     0x632f6081f2c1 - <unknown>
[INFO] [stdout]   11:     0x632f60816d0d - <unknown>
[INFO] [stdout]   12:     0x632f608e1e4b - <unknown>
[INFO] [stdout]   13:     0x632f608ddfc1 - <unknown>
[INFO] [stdout]   14:     0x632f608dd7ac - <unknown>
[INFO] [stdout]   15:     0x632f608f981c - <unknown>
[INFO] [stdout]   16:     0x632f608c73d2 - <unknown>
[INFO] [stdout]   17:     0x7a85c1b24dfa - <unknown>
[INFO] [stdout]   18:     0x7a85c1bb83d4 - clone
[INFO] [stdout]   19:                0x0 - <unknown>
[INFO] [stdout] 
[INFO] [stdout] ---- fails_if_provided_with_config_with_invalid_data stdout ----
[INFO] [stdout] ━━━━━━━━━━━━━━━━━━━━━━━━━━━━━━━ Snapshot Summary ━━━━━━━━━━━━━━━━━━━━━━━━━━━━━━━
[INFO] [stdout] Snapshot: fails_if_provided_with_config_with_invalid_data
[INFO] [stdout] Source: tests/report_test.rs:233
[INFO] [stdout] ────────────────────────────────────────────────────────────────────────────────
[INFO] [stdout] program: unreleased
[INFO] [stdout] args:
[INFO] [stdout]   - report
[INFO] [stdout]   - "--config-path"
[INFO] [stdout]   - tests/assets/invalid-data.toml
[INFO] [stdout] env:
[INFO] [stdout]   UNRELEASED_GH_TOKEN: invalid
[INFO] [stdout] ────────────────────────────────────────────────────────────────────────────────
[INFO] [stdout] -old snapshot
[INFO] [stdout] +new results
[INFO] [stdout] ────────────┬───────────────────────────────────────────────────────────────────
[INFO] [stdout]    14    14 │      - repo #3 has errors:
[INFO] [stdout]    15    15 │        - owner is empty
[INFO] [stdout]    16    16 │      - repo #4 has errors:
[INFO] [stdout]    17    17 │        - repo needs to be in the format "owner/repo"
[INFO] [stdout]    18       │-       - head_ref is empty
[INFO] [stdout]          18 │+       - head_ref is empty
[INFO] [stdout]          19 │+    
[INFO] [stdout]          20 │+
[INFO] [stdout]          21 │+Stack backtrace:
[INFO] [stdout]          22 │+   0: <unknown>
[INFO] [stdout]          23 │+   1: <unknown>
[INFO] [stdout]          24 │+   2: <unknown>
[INFO] [stdout]          25 │+   3: <unknown>
[INFO] [stdout]          26 │+   4: <unknown>
[INFO] [stdout]          27 │+   5: <unknown>
[INFO] [stdout]          28 │+   6: __libc_start_main
[INFO] [stdout]          29 │+   7: <unknown>
[INFO] [stdout] ────────────┴───────────────────────────────────────────────────────────────────
[INFO] [stdout] 
[INFO] [stdout] thread 'fails_if_provided_with_config_with_invalid_data' (3851) panicked at tests/report_test.rs:233:5:
[INFO] [stdout] called `Result::unwrap()` on an `Err` value: Os { code: 30, kind: ReadOnlyFilesystem, message: "Read-only file system" }
[INFO] [stdout] stack backtrace:
[INFO] [stdout]    0:     0x632f608a0275 - <unknown>
[INFO] [stdout]    1:     0x632f6081b5ea - <unknown>
[INFO] [stdout]    2:     0x632f6089f90b - <unknown>
[INFO] [stdout]    3:     0x632f6089f3ef - <unknown>
[INFO] [stdout]    4:     0x632f6089f01a - <unknown>
[INFO] [stdout]    5:     0x632f6089eb52 - <unknown>
[INFO] [stdout]    6:     0x632f608c5971 - <unknown>
[INFO] [stdout]    7:     0x632f608c5929 - <unknown>
[INFO] [stdout]    8:     0x632f608c5e3c - <unknown>
[INFO] [stdout]    9:     0x632f6081b47b - <unknown>
[INFO] [stdout]   10:     0x632f6081f2c1 - <unknown>
[INFO] [stdout]   11:     0x632f6081662d - <unknown>
[INFO] [stdout]   12:     0x632f608e1e4b - <unknown>
[INFO] [stdout]   13:     0x632f608ddfc1 - <unknown>
[INFO] [stdout]   14:     0x632f608dd7ac - <unknown>
[INFO] [stdout]   15:     0x632f608f981c - <unknown>
[INFO] [stdout]   16:     0x632f608c73d2 - <unknown>
[INFO] [stdout]   17:     0x7a85c1b24dfa - <unknown>
[INFO] [stdout]   18:     0x7a85c1bb83d4 - clone
[INFO] [stdout]   19:                0x0 - <unknown>
[INFO] [stdout] 
[INFO] [stdout] ---- fails_if_provided_with_config_with_invalid_schema stdout ----
[INFO] [stdout] ━━━━━━━━━━━━━━━━━━━━━━━━━━━━━━━ Snapshot Summary ━━━━━━━━━━━━━━━━━━━━━━━━━━━━━━━
[INFO] [stdout] Snapshot: fails_if_provided_with_config_with_invalid_schema
[INFO] [stdout] Source: tests/report_test.rs:207
[INFO] [stdout] ────────────────────────────────────────────────────────────────────────────────
[INFO] [stdout] program: unreleased
[INFO] [stdout] args:
[INFO] [stdout]   - report
[INFO] [stdout]   - "--config-path"
[INFO] [stdout]   - tests/assets/invalid-schema.toml
[INFO] [stdout] env:
[INFO] [stdout]   UNRELEASED_GH_TOKEN: invalid
[INFO] [stdout] ────────────────────────────────────────────────────────────────────────────────
[INFO] [stdout] -old snapshot
[INFO] [stdout] +new results
[INFO] [stdout] ────────────┬───────────────────────────────────────────────────────────────────
[INFO] [stdout]    10    10 │     1: TOML parse error at line 6, column 24
[INFO] [stdout]    11    11 │          |
[INFO] [stdout]    12    12 │        6 | consider_prereleases = "yes"
[INFO] [stdout]    13    13 │          |                        ^^^^^
[INFO] [stdout]    14       │-       invalid type: string "yes", expected a boolean
[INFO] [stdout]          14 │+       invalid type: string "yes", expected a boolean
[INFO] [stdout]          15 │+       
[INFO] [stdout]          16 │+
[INFO] [stdout]          17 │+Stack backtrace:
[INFO] [stdout]          18 │+   0: <unknown>
[INFO] [stdout]          19 │+   1: <unknown>
[INFO] [stdout]          20 │+   2: <unknown>
[INFO] [stdout]          21 │+   3: <unknown>
[INFO] [stdout]          22 │+   4: <unknown>
[INFO] [stdout]          23 │+   5: <unknown>
[INFO] [stdout]          24 │+   6: __libc_start_main
[INFO] [stdout]          25 │+   7: <unknown>
[INFO] [stdout] ────────────┴───────────────────────────────────────────────────────────────────
[INFO] [stdout] 
[INFO] [stdout] thread 'fails_if_provided_with_config_with_invalid_schema' (3852) panicked at tests/report_test.rs:207:5:
[INFO] [stdout] called `Result::unwrap()` on an `Err` value: Os { code: 30, kind: ReadOnlyFilesystem, message: "Read-only file system" }
[INFO] [stdout] stack backtrace:
[INFO] [stdout]    0:     0x632f608a0275 - <unknown>
[INFO] [stdout]    1:     0x632f6081b5ea - <unknown>
[INFO] [stdout]    2:     0x632f6089f90b - <unknown>
[INFO] [stdout]    3:     0x632f6089f3ef - <unknown>
[INFO] [stdout]    4:     0x632f6089f01a - <unknown>
[INFO] [stdout]    5:     0x632f6089eb52 - <unknown>
[INFO] [stdout]    6:     0x632f608c5971 - <unknown>
[INFO] [stdout]    7:     0x632f608c5929 - <unknown>
[INFO] [stdout]    8:     0x632f608c5e3c - <unknown>
[INFO] [stdout]    9:     0x632f6081b47b - <unknown>
[INFO] [stdout]   10:     0x632f6081f2c1 - <unknown>
[INFO] [stdout]   11:     0x632f60817b6d - <unknown>
[INFO] [stdout]   12:     0x632f608e1e4b - <unknown>
[INFO] [stdout]   13:     0x632f608ddfc1 - <unknown>
[INFO] [stdout]   14:     0x632f608dd7ac - <unknown>
[INFO] [stdout]   15:     0x632f608f981c - <unknown>
[INFO] [stdout]   16:     0x632f608c73d2 - <unknown>
[INFO] [stdout]   17:     0x7a85c1b24dfa - <unknown>
[INFO] [stdout]   18:     0x7a85c1bb83d4 - clone
[INFO] [stdout]   19:                0x0 - <unknown>
[INFO] [stdout] 
[INFO] [stdout] ---- fails_if_provided_with_absent_html_template_file stdout ----
[INFO] [stdout] ━━━━━━━━━━━━━━━━━━━━━━━━━━━━━━━ Snapshot Summary ━━━━━━━━━━━━━━━━━━━━━━━━━━━━━━━
[INFO] [stdout] Snapshot: fails_if_provided_with_absent_html_template_file
[INFO] [stdout] Source: tests/report_test.rs:325
[INFO] [stdout] ────────────────────────────────────────────────────────────────────────────────
[INFO] [stdout] program: unreleased
[INFO] [stdout] args:
[INFO] [stdout]   - report
[INFO] [stdout]   - "--config-path"
[INFO] [stdout]   - tests/assets/valid-config.toml
[INFO] [stdout]   - "--html-template"
[INFO] [stdout]   - tests/assets/absent.html
[INFO] [stdout]   - "--output-format"
[INFO] [stdout]   - html
[INFO] [stdout] env:
[INFO] [stdout]   UNRELEASED_GH_TOKEN: invalid
[INFO] [stdout] ────────────────────────────────────────────────────────────────────────────────
[INFO] [stdout] -old snapshot
[INFO] [stdout] +new results
[INFO] [stdout] ────────────┬───────────────────────────────────────────────────────────────────
[INFO] [stdout]     5     5 │ ----- stderr -----
[INFO] [stdout]     6     6 │ Error: failed to read HTML template from "tests/assets/absent.html"
[INFO] [stdout]     7     7 │ 
[INFO] [stdout]     8     8 │ Caused by:
[INFO] [stdout]     9       │-    No such file or directory (os error 2)
[INFO] [stdout]           9 │+    No such file or directory (os error 2)
[INFO] [stdout]          10 │+
[INFO] [stdout]          11 │+Stack backtrace:
[INFO] [stdout]          12 │+   0: <unknown>
[INFO] [stdout]          13 │+   1: <unknown>
[INFO] [stdout]          14 │+   2: <unknown>
[INFO] [stdout]          15 │+   3: <unknown>
[INFO] [stdout]          16 │+   4: <unknown>
[INFO] [stdout]          17 │+   5: __libc_start_main
[INFO] [stdout]          18 │+   6: <unknown>
[INFO] [stdout] ────────────┴───────────────────────────────────────────────────────────────────
[INFO] [stdout] 
[INFO] [stdout] thread 'fails_if_provided_with_absent_html_template_file' (3850) panicked at tests/report_test.rs:325:5:
[INFO] [stdout] called `Result::unwrap()` on an `Err` value: Os { code: 30, kind: ReadOnlyFilesystem, message: "Read-only file system" }
[INFO] [stdout] stack backtrace:
[INFO] [stdout]    0:     0x632f608a0275 - <unknown>
[INFO] [stdout]    1:     0x632f6081b5ea - <unknown>
[INFO] [stdout]    2:     0x632f6089f90b - <unknown>
[INFO] [stdout]    3:     0x632f6089f3ef - <unknown>
[INFO] [stdout]    4:     0x632f6089f01a - <unknown>
[INFO] [stdout]    5:     0x632f6089eb52 - <unknown>
[INFO] [stdout]    6:     0x632f608c5971 - <unknown>
[INFO] [stdout]    7:     0x632f608c5929 - <unknown>
[INFO] [stdout]    8:     0x632f608c5e3c - <unknown>
[INFO] [stdout]    9:     0x632f6081b47b - <unknown>
[INFO] [stdout]   10:     0x632f6081f2c1 - <unknown>
[INFO] [stdout]   11:     0x632f60817471 - <unknown>
[INFO] [stdout]   12:     0x632f608e1e4b - <unknown>
[INFO] [stdout]   13:     0x632f608ddfc1 - <unknown>
[INFO] [stdout]   14:     0x632f608dd7ac - <unknown>
[INFO] [stdout]   15:     0x632f608f981c - <unknown>
[INFO] [stdout]   16:     0x632f608c73d2 - <unknown>
[INFO] [stdout]   17:     0x7a85c1b24dfa - <unknown>
[INFO] [stdout]   18:     0x7a85c1bb83d4 - clone
[INFO] [stdout]   19:                0x0 - <unknown>
[INFO] [stdout] 
[INFO] [stdout] ---- fails_if_provided_with_absent_config_file stdout ----
[INFO] [stdout] ━━━━━━━━━━━━━━━━━━━━━━━━━━━━━━━ Snapshot Summary ━━━━━━━━━━━━━━━━━━━━━━━━━━━━━━━
[INFO] [stdout] Snapshot: fails_if_provided_with_absent_config_file
[INFO] [stdout] Source: tests/report_test.rs:155
[INFO] [stdout] ────────────────────────────────────────────────────────────────────────────────
[INFO] [stdout] program: unreleased
[INFO] [stdout] args:
[INFO] [stdout]   - report
[INFO] [stdout]   - "--config-path"
[INFO] [stdout]   - tests/assets/absent.toml
[INFO] [stdout] env:
[INFO] [stdout]   UNRELEASED_GH_TOKEN: invalid
[INFO] [stdout] ────────────────────────────────────────────────────────────────────────────────
[INFO] [stdout] -old snapshot
[INFO] [stdout] +new results
[INFO] [stdout] ────────────┬───────────────────────────────────────────────────────────────────
[INFO] [stdout]     6     6 │ Error: couldn't get config from file "tests/assets/absent.toml"
[INFO] [stdout]     7     7 │ 
[INFO] [stdout]     8     8 │ Caused by:
[INFO] [stdout]     9     9 │     0: couldn't read file
[INFO] [stdout]    10       │-    1: No such file or directory (os error 2)
[INFO] [stdout]          10 │+    1: No such file or directory (os error 2)
[INFO] [stdout]          11 │+
[INFO] [stdout]          12 │+Stack backtrace:
[INFO] [stdout]          13 │+   0: <unknown>
[INFO] [stdout]          14 │+   1: <unknown>
[INFO] [stdout]          15 │+   2: <unknown>
[INFO] [stdout]          16 │+   3: <unknown>
[INFO] [stdout]          17 │+   4: <unknown>
[INFO] [stdout]          18 │+   5: <unknown>
[INFO] [stdout]          19 │+   6: __libc_start_main
[INFO] [stdout]          20 │+   7: <unknown>
[INFO] [stdout] ────────────┴───────────────────────────────────────────────────────────────────
[INFO] [stdout] 
[INFO] [stdout] thread 'fails_if_provided_with_absent_config_file' (3849) panicked at tests/report_test.rs:155:5:
[INFO] [stdout] called `Result::unwrap()` on an `Err` value: Os { code: 30, kind: ReadOnlyFilesystem, message: "Read-only file system" }
[INFO] [stdout] stack backtrace:
[INFO] [stdout]    0:     0x632f608a0275 - <unknown>
[INFO] [stdout]    1:     0x632f6081b5ea - <unknown>
[INFO] [stdout]    2:     0x632f6089f90b - <unknown>
[INFO] [stdout]    3:     0x632f6089f3ef - <unknown>
[INFO] [stdout]    4:     0x632f6089f01a - <unknown>
[INFO] [stdout]    5:     0x632f6089eb52 - <unknown>
[INFO] [stdout]    6:     0x632f608c5971 - <unknown>
[INFO] [stdout]    7:     0x632f608c5929 - <unknown>
[INFO] [stdout]    8:     0x632f608c5e3c - <unknown>
[INFO] [stdout]    9:     0x632f6081b47b - <unknown>
[INFO] [stdout]   10:     0x632f6081f2c1 - <unknown>
[INFO] [stdout]   11:     0x632f60815f4d - <unknown>
[INFO] [stdout]   12:     0x632f608e1e4b - <unknown>
[INFO] [stdout]   13:     0x632f608ddfc1 - <unknown>
[INFO] [stdout]   14:     0x632f608dd7ac - <unknown>
[INFO] [stdout]   15:     0x632f608f981c - <unknown>
[INFO] [stdout]   16:     0x632f608c73d2 - <unknown>
[INFO] [stdout]   17:     0x7a85c1b24dfa - <unknown>
[INFO] [stdout]   18:     0x7a85c1bb83d4 - clone
[INFO] [stdout]   19:                0x0 - <unknown>
[INFO] [stdout] 
[INFO] [stdout] ---- fails_if_provided_invalid_regex stdout ----
[INFO] [stdout] ━━━━━━━━━━━━━━━━━━━━━━━━━━━━━━━ Snapshot Summary ━━━━━━━━━━━━━━━━━━━━━━━━━━━━━━━
[INFO] [stdout] Snapshot: fails_if_provided_invalid_regex
[INFO] [stdout] Source: tests/report_test.rs:269
[INFO] [stdout] ────────────────────────────────────────────────────────────────────────────────
[INFO] [stdout] program: unreleased
[INFO] [stdout] args:
[INFO] [stdout]   - report
[INFO] [stdout]   - "--config-path"
[INFO] [stdout]   - tests/assets/valid-config.toml
[INFO] [stdout]   - "--filter"
[INFO] [stdout]   - (invalid|
[INFO] [stdout] env:
[INFO] [stdout]   UNRELEASED_GH_TOKEN: invalid
[INFO] [stdout] ────────────────────────────────────────────────────────────────────────────────
[INFO] [stdout] -old snapshot
[INFO] [stdout] +new results
[INFO] [stdout] ────────────┬───────────────────────────────────────────────────────────────────
[INFO] [stdout]     8     8 │ Caused by:
[INFO] [stdout]     9     9 │     regex parse error:
[INFO] [stdout]    10    10 │         (invalid|
[INFO] [stdout]    11    11 │         ^
[INFO] [stdout]    12       │-    error: unclosed group
[INFO] [stdout]          12 │+    error: unclosed group
[INFO] [stdout]          13 │+
[INFO] [stdout]          14 │+Stack backtrace:
[INFO] [stdout]          15 │+   0: <unknown>
[INFO] [stdout]          16 │+   1: <unknown>
[INFO] [stdout]          17 │+   2: <unknown>
[INFO] [stdout]          18 │+   3: <unknown>
[INFO] [stdout]          19 │+   4: <unknown>
[INFO] [stdout]          20 │+   5: __libc_start_main
[INFO] [stdout]          21 │+   6: <unknown>
[INFO] [stdout] ────────────┴───────────────────────────────────────────────────────────────────
[INFO] [stdout] 
[INFO] [stdout] thread 'fails_if_provided_invalid_regex' (3848) panicked at tests/report_test.rs:269:5:
[INFO] [stdout] called `Result::unwrap()` on an `Err` value: Os { code: 30, kind: ReadOnlyFilesystem, message: "Read-only file system" }
[INFO] [stdout] stack backtrace:
[INFO] [stdout]    0:     0x632f608a0275 - <unknown>
[INFO] [stdout]    1:     0x632f6081b5ea - <unknown>
[INFO] [stdout]    2:     0x632f6089f90b - <unknown>
[INFO] [stdout]    3:     0x632f6089f3ef - <unknown>
[INFO] [stdout]    4:     0x632f6089f01a - <unknown>
[INFO] [stdout]    5:     0x632f6089eb52 - <unknown>
[INFO] [stdout]    6:     0x632f608c5971 - <unknown>
[INFO] [stdout]    7:     0x632f608c5929 - <unknown>
[INFO] [stdout]    8:     0x632f608c5e3c - <unknown>
[INFO] [stdout]    9:     0x632f6081b47b - <unknown>
[INFO] [stdout]   10:     0x632f6081f2c1 - <unknown>
[INFO] [stdout]   11:     0x632f60815871 - <unknown>
[INFO] [stdout]   12:     0x632f608e1e4b - <unknown>
[INFO] [stdout]   13:     0x632f608ddfc1 - <unknown>
[INFO] [stdout]   14:     0x632f608dd7ac - <unknown>
[INFO] [stdout]   15:     0x632f608f981c - <unknown>
[INFO] [stdout]   16:     0x632f608c73d2 - <unknown>
[INFO] [stdout]   17:     0x7a85c1b24dfa - <unknown>
[INFO] [stdout]   18:     0x7a85c1bb83d4 - clone
[INFO] [stdout]   19:                0x0 - <unknown>
[INFO] [stdout] 
[INFO] [stdout] 
[INFO] [stdout] failures:
[INFO] [stdout]     fails_if_no_repos_match_filter
[INFO] [stdout]     fails_if_provided_invalid_regex
[INFO] [stdout]     fails_if_provided_with_absent_config_file
[INFO] [stdout]     fails_if_provided_with_absent_html_template_file
[INFO] [stdout]     fails_if_provided_with_config_with_invalid_data
[INFO] [stdout]     fails_if_provided_with_config_with_invalid_schema
[INFO] [stdout]     fails_if_provided_with_config_with_invalid_toml
[INFO] [stdout] 
[INFO] [stdout] test result: FAILED. 4 passed; 7 failed; 0 ignored; 0 measured; 0 filtered out; finished in 0.03s
[INFO] [stdout] 
[INFO] running `Command { std: "docker" "inspect" "7ef34989ec81216992f43db8e01655e4262370b01472abc7987dab7ac0377801", kill_on_drop: false }`
[INFO] running `Command { std: "docker" "rm" "-f" "7ef34989ec81216992f43db8e01655e4262370b01472abc7987dab7ac0377801", kill_on_drop: false }`
[INFO] [stdout] 7ef34989ec81216992f43db8e01655e4262370b01472abc7987dab7ac0377801
