[INFO] fetching crate unquarantine 0.3.1...
[INFO] testing unquarantine-0.3.1 against 1.100.0-beta.1+cargoflags=--release for beta-release-1.100-2
[INFO] extracting crate unquarantine 0.3.1 into /workspace/builds/worker-0-tc2/source
[INFO] started tweaking crates.io crate unquarantine 0.3.1
[INFO] finished tweaking crates.io crate unquarantine 0.3.1
[INFO] tweaked toml for crates.io crate unquarantine 0.3.1 written to /workspace/builds/worker-0-tc2/source/Cargo.toml
[INFO] validating manifest of crates.io crate unquarantine 0.3.1 on toolchain 1.100.0-beta.1
[INFO] running `Command { std: CARGO_HOME="/workspace/cargo-home" RUSTUP_HOME="/workspace/rustup-home" "/workspace/cargo-home/bin/cargo" "+1.100.0-beta.1" "metadata" "--manifest-path" "Cargo.toml" "--no-deps", kill_on_drop: false }`
[INFO] crate crates.io crate unquarantine 0.3.1 already has a lockfile, it will not be regenerated
[INFO] running `Command { std: CARGO_HOME="/workspace/cargo-home" RUSTUP_HOME="/workspace/rustup-home" "/workspace/cargo-home/bin/cargo" "+1.100.0-beta.1" "fetch" "--manifest-path" "Cargo.toml", kill_on_drop: false }`
[INFO] running `Command { std: "docker" "create" "-v" "/var/lib/crater-agent-workspace/builds/worker-0-tc2/source:/opt/rustwide/workdir:ro,Z" "-v" "/var/lib/crater-agent-workspace/builds/worker-0-tc2/target:/opt/rustwide/target:rw,Z" "-v" "/var/lib/crater-agent-workspace/cargo-home:/opt/rustwide/cargo-home:ro,Z" "-v" "/var/lib/crater-agent-workspace/rustup-home:/opt/rustwide/rustup-home:ro,Z" "-m" "1610612736" "--network" "none" "ghcr.io/rust-lang/crates-build-env/linux@sha256:77db811e55d90add9212f6832c23229e3de5f1c1f9905e8cb07319ea15df73ac" "sleep" "infinity", kill_on_drop: false }`
[INFO] [stdout] e8c6cc7c87e931dc34864fc27ba79c7a875e48f8464eaeb6ef3baf39173e0bc7
[INFO] running `Command { std: "docker" "start" "e8c6cc7c87e931dc34864fc27ba79c7a875e48f8464eaeb6ef3baf39173e0bc7", kill_on_drop: false }`
[INFO] running `Command { std: "docker" "inspect" "e8c6cc7c87e931dc34864fc27ba79c7a875e48f8464eaeb6ef3baf39173e0bc7", kill_on_drop: false }`
[INFO] running `Command { std: "docker" "exec" "-e" "SOURCE_DIR=/opt/rustwide/workdir" "-e" "CARGO_HOME=/opt/rustwide/cargo-home" "-e" "RUSTUP_HOME=/opt/rustwide/rustup-home" "-e" "CARGO_TARGET_DIR=/opt/rustwide/target" "-w" "/opt/rustwide/workdir" "--user" "0:0" "e8c6cc7c87e931dc34864fc27ba79c7a875e48f8464eaeb6ef3baf39173e0bc7" "/opt/rustwide/cargo-home/bin/cargo" "+1.100.0-beta.1" "metadata" "--no-deps" "--format-version=1", kill_on_drop: false }`
[INFO] running `Command { std: "docker" "inspect" "e8c6cc7c87e931dc34864fc27ba79c7a875e48f8464eaeb6ef3baf39173e0bc7", kill_on_drop: false }`
[INFO] running `Command { std: "docker" "exec" "-e" "SOURCE_DIR=/opt/rustwide/workdir" "-e" "CARGO_HOME=/opt/rustwide/cargo-home" "-e" "RUSTUP_HOME=/opt/rustwide/rustup-home" "-e" "CARGO_TARGET_DIR=/opt/rustwide/target" "-e" "CARGO_INCREMENTAL=0" "-e" "RUST_BACKTRACE=full" "-e" "RUSTFLAGS=--cap-lints=warn" "-e" "RUSTDOCFLAGS=--cap-lints=warn" "-w" "/opt/rustwide/workdir" "--user" "0:0" "e8c6cc7c87e931dc34864fc27ba79c7a875e48f8464eaeb6ef3baf39173e0bc7" "/opt/rustwide/cargo-home/bin/cargo" "+1.100.0-beta.1" "build" "--frozen" "--message-format=json" "--release", kill_on_drop: false }`
[INFO] [stderr]    Compiling typenum v1.20.0
[INFO] [stderr]    Compiling proc-macro2 v1.0.106
[INFO] [stderr]    Compiling unicode-ident v1.0.24
[INFO] [stderr]    Compiling quote v1.0.45
[INFO] [stderr]    Compiling cfg-if v1.0.4
[INFO] [stderr]    Compiling memchr v2.8.1
[INFO] [stderr]    Compiling crc32fast v1.5.0
[INFO] [stderr]    Compiling simd-adler32 v0.3.9
[INFO] [stderr]    Compiling const-oid v0.10.2
[INFO] [stderr]    Compiling regex-syntax v0.8.10
[INFO] [stderr]    Compiling log v0.4.30
[INFO] [stderr]    Compiling bumpalo v3.20.3
[INFO] [stderr]    Compiling equivalent v1.0.2
[INFO] [stderr]    Compiling thiserror v2.0.18
[INFO] [stderr]    Compiling zlib-rs v0.6.3
[INFO] [stderr]    Compiling hashbrown v0.17.1
[INFO] [stderr]    Compiling typed-path v0.12.3
[INFO] [stderr]    Compiling fnv v1.0.7
[INFO] [stderr]    Compiling uuid v1.23.1
[INFO] [stderr]    Compiling web-time v1.1.0
[INFO] [stderr]    Compiling byteorder v1.5.0
[INFO] [stderr]    Compiling adler2 v2.0.1
[INFO] [stderr]    Compiling crc-catalog v2.5.0
[INFO] [stderr]    Compiling miniz_oxide v0.9.1
[INFO] [stderr]    Compiling base64 v0.22.1
[INFO] [stderr]    Compiling crc v3.4.0
[INFO] [stderr]    Compiling zopfli v0.8.3
[INFO] [stderr]    Compiling cfb v0.14.0
[INFO] [stderr]    Compiling aho-corasick v1.1.4
[INFO] [stderr]    Compiling indexmap v2.14.0
[INFO] [stderr]    Compiling syn v2.0.117
[INFO] [stderr]    Compiling hybrid-array v0.4.12
[INFO] [stderr]    Compiling crypto-common v0.2.2
[INFO] [stderr]    Compiling inout v0.2.2
[INFO] [stderr]    Compiling block-buffer v0.12.0
[INFO] [stderr]    Compiling regex-automata v0.4.14
[INFO] [stderr]    Compiling cipher v0.5.2
[INFO] [stderr]    Compiling digest v0.11.3
[INFO] [stderr]    Compiling blowfish v0.10.0
[INFO] [stderr]    Compiling md-5 v0.11.0
[INFO] [stderr]    Compiling flate2 v1.1.9
[INFO] [stderr]    Compiling thiserror-impl v2.0.18
[INFO] [stderr]    Compiling zip v8.6.0
[INFO] [stderr]    Compiling regex v1.12.3
[INFO] [stderr]    Compiling unquarantine v0.3.1 (/opt/rustwide/workdir)
[INFO] [stderr]     Finished `release` profile [optimized] target(s) in 21.31s
[INFO] running `Command { std: "docker" "inspect" "e8c6cc7c87e931dc34864fc27ba79c7a875e48f8464eaeb6ef3baf39173e0bc7", kill_on_drop: false }`
[INFO] running `Command { std: "docker" "exec" "-e" "SOURCE_DIR=/opt/rustwide/workdir" "-e" "CARGO_HOME=/opt/rustwide/cargo-home" "-e" "RUSTUP_HOME=/opt/rustwide/rustup-home" "-e" "CARGO_TARGET_DIR=/opt/rustwide/target" "-e" "CARGO_INCREMENTAL=0" "-e" "RUST_BACKTRACE=full" "-e" "RUSTFLAGS=--cap-lints=warn" "-e" "RUSTDOCFLAGS=--cap-lints=warn" "-w" "/opt/rustwide/workdir" "--user" "0:0" "e8c6cc7c87e931dc34864fc27ba79c7a875e48f8464eaeb6ef3baf39173e0bc7" "/opt/rustwide/cargo-home/bin/cargo" "+1.100.0-beta.1" "test" "--frozen" "--no-run" "--message-format=json" "--release", kill_on_drop: false }`
[INFO] [stderr]    Compiling unquarantine v0.3.1 (/opt/rustwide/workdir)
[INFO] [stderr]     Finished `release` profile [optimized] target(s) in 26.78s
[INFO] running `Command { std: "docker" "inspect" "e8c6cc7c87e931dc34864fc27ba79c7a875e48f8464eaeb6ef3baf39173e0bc7", kill_on_drop: false }`
[INFO] running `Command { std: "docker" "exec" "-e" "SOURCE_DIR=/opt/rustwide/workdir" "-e" "CARGO_HOME=/opt/rustwide/cargo-home" "-e" "RUSTUP_HOME=/opt/rustwide/rustup-home" "-e" "CARGO_TARGET_DIR=/opt/rustwide/target" "-e" "CARGO_INCREMENTAL=0" "-e" "RUST_BACKTRACE=full" "-e" "RUSTFLAGS=--cap-lints=warn" "-e" "RUSTDOCFLAGS=--cap-lints=warn" "-w" "/opt/rustwide/workdir" "--user" "0:0" "e8c6cc7c87e931dc34864fc27ba79c7a875e48f8464eaeb6ef3baf39173e0bc7" "/opt/rustwide/cargo-home/bin/cargo" "+1.100.0-beta.1" "test" "--frozen" "--release", kill_on_drop: false }`
[INFO] [stderr]     Finished `release` profile [optimized] target(s) in 0.07s
[INFO] [stderr]      Running unittests src/lib.rs (/opt/rustwide/target/release/build/unquarantine/0103f412ef8a5a7f/out/unquarantine-0103f412ef8a5a7f)
[INFO] [stdout] 
[INFO] [stdout] running 8 tests
[INFO] [stdout] test tests::test_fortinet_roundtrip ... ok
[INFO] [stdout] test tests::test_empty_buffer_does_not_panic ... ok
[INFO] [stdout] test tests::test_truncated_magics_do_not_panic ... ok
[INFO] [stdout] test tests::test_fuzz_short_random_inputs ... ok
[INFO] [stdout] test tests::test_unquarantine_result ... FAILED
[INFO] [stdout] test tests::test_ms_defender_pc ... FAILED
[INFO] [stdout] test tests::test_thread_safe_concurrent_use ... ok
[INFO] [stdout] test tests::test_mcafee ... FAILED
[INFO] [stdout] 
[INFO] [stdout] failures:
[INFO] [stdout] 
[INFO] [stdout] ---- tests::test_unquarantine_result stdout ----
[INFO] [stdout] 
[INFO] [stdout] thread 'tests::test_unquarantine_result' (636) panicked at src/tests.rs:6:5:
[INFO] [stdout] assertion failed: result.is_ok()
[INFO] [stdout] stack backtrace:
[INFO] [stdout]    0:     0x6336e3e1bef7 - <<std[617be2ca0a6fd877]::sys::backtrace::BacktraceLock>::print::DisplayBacktrace as core[a373ad73a504971]::fmt::Display>::fmt
[INFO] [stdout]    1:     0x6336e3d784ba - core[a373ad73a504971]::fmt::write
[INFO] [stdout]    2:     0x6336e3e1b4ab - <alloc[2e1b2a31b91974c5]::vec::Vec<u8> as core[a373ad73a504971]::io::write::Write>::write_fmt
[INFO] [stdout]    3:     0x6336e3e1af8f - std[617be2ca0a6fd877]::panicking::default_hook::{closure#0}
[INFO] [stdout]    4:     0x6336e3e1abba - std[617be2ca0a6fd877]::panicking::default_hook
[INFO] [stdout]    5:     0x6336e3e1a6f5 - std[617be2ca0a6fd877]::panicking::panic_with_hook
[INFO] [stdout]    6:     0x6336e3e414d2 - std[617be2ca0a6fd877]::panicking::panic_handler::{closure#0}
[INFO] [stdout]    7:     0x6336e3e41459 - std[617be2ca0a6fd877]::sys::backtrace::__rust_end_short_backtrace::<std[617be2ca0a6fd877]::panicking::panic_handler::{closure#0}, !>
[INFO] [stdout]    8:     0x6336e3e4195c - __rustc[ea4f61d10b84890b]::rust_begin_unwind
[INFO] [stdout]    9:     0x6336e3d7834b - core[a373ad73a504971]::panicking::panic_fmt
[INFO] [stdout]   10:     0x6336e3d79c41 - core[a373ad73a504971]::panicking::panic
[INFO] [stdout]   11:     0x6336e3d475db - <unquarantine[ef9d92e21f419bae]::tests::test_unquarantine_result::{closure#0} as core[a373ad73a504971]::ops::function::FnOnce<()>>::call_once
[INFO] [stdout]   12:     0x6336e3e5a43b - test[aada8e7e76ba119b]::__rust_begin_short_backtrace::<core[a373ad73a504971]::result::Result<(), alloc[2e1b2a31b91974c5]::string::String>, fn() -> core[a373ad73a504971]::result::Result<(), alloc[2e1b2a31b91974c5]::string::String>>
[INFO] [stdout]   13:     0x6336e3e5587f - test[aada8e7e76ba119b]::run_test::{closure#0}
[INFO] [stdout]   14:     0x6336e3e552fc - std[617be2ca0a6fd877]::sys::backtrace::__rust_begin_short_backtrace::<test[aada8e7e76ba119b]::run_test::{closure#1}, ()>
[INFO] [stdout]   15:     0x6336e3e7532c - <std[617be2ca0a6fd877]::thread::lifecycle::spawn_unchecked<test[aada8e7e76ba119b]::run_test::{closure#1}, ()>::{closure#1} as core[a373ad73a504971]::ops::function::FnOnce<()>>::call_once::{shim:vtable#0}
[INFO] [stdout]   16:     0x6336e3e431a4 - <std[617be2ca0a6fd877]::sys::thread::unix::Thread>::new::thread_start
[INFO] [stdout]   17:     0x7bcc6e137dfa - <unknown>
[INFO] [stdout]   18:     0x7bcc6e1cb3d4 - clone
[INFO] [stdout]   19:                0x0 - <unknown>
[INFO] [stdout] 
[INFO] [stdout] ---- tests::test_ms_defender_pc stdout ----
[INFO] [stdout] 
[INFO] [stdout] thread 'tests::test_ms_defender_pc' (633) panicked at src/tests.rs:12:5:
[INFO] [stdout] assertion failed: result.is_ok()
[INFO] [stdout] stack backtrace:
[INFO] [stdout]    0:     0x6336e3e1bef7 - <<std[617be2ca0a6fd877]::sys::backtrace::BacktraceLock>::print::DisplayBacktrace as core[a373ad73a504971]::fmt::Display>::fmt
[INFO] [stdout]    1:     0x6336e3d784ba - core[a373ad73a504971]::fmt::write
[INFO] [stdout]    2:     0x6336e3e1b4ab - <alloc[2e1b2a31b91974c5]::vec::Vec<u8> as core[a373ad73a504971]::io::write::Write>::write_fmt
[INFO] [stdout]    3:     0x6336e3e1af8f - std[617be2ca0a6fd877]::panicking::default_hook::{closure#0}
[INFO] [stdout]    4:     0x6336e3e1abba - std[617be2ca0a6fd877]::panicking::default_hook
[INFO] [stdout]    5:     0x6336e3e1a6f5 - std[617be2ca0a6fd877]::panicking::panic_with_hook
[INFO] [stdout]    6:     0x6336e3e414d2 - std[617be2ca0a6fd877]::panicking::panic_handler::{closure#0}
[INFO] [stdout]    7:     0x6336e3e41459 - std[617be2ca0a6fd877]::sys::backtrace::__rust_end_short_backtrace::<std[617be2ca0a6fd877]::panicking::panic_handler::{closure#0}, !>
[INFO] [stdout]    8:     0x6336e3e4195c - __rustc[ea4f61d10b84890b]::rust_begin_unwind
[INFO] [stdout]    9:     0x6336e3d7834b - core[a373ad73a504971]::panicking::panic_fmt
[INFO] [stdout]   10:     0x6336e3d79c41 - core[a373ad73a504971]::panicking::panic
[INFO] [stdout]   11:     0x6336e3d474c1 - <unquarantine[ef9d92e21f419bae]::tests::test_ms_defender_pc::{closure#0} as core[a373ad73a504971]::ops::function::FnOnce<()>>::call_once
[INFO] [stdout]   12:     0x6336e3e5a43b - test[aada8e7e76ba119b]::__rust_begin_short_backtrace::<core[a373ad73a504971]::result::Result<(), alloc[2e1b2a31b91974c5]::string::String>, fn() -> core[a373ad73a504971]::result::Result<(), alloc[2e1b2a31b91974c5]::string::String>>
[INFO] [stdout]   13:     0x6336e3e5587f - test[aada8e7e76ba119b]::run_test::{closure#0}
[INFO] [stdout]   14:     0x6336e3e552fc - std[617be2ca0a6fd877]::sys::backtrace::__rust_begin_short_backtrace::<test[aada8e7e76ba119b]::run_test::{closure#1}, ()>
[INFO] [stdout]   15:     0x6336e3e7532c - <std[617be2ca0a6fd877]::thread::lifecycle::spawn_unchecked<test[aada8e7e76ba119b]::run_test::{closure#1}, ()>::{closure#1} as core[a373ad73a504971]::ops::function::FnOnce<()>>::call_once::{shim:vtable#0}
[INFO] [stdout]   16:     0x6336e3e431a4 - <std[617be2ca0a6fd877]::sys::thread::unix::Thread>::new::thread_start
[INFO] [stdout]   17:     0x7bcc6e137dfa - <unknown>
[INFO] [stdout]   18:     0x7bcc6e1cb3d4 - clone
[INFO] [stdout]   19:                0x0 - <unknown>
[INFO] [stdout] 
[INFO] [stdout] ---- tests::test_mcafee stdout ----
[INFO] [stdout] 
[INFO] [stdout] thread 'tests::test_mcafee' (632) panicked at src/tests.rs:23:5:
[INFO] [stdout] assertion failed: result.is_ok()
[INFO] [stdout] stack backtrace:
[INFO] [stdout]    0:     0x6336e3e1bef7 - <<std[617be2ca0a6fd877]::sys::backtrace::BacktraceLock>::print::DisplayBacktrace as core[a373ad73a504971]::fmt::Display>::fmt
[INFO] [stdout]    1:     0x6336e3d784ba - core[a373ad73a504971]::fmt::write
[INFO] [stdout]    2:     0x6336e3e1b4ab - <alloc[2e1b2a31b91974c5]::vec::Vec<u8> as core[a373ad73a504971]::io::write::Write>::write_fmt
[INFO] [stdout]    3:     0x6336e3e1af8f - std[617be2ca0a6fd877]::panicking::default_hook::{closure#0}
[INFO] [stdout]    4:     0x6336e3e1abba - std[617be2ca0a6fd877]::panicking::default_hook
[INFO] [stdout]    5:     0x6336e3e1a6f5 - std[617be2ca0a6fd877]::panicking::panic_with_hook
[INFO] [stdout]    6:     0x6336e3e414d2 - std[617be2ca0a6fd877]::panicking::panic_handler::{closure#0}
[INFO] [stdout]    7:     0x6336e3e41459 - std[617be2ca0a6fd877]::sys::backtrace::__rust_end_short_backtrace::<std[617be2ca0a6fd877]::panicking::panic_handler::{closure#0}, !>
[INFO] [stdout]    8:     0x6336e3e4195c - __rustc[ea4f61d10b84890b]::rust_begin_unwind
[INFO] [stdout]    9:     0x6336e3d7834b - core[a373ad73a504971]::panicking::panic_fmt
[INFO] [stdout]   10:     0x6336e3d79c41 - core[a373ad73a504971]::panicking::panic
[INFO] [stdout]   11:     0x6336e3d47371 - <unquarantine[ef9d92e21f419bae]::tests::test_mcafee::{closure#0} as core[a373ad73a504971]::ops::function::FnOnce<()>>::call_once
[INFO] [stdout]   12:     0x6336e3e5a43b - test[aada8e7e76ba119b]::__rust_begin_short_backtrace::<core[a373ad73a504971]::result::Result<(), alloc[2e1b2a31b91974c5]::string::String>, fn() -> core[a373ad73a504971]::result::Result<(), alloc[2e1b2a31b91974c5]::string::String>>
[INFO] [stdout]   13:     0x6336e3e5587f - test[aada8e7e76ba119b]::run_test::{closure#0}
[INFO] [stdout]   14:     0x6336e3e552fc - std[617be2ca0a6fd877]::sys::backtrace::__rust_begin_short_backtrace::<test[aada8e7e76ba119b]::run_test::{closure#1}, ()>
[INFO] [stdout]   15:     0x6336e3e7532c - <std[617be2ca0a6fd877]::thread::lifecycle::spawn_unchecked<test[aada8e7e76ba119b]::run_test::{closure#1}, ()>::{closure#1} as core[a373ad73a504971]::ops::function::FnOnce<()>>::call_once::{shim:vtable#0}
[INFO] [stdout]   16:     0x6336e3e431a4 - <std[617be2ca0a6fd877]::sys::thread::unix::Thread>::new::thread_start
[INFO] [stdout]   17:     0x7bcc6e137dfa - <unknown>
[INFO] [stdout]   18:     0x7bcc6e1cb3d4 - clone
[INFO] [stdout]   19:                0x0 - <unknown>
[INFO] [stdout] 
[INFO] [stdout] 
[INFO] [stdout] failures:
[INFO] [stdout]     tests::test_mcafee
[INFO] [stdout]     tests::test_ms_defender_pc
[INFO] [stdout]     tests::test_unquarantine_result
[INFO] [stdout] 
[INFO] [stdout] test result: FAILED. 5 passed; 3 failed; 0 ignored; 0 measured; 0 filtered out; finished in 0.01s
[INFO] [stdout] 
[INFO] [stderr] error: test failed, to rerun pass `--lib`
[INFO] running `Command { std: "docker" "inspect" "e8c6cc7c87e931dc34864fc27ba79c7a875e48f8464eaeb6ef3baf39173e0bc7", kill_on_drop: false }`
[INFO] running `Command { std: "docker" "rm" "-f" "e8c6cc7c87e931dc34864fc27ba79c7a875e48f8464eaeb6ef3baf39173e0bc7", kill_on_drop: false }`
[INFO] [stdout] e8c6cc7c87e931dc34864fc27ba79c7a875e48f8464eaeb6ef3baf39173e0bc7
