[INFO] fetching crate unmake 0.0.27...
[INFO] testing unmake-0.0.27 against 1.99.0-beta.8+cargoflags=--release for beta-release-1.100-2
[INFO] extracting crate unmake 0.0.27 into /workspace/builds/worker-5-tc1/source
[INFO] started tweaking crates.io crate unmake 0.0.27
[INFO] finished tweaking crates.io crate unmake 0.0.27
[INFO] tweaked toml for crates.io crate unmake 0.0.27 written to /workspace/builds/worker-5-tc1/source/Cargo.toml
[INFO] validating manifest of crates.io crate unmake 0.0.27 on toolchain 1.99.0-beta.8
[INFO] running `Command { std: CARGO_HOME="/workspace/cargo-home" RUSTUP_HOME="/workspace/rustup-home" "/workspace/cargo-home/bin/cargo" "+1.99.0-beta.8" "metadata" "--manifest-path" "Cargo.toml" "--no-deps", kill_on_drop: false }`
[INFO] crate crates.io crate unmake 0.0.27 already has a lockfile, it will not be regenerated
[INFO] running `Command { std: CARGO_HOME="/workspace/cargo-home" RUSTUP_HOME="/workspace/rustup-home" "/workspace/cargo-home/bin/cargo" "+1.99.0-beta.8" "fetch" "--manifest-path" "Cargo.toml", kill_on_drop: false }`
[INFO] [stderr]     Updating crates.io index
[INFO] [stderr]  Downloading crates ...
[INFO] [stderr]   Downloaded die v0.2.0
[INFO] running `Command { std: "docker" "create" "-v" "/var/lib/crater-agent-workspace/builds/worker-5-tc1/source:/opt/rustwide/workdir:ro,Z" "-v" "/var/lib/crater-agent-workspace/builds/worker-5-tc1/target:/opt/rustwide/target:rw,Z" "-v" "/var/lib/crater-agent-workspace/cargo-home:/opt/rustwide/cargo-home:ro,Z" "-v" "/var/lib/crater-agent-workspace/rustup-home:/opt/rustwide/rustup-home:ro,Z" "-m" "1610612736" "--network" "none" "ghcr.io/rust-lang/crates-build-env/linux@sha256:77db811e55d90add9212f6832c23229e3de5f1c1f9905e8cb07319ea15df73ac" "sleep" "infinity", kill_on_drop: false }`
[INFO] [stdout] a3ae11534ed9afbf22c1404007324bf36f635c70dcd9bbc24ed05dfb07af69a6
[INFO] running `Command { std: "docker" "start" "a3ae11534ed9afbf22c1404007324bf36f635c70dcd9bbc24ed05dfb07af69a6", kill_on_drop: false }`
[INFO] running `Command { std: "docker" "inspect" "a3ae11534ed9afbf22c1404007324bf36f635c70dcd9bbc24ed05dfb07af69a6", kill_on_drop: false }`
[INFO] running `Command { std: "docker" "exec" "-e" "SOURCE_DIR=/opt/rustwide/workdir" "-e" "CARGO_HOME=/opt/rustwide/cargo-home" "-e" "RUSTUP_HOME=/opt/rustwide/rustup-home" "-e" "CARGO_TARGET_DIR=/opt/rustwide/target" "-w" "/opt/rustwide/workdir" "--user" "0:0" "a3ae11534ed9afbf22c1404007324bf36f635c70dcd9bbc24ed05dfb07af69a6" "/opt/rustwide/cargo-home/bin/cargo" "+1.99.0-beta.8" "metadata" "--no-deps" "--format-version=1", kill_on_drop: false }`
[INFO] running `Command { std: "docker" "inspect" "a3ae11534ed9afbf22c1404007324bf36f635c70dcd9bbc24ed05dfb07af69a6", kill_on_drop: false }`
[INFO] running `Command { std: "docker" "exec" "-e" "SOURCE_DIR=/opt/rustwide/workdir" "-e" "CARGO_HOME=/opt/rustwide/cargo-home" "-e" "RUSTUP_HOME=/opt/rustwide/rustup-home" "-e" "CARGO_TARGET_DIR=/opt/rustwide/target" "-e" "CARGO_INCREMENTAL=0" "-e" "RUST_BACKTRACE=full" "-e" "RUSTFLAGS=--cap-lints=warn" "-e" "RUSTDOCFLAGS=--cap-lints=warn" "-w" "/opt/rustwide/workdir" "--user" "0:0" "a3ae11534ed9afbf22c1404007324bf36f635c70dcd9bbc24ed05dfb07af69a6" "/opt/rustwide/cargo-home/bin/cargo" "+1.99.0-beta.8" "build" "--frozen" "--message-format=json" "--release", kill_on_drop: false }`
[INFO] [stderr]    Compiling proc-macro2 v1.0.106
[INFO] [stderr]    Compiling unicode-ident v1.0.24
[INFO] [stderr]    Compiling quote v1.0.45
[INFO] [stderr]    Compiling serde_core v1.0.228
[INFO] [stderr]    Compiling memchr v2.8.0
[INFO] [stderr]    Compiling zmij v1.0.21
[INFO] [stderr]    Compiling regex-syntax v0.8.10
[INFO] [stderr]    Compiling serde v1.0.228
[INFO] [stderr]    Compiling serde_json v1.0.149
[INFO] [stderr]    Compiling peg-runtime v0.8.5
[INFO] [stderr]    Compiling unicode-width v0.2.2
[INFO] [stderr]    Compiling itoa v1.0.17
[INFO] [stderr]    Compiling same-file v1.0.6
[INFO] [stderr]    Compiling die v0.2.0
[INFO] [stderr]    Compiling walkdir v2.5.0
[INFO] [stderr]    Compiling getopts v0.2.24
[INFO] [stderr]    Compiling syn v2.0.117
[INFO] [stderr]    Compiling peg-macros v0.8.5
[INFO] [stderr]    Compiling aho-corasick v1.1.4
[INFO] [stderr]    Compiling peg v0.8.5
[INFO] [stderr]    Compiling regex-automata v0.4.14
[INFO] [stderr]    Compiling serde_derive v1.0.228
[INFO] [stderr]    Compiling regex v1.12.3
[INFO] [stderr]    Compiling unmake v0.0.27 (/opt/rustwide/workdir)
[INFO] [stderr]     Finished `release` profile [optimized] target(s) in 23.57s
[INFO] running `Command { std: "docker" "inspect" "a3ae11534ed9afbf22c1404007324bf36f635c70dcd9bbc24ed05dfb07af69a6", kill_on_drop: false }`
[INFO] running `Command { std: "docker" "exec" "-e" "SOURCE_DIR=/opt/rustwide/workdir" "-e" "CARGO_HOME=/opt/rustwide/cargo-home" "-e" "RUSTUP_HOME=/opt/rustwide/rustup-home" "-e" "CARGO_TARGET_DIR=/opt/rustwide/target" "-e" "CARGO_INCREMENTAL=0" "-e" "RUST_BACKTRACE=full" "-e" "RUSTFLAGS=--cap-lints=warn" "-e" "RUSTDOCFLAGS=--cap-lints=warn" "-w" "/opt/rustwide/workdir" "--user" "0:0" "a3ae11534ed9afbf22c1404007324bf36f635c70dcd9bbc24ed05dfb07af69a6" "/opt/rustwide/cargo-home/bin/cargo" "+1.99.0-beta.8" "test" "--frozen" "--no-run" "--message-format=json" "--release", kill_on_drop: false }`
[INFO] [stderr]    Compiling unmake v0.0.27 (/opt/rustwide/workdir)
[INFO] [stderr]     Finished `release` profile [optimized] target(s) in 4.13s
[INFO] running `Command { std: "docker" "inspect" "a3ae11534ed9afbf22c1404007324bf36f635c70dcd9bbc24ed05dfb07af69a6", kill_on_drop: false }`
[INFO] running `Command { std: "docker" "exec" "-e" "SOURCE_DIR=/opt/rustwide/workdir" "-e" "CARGO_HOME=/opt/rustwide/cargo-home" "-e" "RUSTUP_HOME=/opt/rustwide/rustup-home" "-e" "CARGO_TARGET_DIR=/opt/rustwide/target" "-e" "CARGO_INCREMENTAL=0" "-e" "RUST_BACKTRACE=full" "-e" "RUSTFLAGS=--cap-lints=warn" "-e" "RUSTDOCFLAGS=--cap-lints=warn" "-w" "/opt/rustwide/workdir" "--user" "0:0" "a3ae11534ed9afbf22c1404007324bf36f635c70dcd9bbc24ed05dfb07af69a6" "/opt/rustwide/cargo-home/bin/cargo" "+1.99.0-beta.8" "test" "--frozen" "--release", kill_on_drop: false }`
[INFO] [stderr]     Finished `release` profile [optimized] target(s) in 0.03s
[INFO] [stderr]      Running unittests src/lib.rs (/opt/rustwide/target/release/deps/unmake-b6358dc9b1f915b2)
[INFO] [stdout] 
[INFO] [stdout] running 37 tests
[INFO] [stdout] test ast::test_comments ... ok
[INFO] [stdout] test ast::test_deviant_assignment ... ok
[INFO] [stdout] test ast::test_grammar ... FAILED
[INFO] [stdout] test ast::test_multiline_expressions ... ok
[INFO] [stdout] test ast::test_offsets_and_line_numbers ... ok
[INFO] [stdout] test warnings::test_nonportable_assignment ... ok
[INFO] [stdout] test warnings::test_late_posix_marker ... ok
[INFO] [stdout] test warnings::test_phony_nop ... ok
[INFO] [stdout] test warnings::test_command_comment ... ok
[INFO] [stdout] test warnings::test_makefile_precedence ... ok
[INFO] [stdout] test warnings::test_global_ignore ... ok
[INFO] [stdout] test warnings::test_final_eol ... ok
[INFO] [stdout] test warnings::test_phony_target ... ok
[INFO] [stdout] test warnings::test_curdir_assignment_nop ... ok
[INFO] [stdout] test warnings::test_redundant_ignore_minus ... ok
[INFO] [stdout] test warnings::test_redundant_silent_at ... ok
[INFO] [stdout] test warnings::test_line_numbers ... ok
[INFO] [stdout] test warnings::test_implementation_defined_target ... ok
[INFO] [stdout] test ast::test_c_family_escape_preservation ... ok
[INFO] [stdout] test warnings::test_no_rules ... ok
[INFO] [stdout] test ast::test_backslash_prefixed_values ... ok
[INFO] [stdout] test ast::test_whitespace ... ok
[INFO] [stdout] test warnings::test_redundant_nonparallel_wait ... ok
[INFO] [stdout] test warnings::test_silent_include ... ok
[INFO] [stdout] test warnings::test_ub_ambiguous_include ... ok
[INFO] [stdout] test warnings::test_rule_all ... ok
[INFO] [stdout] test warnings::test_repeated_command_prefix ... ok
[INFO] [stdout] test warnings::test_ub_shell_macro ... ok
[INFO] [stdout] test warnings::test_simplify_at ... ok
[INFO] [stdout] test warnings::test_simplify_minus ... ok
[INFO] [stdout] test warnings::test_strict_posix ... ok
[INFO] [stdout] test warnings::test_ub_makeflags_assignment ... ok
[INFO] [stdout] test warnings::test_wd_nop ... ok
[INFO] [stdout] test warnings::test_whitespace_leading_command ... ok
[INFO] [stdout] test warnings::test_reserved_target ... ok
[INFO] [stdout] test warnings::test_blank_command ... ok
[INFO] [stderr] error: test failed, to rerun pass `--lib`
[INFO] [stdout] test warnings::test_wait_nop ... ok
[INFO] [stdout] 
[INFO] [stdout] failures:
[INFO] [stdout] 
[INFO] [stdout] ---- ast::test_grammar stdout ----
[INFO] [stdout] 
[INFO] [stdout] thread 'ast::test_grammar' (841) panicked at src/ast.rs:578:53:
[INFO] [stdout] called `Result::unwrap()` on an `Err` value: Error { depth: 0, inner: Io { path: Some("fixtures/parse-valid"), err: Os { code: 2, kind: NotFound, message: "No such file or directory" } } }
[INFO] [stdout] stack backtrace:
[INFO] [stdout]    0:     0x5ca510492ce1 - <unknown>
[INFO] [stdout]    1:     0x5ca5104a976a - <unknown>
[INFO] [stdout]    2:     0x5ca51049746c - <unknown>
[INFO] [stdout]    3:     0x5ca51046e4d6 - <unknown>
[INFO] [stdout]    4:     0x5ca51048ad29 - <unknown>
[INFO] [stdout]    5:     0x5ca51035cf30 - <unknown>
[INFO] [stdout]    6:     0x5ca51048aee2 - <unknown>
[INFO] [stdout]    7:     0x5ca51046e582 - <unknown>
[INFO] [stdout]    8:     0x5ca5104670d9 - <unknown>
[INFO] [stdout]    9:     0x5ca51046f17d - <unknown>
[INFO] [stdout]   10:     0x5ca5104a9f4c - <unknown>
[INFO] [stdout]   11:     0x5ca5104a9d22 - <unknown>
[INFO] [stdout]   12:     0x5ca510345bd1 - <unknown>
[INFO] [stdout]   13:     0x5ca51034d829 - <unknown>
[INFO] [stdout]   14:     0x5ca51035021b - <unknown>
[INFO] [stdout]   15:     0x5ca51035d885 - <unknown>
[INFO] [stdout]   16:     0x5ca510357144 - <unknown>
[INFO] [stdout]   17:     0x5ca5103609e2 - <unknown>
[INFO] [stdout]   18:     0x5ca510492249 - <unknown>
[INFO] [stdout]   19:     0x78518dc41dfa - <unknown>
[INFO] [stdout]   20:     0x78518dcd53d4 - clone
[INFO] [stdout]   21:                0x0 - <unknown>
[INFO] [stdout] 
[INFO] [stdout] 
[INFO] [stdout] failures:
[INFO] [stdout]     ast::test_grammar
[INFO] [stdout] 
[INFO] [stdout] test result: FAILED. 36 passed; 1 failed; 0 ignored; 0 measured; 0 filtered out; finished in 0.01s
[INFO] [stdout] 
[INFO] running `Command { std: "docker" "inspect" "a3ae11534ed9afbf22c1404007324bf36f635c70dcd9bbc24ed05dfb07af69a6", kill_on_drop: false }`
[INFO] running `Command { std: "docker" "rm" "-f" "a3ae11534ed9afbf22c1404007324bf36f635c70dcd9bbc24ed05dfb07af69a6", kill_on_drop: false }`
[INFO] [stdout] a3ae11534ed9afbf22c1404007324bf36f635c70dcd9bbc24ed05dfb07af69a6
