[INFO] fetching crate unlocr 0.3.2...
[INFO] testing unlocr-0.3.2 against 1.100.0-beta.1+cargoflags=--release for beta-release-1.100-2
[INFO] extracting crate unlocr 0.3.2 into /workspace/builds/worker-5-tc2/source
[INFO] started tweaking crates.io crate unlocr 0.3.2
[INFO] finished tweaking crates.io crate unlocr 0.3.2
[INFO] tweaked toml for crates.io crate unlocr 0.3.2 written to /workspace/builds/worker-5-tc2/source/Cargo.toml
[INFO] validating manifest of crates.io crate unlocr 0.3.2 on toolchain 1.100.0-beta.1
[INFO] running `Command { std: CARGO_HOME="/workspace/cargo-home" RUSTUP_HOME="/workspace/rustup-home" "/workspace/cargo-home/bin/cargo" "+1.100.0-beta.1" "metadata" "--manifest-path" "Cargo.toml" "--no-deps", kill_on_drop: false }`
[INFO] crate crates.io crate unlocr 0.3.2 already has a lockfile, it will not be regenerated
[INFO] running `Command { std: CARGO_HOME="/workspace/cargo-home" RUSTUP_HOME="/workspace/rustup-home" "/workspace/cargo-home/bin/cargo" "+1.100.0-beta.1" "fetch" "--manifest-path" "Cargo.toml", kill_on_drop: false }`
[INFO] [stderr]     Blocking waiting for file lock on package cache
[INFO] [stderr]     Blocking waiting for file lock on package cache
[INFO] running `Command { std: "docker" "create" "-v" "/var/lib/crater-agent-workspace/builds/worker-5-tc2/source:/opt/rustwide/workdir:ro,Z" "-v" "/var/lib/crater-agent-workspace/builds/worker-5-tc2/target:/opt/rustwide/target:rw,Z" "-v" "/var/lib/crater-agent-workspace/cargo-home:/opt/rustwide/cargo-home:ro,Z" "-v" "/var/lib/crater-agent-workspace/rustup-home:/opt/rustwide/rustup-home:ro,Z" "-m" "1610612736" "--network" "none" "ghcr.io/rust-lang/crates-build-env/linux@sha256:77db811e55d90add9212f6832c23229e3de5f1c1f9905e8cb07319ea15df73ac" "sleep" "infinity", kill_on_drop: false }`
[INFO] [stdout] a833d91f7c13088fdaf0d1648c4c7c8752d8a9cb576cd542aecf59d2afb8293c
[INFO] running `Command { std: "docker" "start" "a833d91f7c13088fdaf0d1648c4c7c8752d8a9cb576cd542aecf59d2afb8293c", kill_on_drop: false }`
[INFO] running `Command { std: "docker" "inspect" "a833d91f7c13088fdaf0d1648c4c7c8752d8a9cb576cd542aecf59d2afb8293c", kill_on_drop: false }`
[INFO] running `Command { std: "docker" "exec" "-e" "SOURCE_DIR=/opt/rustwide/workdir" "-e" "CARGO_HOME=/opt/rustwide/cargo-home" "-e" "RUSTUP_HOME=/opt/rustwide/rustup-home" "-e" "CARGO_TARGET_DIR=/opt/rustwide/target" "-w" "/opt/rustwide/workdir" "--user" "0:0" "a833d91f7c13088fdaf0d1648c4c7c8752d8a9cb576cd542aecf59d2afb8293c" "/opt/rustwide/cargo-home/bin/cargo" "+1.100.0-beta.1" "metadata" "--no-deps" "--format-version=1", kill_on_drop: false }`
[INFO] running `Command { std: "docker" "inspect" "a833d91f7c13088fdaf0d1648c4c7c8752d8a9cb576cd542aecf59d2afb8293c", kill_on_drop: false }`
[INFO] running `Command { std: "docker" "exec" "-e" "SOURCE_DIR=/opt/rustwide/workdir" "-e" "CARGO_HOME=/opt/rustwide/cargo-home" "-e" "RUSTUP_HOME=/opt/rustwide/rustup-home" "-e" "CARGO_TARGET_DIR=/opt/rustwide/target" "-e" "CARGO_INCREMENTAL=0" "-e" "RUST_BACKTRACE=full" "-e" "RUSTFLAGS=--cap-lints=warn" "-e" "RUSTDOCFLAGS=--cap-lints=warn" "-w" "/opt/rustwide/workdir" "--user" "0:0" "a833d91f7c13088fdaf0d1648c4c7c8752d8a9cb576cd542aecf59d2afb8293c" "/opt/rustwide/cargo-home/bin/cargo" "+1.100.0-beta.1" "build" "--frozen" "--message-format=json" "--release", kill_on_drop: false }`
[INFO] [stderr]    Compiling quote v1.0.46
[INFO] [stderr]    Compiling libc v0.2.186
[INFO] [stderr]    Compiling bytes v1.12.0
[INFO] [stderr]    Compiling futures-core v0.3.32
[INFO] [stderr]    Compiling shlex v2.0.1
[INFO] [stderr]    Compiling itoa v1.0.18
[INFO] [stderr]    Compiling smallvec v1.15.2
[INFO] [stderr]    Compiling litemap v0.8.2
[INFO] [stderr]    Compiling writeable v0.6.3
[INFO] [stderr]    Compiling icu_properties_data v2.2.0
[INFO] [stderr]    Compiling icu_normalizer_data v2.2.0
[INFO] [stderr]    Compiling zeroize v1.9.0
[INFO] [stderr]    Compiling percent-encoding v2.3.2
[INFO] [stderr]    Compiling untrusted v0.9.0
[INFO] [stderr]    Compiling serde_core v1.0.228
[INFO] [stderr]    Compiling log v0.4.33
[INFO] [stderr]    Compiling futures-task v0.3.32
[INFO] [stderr]    Compiling slab v0.4.12
[INFO] [stderr]    Compiling httparse v1.10.1
[INFO] [stderr]    Compiling cc v1.2.65
[INFO] [stderr]    Compiling rustls v0.23.41
[INFO] [stderr]    Compiling crc32fast v1.5.0
[INFO] [stderr]    Compiling typenum v1.20.1
[INFO] [stderr]    Compiling rustls-pki-types v1.14.1
[INFO] [stderr]    Compiling form_urlencoded v1.2.2
[INFO] [stderr]    Compiling tower-service v0.3.3
[INFO] [stderr]    Compiling try-lock v0.2.5
[INFO] [stderr]    Compiling futures-util v0.3.32
[INFO] [stderr]    Compiling simd-adler32 v0.3.9
[INFO] [stderr]    Compiling subtle v2.6.1
[INFO] [stderr]    Compiling serde v1.0.228
[INFO] [stderr]    Compiling futures-channel v0.3.32
[INFO] [stderr]    Compiling want v0.3.1
[INFO] [stderr]    Compiling tracing-core v0.1.36
[INFO] [stderr]    Compiling adler2 v2.0.1
[INFO] [stderr]    Compiling base64 v0.22.1
[INFO] [stderr]    Compiling syn v2.0.118
[INFO] [stderr]    Compiling atomic-waker v1.1.2
[INFO] [stderr]    Compiling serde_json v1.0.150
[INFO] [stderr]    Compiling bitflags v2.13.0
[INFO] [stderr]    Compiling memchr v2.8.2
[INFO] [stderr]    Compiling anstyle-parse v1.0.0
[INFO] [stderr]    Compiling miniz_oxide v0.8.9
[INFO] [stderr]    Compiling sync_wrapper v1.0.2
[INFO] [stderr]    Compiling ipnet v2.12.0
[INFO] [stderr]    Compiling http v1.4.2
[INFO] [stderr]    Compiling webpki-roots v1.0.8
[INFO] [stderr]    Compiling is_terminal_polyfill v1.70.2
[INFO] [stderr]    Compiling anstyle v1.0.14
[INFO] [stderr]    Compiling colorchoice v1.0.5
[INFO] [stderr]    Compiling anstyle-query v1.1.5
[INFO] [stderr]    Compiling getrandom v0.4.3
[INFO] [stderr]    Compiling tower-layer v0.3.3
[INFO] [stderr]    Compiling thiserror v2.0.18
[INFO] [stderr]    Compiling tracing v0.1.44
[INFO] [stderr]    Compiling flate2 v1.1.9
[INFO] [stderr]    Compiling anstream v1.0.0
[INFO] [stderr]    Compiling futures-sink v0.3.32
[INFO] [stderr]    Compiling zip v2.4.2
[INFO] [stderr]    Compiling clap_lex v1.1.0
[INFO] [stderr]    Compiling bumpalo v3.20.3
[INFO] [stderr]    Compiling generic-array v0.14.7
[INFO] [stderr]    Compiling strsim v0.11.1
[INFO] [stderr]    Compiling hashbrown v0.17.1
[INFO] [stderr]    Compiling mio v1.2.1
[INFO] [stderr]    Compiling socket2 v0.6.4
[INFO] [stderr]    Compiling getrandom v0.2.17
[INFO] [stderr]    Compiling clap_builder v4.6.0
[INFO] [stderr]    Compiling zopfli v0.8.3
[INFO] [stderr]    Compiling rustix v1.1.4
[INFO] [stderr]    Compiling webpki-roots v0.26.11
[INFO] [stderr]    Compiling cpufeatures v0.2.17
[INFO] [stderr]    Compiling fastrand v2.4.1
[INFO] [stderr]    Compiling glob v0.3.3
[INFO] [stderr]    Compiling http-body v1.0.1
[INFO] [stderr]    Compiling ring v0.17.14
[INFO] [stderr]    Compiling http-body-util v0.1.3
[INFO] [stderr]    Compiling crypto-common v0.1.7
[INFO] [stderr]    Compiling block-buffer v0.10.4
[INFO] [stderr]    Compiling digest v0.10.7
[INFO] [stderr]    Compiling sha2 v0.10.9
[INFO] [stderr]    Compiling indexmap v2.14.0
[INFO] [stderr]    Compiling tempfile v3.27.0
[INFO] [stderr]    Compiling synstructure v0.13.2
[INFO] [stderr]    Compiling zerofrom-derive v0.1.7
[INFO] [stderr]    Compiling yoke-derive v0.8.2
[INFO] [stderr]    Compiling displaydoc v0.2.6
[INFO] [stderr]    Compiling zerovec-derive v0.11.3
[INFO] [stderr]    Compiling tokio-macros v2.7.0
[INFO] [stderr]    Compiling serde_derive v1.0.228
[INFO] [stderr]    Compiling thiserror-impl v2.0.18
[INFO] [stderr]    Compiling clap_derive v4.6.1
[INFO] [stderr]    Compiling zerofrom v0.1.8
[INFO] [stderr]    Compiling tokio v1.52.3
[INFO] [stderr]    Compiling yoke v0.8.3
[INFO] [stderr]    Compiling zerovec v0.11.6
[INFO] [stderr]    Compiling zerotrie v0.2.4
[INFO] [stderr]    Compiling clap v4.6.1
[INFO] [stderr]    Compiling tinystr v0.8.3
[INFO] [stderr]    Compiling potential_utf v0.1.5
[INFO] [stderr]    Compiling icu_collections v2.2.0
[INFO] [stderr]    Compiling icu_locale_core v2.2.0
[INFO] [stderr]    Compiling icu_provider v2.2.0
[INFO] [stderr]    Compiling rustls-webpki v0.103.13
[INFO] [stderr]    Compiling icu_normalizer v2.2.0
[INFO] [stderr]    Compiling icu_properties v2.2.0
[INFO] [stderr]    Compiling serde_urlencoded v0.7.1
[INFO] [stderr]    Compiling idna_adapter v1.2.2
[INFO] [stderr]    Compiling idna v1.1.0
[INFO] [stderr]    Compiling url v2.5.8
[INFO] [stderr]    Compiling hyper v1.10.1
[INFO] [stderr]    Compiling tower v0.5.3
[INFO] [stderr]    Compiling tokio-util v0.7.18
[INFO] [stderr]    Compiling tower-http v0.6.11
[INFO] [stderr]    Compiling hyper-util v0.1.20
[INFO] [stderr]    Compiling tokio-rustls v0.26.4
[INFO] [stderr]    Compiling ureq v2.12.1
[INFO] [stderr]    Compiling hyper-rustls v0.27.9
[INFO] [stderr]    Compiling reqwest v0.12.28
[INFO] [stderr]    Compiling unlocr v0.3.2 (/opt/rustwide/workdir)
[INFO] [stderr]     Finished `release` profile [optimized] target(s) in 1m 44s
[INFO] running `Command { std: "docker" "inspect" "a833d91f7c13088fdaf0d1648c4c7c8752d8a9cb576cd542aecf59d2afb8293c", kill_on_drop: false }`
[INFO] running `Command { std: "docker" "exec" "-e" "SOURCE_DIR=/opt/rustwide/workdir" "-e" "CARGO_HOME=/opt/rustwide/cargo-home" "-e" "RUSTUP_HOME=/opt/rustwide/rustup-home" "-e" "CARGO_TARGET_DIR=/opt/rustwide/target" "-e" "CARGO_INCREMENTAL=0" "-e" "RUST_BACKTRACE=full" "-e" "RUSTFLAGS=--cap-lints=warn" "-e" "RUSTDOCFLAGS=--cap-lints=warn" "-w" "/opt/rustwide/workdir" "--user" "0:0" "a833d91f7c13088fdaf0d1648c4c7c8752d8a9cb576cd542aecf59d2afb8293c" "/opt/rustwide/cargo-home/bin/cargo" "+1.100.0-beta.1" "test" "--frozen" "--no-run" "--message-format=json" "--release", kill_on_drop: false }`
[INFO] [stderr]    Compiling stable_deref_trait v1.2.1
[INFO] [stderr]    Compiling cfg-if v1.0.4
[INFO] [stderr]    Compiling pin-project-lite v0.2.17
[INFO] [stderr]    Compiling bytes v1.12.0
[INFO] [stderr]    Compiling futures-core v0.3.32
[INFO] [stderr]    Compiling itoa v1.0.18
[INFO] [stderr]    Compiling litemap v0.8.2
[INFO] [stderr]    Compiling writeable v0.6.3
[INFO] [stderr]    Compiling smallvec v1.15.2
[INFO] [stderr]    Compiling zeroize v1.9.0
[INFO] [stderr]    Compiling utf8_iter v1.0.4
[INFO] [stderr]    Compiling once_cell v1.21.4
[INFO] [stderr]    Compiling libc v0.2.186
[INFO] [stderr]    Compiling zerofrom v0.1.8
[INFO] [stderr]    Compiling percent-encoding v2.3.2
[INFO] [stderr]    Compiling icu_properties_data v2.2.0
[INFO] [stderr]    Compiling icu_normalizer_data v2.2.0
[INFO] [stderr]    Compiling log v0.4.33
[INFO] [stderr]    Compiling yoke v0.8.3
[INFO] [stderr]    Compiling untrusted v0.9.0
[INFO] [stderr]    Compiling slab v0.4.12
[INFO] [stderr]    Compiling futures-task v0.3.32
[INFO] [stderr]    Compiling serde_core v1.0.228
[INFO] [stderr]    Compiling subtle v2.6.1
[INFO] [stderr]    Compiling typenum v1.20.1
[INFO] [stderr]    Compiling rustls-pki-types v1.14.1
[INFO] [stderr]    Compiling simd-adler32 v0.3.9
[INFO] [stderr]    Compiling form_urlencoded v1.2.2
[INFO] [stderr]    Compiling try-lock v0.2.5
[INFO] [stderr]    Compiling tower-service v0.3.3
[INFO] [stderr]    Compiling tracing-core v0.1.36
[INFO] [stderr]    Compiling futures-util v0.3.32
[INFO] [stderr]    Compiling want v0.3.1
[INFO] [stderr]    Compiling crc32fast v1.5.0
[INFO] [stderr]    Compiling httparse v1.10.1
[INFO] [stderr]    Compiling futures-channel v0.3.32
[INFO] [stderr]    Compiling zerovec v0.11.6
[INFO] [stderr]    Compiling zerotrie v0.2.4
[INFO] [stderr]    Compiling bitflags v2.13.0
[INFO] [stderr]    Compiling memchr v2.8.2
[INFO] [stderr]    Compiling utf8parse v0.2.2
[INFO] [stderr]    Compiling adler2 v2.0.1
[INFO] [stderr]    Compiling atomic-waker v1.1.2
[INFO] [stderr]    Compiling base64 v0.22.1
[INFO] [stderr]    Compiling anstyle-parse v1.0.0
[INFO] [stderr]    Compiling miniz_oxide v0.8.9
[INFO] [stderr]    Compiling zmij v1.0.21
[INFO] [stderr]    Compiling sync_wrapper v1.0.2
[INFO] [stderr]    Compiling tower-layer v0.3.3
[INFO] [stderr]    Compiling is_terminal_polyfill v1.70.2
[INFO] [stderr]    Compiling ipnet v2.12.0
[INFO] [stderr]    Compiling webpki-roots v1.0.8
[INFO] [stderr]    Compiling tracing v0.1.44
[INFO] [stderr]    Compiling anstyle v1.0.14
[INFO] [stderr]    Compiling colorchoice v1.0.5
[INFO] [stderr]    Compiling anstyle-query v1.1.5
[INFO] [stderr]    Compiling bumpalo v3.20.3
[INFO] [stderr]    Compiling hashbrown v0.17.1
[INFO] [stderr]    Compiling futures-sink v0.3.32
[INFO] [stderr]    Compiling http v1.4.2
[INFO] [stderr]    Compiling tinystr v0.8.3
[INFO] [stderr]    Compiling potential_utf v0.1.5
[INFO] [stderr]    Compiling anstream v1.0.0
[INFO] [stderr]    Compiling ryu v1.0.23
[INFO] [stderr]    Compiling icu_collections v2.2.0
[INFO] [stderr]    Compiling linux-raw-sys v0.12.1
[INFO] [stderr]    Compiling flate2 v1.1.9
[INFO] [stderr]    Compiling icu_locale_core v2.2.0
[INFO] [stderr]    Compiling strsim v0.11.1
[INFO] [stderr]    Compiling equivalent v1.0.2
[INFO] [stderr]    Compiling clap_lex v1.1.0
[INFO] [stderr]    Compiling zopfli v0.8.3
[INFO] [stderr]    Compiling socket2 v0.6.4
[INFO] [stderr]    Compiling mio v1.2.1
[INFO] [stderr]    Compiling getrandom v0.2.17
[INFO] [stderr]    Compiling generic-array v0.14.7
[INFO] [stderr]    Compiling ring v0.17.14
[INFO] [stderr]    Compiling indexmap v2.14.0
[INFO] [stderr]    Compiling rustix v1.1.4
[INFO] [stderr]    Compiling clap_builder v4.6.0
[INFO] [stderr]    Compiling getrandom v0.4.3
[INFO] [stderr]    Compiling thiserror v2.0.18
[INFO] [stderr]    Compiling webpki-roots v0.26.11
[INFO] [stderr]    Compiling cpufeatures v0.2.17
[INFO] [stderr]    Compiling fastrand v2.4.1
[INFO] [stderr]    Compiling glob v0.3.3
[INFO] [stderr]    Compiling tokio v1.52.3
[INFO] [stderr]    Compiling http-body v1.0.1
[INFO] [stderr]    Compiling crypto-common v0.1.7
[INFO] [stderr]    Compiling block-buffer v0.10.4
[INFO] [stderr]    Compiling http-body-util v0.1.3
[INFO] [stderr]    Compiling zip v2.4.2
[INFO] [stderr]    Compiling digest v0.10.7
[INFO] [stderr]    Compiling icu_provider v2.2.0
[INFO] [stderr]    Compiling sha2 v0.10.9
[INFO] [stderr]    Compiling icu_normalizer v2.2.0
[INFO] [stderr]    Compiling icu_properties v2.2.0
[INFO] [stderr]    Compiling serde v1.0.228
[INFO] [stderr]    Compiling serde_json v1.0.150
[INFO] [stderr]    Compiling serde_urlencoded v0.7.1
[INFO] [stderr]    Compiling rustls-webpki v0.103.13
[INFO] [stderr]    Compiling tempfile v3.27.0
[INFO] [stderr]    Compiling idna_adapter v1.2.2
[INFO] [stderr]    Compiling idna v1.1.0
[INFO] [stderr]    Compiling clap v4.6.1
[INFO] [stderr]    Compiling url v2.5.8
[INFO] [stderr]    Compiling rustls v0.23.41
[INFO] [stderr]    Compiling hyper v1.10.1
[INFO] [stderr]    Compiling tower v0.5.3
[INFO] [stderr]    Compiling tokio-util v0.7.18
[INFO] [stderr]    Compiling tower-http v0.6.11
[INFO] [stderr]    Compiling hyper-util v0.1.20
[INFO] [stderr]    Compiling tokio-rustls v0.26.4
[INFO] [stderr]    Compiling ureq v2.12.1
[INFO] [stderr]    Compiling hyper-rustls v0.27.9
[INFO] [stderr]    Compiling reqwest v0.12.28
[INFO] [stderr]    Compiling unlocr v0.3.2 (/opt/rustwide/workdir)
[INFO] [stderr]     Finished `release` profile [optimized] target(s) in 1m 58s
[INFO] running `Command { std: "docker" "inspect" "a833d91f7c13088fdaf0d1648c4c7c8752d8a9cb576cd542aecf59d2afb8293c", kill_on_drop: false }`
[INFO] running `Command { std: "docker" "exec" "-e" "SOURCE_DIR=/opt/rustwide/workdir" "-e" "CARGO_HOME=/opt/rustwide/cargo-home" "-e" "RUSTUP_HOME=/opt/rustwide/rustup-home" "-e" "CARGO_TARGET_DIR=/opt/rustwide/target" "-e" "CARGO_INCREMENTAL=0" "-e" "RUST_BACKTRACE=full" "-e" "RUSTFLAGS=--cap-lints=warn" "-e" "RUSTDOCFLAGS=--cap-lints=warn" "-w" "/opt/rustwide/workdir" "--user" "0:0" "a833d91f7c13088fdaf0d1648c4c7c8752d8a9cb576cd542aecf59d2afb8293c" "/opt/rustwide/cargo-home/bin/cargo" "+1.100.0-beta.1" "test" "--frozen" "--release", kill_on_drop: false }`
[INFO] [stderr]     Finished `release` profile [optimized] target(s) in 0.30s
[INFO] [stderr]      Running unittests src/lib.rs (/opt/rustwide/target/release/build/unlocr/392b43df8f6023ba/out/unlocr-392b43df8f6023ba)
[INFO] [stdout] 
[INFO] [stdout] running 99 tests
[INFO] [stdout] test inputs::tests::collect_pdfs_and_images_finds_both_kinds ... ok
[INFO] [stdout] test model::tests::cache_dir_override_used_and_created ... ok
[INFO] [stdout] test model::tests::check_digest_match_mismatch_and_unpinned ... ok
[INFO] [stdout] test model::tests::ensure_with_overrides_uses_mmproj_override_path ... ok
[INFO] [stdout] test model::tests::ensure_with_progress_no_events_when_files_present ... ok
[INFO] [stdout] test model::tests::ensure_with_overrides_uses_model_path_and_falls_back_to_cached_mmproj ... ok
[INFO] [stdout] test model::tests::known_quants_accessor_returns_the_const_table ... ok
[INFO] [stdout] test model::tests::filename_format ... ok
[INFO] [stdout] test model::tests::file_sha256_matches_known_vector ... ok
[INFO] [stdout] test model::tests::check_presence_rejects_traversal_quant ... ok
[INFO] [stdout] test model::tests::stream_to_part_rejects_missing_content_length ... ok
[INFO] [stdout] test model::tests::stream_to_part_rejects_truncated_download ... ok
[INFO] [stdout] test pdf::tests::rasterize_range_reports_incremental_progress ... ok
[INFO] [stdout] test pdf::tests::rasterize_real_two_page_pdf_in_order ... ok
[INFO] [stdout] test model::tests::validate_quant_blocks_traversal ... ok
[INFO] [stdout] test pdf::tests::extracts_page_number ... ok
[INFO] [stdout] test pdf::tests::render_pages_returns_nonempty_pngs_and_caches ... ok
[INFO] [stdout] test inputs::tests::is_image_recognizes_whitelisted_extensions ... ok
[INFO] [stdout] test model::tests::ensure_rejects_traversal_quant ... ok
[INFO] [stdout] test inputs::tests::sniff_image_mime_recognizes_each_format ... ok
[INFO] [stdout] test pdf::tests::select_password_none_when_no_candidates ... ok
[INFO] [stdout] test model::tests::known_quants_has_13_unique_entries_all_pinned ... ok
[INFO] [stdout] test pdf::tests::select_password_multi_unencrypted_resolves_none ... ok
[INFO] [stdout] test pdf::tests::rasterize_dpi_scales_png_dimensions ... ok
[INFO] [stdout] test pdf::tests::total_pages_matches_known_fixture ... ok
[INFO] [stdout] test inputs::tests::collect_matching_respects_max_depth ... ok
[INFO] [stdout] test model::tests::stream_to_part_accepts_full_download ... ok
[INFO] [stdout] test pdf::tests::rasterize_open_upper_bound_renders_to_end ... ok
[INFO] [stdout] test pdf::tests::render_page_single_and_rejects_out_of_range ... ok
[INFO] [stdout] test preflight::sysreq::tests::cpu_good_threshold ... ok
[INFO] [stdout] test inputs::tests::expand_inputs_mixes_pdf_and_image_literals ... ok
[INFO] [stdout] test preflight::sysreq::tests::cpu_unknown ... ok
[INFO] [stdout] test model::tests::stream_to_part_resumes_appends_from_offset ... ok
[INFO] [stdout] test preflight::sysreq::tests::fmt_human_readable_bytes ... ok
[INFO] [stdout] test preflight::sysreq::tests::ram_insufficient_threshold ... ok
[INFO] [stdout] test preflight::sysreq::tests::ram_marginal_threshold ... ok
[INFO] [stdout] test pdf::tests::select_password_encrypted_picks_working_and_errors_on_none ... ok
[INFO] [stdout] test preflight::sysreq::tests::disk_good ... ok
[INFO] [stdout] test preflight::sysreq::tests::disk_unknown ... ok
[INFO] [stdout] test preflight::sysreq::tests::worst_status_ordering ... ok
[INFO] [stdout] test preflight::sysreq::tests::ram_good_threshold ... ok
[INFO] [stdout] test preflight::sysreq::tests::ram_unknown ... ok
[INFO] [stdout] test preflight::sysreq::tests::worst_status_all_unknown_is_unknown ... ok
[INFO] [stdout] test preflight::tests::parses_build_numbers ... ok
[INFO] [stdout] test server::tests::apply_sampling_sets_fields_only_when_set ... ok
[INFO] [stdout] test preflight::sysreq::tests::cpu_insufficient_threshold ... ok
[INFO] [stdout] test model::tests::ensure_with_overrides_errors_on_missing_model_path ... ok
[INFO] [stdout] test server::tests::rejects_bad_shape ... ok
[INFO] [stdout] test preflight::tests::test_generate_install_hint ... ok
[INFO] [stdout] test server::tests::provider_error_extracts_message ... ok
[INFO] [stdout] test server::tests::server_args_adds_optional_flags_only_when_set ... ok
[INFO] [stdout] test server::tests::remote_endpoint_sends_bearer_and_parses ... ok
[INFO] [stdout] test pdf::tests::info_reports_known_fixture_fields ... ok
[INFO] [stdout] test server::tests::sse_streaming_surfaces_provider_error ... ok
[INFO] [stdout] test preflight::sysreq::tests::cpu_marginal_threshold ... ok
[INFO] [stdout] test server::tests::parses_content ... ok
[INFO] [stdout] test server::tests::stream_falls_back_to_plain_json_completion ... ok
[INFO] [stdout] test server::tests::remote_endpoint_injects_model_only_when_set ... ok
[INFO] [stdout] test server::tests::finish_reason_extracts_value ... ok
[INFO] [stdout] test preflight::sysreq::tests::disk_marginal ... ok
[INFO] [stdout] test tests::annotation_stripper_buffers_fragmented_chunks ... ok
[INFO] [stdout] test tests::duplicate_stems_flags_same_stem_inputs ... ok
[INFO] [stdout] test tests::ocr_options_validate_dry_base ... ok
[INFO] [stdout] test tests::ocr_pages_honors_page_range ... ok
[INFO] [stdout] test pdf::tests::select_password_single_candidate_is_probed ... ok
[INFO] [stdout] test tests::ocr_pages_aborts_when_cancelled ... ok
[INFO] [stdout] test tests::parse_output_mode_cases ... ok
[INFO] [stdout] test model::tests::list_cached_quants_matches_model_files_only ... ok
[INFO] [stdout] test tests::preview_cache_dir_is_deterministic_and_dpi_keyed ... ok
[INFO] [stdout] test tests::ocr_pages_strips_layout_annotations ... ok
[INFO] [stdout] test tests::ocr_pages_emits_truncated_on_finish_reason_length ... ok
[INFO] [stdout] test server::tests::sse_streaming_fires_on_token ... ok
[INFO] [stdout] test tests::resolve_output_path_cases ... ok
[INFO] [stdout] test tests::push_page_assembles_delimiters ... ok
[INFO] [stdout] test tests::strip_layout_annotations_cleans_grounded_output ... ok
[INFO] [stdout] test server::tests::ocr_image_flags_truncated_from_finish_reason ... ok
[INFO] [stdout] test server::tests::ocr_image_sends_dry_fields_only_when_set ... ok
[INFO] [stdout] test tests::ocroptions_default_matches_cli ... ok
[INFO] [stdout] test tests::ocr_state_sequence_ordering ... ok
[INFO] [stdout] test tests::ocr_pages_keep_images_preserves_single_image_input ... ok
[INFO] [stdout] test tests::write_markdown_output_modes ... ok
[INFO] [stdout] test tests::ocr_options_validate_dry_multiplier ... ok
[INFO] [stdout] test tests::render_pages_returns_cached_pngs_without_pdftoppm ... ok
[INFO] [stdout] test tests::run_ocr_job_rejects_missing_file ... ok
[INFO] [stdout] test tools::tests::downloadable_matches_pins ... FAILED
[INFO] [stdout] test tests::ocr_pages_rejects_unsniffable_bytes ... ok
[INFO] [stdout] test tests::write_markdown_output_pages_clears_stale_pages ... ok
[INFO] [stdout] test tests::ocr_pages_rejects_content_extension_mismatch ... ok
[INFO] [stdout] test tools::tests::extract_rejects_zip_slip ... ok
[INFO] [stdout] test tools::tests::extract_preserves_exec_bit ... ok
[INFO] [stdout] test tools::tests::ensure_tool_is_atomic ... ok
[INFO] [stdout] test tools::tests::ensure_tool_unknown_is_refused ... ok
[INFO] [stdout] test server::tests::sse_streaming_flags_truncated_from_finish_reason ... ok
[INFO] [stdout] test tools::tests::pins_are_well_formed ... ok
[INFO] [stdout] test tools::tests::find_exe_missing_dir_is_none ... ok
[INFO] [stdout] test server::tests::ocr_image_resolves_temperature_default_and_override ... ok
[INFO] [stdout] test tests::ocr_pages_ocrs_a_single_image_directly ... ok
[INFO] [stdout] test tools::tests::extract_then_find_exe_in_subdir ... ok
[INFO] [stdout] test tests::write_markdown_output_zero_pads_large_page_counts ... ok
[INFO] [stdout] 
[INFO] [stdout] failures:
[INFO] [stdout] 
[INFO] [stdout] ---- tools::tests::downloadable_matches_pins stdout ----
[INFO] [stdout] 
[INFO] [stdout] thread 'tools::tests::downloadable_matches_pins' (2678) panicked at src/tools/tests.rs:120:9:
[INFO] [stdout] Linux/other must not offer auto-download
[INFO] [stdout] stack backtrace:
[INFO] [stdout]    0:     0x5857a4b10a15 - <unknown>
[INFO] [stdout]    1:     0x5857a4a387d4 - <unknown>
[INFO] [stdout]    2:     0x5857a4b100bb - <unknown>
[INFO] [stdout]    3:     0x5857a4b0fcb9 - <unknown>
[INFO] [stdout]    4:     0x5857a4b0f93a - <unknown>
[INFO] [stdout]    5:     0x5857a4b0f46b - <unknown>
[INFO] [stdout]    6:     0x5857a4b35332 - <unknown>
[INFO] [stdout]    7:     0x5857a4b352b9 - <unknown>
[INFO] [stdout]    8:     0x5857a4b357ac - <unknown>
[INFO] [stdout]    9:     0x5857a4a3866b - <unknown>
[INFO] [stdout]   10:     0x5857a4a2a668 - <unknown>
[INFO] [stdout]   11:     0x5857a4b53aeb - <unknown>
[INFO] [stdout]   12:     0x5857a4b4fd56 - <unknown>
[INFO] [stdout]   13:     0x5857a4b4f57c - <unknown>
[INFO] [stdout]   14:     0x5857a4b6d08c - <unknown>
[INFO] [stdout]   15:     0x5857a4b37998 - <unknown>
[INFO] [stdout]   16:     0x75a6036bddfa - <unknown>
[INFO] [stdout]   17:     0x75a6037513d4 - clone
[INFO] [stdout]   18:                0x0 - <unknown>
[INFO] [stdout] 
[INFO] [stdout] 
[INFO] [stdout] failures:
[INFO] [stdout]     tools::tests::downloadable_matches_pins
[INFO] [stdout] 
[INFO] [stdout] test result: FAILED. 98 passed; 1 failed; 0 ignored; 0 measured; 0 filtered out; finished in 0.15s
[INFO] [stdout] 
[INFO] [stderr] error: test failed, to rerun pass `--lib`
[INFO] running `Command { std: "docker" "inspect" "a833d91f7c13088fdaf0d1648c4c7c8752d8a9cb576cd542aecf59d2afb8293c", kill_on_drop: false }`
[INFO] running `Command { std: "docker" "rm" "-f" "a833d91f7c13088fdaf0d1648c4c7c8752d8a9cb576cd542aecf59d2afb8293c", kill_on_drop: false }`
[INFO] [stdout] a833d91f7c13088fdaf0d1648c4c7c8752d8a9cb576cd542aecf59d2afb8293c
