[INFO] fetching crate unlock_excel 0.2.2...
[INFO] testing unlock_excel-0.2.2 against 1.100.0-beta.1+cargoflags=--release for beta-release-1.100-2
[INFO] extracting crate unlock_excel 0.2.2 into /workspace/builds/worker-6-tc2/source
[INFO] started tweaking crates.io crate unlock_excel 0.2.2
[INFO] finished tweaking crates.io crate unlock_excel 0.2.2
[INFO] tweaked toml for crates.io crate unlock_excel 0.2.2 written to /workspace/builds/worker-6-tc2/source/Cargo.toml
[INFO] validating manifest of crates.io crate unlock_excel 0.2.2 on toolchain 1.100.0-beta.1
[INFO] running `Command { std: CARGO_HOME="/workspace/cargo-home" RUSTUP_HOME="/workspace/rustup-home" "/workspace/cargo-home/bin/cargo" "+1.100.0-beta.1" "metadata" "--manifest-path" "Cargo.toml" "--no-deps", kill_on_drop: false }`
[INFO] crate crates.io crate unlock_excel 0.2.2 already has a lockfile, it will not be regenerated
[INFO] running `Command { std: CARGO_HOME="/workspace/cargo-home" RUSTUP_HOME="/workspace/rustup-home" "/workspace/cargo-home/bin/cargo" "+1.100.0-beta.1" "fetch" "--manifest-path" "Cargo.toml", kill_on_drop: false }`
[INFO] [stderr] warning: `package.homepage` is redundant with `package.repository`
[INFO] [stderr]   --> Cargo.toml:25:12
[INFO] [stderr]    |
[INFO] [stderr] 25 | homepage = "https://github.com/jmacadie/unlock_excel"
[INFO] [stderr]    |            ^^^^^^^^^^^^^^^^^^^^^^^^^^^^^^^^^^^^^^^^^^
[INFO] [stderr] ...
[INFO] [stderr] 30 | repository = "https://github.com/jmacadie/unlock_excel"
[INFO] [stderr]    |              ------------------------------------------
[INFO] [stderr]    |
[INFO] [stderr]    = note: `cargo::redundant_homepage` is set to `warn` by default
[INFO] [stderr] help: consider removing `package.homepage`
[INFO] [stderr] warning: `unlock_excel` (manifest) generated 1 warning
[INFO] running `Command { std: "docker" "create" "-v" "/var/lib/crater-agent-workspace/builds/worker-6-tc2/source:/opt/rustwide/workdir:ro,Z" "-v" "/var/lib/crater-agent-workspace/builds/worker-6-tc2/target:/opt/rustwide/target:rw,Z" "-v" "/var/lib/crater-agent-workspace/cargo-home:/opt/rustwide/cargo-home:ro,Z" "-v" "/var/lib/crater-agent-workspace/rustup-home:/opt/rustwide/rustup-home:ro,Z" "-m" "1610612736" "--network" "none" "ghcr.io/rust-lang/crates-build-env/linux@sha256:77db811e55d90add9212f6832c23229e3de5f1c1f9905e8cb07319ea15df73ac" "sleep" "infinity", kill_on_drop: false }`
[INFO] [stdout] 736faf5b7eaba570e16869a9c71b3c4f9d9862a1910afb359a0adf56431620db
[INFO] running `Command { std: "docker" "start" "736faf5b7eaba570e16869a9c71b3c4f9d9862a1910afb359a0adf56431620db", kill_on_drop: false }`
[INFO] running `Command { std: "docker" "inspect" "736faf5b7eaba570e16869a9c71b3c4f9d9862a1910afb359a0adf56431620db", kill_on_drop: false }`
[INFO] running `Command { std: "docker" "exec" "-e" "SOURCE_DIR=/opt/rustwide/workdir" "-e" "CARGO_HOME=/opt/rustwide/cargo-home" "-e" "RUSTUP_HOME=/opt/rustwide/rustup-home" "-e" "CARGO_TARGET_DIR=/opt/rustwide/target" "-w" "/opt/rustwide/workdir" "--user" "0:0" "736faf5b7eaba570e16869a9c71b3c4f9d9862a1910afb359a0adf56431620db" "/opt/rustwide/cargo-home/bin/cargo" "+1.100.0-beta.1" "metadata" "--no-deps" "--format-version=1", kill_on_drop: false }`
[INFO] running `Command { std: "docker" "inspect" "736faf5b7eaba570e16869a9c71b3c4f9d9862a1910afb359a0adf56431620db", kill_on_drop: false }`
[INFO] running `Command { std: "docker" "exec" "-e" "SOURCE_DIR=/opt/rustwide/workdir" "-e" "CARGO_HOME=/opt/rustwide/cargo-home" "-e" "RUSTUP_HOME=/opt/rustwide/rustup-home" "-e" "CARGO_TARGET_DIR=/opt/rustwide/target" "-e" "CARGO_INCREMENTAL=0" "-e" "RUST_BACKTRACE=full" "-e" "RUSTFLAGS=--cap-lints=warn" "-e" "RUSTDOCFLAGS=--cap-lints=warn" "-w" "/opt/rustwide/workdir" "--user" "0:0" "736faf5b7eaba570e16869a9c71b3c4f9d9862a1910afb359a0adf56431620db" "/opt/rustwide/cargo-home/bin/cargo" "+1.100.0-beta.1" "build" "--frozen" "--message-format=json" "--release", kill_on_drop: false }`
[INFO] [stderr] warning: `package.homepage` is redundant with `package.repository`
[INFO] [stderr]   --> Cargo.toml:25:12
[INFO] [stderr]    |
[INFO] [stderr] 25 | homepage = "https://github.com/jmacadie/unlock_excel"
[INFO] [stderr]    |            ^^^^^^^^^^^^^^^^^^^^^^^^^^^^^^^^^^^^^^^^^^
[INFO] [stderr] ...
[INFO] [stderr] 30 | repository = "https://github.com/jmacadie/unlock_excel"
[INFO] [stderr]    |              ------------------------------------------
[INFO] [stderr]    |
[INFO] [stderr]    = note: `cargo::redundant_homepage` is set to `warn` by default
[INFO] [stderr] help: consider removing `package.homepage`
[INFO] [stderr] warning: `unlock_excel` (manifest) generated 1 warning
[INFO] [stderr]    Compiling libc v0.2.153
[INFO] [stderr]    Compiling typenum v1.17.0
[INFO] [stderr]    Compiling pkg-config v0.3.29
[INFO] [stderr]    Compiling subtle v2.5.0
[INFO] [stderr]    Compiling proc-macro2 v1.0.78
[INFO] [stderr]    Compiling cpufeatures v0.2.12
[INFO] [stderr]    Compiling crc32fast v1.3.2
[INFO] [stderr]    Compiling zstd-safe v5.0.2+zstd.1.5.2
[INFO] [stderr]    Compiling colorchoice v1.0.0
[INFO] [stderr]    Compiling anstyle v1.0.6
[INFO] [stderr]    Compiling base64ct v1.6.0
[INFO] [stderr]    Compiling adler v1.0.2
[INFO] [stderr]    Compiling generic-array v0.14.7
[INFO] [stderr]    Compiling anstyle-parse v0.2.3
[INFO] [stderr]    Compiling anstyle-query v1.0.2
[INFO] [stderr]    Compiling time-core v0.1.2
[INFO] [stderr]    Compiling ppv-lite86 v0.2.17
[INFO] [stderr]    Compiling strsim v0.11.0
[INFO] [stderr]    Compiling miniz_oxide v0.7.1
[INFO] [stderr]    Compiling memchr v2.7.1
[INFO] [stderr]    Compiling time v0.3.33
[INFO] [stderr]    Compiling constant_time_eq v0.1.5
[INFO] [stderr]    Compiling uuid v1.7.0
[INFO] [stderr]    Compiling anstream v0.6.11
[INFO] [stderr]    Compiling cfb v0.9.0
[INFO] [stderr]    Compiling clap_builder v4.5.1
[INFO] [stderr]    Compiling flate2 v1.0.28
[INFO] [stderr]    Compiling getrandom v0.2.12
[INFO] [stderr]    Compiling rand_core v0.6.4
[INFO] [stderr]    Compiling quote v1.0.35
[INFO] [stderr]    Compiling nom v7.1.3
[INFO] [stderr]    Compiling syn v2.0.48
[INFO] [stderr]    Compiling password-hash v0.4.2
[INFO] [stderr]    Compiling rand_chacha v0.3.1
[INFO] [stderr]    Compiling jobserver v0.1.27
[INFO] [stderr]    Compiling rand v0.8.5
[INFO] [stderr]    Compiling cc v1.0.83
[INFO] [stderr]    Compiling crypto-common v0.1.6
[INFO] [stderr]    Compiling block-buffer v0.10.4
[INFO] [stderr]    Compiling inout v0.1.3
[INFO] [stderr]    Compiling digest v0.10.7
[INFO] [stderr]    Compiling cipher v0.4.4
[INFO] [stderr]    Compiling zstd-sys v2.0.9+zstd.1.5.5
[INFO] [stderr]    Compiling bzip2-sys v0.1.11+1.0.8
[INFO] [stderr]    Compiling hmac v0.12.1
[INFO] [stderr]    Compiling sha2 v0.10.8
[INFO] [stderr]    Compiling aes v0.8.3
[INFO] [stderr]    Compiling sha1 v0.10.6
[INFO] [stderr]    Compiling pbkdf2 v0.11.0
[INFO] [stderr]    Compiling bzip2 v0.4.4
[INFO] [stderr]    Compiling clap_derive v4.5.0
[INFO] [stderr]    Compiling clap v4.5.1
[INFO] [stderr]    Compiling zstd v0.11.2+zstd.1.5.2
[INFO] [stderr]    Compiling zip v0.6.6
[INFO] [stderr]    Compiling unlock_excel v0.2.2 (/opt/rustwide/workdir)
[INFO] [stderr]     Finished `release` profile [optimized] target(s) in 1m 37s
[INFO] running `Command { std: "docker" "inspect" "736faf5b7eaba570e16869a9c71b3c4f9d9862a1910afb359a0adf56431620db", kill_on_drop: false }`
[INFO] running `Command { std: "docker" "exec" "-e" "SOURCE_DIR=/opt/rustwide/workdir" "-e" "CARGO_HOME=/opt/rustwide/cargo-home" "-e" "RUSTUP_HOME=/opt/rustwide/rustup-home" "-e" "CARGO_TARGET_DIR=/opt/rustwide/target" "-e" "CARGO_INCREMENTAL=0" "-e" "RUST_BACKTRACE=full" "-e" "RUSTFLAGS=--cap-lints=warn" "-e" "RUSTDOCFLAGS=--cap-lints=warn" "-w" "/opt/rustwide/workdir" "--user" "0:0" "736faf5b7eaba570e16869a9c71b3c4f9d9862a1910afb359a0adf56431620db" "/opt/rustwide/cargo-home/bin/cargo" "+1.100.0-beta.1" "test" "--frozen" "--no-run" "--message-format=json" "--release", kill_on_drop: false }`
[INFO] [stderr] warning: `package.homepage` is redundant with `package.repository`
[INFO] [stderr]   --> Cargo.toml:25:12
[INFO] [stderr]    |
[INFO] [stderr] 25 | homepage = "https://github.com/jmacadie/unlock_excel"
[INFO] [stderr]    |            ^^^^^^^^^^^^^^^^^^^^^^^^^^^^^^^^^^^^^^^^^^
[INFO] [stderr] ...
[INFO] [stderr] 30 | repository = "https://github.com/jmacadie/unlock_excel"
[INFO] [stderr]    |              ------------------------------------------
[INFO] [stderr]    |
[INFO] [stderr]    = note: `cargo::redundant_homepage` is set to `warn` by default
[INFO] [stderr] help: consider removing `package.homepage`
[INFO] [stderr] warning: `unlock_excel` (manifest) generated 1 warning
[INFO] [stderr]    Compiling unlock_excel v0.2.2 (/opt/rustwide/workdir)
[INFO] [stderr]     Finished `release` profile [optimized] target(s) in 3.00s
[INFO] running `Command { std: "docker" "inspect" "736faf5b7eaba570e16869a9c71b3c4f9d9862a1910afb359a0adf56431620db", kill_on_drop: false }`
[INFO] running `Command { std: "docker" "exec" "-e" "SOURCE_DIR=/opt/rustwide/workdir" "-e" "CARGO_HOME=/opt/rustwide/cargo-home" "-e" "RUSTUP_HOME=/opt/rustwide/rustup-home" "-e" "CARGO_TARGET_DIR=/opt/rustwide/target" "-e" "CARGO_INCREMENTAL=0" "-e" "RUST_BACKTRACE=full" "-e" "RUSTFLAGS=--cap-lints=warn" "-e" "RUSTDOCFLAGS=--cap-lints=warn" "-w" "/opt/rustwide/workdir" "--user" "0:0" "736faf5b7eaba570e16869a9c71b3c4f9d9862a1910afb359a0adf56431620db" "/opt/rustwide/cargo-home/bin/cargo" "+1.100.0-beta.1" "test" "--frozen" "--release", kill_on_drop: false }`
[INFO] [stderr] warning: `package.homepage` is redundant with `package.repository`
[INFO] [stderr]   --> Cargo.toml:25:12
[INFO] [stderr]    |
[INFO] [stderr] 25 | homepage = "https://github.com/jmacadie/unlock_excel"
[INFO] [stderr]    |            ^^^^^^^^^^^^^^^^^^^^^^^^^^^^^^^^^^^^^^^^^^
[INFO] [stderr] ...
[INFO] [stderr] 30 | repository = "https://github.com/jmacadie/unlock_excel"
[INFO] [stderr]    |              ------------------------------------------
[INFO] [stderr]    |
[INFO] [stderr]    = note: `cargo::redundant_homepage` is set to `warn` by default
[INFO] [stderr] help: consider removing `package.homepage`
[INFO] [stderr] warning: `unlock_excel` (manifest) generated 1 warning
[INFO] [stderr]     Finished `release` profile [optimized] target(s) in 0.10s
[INFO] [stderr]      Running unittests src/lib.rs (/opt/rustwide/target/release/build/unlock_excel/7346572f1cca1f5b/out/unlock_excel-7346572f1cca1f5b)
[INFO] [stdout] 
[INFO] [stdout] running 68 tests
[INFO] [stdout] test ovba::algorithms::password_hash::tests::bad_end_value ... ok
[INFO] [stdout] test ovba::algorithms::data_encryption::tests::decrypt_version_not_2 ... ok
[INFO] [stdout] test ovba::algorithms::password_hash::tests::bad_hash_null ... ok
[INFO] [stdout] test ovba::algorithms::password_hash::tests::encode_and_decode ... ok
[INFO] [stdout] test ovba::algorithms::password_hash::tests::bad_salt_null ... ok
[INFO] [stdout] test ovba::algorithms::data_encryption::tests::encrypt_and_decrypt ... ok
[INFO] [stdout] test ovba::algorithms::password_hash::tests::bad_start_value ... ok
[INFO] [stdout] test ovba::algorithms::password_hash::tests::encoded_password_matches_no_random ... ok
[INFO] [stdout] test ovba::algorithms::password_hash::tests::encoded_too_long ... ok
[INFO] [stdout] test ovba::algorithms::password_hash::tests::encoded_too_short ... ok
[INFO] [stdout] test ovba::algorithms::password_hash::tests::ok_no_null ... ok
[INFO] [stdout] test ovba::types::guid::tests::extra_numbers ... ok
[INFO] [stdout] test ovba::algorithms::data_encryption::tests::decrypt_too_short ... ok
[INFO] [stdout] test ovba::algorithms::password_hash::tests::encode_and_decode_with_nulls ... ok
[INFO] [stdout] test ovba::types::guid::tests::further_data ... ok
[INFO] [stdout] test ovba::types::hex_int_32::tests::too_short ... ok
[INFO] [stdout] test ovba::types::hexdigits::tests::empty ... ok
[INFO] [stdout] test ovba::types::guid::tests::missing_end ... ok
[INFO] [stdout] test ovba::algorithms::password_hash::tests::encoded_password_matches ... ok
[INFO] [stdout] test ovba::types::hexdigits::tests::odd_number_input ... ok
[INFO] [stdout] test ovba::types::guid::tests::missing_hyphen ... ok
[INFO] [stdout] test ovba::types::guid::tests::missing_numbers ... ok
[INFO] [stdout] test ovba::types::guid::tests::missing_start ... ok
[INFO] [stdout] test ovba::types::module_identifier::tests::bad_leading_char ... ok
[INFO] [stdout] test ovba::types::hexdigits::tests::too_short ... ok
[INFO] [stdout] test ovba::types::int_32::tests::invalid_character ... ok
[INFO] [stdout] test ovba::types::guid::tests::well_formed ... ok
[INFO] [stdout] test ovba::types::hexdigits::tests::well_formed ... ok
[INFO] [stdout] test ovba::types::hex_int_32::tests::further_data ... ok
[INFO] [stdout] test ovba::types::hex_int_32::tests::missing_opening_tag ... ok
[INFO] [stdout] test ovba::types::hex_int_32::tests::not_hex ... ok
[INFO] [stdout] test ovba::types::int_32::tests::further_data ... ok
[INFO] [stdout] test ovba::types::hex_int_32::tests::well_formed ... ok
[INFO] [stdout] test ovba::types::module_identifier::tests::short_input ... ok
[INFO] [stdout] test ovba::algorithms::data_encryption::tests::decrypt_data_length_mismatch ... ok
[INFO] [stdout] test ovba::types::module_identifier::tests::terminating_char ... ok
[INFO] [stdout] test ovba::algorithms::password_hash::tests::ok_with_null ... ok
[INFO] [stdout] test ovba::types::new_line::tests::further_data ... ok
[INFO] [stdout] test ovba::types::hexdigits::tests::further_data ... ok
[INFO] [stdout] test ovba::types::int_32::tests::too_large ... ok
[INFO] [stdout] test ovba::types::new_line::tests::other_data_first ... ok
[INFO] [stdout] test ovba::types::int_32::tests::well_formed ... ok
[INFO] [stdout] test ovba::types::path::tests::find_a_path ... ok
[INFO] [stdout] test ovba::types::path::tests::escaped_dquote ... ok
[INFO] [stdout] test ovba::types::path::tests::missing_start_or_end_dquotes ... ok
[INFO] [stdout] test ovba::types::path::tests::too_long ... ok
[INFO] [stdout] test ovba::types::quoted_character::tests::find_dquote ... ok
[INFO] [stdout] test ovba::types::quoted_character::tests::find_nq_char ... ok
[INFO] [stdout] test ovba::types::quoted_characters::tests::well_formed ... ok
[INFO] [stdout] test ovba::types::whitespace::tests::double_wsp ... ok
[INFO] [stdout] test ovba::types::path::tests::further_data ... ok
[INFO] [stdout] test ovba::types::module_identifier::tests::long_input ... ok
[INFO] [stdout] test ovba::types::quoted_character::tests::further_data ... ok
[INFO] [stdout] test ovba::types::quoted_characters::tests::too_short ... ok
[INFO] [stdout] test ovba::types::quoted_character::tests::invalid_character ... ok
[INFO] [stderr]      Running unittests src/main.rs (/opt/rustwide/target/release/build/unlock_excel/e186dac150a3d296/out/unlock_excel-e186dac150a3d296)
[INFO] [stdout] test ovba::types::quoted_character::tests::find_wsp ... ok
[INFO] [stdout] test ovba::types::whitespace::tests::find_space ... ok
[INFO] [stdout] test ovba::types::new_line::tests::just_one ... ok
[INFO] [stdout] test ovba::types::quoted_character::tests::single_dquote ... ok
[INFO] [stdout] test ovba::types::path::tests::invalid_character ... ok
[INFO] [stdout] test ovba::types::new_line::tests::well_formed ... ok
[INFO] [stdout] test ovba::types::quoted_characters::tests::further_data ... ok
[INFO] [stdout] test ovba::types::whitespace::tests::find_tab ... ok
[INFO] [stdout] test ovba::types::quoted_characters::tests::invalid_character ... ok
[INFO] [stdout] test ovba::types::whitespace::tests::find_with_more_data ... ok
[INFO] [stdout] test ovba::types::quoted_characters::tests::quoted_dquote ... ok
[INFO] [stdout] test ovba::types::whitespace::tests::not_wsp ... ok
[INFO] [stdout] test ovba::types::quoted_characters::tests::too_long ... ok
[INFO] [stdout] 
[INFO] [stdout] test result: ok. 68 passed; 0 failed; 0 ignored; 0 measured; 0 filtered out; finished in 0.01s
[INFO] [stdout] 
[INFO] [stdout] 
[INFO] [stdout] running 0 tests
[INFO] [stdout] 
[INFO] [stdout] test result: ok. 0 passed; 0 failed; 0 ignored; 0 measured; 0 filtered out; finished in 0.00s
[INFO] [stdout] 
[INFO] [stderr]      Running tests/read.rs (/opt/rustwide/target/release/build/unlock_excel/191cdae9a29a667c/out/read-191cdae9a29a667c)
[INFO] [stdout] 
[INFO] [stdout] running 18 tests
[INFO] [stdout] test read_locked_2_no_decode_xlsm ... ok
[INFO] [stdout] test read_locked_1_no_decode_xlsb ... ok
[INFO] [stdout] test read_locked_1_no_decode_xls ... ok
[INFO] [stdout] test read_locked_1_no_decode_xlsm ... ok
[INFO] [stdout] test read_locked_1_decode_xlsb ... ok
[INFO] [stdout] test read_locked_2_no_decode_xls ... ok
[INFO] [stdout] test read_unlocked_decode_xlsm ... ok
[INFO] [stdout] test read_locked_1_decode_xls ... ok
[INFO] [stdout] test read_locked_1_decode_xlsm ... ok
[INFO] [stdout] test read_unlocked_no_decode_xlsm ... ok
[INFO] [stdout] test read_unlocked_no_decode_xlsb ... ok
[INFO] [stdout] test read_locked_2_no_decode_xlsb ... ok
[INFO] [stdout] test read_unlocked_decode_xlsb ... ok
[INFO] [stdout] test read_unlocked_no_decode_xls ... ok
[INFO] [stdout] test read_unlocked_decode_xls ... ok
[INFO] [stdout] test read_locked_2_decode_xlsm ... ok
[INFO] [stdout] test read_locked_2_decode_xlsb ... ok
[INFO] [stdout] test read_locked_2_decode_xls ... ok
[INFO] [stdout] 
[INFO] [stdout] test result: ok. 18 passed; 0 failed; 0 ignored; 0 measured; 0 filtered out; finished in 0.44s
[INFO] [stdout] 
[INFO] [stderr]      Running tests/remove.rs (/opt/rustwide/target/release/build/unlock_excel/0668eb9f9337eea4/out/remove-0668eb9f9337eea4)
[INFO] [stdout] 
[INFO] [stdout] running 18 tests
[INFO] [stdout] test remove_locked_1_copy_xlsb ... FAILED
[INFO] [stdout] test remove_locked_1_inplace_xlsb ... FAILED
[INFO] [stdout] test remove_locked_1_inplace_xls ... FAILED
[INFO] [stdout] test remove_locked_1_inplace_xlsm ... FAILED
[INFO] [stdout] test remove_locked_1_copy_xls ... FAILED
[INFO] [stdout] test remove_locked_1_copy_xlsm ... FAILED
[INFO] [stdout] test remove_locked_2_copy_xls ... FAILED
[INFO] [stdout] test remove_locked_2_copy_xlsm ... FAILED
[INFO] [stdout] test remove_locked_2_copy_xlsb ... FAILED
[INFO] [stdout] test remove_locked_2_inplace_xls ... FAILED
[INFO] [stdout] test remove_locked_2_inplace_xlsb ... FAILED
[INFO] [stdout] test remove_locked_2_inplace_xlsm ... FAILED
[INFO] [stdout] test remove_unlocked_copy_xlsm ... FAILED
[INFO] [stdout] test remove_unlocked_inplace_xlsm ... FAILED
[INFO] [stdout] test remove_unlocked_inplace_xls ... FAILED
[INFO] [stdout] test remove_unlocked_copy_xls ... FAILED
[INFO] [stdout] test remove_unlocked_copy_xlsb ... FAILED
[INFO] [stdout] test remove_unlocked_inplace_xlsb ... FAILED
[INFO] [stdout] 
[INFO] [stdout] failures:
[INFO] [stdout] 
[INFO] [stdout] ---- remove_locked_1_copy_xlsb stdout ----
[INFO] [stdout] 
[INFO] [stdout] thread 'remove_locked_1_copy_xlsb' (1373) panicked at tests/remove.rs:226:34:
[INFO] [stdout] called `Result::unwrap()` on an `Err` value: Os { code: 30, kind: ReadOnlyFilesystem, message: "Read-only file system" }
[INFO] [stdout] stack backtrace:
[INFO] [stdout]    0:     0x5970be86d3b1 - <<std[617be2ca0a6fd877]::sys::backtrace::BacktraceLock>::print::DisplayBacktrace as core[a373ad73a504971]::fmt::Display>::fmt
[INFO] [stdout]    1:     0x5970be8829da - core[a373ad73a504971]::fmt::write
[INFO] [stdout]    2:     0x5970be8719ec - <alloc[2e1b2a31b91974c5]::vec::Vec<u8> as core[a373ad73a504971]::io::write::Write>::write_fmt
[INFO] [stdout]    3:     0x5970be847486 - std[617be2ca0a6fd877]::panicking::default_hook::{closure#0}
[INFO] [stdout]    4:     0x5970be864539 - std[617be2ca0a6fd877]::panicking::default_hook
[INFO] [stdout]    5:     0x5970be6c63f0 - test[aada8e7e76ba119b]::test_main_inner::{closure#0}
[INFO] [stdout]    6:     0x5970be8646f2 - std[617be2ca0a6fd877]::panicking::panic_with_hook
[INFO] [stdout]    7:     0x5970be847532 - std[617be2ca0a6fd877]::panicking::panic_handler::{closure#0}
[INFO] [stdout]    8:     0x5970be840099 - std[617be2ca0a6fd877]::sys::backtrace::__rust_end_short_backtrace::<std[617be2ca0a6fd877]::panicking::panic_handler::{closure#0}, !>
[INFO] [stdout]    9:     0x5970be84822d - __rustc[ea4f61d10b84890b]::rust_begin_unwind
[INFO] [stdout]   10:     0x5970be88313c - core[a373ad73a504971]::panicking::panic_fmt
[INFO] [stdout]   11:     0x5970be882f12 - core[a373ad73a504971]::result::unwrap_failed
[INFO] [stdout]   12:     0x5970be6b5a5c - remove[a0c139819de69b7b]::create_temp_dir
[INFO] [stdout]   13:     0x5970be6b68ff - <remove[a0c139819de69b7b]::remove_locked_1_copy_xlsb::{closure#0} as core[a373ad73a504971]::ops::function::FnOnce<()>>::call_once
[INFO] [stdout]   14:     0x5970be6b983b - test[aada8e7e76ba119b]::__rust_begin_short_backtrace::<core[a373ad73a504971]::result::Result<(), alloc[2e1b2a31b91974c5]::string::String>, fn() -> core[a373ad73a504971]::result::Result<(), alloc[2e1b2a31b91974c5]::string::String>>
[INFO] [stdout]   15:     0x5970be6c6a15 - test[aada8e7e76ba119b]::run_test::{closure#0}
[INFO] [stdout]   16:     0x5970be6c0304 - std[617be2ca0a6fd877]::sys::backtrace::__rust_begin_short_backtrace::<test[aada8e7e76ba119b]::run_test::{closure#1}, ()>
[INFO] [stdout]   17:     0x5970be6c9aa2 - <std[617be2ca0a6fd877]::thread::lifecycle::spawn_unchecked<test[aada8e7e76ba119b]::run_test::{closure#1}, ()>::{closure#1} as core[a373ad73a504971]::ops::function::FnOnce<()>>::call_once::{shim:vtable#0}
[INFO] [stdout]   18:     0x5970be86cb4f - <std[617be2ca0a6fd877]::sys::thread::unix::Thread>::new::thread_start
[INFO] [stdout]   19:     0x774371371dfa - <unknown>
[INFO] [stdout]   20:     0x7743714053d4 - clone
[INFO] [stdout]   21:                0x0 - <unknown>
[INFO] [stdout] 
[INFO] [stdout] ---- remove_locked_1_inplace_xlsb stdout ----
[INFO] [stdout] 
[INFO] [stdout] thread 'remove_locked_1_inplace_xlsb' (1376) panicked at tests/remove.rs:226:34:
[INFO] [stdout] called `Result::unwrap()` on an `Err` value: Os { code: 30, kind: ReadOnlyFilesystem, message: "Read-only file system" }
[INFO] [stdout] stack backtrace:
[INFO] [stdout]    0:     0x5970be86d3b1 - <<std[617be2ca0a6fd877]::sys::backtrace::BacktraceLock>::print::DisplayBacktrace as core[a373ad73a504971]::fmt::Display>::fmt
[INFO] [stdout]    1:     0x5970be8829da - core[a373ad73a504971]::fmt::write
[INFO] [stdout]    2:     0x5970be8719ec - <alloc[2e1b2a31b91974c5]::vec::Vec<u8> as core[a373ad73a504971]::io::write::Write>::write_fmt
[INFO] [stdout]    3:     0x5970be847486 - std[617be2ca0a6fd877]::panicking::default_hook::{closure#0}
[INFO] [stdout]    4:     0x5970be864539 - std[617be2ca0a6fd877]::panicking::default_hook
[INFO] [stdout]    5:     0x5970be6c63f0 - test[aada8e7e76ba119b]::test_main_inner::{closure#0}
[INFO] [stdout]    6:     0x5970be8646f2 - std[617be2ca0a6fd877]::panicking::panic_with_hook
[INFO] [stdout]    7:     0x5970be847532 - std[617be2ca0a6fd877]::panicking::panic_handler::{closure#0}
[INFO] [stdout]    8:     0x5970be840099 - std[617be2ca0a6fd877]::sys::backtrace::__rust_end_short_backtrace::<std[617be2ca0a6fd877]::panicking::panic_handler::{closure#0}, !>
[INFO] [stdout]    9:     0x5970be84822d - __rustc[ea4f61d10b84890b]::rust_begin_unwind
[INFO] [stdout]   10:     0x5970be88313c - core[a373ad73a504971]::panicking::panic_fmt
[INFO] [stdout]   11:     0x5970be882f12 - core[a373ad73a504971]::result::unwrap_failed
[INFO] [stdout]   12:     0x5970be6b5a5c - remove[a0c139819de69b7b]::create_temp_dir
[INFO] [stdout]   13:     0x5970be6b866f - <remove[a0c139819de69b7b]::remove_locked_1_inplace_xlsb::{closure#0} as core[a373ad73a504971]::ops::function::FnOnce<()>>::call_once
[INFO] [stdout]   14:     0x5970be6b983b - test[aada8e7e76ba119b]::__rust_begin_short_backtrace::<core[a373ad73a504971]::result::Result<(), alloc[2e1b2a31b91974c5]::string::String>, fn() -> core[a373ad73a504971]::result::Result<(), alloc[2e1b2a31b91974c5]::string::String>>
[INFO] [stdout]   15:     0x5970be6c6a15 - test[aada8e7e76ba119b]::run_test::{closure#0}
[INFO] [stdout]   16:     0x5970be6c0304 - std[617be2ca0a6fd877]::sys::backtrace::__rust_begin_short_backtrace::<test[aada8e7e76ba119b]::run_test::{closure#1}, ()>
[INFO] [stdout]   17:     0x5970be6c9aa2 - <std[617be2ca0a6fd877]::thread::lifecycle::spawn_unchecked<test[aada8e7e76ba119b]::run_test::{closure#1}, ()>::{closure#1} as core[a373ad73a504971]::ops::function::FnOnce<()>>::call_once::{shim:vtable#0}
[INFO] [stdout]   18:     0x5970be86cb4f - <std[617be2ca0a6fd877]::sys::thread::unix::Thread>::new::thread_start
[INFO] [stdout]   19:     0x774371371dfa - <unknown>
[INFO] [stdout]   20:     0x7743714053d4 - clone
[INFO] [stdout]   21:                0x0 - <unknown>
[INFO] [stdout] 
[INFO] [stdout] ---- remove_locked_1_inplace_xls stdout ----
[INFO] [stdout] 
[INFO] [stdout] thread 'remove_locked_1_inplace_xls' (1375) panicked at tests/remove.rs:226:34:
[INFO] [stdout] called `Result::unwrap()` on an `Err` value: Os { code: 30, kind: ReadOnlyFilesystem, message: "Read-only file system" }
[INFO] [stdout] stack backtrace:
[INFO] [stdout]    0:     0x5970be86d3b1 - <<std[617be2ca0a6fd877]::sys::backtrace::BacktraceLock>::print::DisplayBacktrace as core[a373ad73a504971]::fmt::Display>::fmt
[INFO] [stdout]    1:     0x5970be8829da - core[a373ad73a504971]::fmt::write
[INFO] [stdout]    2:     0x5970be8719ec - <alloc[2e1b2a31b91974c5]::vec::Vec<u8> as core[a373ad73a504971]::io::write::Write>::write_fmt
[INFO] [stdout]    3:     0x5970be847486 - std[617be2ca0a6fd877]::panicking::default_hook::{closure#0}
[INFO] [stdout]    4:     0x5970be864539 - std[617be2ca0a6fd877]::panicking::default_hook
[INFO] [stdout]    5:     0x5970be6c63f0 - test[aada8e7e76ba119b]::test_main_inner::{closure#0}
[INFO] [stdout]    6:     0x5970be8646f2 - std[617be2ca0a6fd877]::panicking::panic_with_hook
[INFO] [stdout]    7:     0x5970be847532 - std[617be2ca0a6fd877]::panicking::panic_handler::{closure#0}
[INFO] [stdout]    8:     0x5970be840099 - std[617be2ca0a6fd877]::sys::backtrace::__rust_end_short_backtrace::<std[617be2ca0a6fd877]::panicking::panic_handler::{closure#0}, !>
[INFO] [stdout]    9:     0x5970be84822d - __rustc[ea4f61d10b84890b]::rust_begin_unwind
[INFO] [stdout]   10:     0x5970be88313c - core[a373ad73a504971]::panicking::panic_fmt
[INFO] [stdout]   11:     0x5970be882f12 - core[a373ad73a504971]::result::unwrap_failed
[INFO] [stdout]   12:     0x5970be6b5a5c - remove[a0c139819de69b7b]::create_temp_dir
[INFO] [stdout]   13:     0x5970be6b7d9f - <remove[a0c139819de69b7b]::remove_locked_1_inplace_xls::{closure#0} as core[a373ad73a504971]::ops::function::FnOnce<()>>::call_once
[INFO] [stdout]   14:     0x5970be6b983b - test[aada8e7e76ba119b]::__rust_begin_short_backtrace::<core[a373ad73a504971]::result::Result<(), alloc[2e1b2a31b91974c5]::string::String>, fn() -> core[a373ad73a504971]::result::Result<(), alloc[2e1b2a31b91974c5]::string::String>>
[INFO] [stdout]   15:     0x5970be6c6a15 - test[aada8e7e76ba119b]::run_test::{closure#0}
[INFO] [stdout]   16:     0x5970be6c0304 - std[617be2ca0a6fd877]::sys::backtrace::__rust_begin_short_backtrace::<test[aada8e7e76ba119b]::run_test::{closure#1}, ()>
[INFO] [stdout]   17:     0x5970be6c9aa2 - <std[617be2ca0a6fd877]::thread::lifecycle::spawn_unchecked<test[aada8e7e76ba119b]::run_test::{closure#1}, ()>::{closure#1} as core[a373ad73a504971]::ops::function::FnOnce<()>>::call_once::{shim:vtable#0}
[INFO] [stdout]   18:     0x5970be86cb4f - <std[617be2ca0a6fd877]::sys::thread::unix::Thread>::new::thread_start
[INFO] [stdout]   19:     0x774371371dfa - <unknown>
[INFO] [stdout]   20:     0x7743714053d4 - clone
[INFO] [stdout]   21:                0x0 - <unknown>
[INFO] [stdout] 
[INFO] [stdout] ---- remove_locked_1_inplace_xlsm stdout ----
[INFO] [stdout] 
[INFO] [stdout] thread 'remove_locked_1_inplace_xlsm' (1377) panicked at tests/remove.rs:226:34:
[INFO] [stdout] called `Result::unwrap()` on an `Err` value: Os { code: 30, kind: ReadOnlyFilesystem, message: "Read-only file system" }
[INFO] [stdout] stack backtrace:
[INFO] [stdout]    0:     0x5970be86d3b1 - <<std[617be2ca0a6fd877]::sys::backtrace::BacktraceLock>::print::DisplayBacktrace as core[a373ad73a504971]::fmt::Display>::fmt
[INFO] [stdout]    1:     0x5970be8829da - core[a373ad73a504971]::fmt::write
[INFO] [stdout]    2:     0x5970be8719ec - <alloc[2e1b2a31b91974c5]::vec::Vec<u8> as core[a373ad73a504971]::io::write::Write>::write_fmt
[INFO] [stdout]    3:     0x5970be847486 - std[617be2ca0a6fd877]::panicking::default_hook::{closure#0}
[INFO] [stdout]    4:     0x5970be864539 - std[617be2ca0a6fd877]::panicking::default_hook
[INFO] [stdout]    5:     0x5970be6c63f0 - test[aada8e7e76ba119b]::test_main_inner::{closure#0}
[INFO] [stdout]    6:     0x5970be8646f2 - std[617be2ca0a6fd877]::panicking::panic_with_hook
[INFO] [stdout]    7:     0x5970be847532 - std[617be2ca0a6fd877]::panicking::panic_handler::{closure#0}
[INFO] [stdout]    8:     0x5970be840099 - std[617be2ca0a6fd877]::sys::backtrace::__rust_end_short_backtrace::<std[617be2ca0a6fd877]::panicking::panic_handler::{closure#0}, !>
[INFO] [stdout]    9:     0x5970be84822d - __rustc[ea4f61d10b84890b]::rust_begin_unwind
[INFO] [stdout]   10:     0x5970be88313c - core[a373ad73a504971]::panicking::panic_fmt
[INFO] [stdout]   11:     0x5970be882f12 - core[a373ad73a504971]::result::unwrap_failed
[INFO] [stdout]   12:     0x5970be6b5a5c - remove[a0c139819de69b7b]::create_temp_dir
[INFO] [stdout]   13:     0x5970be6b895f - <remove[a0c139819de69b7b]::remove_locked_1_inplace_xlsm::{closure#0} as core[a373ad73a504971]::ops::function::FnOnce<()>>::call_once
[INFO] [stdout]   14:     0x5970be6b983b - test[aada8e7e76ba119b]::__rust_begin_short_backtrace::<core[a373ad73a504971]::result::Result<(), alloc[2e1b2a31b91974c5]::string::String>, fn() -> core[a373ad73a504971]::result::Result<(), alloc[2e1b2a31b91974c5]::string::String>>
[INFO] [stdout]   15:     0x5970be6c6a15 - test[aada8e7e76ba119b]::run_test::{closure#0}
[INFO] [stdout]   16:     0x5970be6c0304 - std[617be2ca0a6fd877]::sys::backtrace::__rust_begin_short_backtrace::<test[aada8e7e76ba119b]::run_test::{closure#1}, ()>
[INFO] [stdout]   17:     0x5970be6c9aa2 - <std[617be2ca0a6fd877]::thread::lifecycle::spawn_unchecked<test[aada8e7e76ba119b]::run_test::{closure#1}, ()>::{closure#1} as core[a373ad73a504971]::ops::function::FnOnce<()>>::call_once::{shim:vtable#0}
[INFO] [stdout]   18:     0x5970be86cb4f - <std[617be2ca0a6fd877]::sys::thread::unix::Thread>::new::thread_start
[INFO] [stdout]   19:     0x774371371dfa - <unknown>
[INFO] [stdout]   20:     0x7743714053d4 - clone
[INFO] [stdout]   21:                0x0 - <unknown>
[INFO] [stdout] 
[INFO] [stdout] ---- remove_locked_1_copy_xls stdout ----
[INFO] [stdout] 
[INFO] [stdout] thread 'remove_locked_1_copy_xls' (1372) panicked at tests/remove.rs:226:34:
[INFO] [stdout] called `Result::unwrap()` on an `Err` value: Os { code: 30, kind: ReadOnlyFilesystem, message: "Read-only file system" }
[INFO] [stdout] stack backtrace:
[INFO] [stdout]    0:     0x5970be86d3b1 - <<std[617be2ca0a6fd877]::sys::backtrace::BacktraceLock>::print::DisplayBacktrace as core[a373ad73a504971]::fmt::Display>::fmt
[INFO] [stdout]    1:     0x5970be8829da - core[a373ad73a504971]::fmt::write
[INFO] [stdout]    2:     0x5970be8719ec - <alloc[2e1b2a31b91974c5]::vec::Vec<u8> as core[a373ad73a504971]::io::write::Write>::write_fmt
[INFO] [stdout]    3:     0x5970be847486 - std[617be2ca0a6fd877]::panicking::default_hook::{closure#0}
[INFO] [stdout]    4:     0x5970be864539 - std[617be2ca0a6fd877]::panicking::default_hook
[INFO] [stdout]    5:     0x5970be6c63f0 - test[aada8e7e76ba119b]::test_main_inner::{closure#0}
[INFO] [stdout]    6:     0x5970be8646f2 - std[617be2ca0a6fd877]::panicking::panic_with_hook
[INFO] [stdout]    7:     0x5970be847532 - std[617be2ca0a6fd877]::panicking::panic_handler::{closure#0}
[INFO] [stdout]    8:     0x5970be840099 - std[617be2ca0a6fd877]::sys::backtrace::__rust_end_short_backtrace::<std[617be2ca0a6fd877]::panicking::panic_handler::{closure#0}, !>
[INFO] [stdout]    9:     0x5970be84822d - __rustc[ea4f61d10b84890b]::rust_begin_unwind
[INFO] [stdout]   10:     0x5970be88313c - core[a373ad73a504971]::panicking::panic_fmt
[INFO] [stdout]   11:     0x5970be882f12 - core[a373ad73a504971]::result::unwrap_failed
[INFO] [stdout]   12:     0x5970be6b5a5c - remove[a0c139819de69b7b]::create_temp_dir
[INFO] [stdout]   13:     0x5970be6b5eaf - <remove[a0c139819de69b7b]::remove_locked_1_copy_xls::{closure#0} as core[a373ad73a504971]::ops::function::FnOnce<()>>::call_once
[INFO] [stdout]   14:     0x5970be6b983b - test[aada8e7e76ba119b]::__rust_begin_short_backtrace::<core[a373ad73a504971]::result::Result<(), alloc[2e1b2a31b91974c5]::string::String>, fn() -> core[a373ad73a504971]::result::Result<(), alloc[2e1b2a31b91974c5]::string::String>>
[INFO] [stdout]   15:     0x5970be6c6a15 - test[aada8e7e76ba119b]::run_test::{closure#0}
[INFO] [stdout]   16:     0x5970be6c0304 - std[617be2ca0a6fd877]::sys::backtrace::__rust_begin_short_backtrace::<test[aada8e7e76ba119b]::run_test::{closure#1}, ()>
[INFO] [stdout]   17:     0x5970be6c9aa2 - <std[617be2ca0a6fd877]::thread::lifecycle::spawn_unchecked<test[aada8e7e76ba119b]::run_test::{closure#1}, ()>::{closure#1} as core[a373ad73a504971]::ops::function::FnOnce<()>>::call_once::{shim:vtable#0}
[INFO] [stdout]   18:     0x5970be86cb4f - <std[617be2ca0a6fd877]::sys::thread::unix::Thread>::new::thread_start
[INFO] [stdout]   19:     0x774371371dfa - <unknown>
[INFO] [stdout]   20:     0x7743714053d4 - clone
[INFO] [stdout]   21:                0x0 - <unknown>
[INFO] [stdout] 
[INFO] [stdout] ---- remove_locked_1_copy_xlsm stdout ----
[INFO] [stdout] 
[INFO] [stdout] thread 'remove_locked_1_copy_xlsm' (1374) panicked at tests/remove.rs:226:34:
[INFO] [stdout] called `Result::unwrap()` on an `Err` value: Os { code: 30, kind: ReadOnlyFilesystem, message: "Read-only file system" }
[INFO] [stdout] stack backtrace:
[INFO] [stdout]    0:     0x5970be86d3b1 - <<std[617be2ca0a6fd877]::sys::backtrace::BacktraceLock>::print::DisplayBacktrace as core[a373ad73a504971]::fmt::Display>::fmt
[INFO] [stdout]    1:     0x5970be8829da - core[a373ad73a504971]::fmt::write
[INFO] [stdout]    2:     0x5970be8719ec - <alloc[2e1b2a31b91974c5]::vec::Vec<u8> as core[a373ad73a504971]::io::write::Write>::write_fmt
[INFO] [stdout]    3:     0x5970be847486 - std[617be2ca0a6fd877]::panicking::default_hook::{closure#0}
[INFO] [stdout]    4:     0x5970be864539 - std[617be2ca0a6fd877]::panicking::default_hook
[INFO] [stdout]    5:     0x5970be6c63f0 - test[aada8e7e76ba119b]::test_main_inner::{closure#0}
[INFO] [stdout]    6:     0x5970be8646f2 - std[617be2ca0a6fd877]::panicking::panic_with_hook
[INFO] [stdout]    7:     0x5970be847532 - std[617be2ca0a6fd877]::panicking::panic_handler::{closure#0}
[INFO] [stdout]    8:     0x5970be840099 - std[617be2ca0a6fd877]::sys::backtrace::__rust_end_short_backtrace::<std[617be2ca0a6fd877]::panicking::panic_handler::{closure#0}, !>
[INFO] [stdout]    9:     0x5970be84822d - __rustc[ea4f61d10b84890b]::rust_begin_unwind
[INFO] [stdout]   10:     0x5970be88313c - core[a373ad73a504971]::panicking::panic_fmt
[INFO] [stdout]   11:     0x5970be882f12 - core[a373ad73a504971]::result::unwrap_failed
[INFO] [stdout]   12:     0x5970be6b5a5c - remove[a0c139819de69b7b]::create_temp_dir
[INFO] [stdout]   13:     0x5970be6b6c6f - <remove[a0c139819de69b7b]::remove_locked_1_copy_xlsm::{closure#0} as core[a373ad73a504971]::ops::function::FnOnce<()>>::call_once
[INFO] [stdout]   14:     0x5970be6b983b - test[aada8e7e76ba119b]::__rust_begin_short_backtrace::<core[a373ad73a504971]::result::Result<(), alloc[2e1b2a31b91974c5]::string::String>, fn() -> core[a373ad73a504971]::result::Result<(), alloc[2e1b2a31b91974c5]::string::String>>
[INFO] [stdout]   15:     0x5970be6c6a15 - test[aada8e7e76ba119b]::run_test::{closure#0}
[INFO] [stdout]   16:     0x5970be6c0304 - std[617be2ca0a6fd877]::sys::backtrace::__rust_begin_short_backtrace::<test[aada8e7e76ba119b]::run_test::{closure#1}, ()>
[INFO] [stdout]   17:     0x5970be6c9aa2 - <std[617be2ca0a6fd877]::thread::lifecycle::spawn_unchecked<test[aada8e7e76ba119b]::run_test::{closure#1}, ()>::{closure#1} as core[a373ad73a504971]::ops::function::FnOnce<()>>::call_once::{shim:vtable#0}
[INFO] [stdout]   18:     0x5970be86cb4f - <std[617be2ca0a6fd877]::sys::thread::unix::Thread>::new::thread_start
[INFO] [stdout]   19:     0x774371371dfa - <unknown>
[INFO] [stdout]   20:     0x7743714053d4 - clone
[INFO] [stdout]   21:                0x0 - <unknown>
[INFO] [stdout] 
[INFO] [stdout] ---- remove_locked_2_copy_xls stdout ----
[INFO] [stdout] 
[INFO] [stdout] thread 'remove_locked_2_copy_xls' (1378) panicked at tests/remove.rs:226:34:
[INFO] [stdout] called `Result::unwrap()` on an `Err` value: Os { code: 30, kind: ReadOnlyFilesystem, message: "Read-only file system" }
[INFO] [stdout] stack backtrace:
[INFO] [stdout]    0:     0x5970be86d3b1 - <<std[617be2ca0a6fd877]::sys::backtrace::BacktraceLock>::print::DisplayBacktrace as core[a373ad73a504971]::fmt::Display>::fmt
[INFO] [stdout]    1:     0x5970be8829da - core[a373ad73a504971]::fmt::write
[INFO] [stdout]    2:     0x5970be8719ec - <alloc[2e1b2a31b91974c5]::vec::Vec<u8> as core[a373ad73a504971]::io::write::Write>::write_fmt
[INFO] [stdout]    3:     0x5970be847486 - std[617be2ca0a6fd877]::panicking::default_hook::{closure#0}
[INFO] [stdout]    4:     0x5970be864539 - std[617be2ca0a6fd877]::panicking::default_hook
[INFO] [stdout]    5:     0x5970be6c63f0 - test[aada8e7e76ba119b]::test_main_inner::{closure#0}
[INFO] [stdout]    6:     0x5970be8646f2 - std[617be2ca0a6fd877]::panicking::panic_with_hook
[INFO] [stdout]    7:     0x5970be847532 - std[617be2ca0a6fd877]::panicking::panic_handler::{closure#0}
[INFO] [stdout]    8:     0x5970be840099 - std[617be2ca0a6fd877]::sys::backtrace::__rust_end_short_backtrace::<std[617be2ca0a6fd877]::panicking::panic_handler::{closure#0}, !>
[INFO] [stdout]    9:     0x5970be84822d - __rustc[ea4f61d10b84890b]::rust_begin_unwind
[INFO] [stdout]   10:     0x5970be88313c - core[a373ad73a504971]::panicking::panic_fmt
[INFO] [stdout]   11:     0x5970be882f12 - core[a373ad73a504971]::result::unwrap_failed
[INFO] [stdout]   12:     0x5970be6b5a5c - remove[a0c139819de69b7b]::create_temp_dir
[INFO] [stdout]   13:     0x5970be6b621f - <remove[a0c139819de69b7b]::remove_locked_2_copy_xls::{closure#0} as core[a373ad73a504971]::ops::function::FnOnce<()>>::call_once
[INFO] [stdout]   14:     0x5970be6b983b - test[aada8e7e76ba119b]::__rust_begin_short_backtrace::<core[a373ad73a504971]::result::Result<(), alloc[2e1b2a31b91974c5]::string::String>, fn() -> core[a373ad73a504971]::result::Result<(), alloc[2e1b2a31b91974c5]::string::String>>
[INFO] [stdout]   15:     0x5970be6c6a15 - test[aada8e7e76ba119b]::run_test::{closure#0}
[INFO] [stdout]   16:     0x5970be6c0304 - std[617be2ca0a6fd877]::sys::backtrace::__rust_begin_short_backtrace::<test[aada8e7e76ba119b]::run_test::{closure#1}, ()>
[INFO] [stdout]   17:     0x5970be6c9aa2 - <std[617be2ca0a6fd877]::thread::lifecycle::spawn_unchecked<test[aada8e7e76ba119b]::run_test::{closure#1}, ()>::{closure#1} as core[a373ad73a504971]::ops::function::FnOnce<()>>::call_once::{shim:vtable#0}
[INFO] [stdout]   18:     0x5970be86cb4f - <std[617be2ca0a6fd877]::sys::thread::unix::Thread>::new::thread_start
[INFO] [stdout]   19:     0x774371371dfa - <unknown>
[INFO] [stdout]   20:     0x7743714053d4 - clone
[INFO] [stdout]   21:                0x0 - <unknown>
[INFO] [stdout] 
[INFO] [stdout] ---- remove_locked_2_copy_xlsm stdout ----
[INFO] [stdout] 
[INFO] [stdout] thread 'remove_locked_2_copy_xlsm' (1380) panicked at tests/remove.rs:226:34:
[INFO] [stdout] called `Result::unwrap()` on an `Err` value: Os { code: 30, kind: ReadOnlyFilesystem, message: "Read-only file system" }
[INFO] [stdout] stack backtrace:
[INFO] [stdout]    0:     0x5970be86d3b1 - <<std[617be2ca0a6fd877]::sys::backtrace::BacktraceLock>::print::DisplayBacktrace as core[a373ad73a504971]::fmt::Display>::fmt
[INFO] [stdout]    1:     0x5970be8829da - core[a373ad73a504971]::fmt::write
[INFO] [stdout]    2:     0x5970be8719ec - <alloc[2e1b2a31b91974c5]::vec::Vec<u8> as core[a373ad73a504971]::io::write::Write>::write_fmt
[INFO] [stdout]    3:     0x5970be847486 - std[617be2ca0a6fd877]::panicking::default_hook::{closure#0}
[INFO] [stdout]    4:     0x5970be864539 - std[617be2ca0a6fd877]::panicking::default_hook
[INFO] [stdout]    5:     0x5970be6c63f0 - test[aada8e7e76ba119b]::test_main_inner::{closure#0}
[INFO] [stdout]    6:     0x5970be8646f2 - std[617be2ca0a6fd877]::panicking::panic_with_hook
[INFO] [stdout]    7:     0x5970be847532 - std[617be2ca0a6fd877]::panicking::panic_handler::{closure#0}
[INFO] [stdout]    8:     0x5970be840099 - std[617be2ca0a6fd877]::sys::backtrace::__rust_end_short_backtrace::<std[617be2ca0a6fd877]::panicking::panic_handler::{closure#0}, !>
[INFO] [stdout]    9:     0x5970be84822d - __rustc[ea4f61d10b84890b]::rust_begin_unwind
[INFO] [stdout]   10:     0x5970be88313c - core[a373ad73a504971]::panicking::panic_fmt
[INFO] [stdout]   11:     0x5970be882f12 - core[a373ad73a504971]::result::unwrap_failed
[INFO] [stdout]   12:     0x5970be6b5a5c - remove[a0c139819de69b7b]::create_temp_dir
[INFO] [stdout]   13:     0x5970be6b734f - <remove[a0c139819de69b7b]::remove_locked_2_copy_xlsm::{closure#0} as core[a373ad73a504971]::ops::function::FnOnce<()>>::call_once
[INFO] [stdout]   14:     0x5970be6b983b - test[aada8e7e76ba119b]::__rust_begin_short_backtrace::<core[a373ad73a504971]::result::Result<(), alloc[2e1b2a31b91974c5]::string::String>, fn() -> core[a373ad73a504971]::result::Result<(), alloc[2e1b2a31b91974c5]::string::String>>
[INFO] [stdout]   15:     0x5970be6c6a15 - test[aada8e7e76ba119b]::run_test::{closure#0}
[INFO] [stdout]   16:     0x5970be6c0304 - std[617be2ca0a6fd877]::sys::backtrace::__rust_begin_short_backtrace::<test[aada8e7e76ba119b]::run_test::{closure#1}, ()>
[INFO] [stdout]   17:     0x5970be6c9aa2 - <std[617be2ca0a6fd877]::thread::lifecycle::spawn_unchecked<test[aada8e7e76ba119b]::run_test::{closure#1}, ()>::{closure#1} as core[a373ad73a504971]::ops::function::FnOnce<()>>::call_once::{shim:vtable#0}
[INFO] [stdout]   18:     0x5970be86cb4f - <std[617be2ca0a6fd877]::sys::thread::unix::Thread>::new::thread_start
[INFO] [stdout]   19:     0x774371371dfa - <unknown>
[INFO] [stdout]   20:     0x7743714053d4 - clone
[INFO] [stdout]   21:                0x0 - <unknown>
[INFO] [stdout] 
[INFO] [stdout] ---- remove_locked_2_copy_xlsb stdout ----
[INFO] [stdout] 
[INFO] [stdout] thread 'remove_locked_2_copy_xlsb' (1379) panicked at tests/remove.rs:226:34:
[INFO] [stdout] called `Result::unwrap()` on an `Err` value: Os { code: 30, kind: ReadOnlyFilesystem, message: "Read-only file system" }
[INFO] [stdout] stack backtrace:
[INFO] [stdout]    0:     0x5970be86d3b1 - <<std[617be2ca0a6fd877]::sys::backtrace::BacktraceLock>::print::DisplayBacktrace as core[a373ad73a504971]::fmt::Display>::fmt
[INFO] [stdout]    1:     0x5970be8829da - core[a373ad73a504971]::fmt::write
[INFO] [stdout]    2:     0x5970be8719ec - <alloc[2e1b2a31b91974c5]::vec::Vec<u8> as core[a373ad73a504971]::io::write::Write>::write_fmt
[INFO] [stdout]    3:     0x5970be847486 - std[617be2ca0a6fd877]::panicking::default_hook::{closure#0}
[INFO] [stdout]    4:     0x5970be864539 - std[617be2ca0a6fd877]::panicking::default_hook
[INFO] [stdout]    5:     0x5970be6c63f0 - test[aada8e7e76ba119b]::test_main_inner::{closure#0}
[INFO] [stdout]    6:     0x5970be8646f2 - std[617be2ca0a6fd877]::panicking::panic_with_hook
[INFO] [stdout]    7:     0x5970be847532 - std[617be2ca0a6fd877]::panicking::panic_handler::{closure#0}
[INFO] [stdout]    8:     0x5970be840099 - std[617be2ca0a6fd877]::sys::backtrace::__rust_end_short_backtrace::<std[617be2ca0a6fd877]::panicking::panic_handler::{closure#0}, !>
[INFO] [stdout]    9:     0x5970be84822d - __rustc[ea4f61d10b84890b]::rust_begin_unwind
[INFO] [stdout]   10:     0x5970be88313c - core[a373ad73a504971]::panicking::panic_fmt
[INFO] [stdout]   11:     0x5970be882f12 - core[a373ad73a504971]::result::unwrap_failed
[INFO] [stdout]   12:     0x5970be6b5a5c - remove[a0c139819de69b7b]::create_temp_dir
[INFO] [stdout]   13:     0x5970be6b6fdf - <remove[a0c139819de69b7b]::remove_locked_2_copy_xlsb::{closure#0} as core[a373ad73a504971]::ops::function::FnOnce<()>>::call_once
[INFO] [stdout]   14:     0x5970be6b983b - test[aada8e7e76ba119b]::__rust_begin_short_backtrace::<core[a373ad73a504971]::result::Result<(), alloc[2e1b2a31b91974c5]::string::String>, fn() -> core[a373ad73a504971]::result::Result<(), alloc[2e1b2a31b91974c5]::string::String>>
[INFO] [stdout]   15:     0x5970be6c6a15 - test[aada8e7e76ba119b]::run_test::{closure#0}
[INFO] [stdout]   16:     0x5970be6c0304 - std[617be2ca0a6fd877]::sys::backtrace::__rust_begin_short_backtrace::<test[aada8e7e76ba119b]::run_test::{closure#1}, ()>
[INFO] [stdout]   17:     0x5970be6c9aa2 - <std[617be2ca0a6fd877]::thread::lifecycle::spawn_unchecked<test[aada8e7e76ba119b]::run_test::{closure#1}, ()>::{closure#1} as core[a373ad73a504971]::ops::function::FnOnce<()>>::call_once::{shim:vtable#0}
[INFO] [stdout]   18:     0x5970be86cb4f - <std[617be2ca0a6fd877]::sys::thread::unix::Thread>::new::thread_start
[INFO] [stdout]   19:     0x774371371dfa - <unknown>
[INFO] [stdout]   20:     0x7743714053d4 - clone
[INFO] [stdout]   21:                0x0 - <unknown>
[INFO] [stdout] 
[INFO] [stdout] ---- remove_locked_2_inplace_xls stdout ----
[INFO] [stdout] 
[INFO] [stdout] thread 'remove_locked_2_inplace_xls' (1381) panicked at tests/remove.rs:226:34:
[INFO] [stdout] called `Result::unwrap()` on an `Err` value: Os { code: 30, kind: ReadOnlyFilesystem, message: "Read-only file system" }
[INFO] [stdout] stack backtrace:
[INFO] [stdout]    0:     0x5970be86d3b1 - <<std[617be2ca0a6fd877]::sys::backtrace::BacktraceLock>::print::DisplayBacktrace as core[a373ad73a504971]::fmt::Display>::fmt
[INFO] [stdout]    1:     0x5970be8829da - core[a373ad73a504971]::fmt::write
[INFO] [stdout]    2:     0x5970be8719ec - <alloc[2e1b2a31b91974c5]::vec::Vec<u8> as core[a373ad73a504971]::io::write::Write>::write_fmt
[INFO] [stdout]    3:     0x5970be847486 - std[617be2ca0a6fd877]::panicking::default_hook::{closure#0}
[INFO] [stdout]    4:     0x5970be864539 - std[617be2ca0a6fd877]::panicking::default_hook
[INFO] [stdout]    5:     0x5970be6c63f0 - test[aada8e7e76ba119b]::test_main_inner::{closure#0}
[INFO] [stdout]    6:     0x5970be8646f2 - std[617be2ca0a6fd877]::panicking::panic_with_hook
[INFO] [stdout]    7:     0x5970be847532 - std[617be2ca0a6fd877]::panicking::panic_handler::{closure#0}
[INFO] [stdout]    8:     0x5970be840099 - std[617be2ca0a6fd877]::sys::backtrace::__rust_end_short_backtrace::<std[617be2ca0a6fd877]::panicking::panic_handler::{closure#0}, !>
[INFO] [stdout]    9:     0x5970be84822d - __rustc[ea4f61d10b84890b]::rust_begin_unwind
[INFO] [stdout]   10:     0x5970be88313c - core[a373ad73a504971]::panicking::panic_fmt
[INFO] [stdout]   11:     0x5970be882f12 - core[a373ad73a504971]::result::unwrap_failed
[INFO] [stdout]   12:     0x5970be6b5a5c - remove[a0c139819de69b7b]::create_temp_dir
[INFO] [stdout]   13:     0x5970be6b808f - <remove[a0c139819de69b7b]::remove_locked_2_inplace_xls::{closure#0} as core[a373ad73a504971]::ops::function::FnOnce<()>>::call_once
[INFO] [stdout]   14:     0x5970be6b983b - test[aada8e7e76ba119b]::__rust_begin_short_backtrace::<core[a373ad73a504971]::result::Result<(), alloc[2e1b2a31b91974c5]::string::String>, fn() -> core[a373ad73a504971]::result::Result<(), alloc[2e1b2a31b91974c5]::string::String>>
[INFO] [stdout]   15:     0x5970be6c6a15 - test[aada8e7e76ba119b]::run_test::{closure#0}
[INFO] [stdout]   16:     0x5970be6c0304 - std[617be2ca0a6fd877]::sys::backtrace::__rust_begin_short_backtrace::<test[aada8e7e76ba119b]::run_test::{closure#1}, ()>
[INFO] [stdout]   17:     0x5970be6c9aa2 - <std[617be2ca0a6fd877]::thread::lifecycle::spawn_unchecked<test[aada8e7e76ba119b]::run_test::{closure#1}, ()>::{closure#1} as core[a373ad73a504971]::ops::function::FnOnce<()>>::call_once::{shim:vtable#0}
[INFO] [stdout]   18:     0x5970be86cb4f - <std[617be2ca0a6fd877]::sys::thread::unix::Thread>::new::thread_start
[INFO] [stdout]   19:     0x774371371dfa - <unknown>
[INFO] [stdout]   20:     0x7743714053d4 - clone
[INFO] [stdout]   21:                0x0 - <unknown>
[INFO] [stdout] 
[INFO] [stdout] ---- remove_locked_2_inplace_xlsb stdout ----
[INFO] [stdout] 
[INFO] [stdout] thread 'remove_locked_2_inplace_xlsb' (1382) panicked at tests/remove.rs:226:34:
[INFO] [stdout] called `Result::unwrap()` on an `Err` value: Os { code: 30, kind: ReadOnlyFilesystem, message: "Read-only file system" }
[INFO] [stdout] stack backtrace:
[INFO] [stdout]    0:     0x5970be86d3b1 - <<std[617be2ca0a6fd877]::sys::backtrace::BacktraceLock>::print::DisplayBacktrace as core[a373ad73a504971]::fmt::Display>::fmt
[INFO] [stdout]    1:     0x5970be8829da - core[a373ad73a504971]::fmt::write
[INFO] [stdout]    2:     0x5970be8719ec - <alloc[2e1b2a31b91974c5]::vec::Vec<u8> as core[a373ad73a504971]::io::write::Write>::write_fmt
[INFO] [stdout]    3:     0x5970be847486 - std[617be2ca0a6fd877]::panicking::default_hook::{closure#0}
[INFO] [stdout]    4:     0x5970be864539 - std[617be2ca0a6fd877]::panicking::default_hook
[INFO] [stdout]    5:     0x5970be6c63f0 - test[aada8e7e76ba119b]::test_main_inner::{closure#0}
[INFO] [stdout]    6:     0x5970be8646f2 - std[617be2ca0a6fd877]::panicking::panic_with_hook
[INFO] [stdout]    7:     0x5970be847532 - std[617be2ca0a6fd877]::panicking::panic_handler::{closure#0}
[INFO] [stdout]    8:     0x5970be840099 - std[617be2ca0a6fd877]::sys::backtrace::__rust_end_short_backtrace::<std[617be2ca0a6fd877]::panicking::panic_handler::{closure#0}, !>
[INFO] [stdout]    9:     0x5970be84822d - __rustc[ea4f61d10b84890b]::rust_begin_unwind
[INFO] [stdout]   10:     0x5970be88313c - core[a373ad73a504971]::panicking::panic_fmt
[INFO] [stdout]   11:     0x5970be882f12 - core[a373ad73a504971]::result::unwrap_failed
[INFO] [stdout]   12:     0x5970be6b5a5c - remove[a0c139819de69b7b]::create_temp_dir
[INFO] [stdout]   13:     0x5970be6b8c4f - <remove[a0c139819de69b7b]::remove_locked_2_inplace_xlsb::{closure#0} as core[a373ad73a504971]::ops::function::FnOnce<()>>::call_once
[INFO] [stdout]   14:     0x5970be6b983b - test[aada8e7e76ba119b]::__rust_begin_short_backtrace::<core[a373ad73a504971]::result::Result<(), alloc[2e1b2a31b91974c5]::string::String>, fn() -> core[a373ad73a504971]::result::Result<(), alloc[2e1b2a31b91974c5]::string::String>>
[INFO] [stdout]   15:     0x5970be6c6a15 - test[aada8e7e76ba119b]::run_test::{closure#0}
[INFO] [stdout]   16:     0x5970be6c0304 - std[617be2ca0a6fd877]::sys::backtrace::__rust_begin_short_backtrace::<test[aada8e7e76ba119b]::run_test::{closure#1}, ()>
[INFO] [stdout]   17:     0x5970be6c9aa2 - <std[617be2ca0a6fd877]::thread::lifecycle::spawn_unchecked<test[aada8e7e76ba119b]::run_test::{closure#1}, ()>::{closure#1} as core[a373ad73a504971]::ops::function::FnOnce<()>>::call_once::{shim:vtable#0}
[INFO] [stdout]   18:     0x5970be86cb4f - <std[617be2ca0a6fd877]::sys::thread::unix::Thread>::new::thread_start
[INFO] [stdout]   19:     0x774371371dfa - <unknown>
[INFO] [stdout]   20:     0x7743714053d4 - clone
[INFO] [stdout]   21:                0x0 - <unknown>
[INFO] [stdout] 
[INFO] [stdout] ---- remove_locked_2_inplace_xlsm stdout ----
[INFO] [stdout] 
[INFO] [stdout] thread 'remove_locked_2_inplace_xlsm' (1383) panicked at tests/remove.rs:226:34:
[INFO] [stdout] called `Result::unwrap()` on an `Err` value: Os { code: 30, kind: ReadOnlyFilesystem, message: "Read-only file system" }
[INFO] [stdout] stack backtrace:
[INFO] [stdout]    0:     0x5970be86d3b1 - <<std[617be2ca0a6fd877]::sys::backtrace::BacktraceLock>::print::DisplayBacktrace as core[a373ad73a504971]::fmt::Display>::fmt
[INFO] [stdout]    1:     0x5970be8829da - core[a373ad73a504971]::fmt::write
[INFO] [stdout]    2:     0x5970be8719ec - <alloc[2e1b2a31b91974c5]::vec::Vec<u8> as core[a373ad73a504971]::io::write::Write>::write_fmt
[INFO] [stdout]    3:     0x5970be847486 - std[617be2ca0a6fd877]::panicking::default_hook::{closure#0}
[INFO] [stdout]    4:     0x5970be864539 - std[617be2ca0a6fd877]::panicking::default_hook
[INFO] [stdout]    5:     0x5970be6c63f0 - test[aada8e7e76ba119b]::test_main_inner::{closure#0}
[INFO] [stdout]    6:     0x5970be8646f2 - std[617be2ca0a6fd877]::panicking::panic_with_hook
[INFO] [stdout]    7:     0x5970be847532 - std[617be2ca0a6fd877]::panicking::panic_handler::{closure#0}
[INFO] [stdout]    8:     0x5970be840099 - std[617be2ca0a6fd877]::sys::backtrace::__rust_end_short_backtrace::<std[617be2ca0a6fd877]::panicking::panic_handler::{closure#0}, !>
[INFO] [stdout]    9:     0x5970be84822d - __rustc[ea4f61d10b84890b]::rust_begin_unwind
[INFO] [stdout]   10:     0x5970be88313c - core[a373ad73a504971]::panicking::panic_fmt
[INFO] [stdout]   11:     0x5970be882f12 - core[a373ad73a504971]::result::unwrap_failed
[INFO] [stdout]   12:     0x5970be6b5a5c - remove[a0c139819de69b7b]::create_temp_dir
[INFO] [stdout]   13:     0x5970be6b8f3f - <remove[a0c139819de69b7b]::remove_locked_2_inplace_xlsm::{closure#0} as core[a373ad73a504971]::ops::function::FnOnce<()>>::call_once
[INFO] [stdout]   14:     0x5970be6b983b - test[aada8e7e76ba119b]::__rust_begin_short_backtrace::<core[a373ad73a504971]::result::Result<(), alloc[2e1b2a31b91974c5]::string::String>, fn() -> core[a373ad73a504971]::result::Result<(), alloc[2e1b2a31b91974c5]::string::String>>
[INFO] [stdout]   15:     0x5970be6c6a15 - test[aada8e7e76ba119b]::run_test::{closure#0}
[INFO] [stdout]   16:     0x5970be6c0304 - std[617be2ca0a6fd877]::sys::backtrace::__rust_begin_short_backtrace::<test[aada8e7e76ba119b]::run_test::{closure#1}, ()>
[INFO] [stdout]   17:     0x5970be6c9aa2 - <std[617be2ca0a6fd877]::thread::lifecycle::spawn_unchecked<test[aada8e7e76ba119b]::run_test::{closure#1}, ()>::{closure#1} as core[a373ad73a504971]::ops::function::FnOnce<()>>::call_once::{shim:vtable#0}
[INFO] [stdout]   18:     0x5970be86cb4f - <std[617be2ca0a6fd877]::sys::thread::unix::Thread>::new::thread_start
[INFO] [stdout]   19:     0x774371371dfa - <unknown>
[INFO] [stdout]   20:     0x7743714053d4 - clone
[INFO] [stdout]   21:                0x0 - <unknown>
[INFO] [stdout] 
[INFO] [stdout] ---- remove_unlocked_copy_xlsm stdout ----
[INFO] [stdout] 
[INFO] [stdout] thread 'remove_unlocked_copy_xlsm' (1386) panicked at tests/remove.rs:226:34:
[INFO] [stdout] called `Result::unwrap()` on an `Err` value: Os { code: 30, kind: ReadOnlyFilesystem, message: "Read-only file system" }
[INFO] [stdout] stack backtrace:
[INFO] [stdout]    0:     0x5970be86d3b1 - <<std[617be2ca0a6fd877]::sys::backtrace::BacktraceLock>::print::DisplayBacktrace as core[a373ad73a504971]::fmt::Display>::fmt
[INFO] [stdout]    1:     0x5970be8829da - core[a373ad73a504971]::fmt::write
[INFO] [stdout]    2:     0x5970be8719ec - <alloc[2e1b2a31b91974c5]::vec::Vec<u8> as core[a373ad73a504971]::io::write::Write>::write_fmt
[INFO] [stdout]    3:     0x5970be847486 - std[617be2ca0a6fd877]::panicking::default_hook::{closure#0}
[INFO] [stdout]    4:     0x5970be864539 - std[617be2ca0a6fd877]::panicking::default_hook
[INFO] [stdout]    5:     0x5970be6c63f0 - test[aada8e7e76ba119b]::test_main_inner::{closure#0}
[INFO] [stdout]    6:     0x5970be8646f2 - std[617be2ca0a6fd877]::panicking::panic_with_hook
[INFO] [stdout]    7:     0x5970be847532 - std[617be2ca0a6fd877]::panicking::panic_handler::{closure#0}
[INFO] [stdout]    8:     0x5970be840099 - std[617be2ca0a6fd877]::sys::backtrace::__rust_end_short_backtrace::<std[617be2ca0a6fd877]::panicking::panic_handler::{closure#0}, !>
[INFO] [stdout]    9:     0x5970be84822d - __rustc[ea4f61d10b84890b]::rust_begin_unwind
[INFO] [stdout]   10:     0x5970be88313c - core[a373ad73a504971]::panicking::panic_fmt
[INFO] [stdout]   11:     0x5970be882f12 - core[a373ad73a504971]::result::unwrap_failed
[INFO] [stdout]   12:     0x5970be6b5a5c - remove[a0c139819de69b7b]::create_temp_dir
[INFO] [stdout]   13:     0x5970be6b7a2f - <remove[a0c139819de69b7b]::remove_unlocked_copy_xlsm::{closure#0} as core[a373ad73a504971]::ops::function::FnOnce<()>>::call_once
[INFO] [stdout]   14:     0x5970be6b983b - test[aada8e7e76ba119b]::__rust_begin_short_backtrace::<core[a373ad73a504971]::result::Result<(), alloc[2e1b2a31b91974c5]::string::String>, fn() -> core[a373ad73a504971]::result::Result<(), alloc[2e1b2a31b91974c5]::string::String>>
[INFO] [stdout]   15:     0x5970be6c6a15 - test[aada8e7e76ba119b]::run_test::{closure#0}
[INFO] [stdout]   16:     0x5970be6c0304 - std[617be2ca0a6fd877]::sys::backtrace::__rust_begin_short_backtrace::<test[aada8e7e76ba119b]::run_test::{closure#1}, ()>
[INFO] [stdout]   17:     0x5970be6c9aa2 - <std[617be2ca0a6fd877]::thread::lifecycle::spawn_unchecked<test[aada8e7e76ba119b]::run_test::{closure#1}, ()>::{closure#1} as core[a373ad73a504971]::ops::function::FnOnce<()>>::call_once::{shim:vtable#0}
[INFO] [stdout]   18:     0x5970be86cb4f - <std[617be2ca0a6fd877]::sys::thread::unix::Thread>::new::thread_start
[INFO] [stdout]   19:     0x774371371dfa - <unknown>
[INFO] [stdout]   20:     0x7743714053d4 - clone
[INFO] [stdout]   21:                0x0 - <unknown>
[INFO] [stdout] 
[INFO] [stdout] ---- remove_unlocked_inplace_xlsm stdout ----
[INFO] [stdout] 
[INFO] [stdout] thread 'remove_unlocked_inplace_xlsm' (1389) panicked at tests/remove.rs:226:34:
[INFO] [stdout] called `Result::unwrap()` on an `Err` value: Os { code: 30, kind: ReadOnlyFilesystem, message: "Read-only file system" }
[INFO] [stdout] stack backtrace:
[INFO] [stdout]    0:     0x5970be86d3b1 - <<std[617be2ca0a6fd877]::sys::backtrace::BacktraceLock>::print::DisplayBacktrace as core[a373ad73a504971]::fmt::Display>::fmt
[INFO] [stdout]    1:     0x5970be8829da - core[a373ad73a504971]::fmt::write
[INFO] [stdout]    2:     0x5970be8719ec - <alloc[2e1b2a31b91974c5]::vec::Vec<u8> as core[a373ad73a504971]::io::write::Write>::write_fmt
[INFO] [stdout]    3:     0x5970be847486 - std[617be2ca0a6fd877]::panicking::default_hook::{closure#0}
[INFO] [stdout]    4:     0x5970be864539 - std[617be2ca0a6fd877]::panicking::default_hook
[INFO] [stdout]    5:     0x5970be6c63f0 - test[aada8e7e76ba119b]::test_main_inner::{closure#0}
[INFO] [stdout]    6:     0x5970be8646f2 - std[617be2ca0a6fd877]::panicking::panic_with_hook
[INFO] [stdout]    7:     0x5970be847532 - std[617be2ca0a6fd877]::panicking::panic_handler::{closure#0}
[INFO] [stdout]    8:     0x5970be840099 - std[617be2ca0a6fd877]::sys::backtrace::__rust_end_short_backtrace::<std[617be2ca0a6fd877]::panicking::panic_handler::{closure#0}, !>
[INFO] [stdout]    9:     0x5970be84822d - __rustc[ea4f61d10b84890b]::rust_begin_unwind
[INFO] [stdout]   10:     0x5970be88313c - core[a373ad73a504971]::panicking::panic_fmt
[INFO] [stdout]   11:     0x5970be882f12 - core[a373ad73a504971]::result::unwrap_failed
[INFO] [stdout]   12:     0x5970be6b5a5c - remove[a0c139819de69b7b]::create_temp_dir
[INFO] [stdout]   13:     0x5970be6b951f - <remove[a0c139819de69b7b]::remove_unlocked_inplace_xlsm::{closure#0} as core[a373ad73a504971]::ops::function::FnOnce<()>>::call_once
[INFO] [stdout]   14:     0x5970be6b983b - test[aada8e7e76ba119b]::__rust_begin_short_backtrace::<core[a373ad73a504971]::result::Result<(), alloc[2e1b2a31b91974c5]::string::String>, fn() -> core[a373ad73a504971]::result::Result<(), alloc[2e1b2a31b91974c5]::string::String>>
[INFO] [stdout]   15:     0x5970be6c6a15 - test[aada8e7e76ba119b]::run_test::{closure#0}
[INFO] [stdout]   16:     0x5970be6c0304 - std[617be2ca0a6fd877]::sys::backtrace::__rust_begin_short_backtrace::<test[aada8e7e76ba119b]::run_test::{closure#1}, ()>
[INFO] [stdout]   17:     0x5970be6c9aa2 - <std[617be2ca0a6fd877]::thread::lifecycle::spawn_unchecked<test[aada8e7e76ba119b]::run_test::{closure#1}, ()>::{closure#1} as core[a373ad73a504971]::ops::function::FnOnce<()>>::call_once::{shim:vtable#0}
[INFO] [stdout]   18:     0x5970be86cb4f - <std[617be2ca0a6fd877]::sys::thread::unix::Thread>::new::thread_start
[INFO] [stdout]   19:     0x774371371dfa - <unknown>
[INFO] [stdout]   20:     0x7743714053d4 - clone
[INFO] [stdout]   21:                0x0 - <unknown>
[INFO] [stdout] 
[INFO] [stdout] ---- remove_unlocked_inplace_xls stdout ----
[INFO] [stdout] 
[INFO] [stdout] thread 'remove_unlocked_inplace_xls' (1387) panicked at tests/remove.rs:226:34:
[INFO] [stdout] called `Result::unwrap()` on an `Err` value: Os { code: 30, kind: ReadOnlyFilesystem, message: "Read-only file system" }
[INFO] [stdout] stack backtrace:
[INFO] [stdout]    0:     0x5970be86d3b1 - <<std[617be2ca0a6fd877]::sys::backtrace::BacktraceLock>::print::DisplayBacktrace as core[a373ad73a504971]::fmt::Display>::fmt
[INFO] [stdout]    1:     0x5970be8829da - core[a373ad73a504971]::fmt::write
[INFO] [stdout]    2:     0x5970be8719ec - <alloc[2e1b2a31b91974c5]::vec::Vec<u8> as core[a373ad73a504971]::io::write::Write>::write_fmt
[INFO] [stdout]    3:     0x5970be847486 - std[617be2ca0a6fd877]::panicking::default_hook::{closure#0}
[INFO] [stdout]    4:     0x5970be864539 - std[617be2ca0a6fd877]::panicking::default_hook
[INFO] [stdout]    5:     0x5970be6c63f0 - test[aada8e7e76ba119b]::test_main_inner::{closure#0}
[INFO] [stdout]    6:     0x5970be8646f2 - std[617be2ca0a6fd877]::panicking::panic_with_hook
[INFO] [stdout]    7:     0x5970be847532 - std[617be2ca0a6fd877]::panicking::panic_handler::{closure#0}
[INFO] [stdout]    8:     0x5970be840099 - std[617be2ca0a6fd877]::sys::backtrace::__rust_end_short_backtrace::<std[617be2ca0a6fd877]::panicking::panic_handler::{closure#0}, !>
[INFO] [stdout]    9:     0x5970be84822d - __rustc[ea4f61d10b84890b]::rust_begin_unwind
[INFO] [stdout]   10:     0x5970be88313c - core[a373ad73a504971]::panicking::panic_fmt
[INFO] [stdout]   11:     0x5970be882f12 - core[a373ad73a504971]::result::unwrap_failed
[INFO] [stdout]   12:     0x5970be6b5a5c - remove[a0c139819de69b7b]::create_temp_dir
[INFO] [stdout]   13:     0x5970be6b837f - <remove[a0c139819de69b7b]::remove_unlocked_inplace_xls::{closure#0} as core[a373ad73a504971]::ops::function::FnOnce<()>>::call_once
[INFO] [stdout]   14:     0x5970be6b983b - test[aada8e7e76ba119b]::__rust_begin_short_backtrace::<core[a373ad73a504971]::result::Result<(), alloc[2e1b2a31b91974c5]::string::String>, fn() -> core[a373ad73a504971]::result::Result<(), alloc[2e1b2a31b91974c5]::string::String>>
[INFO] [stdout]   15:     0x5970be6c6a15 - test[aada8e7e76ba119b]::run_test::{closure#0}
[INFO] [stdout]   16:     0x5970be6c0304 - std[617be2ca0a6fd877]::sys::backtrace::__rust_begin_short_backtrace::<test[aada8e7e76ba119b]::run_test::{closure#1}, ()>
[INFO] [stdout]   17:     0x5970be6c9aa2 - <std[617be2ca0a6fd877]::thread::lifecycle::spawn_unchecked<test[aada8e7e76ba119b]::run_test::{closure#1}, ()>::{closure#1} as core[a373ad73a504971]::ops::function::FnOnce<()>>::call_once::{shim:vtable#0}
[INFO] [stdout]   18:     0x5970be86cb4f - <std[617be2ca0a6fd877]::sys::thread::unix::Thread>::new::thread_start
[INFO] [stdout]   19:     0x774371371dfa - <unknown>
[INFO] [stdout]   20:     0x7743714053d4 - clone
[INFO] [stdout]   21:                0x0 - <unknown>
[INFO] [stdout] 
[INFO] [stdout] ---- remove_unlocked_copy_xls stdout ----
[INFO] [stdout] 
[INFO] [stdout] thread 'remove_unlocked_copy_xls' (1384) panicked at tests/remove.rs:226:34:
[INFO] [stdout] called `Result::unwrap()` on an `Err` value: Os { code: 30, kind: ReadOnlyFilesystem, message: "Read-only file system" }
[INFO] [stdout] stack backtrace:
[INFO] [stdout]    0:     0x5970be86d3b1 - <<std[617be2ca0a6fd877]::sys::backtrace::BacktraceLock>::print::DisplayBacktrace as core[a373ad73a504971]::fmt::Display>::fmt
[INFO] [stdout]    1:     0x5970be8829da - core[a373ad73a504971]::fmt::write
[INFO] [stdout]    2:     0x5970be8719ec - <alloc[2e1b2a31b91974c5]::vec::Vec<u8> as core[a373ad73a504971]::io::write::Write>::write_fmt
[INFO] [stdout]    3:     0x5970be847486 - std[617be2ca0a6fd877]::panicking::default_hook::{closure#0}
[INFO] [stdout]    4:     0x5970be864539 - std[617be2ca0a6fd877]::panicking::default_hook
[INFO] [stdout]    5:     0x5970be6c63f0 - test[aada8e7e76ba119b]::test_main_inner::{closure#0}
[INFO] [stdout]    6:     0x5970be8646f2 - std[617be2ca0a6fd877]::panicking::panic_with_hook
[INFO] [stdout]    7:     0x5970be847532 - std[617be2ca0a6fd877]::panicking::panic_handler::{closure#0}
[INFO] [stdout]    8:     0x5970be840099 - std[617be2ca0a6fd877]::sys::backtrace::__rust_end_short_backtrace::<std[617be2ca0a6fd877]::panicking::panic_handler::{closure#0}, !>
[INFO] [stdout]    9:     0x5970be84822d - __rustc[ea4f61d10b84890b]::rust_begin_unwind
[INFO] [stdout]   10:     0x5970be88313c - core[a373ad73a504971]::panicking::panic_fmt
[INFO] [stdout]   11:     0x5970be882f12 - core[a373ad73a504971]::result::unwrap_failed
[INFO] [stdout]   12:     0x5970be6b5a5c - remove[a0c139819de69b7b]::create_temp_dir
[INFO] [stdout]   13:     0x5970be6b658f - <remove[a0c139819de69b7b]::remove_unlocked_copy_xls::{closure#0} as core[a373ad73a504971]::ops::function::FnOnce<()>>::call_once
[INFO] [stdout]   14:     0x5970be6b983b - test[aada8e7e76ba119b]::__rust_begin_short_backtrace::<core[a373ad73a504971]::result::Result<(), alloc[2e1b2a31b91974c5]::string::String>, fn() -> core[a373ad73a504971]::result::Result<(), alloc[2e1b2a31b91974c5]::string::String>>
[INFO] [stdout]   15:     0x5970be6c6a15 - test[aada8e7e76ba119b]::run_test::{closure#0}
[INFO] [stdout]   16:     0x5970be6c0304 - std[617be2ca0a6fd877]::sys::backtrace::__rust_begin_short_backtrace::<test[aada8e7e76ba119b]::run_test::{closure#1}, ()>
[INFO] [stdout]   17:     0x5970be6c9aa2 - <std[617be2ca0a6fd877]::thread::lifecycle::spawn_unchecked<test[aada8e7e76ba119b]::run_test::{closure#1}, ()>::{closure#1} as core[a373ad73a504971]::ops::function::FnOnce<()>>::call_once::{shim:vtable#0}
[INFO] [stdout]   18:     0x5970be86cb4f - <std[617be2ca0a6fd877]::sys::thread::unix::Thread>::new::thread_start
[INFO] [stdout]   19:     0x774371371dfa - <unknown>
[INFO] [stdout]   20:     0x7743714053d4 - clone
[INFO] [stdout]   21:                0x0 - <unknown>
[INFO] [stdout] 
[INFO] [stdout] ---- remove_unlocked_copy_xlsb stdout ----
[INFO] [stdout] 
[INFO] [stdout] thread 'remove_unlocked_copy_xlsb' (1385) panicked at tests/remove.rs:226:34:
[INFO] [stdout] called `Result::unwrap()` on an `Err` value: Os { code: 30, kind: ReadOnlyFilesystem, message: "Read-only file system" }
[INFO] [stdout] stack backtrace:
[INFO] [stdout]    0:     0x5970be86d3b1 - <<std[617be2ca0a6fd877]::sys::backtrace::BacktraceLock>::print::DisplayBacktrace as core[a373ad73a504971]::fmt::Display>::fmt
[INFO] [stdout]    1:     0x5970be8829da - core[a373ad73a504971]::fmt::write
[INFO] [stdout]    2:     0x5970be8719ec - <alloc[2e1b2a31b91974c5]::vec::Vec<u8> as core[a373ad73a504971]::io::write::Write>::write_fmt
[INFO] [stdout]    3:     0x5970be847486 - std[617be2ca0a6fd877]::panicking::default_hook::{closure#0}
[INFO] [stdout]    4:     0x5970be864539 - std[617be2ca0a6fd877]::panicking::default_hook
[INFO] [stdout]    5:     0x5970be6c63f0 - test[aada8e7e76ba119b]::test_main_inner::{closure#0}
[INFO] [stdout]    6:     0x5970be8646f2 - std[617be2ca0a6fd877]::panicking::panic_with_hook
[INFO] [stdout]    7:     0x5970be847532 - std[617be2ca0a6fd877]::panicking::panic_handler::{closure#0}
[INFO] [stdout]    8:     0x5970be840099 - std[617be2ca0a6fd877]::sys::backtrace::__rust_end_short_backtrace::<std[617be2ca0a6fd877]::panicking::panic_handler::{closure#0}, !>
[INFO] [stdout]    9:     0x5970be84822d - __rustc[ea4f61d10b84890b]::rust_begin_unwind
[INFO] [stdout]   10:     0x5970be88313c - core[a373ad73a504971]::panicking::panic_fmt
[INFO] [stdout]   11:     0x5970be882f12 - core[a373ad73a504971]::result::unwrap_failed
[INFO] [stdout]   12:     0x5970be6b5a5c - remove[a0c139819de69b7b]::create_temp_dir
[INFO] [stdout]   13:     0x5970be6b76bf - <remove[a0c139819de69b7b]::remove_unlocked_copy_xlsb::{closure#0} as core[a373ad73a504971]::ops::function::FnOnce<()>>::call_once
[INFO] [stdout]   14:     0x5970be6b983b - test[aada8e7e76ba119b]::__rust_begin_short_backtrace::<core[a373ad73a504971]::result::Result<(), alloc[2e1b2a31b91974c5]::string::String>, fn() -> core[a373ad73a504971]::result::Result<(), alloc[2e1b2a31b91974c5]::string::String>>
[INFO] [stdout]   15:     0x5970be6c6a15 - test[aada8e7e76ba119b]::run_test::{closure#0}
[INFO] [stdout]   16:     0x5970be6c0304 - std[617be2ca0a6fd877]::sys::backtrace::__rust_begin_short_backtrace::<test[aada8e7e76ba119b]::run_test::{closure#1}, ()>
[INFO] [stdout]   17:     0x5970be6c9aa2 - <std[617be2ca0a6fd877]::thread::lifecycle::spawn_unchecked<test[aada8e7e76ba119b]::run_test::{closure#1}, ()>::{closure#1} as core[a373ad73a504971]::ops::function::FnOnce<()>>::call_once::{shim:vtable#0}
[INFO] [stdout]   18:     0x5970be86cb4f - <std[617be2ca0a6fd877]::sys::thread::unix::Thread>::new::thread_start
[INFO] [stdout]   19:     0x774371371dfa - <unknown>
[INFO] [stdout]   20:     0x7743714053d4 - clone
[INFO] [stdout]   21:                0x0 - <unknown>
[INFO] [stdout] 
[INFO] [stdout] ---- remove_unlocked_inplace_xlsb stdout ----
[INFO] [stdout] 
[INFO] [stdout] thread 'remove_unlocked_inplace_xlsb' (1388) panicked at tests/remove.rs:226:34:
[INFO] [stdout] called `Result::unwrap()` on an `Err` value: Os { code: 30, kind: ReadOnlyFilesystem, message: "Read-only file system" }
[INFO] [stdout] stack backtrace:
[INFO] [stdout]    0:     0x5970be86d3b1 - <<std[617be2ca0a6fd877]::sys::backtrace::BacktraceLock>::print::DisplayBacktrace as core[a373ad73a504971]::fmt::Display>::fmt
[INFO] [stdout]    1:     0x5970be8829da - core[a373ad73a504971]::fmt::write
[INFO] [stdout]    2:     0x5970be8719ec - <alloc[2e1b2a31b91974c5]::vec::Vec<u8> as core[a373ad73a504971]::io::write::Write>::write_fmt
[INFO] [stdout]    3:     0x5970be847486 - std[617be2ca0a6fd877]::panicking::default_hook::{closure#0}
[INFO] [stdout]    4:     0x5970be864539 - std[617be2ca0a6fd877]::panicking::default_hook
[INFO] [stdout]    5:     0x5970be6c63f0 - test[aada8e7e76ba119b]::test_main_inner::{closure#0}
[INFO] [stdout]    6:     0x5970be8646f2 - std[617be2ca0a6fd877]::panicking::panic_with_hook
[INFO] [stdout]    7:     0x5970be847532 - std[617be2ca0a6fd877]::panicking::panic_handler::{closure#0}
[INFO] [stdout]    8:     0x5970be840099 - std[617be2ca0a6fd877]::sys::backtrace::__rust_end_short_backtrace::<std[617be2ca0a6fd877]::panicking::panic_handler::{closure#0}, !>
[INFO] [stdout]    9:     0x5970be84822d - __rustc[ea4f61d10b84890b]::rust_begin_unwind
[INFO] [stdout]   10:     0x5970be88313c - core[a373ad73a504971]::panicking::panic_fmt
[INFO] [stdout]   11:     0x5970be882f12 - core[a373ad73a504971]::result::unwrap_failed
[INFO] [stdout]   12:     0x5970be6b5a5c - remove[a0c139819de69b7b]::create_temp_dir
[INFO] [stdout]   13:     0x5970be6b922f - <remove[a0c139819de69b7b]::remove_unlocked_inplace_xlsb::{closure#0} as core[a373ad73a504971]::ops::function::FnOnce<()>>::call_once
[INFO] [stdout]   14:     0x5970be6b983b - test[aada8e7e76ba119b]::__rust_begin_short_backtrace::<core[a373ad73a504971]::result::Result<(), alloc[2e1b2a31b91974c5]::string::String>, fn() -> core[a373ad73a504971]::result::Result<(), alloc[2e1b2a31b91974c5]::string::String>>
[INFO] [stdout]   15:     0x5970be6c6a15 - test[aada8e7e76ba119b]::run_test::{closure#0}
[INFO] [stdout]   16:     0x5970be6c0304 - std[617be2ca0a6fd877]::sys::backtrace::__rust_begin_short_backtrace::<test[aada8e7e76ba119b]::run_test::{closure#1}, ()>
[INFO] [stdout]   17:     0x5970be6c9aa2 - <std[617be2ca0a6fd877]::thread::lifecycle::spawn_unchecked<test[aada8e7e76ba119b]::run_test::{closure#1}, ()>::{closure#1} as core[a373ad73a504971]::ops::function::FnOnce<()>>::call_once::{shim:vtable#0}
[INFO] [stdout]   18:     0x5970be86cb4f - <std[617be2ca0a6fd877]::sys::thread::unix::Thread>::new::thread_start
[INFO] [stdout]   19:     0x774371371dfa - <unknown>
[INFO] [stdout]   20:     0x7743714053d4 - clone
[INFO] [stdout]   21:                0x0 - <unknown>
[INFO] [stdout] 
[INFO] [stdout] 
[INFO] [stdout] failures:
[INFO] [stdout]     remove_locked_1_copy_xls
[INFO] [stdout]     remove_locked_1_copy_xlsb
[INFO] [stdout]     remove_locked_1_copy_xlsm
[INFO] [stdout]     remove_locked_1_inplace_xls
[INFO] [stdout]     remove_locked_1_inplace_xlsb
[INFO] [stdout]     remove_locked_1_inplace_xlsm
[INFO] [stdout]     remove_locked_2_copy_xls
[INFO] [stdout]     remove_locked_2_copy_xlsb
[INFO] [stdout]     remove_locked_2_copy_xlsm
[INFO] [stdout]     remove_locked_2_inplace_xls
[INFO] [stdout]     remove_locked_2_inplace_xlsb
[INFO] [stdout]     remove_locked_2_inplace_xlsm
[INFO] [stdout]     remove_unlocked_copy_xls
[INFO] [stdout]     remove_unlocked_copy_xlsb
[INFO] [stdout]     remove_unlocked_copy_xlsm
[INFO] [stdout]     remove_unlocked_inplace_xls
[INFO] [stdout]     remove_unlocked_inplace_xlsb
[INFO] [stdout]     remove_unlocked_inplace_xlsm
[INFO] [stdout] 
[INFO] [stdout] test result: FAILED. 0 passed; 18 failed; 0 ignored; 0 measured; 0 filtered out; finished in 0.01s
[INFO] [stdout] 
[INFO] [stderr] error: test failed, to rerun pass `--test remove`
[INFO] running `Command { std: "docker" "inspect" "736faf5b7eaba570e16869a9c71b3c4f9d9862a1910afb359a0adf56431620db", kill_on_drop: false }`
[INFO] running `Command { std: "docker" "rm" "-f" "736faf5b7eaba570e16869a9c71b3c4f9d9862a1910afb359a0adf56431620db", kill_on_drop: false }`
[INFO] [stdout] 736faf5b7eaba570e16869a9c71b3c4f9d9862a1910afb359a0adf56431620db
