[INFO] fetching crate unleash-yggdrasil 0.21.5...
[INFO] testing unleash-yggdrasil-0.21.5 against 1.99.0-beta.8+cargoflags=--release for beta-release-1.100-2
[INFO] extracting crate unleash-yggdrasil 0.21.5 into /workspace/builds/worker-6-tc1/source
[INFO] started tweaking crates.io crate unleash-yggdrasil 0.21.5
[INFO] removed 0 missing tests
[INFO] finished tweaking crates.io crate unleash-yggdrasil 0.21.5
[INFO] tweaked toml for crates.io crate unleash-yggdrasil 0.21.5 written to /workspace/builds/worker-6-tc1/source/Cargo.toml
[INFO] validating manifest of crates.io crate unleash-yggdrasil 0.21.5 on toolchain 1.99.0-beta.8
[INFO] running `Command { std: CARGO_HOME="/workspace/cargo-home" RUSTUP_HOME="/workspace/rustup-home" "/workspace/cargo-home/bin/cargo" "+1.99.0-beta.8" "metadata" "--manifest-path" "Cargo.toml" "--no-deps", kill_on_drop: false }`
[INFO] crate crates.io crate unleash-yggdrasil 0.21.5 already has a lockfile, it will not be regenerated
[INFO] running `Command { std: CARGO_HOME="/workspace/cargo-home" RUSTUP_HOME="/workspace/rustup-home" "/workspace/cargo-home/bin/cargo" "+1.99.0-beta.8" "fetch" "--manifest-path" "Cargo.toml", kill_on_drop: false }`
[INFO] [stderr]     Updating crates.io index
[INFO] [stderr]  Downloading crates ...
[INFO] [stderr]   Downloaded unleash-types v0.16.2
[INFO] [stderr]   Downloaded async-std-test v0.0.4
[INFO] [stderr]   Downloaded value-bag v1.13.2
[INFO] running `Command { std: "docker" "create" "-v" "/var/lib/crater-agent-workspace/builds/worker-6-tc1/source:/opt/rustwide/workdir:ro,Z" "-v" "/var/lib/crater-agent-workspace/builds/worker-6-tc1/target:/opt/rustwide/target:rw,Z" "-v" "/var/lib/crater-agent-workspace/cargo-home:/opt/rustwide/cargo-home:ro,Z" "-v" "/var/lib/crater-agent-workspace/rustup-home:/opt/rustwide/rustup-home:ro,Z" "-m" "1610612736" "--network" "none" "ghcr.io/rust-lang/crates-build-env/linux@sha256:77db811e55d90add9212f6832c23229e3de5f1c1f9905e8cb07319ea15df73ac" "sleep" "infinity", kill_on_drop: false }`
[INFO] [stdout] f7a25c0a4e20352152f4de6f6b1371fda20e848030782ec133afe6ff72e05eb3
[INFO] running `Command { std: "docker" "start" "f7a25c0a4e20352152f4de6f6b1371fda20e848030782ec133afe6ff72e05eb3", kill_on_drop: false }`
[INFO] running `Command { std: "docker" "inspect" "f7a25c0a4e20352152f4de6f6b1371fda20e848030782ec133afe6ff72e05eb3", kill_on_drop: false }`
[INFO] running `Command { std: "docker" "exec" "-e" "SOURCE_DIR=/opt/rustwide/workdir" "-e" "CARGO_HOME=/opt/rustwide/cargo-home" "-e" "RUSTUP_HOME=/opt/rustwide/rustup-home" "-e" "CARGO_TARGET_DIR=/opt/rustwide/target" "-w" "/opt/rustwide/workdir" "--user" "0:0" "f7a25c0a4e20352152f4de6f6b1371fda20e848030782ec133afe6ff72e05eb3" "/opt/rustwide/cargo-home/bin/cargo" "+1.99.0-beta.8" "metadata" "--no-deps" "--format-version=1", kill_on_drop: false }`
[INFO] running `Command { std: "docker" "inspect" "f7a25c0a4e20352152f4de6f6b1371fda20e848030782ec133afe6ff72e05eb3", kill_on_drop: false }`
[INFO] running `Command { std: "docker" "exec" "-e" "SOURCE_DIR=/opt/rustwide/workdir" "-e" "CARGO_HOME=/opt/rustwide/cargo-home" "-e" "RUSTUP_HOME=/opt/rustwide/rustup-home" "-e" "CARGO_TARGET_DIR=/opt/rustwide/target" "-e" "CARGO_INCREMENTAL=0" "-e" "RUST_BACKTRACE=full" "-e" "RUSTFLAGS=--cap-lints=warn" "-e" "RUSTDOCFLAGS=--cap-lints=warn" "-w" "/opt/rustwide/workdir" "--user" "0:0" "f7a25c0a4e20352152f4de6f6b1371fda20e848030782ec133afe6ff72e05eb3" "/opt/rustwide/cargo-home/bin/cargo" "+1.99.0-beta.8" "build" "--frozen" "--message-format=json" "--release", kill_on_drop: false }`
[INFO] [stderr]    Compiling syn v2.0.119
[INFO] [stderr]    Compiling zerocopy v0.8.56
[INFO] [stderr]    Compiling ucd-trie v0.1.7
[INFO] [stderr]    Compiling memchr v2.8.3
[INFO] [stderr]    Compiling serde_json v1.0.151
[INFO] [stderr]    Compiling regex-automata v0.4.18
[INFO] [stderr]    Compiling chrono v0.4.45
[INFO] [stderr]    Compiling ipnetwork v0.21.1
[INFO] [stderr]    Compiling dashmap v6.2.1
[INFO] [stderr]    Compiling convert_case v0.11.0
[INFO] [stderr]    Compiling murmur3 v0.5.2
[INFO] [stderr]    Compiling pest v2.9.0
[INFO] [stderr]    Compiling pest_meta v2.9.0
[INFO] [stderr]    Compiling darling_core v0.20.11
[INFO] [stderr]    Compiling pest_generator v2.9.0
[INFO] [stderr]    Compiling pest_derive v2.9.0
[INFO] [stderr]    Compiling regex v1.13.1
[INFO] [stderr]    Compiling ppv-lite86 v0.2.21
[INFO] [stderr]    Compiling ahash v0.8.12
[INFO] [stderr]    Compiling darling_macro v0.20.11
[INFO] [stderr]    Compiling rand_chacha v0.9.0
[INFO] [stderr]    Compiling darling v0.20.11
[INFO] [stderr]    Compiling derive_builder_core v0.20.2
[INFO] [stderr]    Compiling rand v0.9.5
[INFO] [stderr]    Compiling derive_builder_macro v0.20.2
[INFO] [stderr]    Compiling derive_builder v0.20.2
[INFO] [stderr]    Compiling unleash-types v0.16.2
[INFO] [stderr]    Compiling unleash-yggdrasil v0.21.5 (/opt/rustwide/workdir)
[INFO] [stderr]     Finished `release` profile [optimized] target(s) in 37.04s
[INFO] running `Command { std: "docker" "inspect" "f7a25c0a4e20352152f4de6f6b1371fda20e848030782ec133afe6ff72e05eb3", kill_on_drop: false }`
[INFO] running `Command { std: "docker" "exec" "-e" "SOURCE_DIR=/opt/rustwide/workdir" "-e" "CARGO_HOME=/opt/rustwide/cargo-home" "-e" "RUSTUP_HOME=/opt/rustwide/rustup-home" "-e" "CARGO_TARGET_DIR=/opt/rustwide/target" "-e" "CARGO_INCREMENTAL=0" "-e" "RUST_BACKTRACE=full" "-e" "RUSTFLAGS=--cap-lints=warn" "-e" "RUSTDOCFLAGS=--cap-lints=warn" "-w" "/opt/rustwide/workdir" "--user" "0:0" "f7a25c0a4e20352152f4de6f6b1371fda20e848030782ec133afe6ff72e05eb3" "/opt/rustwide/cargo-home/bin/cargo" "+1.99.0-beta.8" "test" "--frozen" "--no-run" "--message-format=json" "--release", kill_on_drop: false }`
[INFO] [stderr]    Compiling zerocopy-derive v0.8.56
[INFO] [stderr]    Compiling rustix v1.1.4
[INFO] [stderr]    Compiling event-listener v5.4.2
[INFO] [stderr]    Compiling concurrent-queue v2.5.0
[INFO] [stderr]    Compiling serde v1.0.229
[INFO] [stderr]    Compiling cc v1.4.3
[INFO] [stderr]    Compiling either v1.17.0
[INFO] [stderr]    Compiling value-bag v1.13.2
[INFO] [stderr]    Compiling test-case-core v3.3.1
[INFO] [stderr]    Compiling clap_builder v4.6.6
[INFO] [stderr]    Compiling futures-util v0.3.34
[INFO] [stderr]    Compiling wait-timeout v0.2.1
[INFO] [stderr]    Compiling event-listener v2.5.3
[INFO] [stderr]    Compiling syn v1.0.109
[INFO] [stderr]    Compiling parking_lot v0.12.5
[INFO] [stderr]    Compiling rand_xorshift v0.4.0
[INFO] [stderr]    Compiling page_size v0.6.0
[INFO] [stderr]    Compiling async-executor v1.14.0
[INFO] [stderr]    Compiling async-channel v1.9.0
[INFO] [stderr]    Compiling itertools v0.13.0
[INFO] [stderr]    Compiling event-listener-strategy v0.5.4
[INFO] [stderr]    Compiling log v0.4.33
[INFO] [stderr]    Compiling async-channel v2.5.0
[INFO] [stderr]    Compiling async-lock v3.4.2
[INFO] [stderr]    Compiling rayon v1.12.0
[INFO] [stderr]    Compiling blocking v1.6.2
[INFO] [stderr]    Compiling serial_test_derive v3.5.0
[INFO] [stderr]    Compiling kv-log-macro v1.0.7
[INFO] [stderr]    Compiling test-case-macros v3.3.1
[INFO] [stderr]    Compiling chrono v0.4.45
[INFO] [stderr]    Compiling tinytemplate v1.2.1
[INFO] [stderr]    Compiling test-case v3.3.1
[INFO] [stderr]    Compiling alloca v0.4.0
[INFO] [stderr]    Compiling zerocopy v0.8.56
[INFO] [stderr]    Compiling criterion-plot v0.8.2
[INFO] [stderr]    Compiling clap v4.6.6
[INFO] [stderr]    Compiling unleash-types v0.16.2
[INFO] [stderr]    Compiling futures-executor v0.3.34
[INFO] [stderr]    Compiling serial_test v3.5.0
[INFO] [stderr]    Compiling async-std-test v0.0.4
[INFO] [stderr]    Compiling polling v3.11.0
[INFO] [stderr]    Compiling tempfile v3.27.0
[INFO] [stderr]    Compiling async-io v2.6.0
[INFO] [stderr]    Compiling rusty-fork v0.3.1
[INFO] [stderr]    Compiling async-global-executor v2.4.1
[INFO] [stderr]    Compiling async-std v1.13.2
[INFO] [stderr]    Compiling ppv-lite86 v0.2.21
[INFO] [stderr]    Compiling half v2.7.1
[INFO] [stderr]    Compiling ahash v0.8.12
[INFO] [stderr]    Compiling ciborium-ll v0.2.2
[INFO] [stderr]    Compiling ciborium v0.2.2
[INFO] [stderr]    Compiling rand_chacha v0.9.0
[INFO] [stderr]    Compiling rand v0.9.5
[INFO] [stderr]    Compiling criterion v0.8.2
[INFO] [stderr]    Compiling proptest v1.11.0
[INFO] [stderr]    Compiling unleash-yggdrasil v0.21.5 (/opt/rustwide/workdir)
[INFO] [stderr]     Finished `release` profile [optimized] target(s) in 1m 26s
[INFO] running `Command { std: "docker" "inspect" "f7a25c0a4e20352152f4de6f6b1371fda20e848030782ec133afe6ff72e05eb3", kill_on_drop: false }`
[INFO] running `Command { std: "docker" "exec" "-e" "SOURCE_DIR=/opt/rustwide/workdir" "-e" "CARGO_HOME=/opt/rustwide/cargo-home" "-e" "RUSTUP_HOME=/opt/rustwide/rustup-home" "-e" "CARGO_TARGET_DIR=/opt/rustwide/target" "-e" "CARGO_INCREMENTAL=0" "-e" "RUST_BACKTRACE=full" "-e" "RUSTFLAGS=--cap-lints=warn" "-e" "RUSTDOCFLAGS=--cap-lints=warn" "-w" "/opt/rustwide/workdir" "--user" "0:0" "f7a25c0a4e20352152f4de6f6b1371fda20e848030782ec133afe6ff72e05eb3" "/opt/rustwide/cargo-home/bin/cargo" "+1.99.0-beta.8" "test" "--frozen" "--release", kill_on_drop: false }`
[INFO] [stderr]     Finished `release` profile [optimized] target(s) in 0.26s
[INFO] [stderr]      Running unittests src/lib.rs (/opt/rustwide/target/release/deps/unleash_yggdrasil-41f3eca7411a0118)
[INFO] [stdout] 
[INFO] [stdout] running 267 tests
[INFO] [stdout] test impact_metrics::registry::tests::should_restore_collected_metrics ... ok
[INFO] [stdout] test impact_metrics::registry::tests::should_silently_drop_invalid_values_for_all_metrics::negative_infinity ... ok
[INFO] [stdout] test impact_metrics::registry::tests::should_increment_with_custom_value_and_labels ... ok
[INFO] [stdout] test impact_metrics::registry::tests::should_silently_drop_invalid_values_for_all_metrics::nan ... ok
[INFO] [stdout] test impact_metrics::registry::tests::should_track_different_label_combinations_separately_in_histogram ... ok
[INFO] [stdout] test impact_metrics::registry::tests::should_return_zero_value_after_flushing ... ok
[INFO] [stdout] test impact_metrics::types::tests::test_deserialize_plus_inf_to_infinity ... ok
[INFO] [stdout] test impact_metrics::types::tests::test_serialize_infinity_to_plus_inf ... ok
[INFO] [stdout] test impact_metrics::types::tests::test_round_trip_serialization_infinity ... ok
[INFO] [stdout] test impact_metrics::registry::tests::should_track_gauge_values_separately_per_label_set ... ok
[INFO] [stdout] test impact_metrics::types::tests::test_serialize_deserialize_in_collected_metric ... ok
[INFO] [stdout] test strategy_parsing::tests::arbitrary_unicode_is_handled::exclamation_marks ... ok
[INFO] [stdout] test strategy_parsing::tests::arbitrary_unicode_is_handled::teenager_characters ... ok
[INFO] [stdout] test strategy_parsing::tests::can_chain_operators::_0_true_and_true_and_false_false_expects ... ok
[INFO] [stdout] test strategy_parsing::tests::can_chain_operators::_0_true_and_true_and_true_true_expects ... ok
[INFO] [stdout] test strategy_parsing::tests::arbitrary_unicode_is_handled::japanese_characters ... ok
[INFO] [stdout] test strategy_parsing::tests::arbitrary_unicode_is_handled::norwegian_characters ... ok
[INFO] [stdout] test strategy_parsing::tests::can_chain_operators::_1_user_id_1_and_user_id_1_and_user_id_1_false_expects ... ok
[INFO] [stdout] test strategy_parsing::tests::arbitrary_unicode_is_handled::limited_punctuation_characters ... ok
[INFO] [stdout] test impact_metrics::registry::tests::should_observe_histogram_values ... ok
[INFO] [stdout] test strategy_parsing::tests::can_chain_operators::_2_user_id_1_and_user_id_1_false_expects ... ok
[INFO] [stdout] test strategy_parsing::tests::can_chain_operators::_4_user_id_5_or_user_id_5_true_expects ... ok
[INFO] [stdout] test strategy_parsing::tests::can_chain_operators::_5_user_id_6_and_user_id_2_true_expects ... ok
[INFO] [stdout] test strategy_parsing::tests::can_chain_operators::_9_user_id_9_or_user_id_5_and_user_id_5_true_expects ... ok
[INFO] [stdout] test strategy_parsing::tests::empty_lists_are_tolerated ... ok
[INFO] [stdout] test impact_metrics::registry::tests::should_return_empty_samples_for_gauge_after_collect ... ok
[INFO] [stdout] test impact_metrics::registry::tests::should_increment_by_default_value ... ok
[INFO] [stdout] test impact_metrics::registry::tests::should_return_zero_value_when_empty ... ok
[INFO] [stdout] test impact_metrics::registry::tests::should_silently_drop_invalid_values_for_all_metrics::positive_infinity ... ok
[INFO] [stdout] test strategy_parsing::tests::gets_context_property::_context_squirrels_7_false_expects ... ok
[INFO] [stdout] test strategy_parsing::tests::gets_context_property::_context_squirrels_2_true_expects ... ok
[INFO] [stdout] test strategy_parsing::tests::gradual_rollout_user_id_disabled_with_no_user ... ok
[INFO] [stdout] test strategy_parsing::tests::handles_dates_with_truncated_milliseconds ... ok
[INFO] [stdout] test strategy_parsing::tests::inversion_works_on_external_values ... ok
[INFO] [stdout] test strategy_parsing::tests::inversion_works_on_string_any_rules ... ok
[INFO] [stdout] test strategy_parsing::tests::missing_external_value_produces_false_without_error ... ok
[INFO] [stdout] test strategy_parsing::tests::not_in_is_always_true_when_no_context_value ... ok
[INFO] [stdout] test strategy_parsing::tests::converting_a_context_to_enriched_context_assumes_now_for_time_if_not_set ... ok
[INFO] [stdout] test strategy_parsing::tests::remote_address_constraint_never_matches_missing_context ... ok
[INFO] [stdout] test impact_metrics::registry::tests::should_support_gauge_inc_dec_and_set ... ok
[INFO] [stdout] test strategy_parsing::tests::remote_address_constraint_respects_subnets_and_ipv6::contains_exact_match_on_first ... ok
[INFO] [stdout] test strategy_parsing::tests::date_constraint_respects_timezones ... ok
[INFO] [stdout] test strategy_parsing::tests::remote_address_constraint_respects_subnets_and_ipv6::contains_exact_match_on_second ... ok
[INFO] [stdout] test impact_metrics::registry::tests::should_preserve_exact_data_when_restoring_histogram ... ok
[INFO] [stdout] test strategy_parsing::tests::remote_address_constraint_respects_subnets_and_ipv6::exact_match ... ok
[INFO] [stdout] test strategy_parsing::tests::remote_address_constraint_respects_subnets_and_ipv6::contains_exact_match_on_third ... ok
[INFO] [stdout] test strategy_parsing::tests::remote_address_constraint_respects_subnets_and_ipv6::matches_ipv6_in_mixed_ipv4_ipv6_list ... ok
[INFO] [stdout] test strategy_parsing::tests::remote_address_constraint_respects_subnets_and_ipv6::contains_subnet_match_on_fourth ... ok
[INFO] [stdout] test strategy_parsing::tests::remote_address_constraint_respects_subnets_and_ipv6::matches_base_ipv6_address ... ok
[INFO] [stdout] test strategy_parsing::tests::remote_address_constraint_respects_subnets_and_ipv6::matches_first_in_ipv6_list ... ok
[INFO] [stdout] test strategy_parsing::tests::remote_address_constraint_respects_subnets_and_ipv6::matches_ip_address_in_subnet ... ok
[INFO] [stdout] test strategy_parsing::tests::remote_address_constraint_respects_subnets_and_ipv6::matches_ipv4_in_mixed_ipv4_ipv6_list ... ok
[INFO] [stdout] test strategy_parsing::tests::gets_context_property::_context_penguins_7_true_expects ... ok
[INFO] [stdout] test strategy_parsing::tests::escaping_strings_works ... ok
[INFO] [stdout] test strategy_parsing::tests::remote_address_constraint_respects_subnets_and_ipv6::tolerates_broken_ip_in_strategy_list ... ok
[INFO] [stdout] test strategy_parsing::tests::run_boolean_constraint::_false_or_false_false_expects ... ok
[INFO] [stdout] test strategy_parsing::tests::remote_address_constraint_respects_subnets_and_ipv6::matches_second_in_ipv6_list ... ok
[INFO] [stdout] test strategy_parsing::tests::remote_address_constraint_respects_subnets_and_ipv6::rejects_non_containing_ip_address ... ok
[INFO] [stdout] test strategy_parsing::tests::remote_address_constraint_respects_subnets_and_ipv6::rejects_ipv6_not_in_subnet ... ok
[INFO] [stdout] test strategy_parsing::tests::remote_address_constraint_respects_subnets_and_ipv6::rejects_non_matching_ipv6 ... ok
[INFO] [stdout] test strategy_parsing::tests::run_boolean_constraint::_false_false_expects ... ok
[INFO] [stdout] test strategy_parsing::tests::run_boolean_constraint::_true_or_false_true_expects ... ok
[INFO] [stdout] test strategy_parsing::tests::run_boolean_constraint::_false_or_true_true_expects ... ok
[INFO] [stdout] test strategy_parsing::tests::run_boolean_constraint::_true_true_expects ... ok
[INFO] [stdout] test strategy_parsing::tests::run_boolean_constraint::_true_and_true_true_expects ... ok
[INFO] [stdout] test strategy_parsing::tests::run_date_operators_tests::_context_cutoff_2022_01_25t11_00_00_000z_false_expects ... ok
[INFO] [stdout] test strategy_parsing::tests::remote_address_constraint_respects_subnets_and_ipv6::matches_third_in_ipv6_list ... ok
[INFO] [stdout] test strategy_parsing::tests::remote_address_constraint_respects_subnets_and_ipv6::rejects_ip_address_not_in_subnet ... ok
[INFO] [stdout] test strategy_parsing::tests::run_boolean_constraint::_false_and_true_false_expects ... ok
[INFO] [stdout] test strategy_parsing::tests::run_null_coalesce_test::falls_back_to_none_eventually ... ok
[INFO] [stdout] test strategy_parsing::tests::run_null_coalesce_test::respects_custom_context ... ok
[INFO] [stdout] test strategy_parsing::tests::run_numeric_list_test::_context_i_do_not_exist_in_dfsfsd_true_expects ... ok
[INFO] [stdout] test strategy_parsing::tests::run_numeric_list_test::_user_id_in_1_3_5_false_expects ... ok
[INFO] [stdout] test strategy_parsing::tests::run_invert_rest::_user_id_8_false_expects ... ok
[INFO] [stdout] test strategy_parsing::tests::evaluate_regex_match_ignoring_case ... ok
[INFO] [stdout] test strategy_parsing::tests::run_numeric_list_test::_user_id_in_1_3_6_false_expects ... ok
[INFO] [stdout] test strategy_parsing::tests::evaluate_regex_match ... ok
[INFO] [stdout] test strategy_parsing::tests::external_value_is_respected ... ok
[INFO] [stdout] test strategy_parsing::tests::run_numeric_list_test::_user_id_in_dfsfsd_false_expects ... ok
[INFO] [stdout] test strategy_parsing::tests::run_date_operators_tests::_context_cutoff_2022_01_25t11_00_00_000z_true_expects ... ok
[INFO] [stdout] test strategy_parsing::tests::run_numeric_list_test::_user_id_not_in_1_3_6_true_expects ... ok
[INFO] [stdout] test strategy_parsing::tests::run_numeric_list_test::_user_id_not_in_1_3_5_true_expects ... ok
[INFO] [stdout] test strategy_parsing::tests::run_date_operators_tests::_context_cutoff_2022_01_25t12_00_00_000z_false_expects ... ok
[INFO] [stdout] test strategy_parsing::tests::run_numeric_list_test::_user_id_not_in_dfsfsd_true_expects ... ok
[INFO] [stdout] test strategy_parsing::tests::run_date_operators_tests::_context_cutoff_2022_01_25t12_00_00_000z_true_expects ... ok
[INFO] [stdout] test strategy_parsing::tests::run_null_coalesce_test::picks_first_if_present ... ok
[INFO] [stdout] test strategy_parsing::tests::run_string_operators_tests::_user_id_contains_any_email_false_expects ... ok
[INFO] [stdout] test strategy_parsing::tests::run_rollout_test::_100_sticky_on_random_true_expects ... ok
[INFO] [stdout] test strategy_parsing::tests::run_string_operators_tests::_user_id_contains_any_email_true_expects ... ok
[INFO] [stdout] test strategy_parsing::tests::run_rollout_test::_99_sticky_on_random_true_expects ... ok
[INFO] [stdout] test strategy_parsing::tests::run_string_operators_tests::_user_id_contains_any_ignore_case_email_true_expects ... ok
[INFO] [stdout] test strategy_parsing::tests::run_numeric_list_test::_context_i_do_not_exist_not_in_dfsfsd_false_expects ... ok
[INFO] [stdout] test strategy_parsing::tests::test_numeric_eq::_3_user_id_3_0_true_expects ... ok
[INFO] [stdout] test strategy_parsing::tests::test_numeric_eq::_3_0_user_id_3_0_true_expects ... ok
[INFO] [stdout] test strategy_parsing::tests::test_numeric_eq::_3_0_user_id_3_true_expects ... ok
[INFO] [stdout] test strategy_parsing::tests::run_date_operators_tests::_context_cutoff_2022_01_25t13_00_00_000z_true_expects ... ok
[INFO] [stdout] test strategy_parsing::tests::run_string_operators_tests::_user_id_ends_with_any_com_true_expects ... ok
[INFO] [stdout] test strategy_parsing::tests::run_rollout_test_with_group_id::_55_sticky_on_user_id_with_group_id_of_feature_flexiblerollout_userid_55_true_expects ... ok
[INFO] [stdout] test strategy_parsing::tests::test_numeric_eq::_3_user_id_3_true_expects ... ok
[INFO] [stdout] test strategy_parsing::tests::run_string_operators_tests::_user_id_starts_with_any_some_true_expects ... ok
[INFO] [stdout] test strategy_parsing::tests::run_rollout_test_with_stickiness::_100_sticky_on_user_id_true_expects ... ok
[INFO] [stdout] test strategy_parsing::tests::run_date_operators_tests::_context_cutoff_2022_01_25t14_00_00_000z_true_expects ... ok
[INFO] [stdout] test strategy_parsing::tests::run_string_operators_tests::_user_id_ends_with_any_ignore_case_com_true_expects ... ok
[INFO] [stdout] test strategy_parsing::tests::run_null_coalesce_test::falls_back_multiple_times_to_non_null_values ... ok
[INFO] [stdout] test strategy_parsing::tests::run_string_operators_tests::_user_id_starts_with_any_ignore_case_some_true_expects ... ok
[INFO] [stdout] test strategy_parsing::tests::test_numeric_gt::_4_user_id_4_false_expects ... ok
[INFO] [stdout] test strategy_parsing::tests::test_numeric_gt::_5_user_id_4_true_expects ... ok
[INFO] [stdout] test strategy_parsing::tests::test_numeric_gte::_3_user_id_4_false_expects ... ok
[INFO] [stdout] test strategy_parsing::tests::test_numeric_lt::_4_0_user_id_4_false_expects ... ok
[INFO] [stdout] test strategy_parsing::tests::test_numeric_lt::_4_0_user_id_5_0_false_expects ... ok
[INFO] [stdout] test strategy_parsing::tests::test_numeric_lt::_4_0_user_id_5_0_true_expects ... ok
[INFO] [stdout] test strategy_parsing::tests::test_numeric_lt::_4_0_user_id_5_false_expects ... ok
[INFO] [stdout] test strategy_parsing::tests::test_numeric_lt::_4_0_user_id_5_true_expects ... ok
[INFO] [stdout] test strategy_parsing::tests::test_numeric_lt::_4_user_id_5_true_expects ... ok
[INFO] [stdout] test strategy_parsing::tests::test_numeric_lt::_5_user_id_5_0_false_expects ... ok
[INFO] [stdout] test strategy_parsing::tests::test_numeric_lt::_5_user_id_5_false_expects ... ok
[INFO] [stdout] test strategy_parsing::tests::test_numeric_lt::_6_0_user_id_5_0_false_expects ... ok
[INFO] [stdout] test strategy_parsing::tests::test_numeric_lt::_6_0_user_id_5_false_expects ... ok
[INFO] [stdout] test strategy_parsing::tests::test_numeric_lt::_6_user_id_5_0_false_expects ... ok
[INFO] [stdout] test strategy_parsing::tests::test_numeric_gte::_4_0_user_id_5_2_true_expects ... ok
[INFO] [stdout] test strategy_parsing::tests::test_numeric_gte::_3_user_id_2_true_expects ... ok
[INFO] [stdout] test strategy_parsing::tests::test_numeric_gte::_3_user_id_3_true_expects ... ok
[INFO] [stdout] test strategy_parsing::tests::test_numeric_lt::_6_user_id_5_false_expects ... ok
[INFO] [stdout] test strategy_parsing::tests::test_numeric_lt::_4_0_user_id_4_0_false_expects ... ok
[INFO] [stdout] test strategy_parsing::tests::test_numeric_lte::_3_user_id_3_true_expects ... ok
[INFO] [stdout] test strategy_parsing::tests::test_numeric_lte::_3_user_id_2_false_expects ... ok
[INFO] [stdout] test strategy_parsing::tests::test_numeric_lte::_4_0_user_id_5_2_false_expects ... ok
[INFO] [stdout] test strategy_parsing::tests::test_numeric_lte::_3_user_id_4_true_expects ... ok
[INFO] [stdout] test strategy_parsing::tests::test_numeric_eq::_4_user_id_3_false_expects ... ok
[INFO] [stdout] test strategy_parsing::tests::test_semver_gt::_3_0_0_beta_2_user_id_3_0_0_beta_1_true_expects ... ok
[INFO] [stdout] test strategy_parsing::tests::test_random_parses ... ok
[INFO] [stdout] test strategy_parsing::tests::test_numeric_eq::_4_user_id_4_true_expects ... ok
[INFO] [stdout] test strategy_parsing::tests::test_numeric_gt::_3_user_id_4_false_expects ... ok
[INFO] [stdout] test strategy_parsing::tests::test_numeric_lt::_4_0_user_id_3_true_expects ... ok
[INFO] [stdout] test strategy_parsing::tests::test_numeric_lt::_4_user_id_5_0_true_expects ... ok
[INFO] [stdout] test impact_metrics::registry::tests::should_store_different_label_combinations_separately ... ok
[INFO] [stdout] test strategy_parsing::tests::test_numeric_lt::_4_0_user_id_3_0_true_expects ... ok
[INFO] [stdout] test strategy_parsing::tests::run_numeric_list_test::_user_id_in_1_3_6_true_expects ... ok
[INFO] [stdout] test strategy_parsing::tests::test_semver_gt::_30_0_0_user_id_30_0_0_true_expects ... ok
[INFO] [stdout] test strategy_parsing::tests::arbitrary_unicode_is_handled::greek_characters ... ok
[INFO] [stdout] test strategy_parsing::tests::test_semver_gt::_3_0_0_beta_stuff_build1_user_id_3_0_0_beta_stuff_build1_true_expects ... ok
[INFO] [stdout] test strategy_parsing::tests::test_semver_gt::_3_0_0_beta_stuff_build1_user_id_3_0_0_beta_stuff_build2_true_expects ... ok
[INFO] [stdout] test strategy_parsing::tests::evaluates_quotes_in_stringy_rules_correctly ... ok
[INFO] [stdout] test strategy_parsing::tests::test_semver_gt::_3_0_0_beta_user_id_3_0_0_alpha_false_expects ... ok
[INFO] [stdout] test strategy_parsing::tests::test_semver_gt::_3_0_0_user_id_3_0_0_false_expects ... ok
[INFO] [stdout] test strategy_parsing::tests::test_semver_gt::_3_0_0_user_id_3_0_0_true_expects ... ok
[INFO] [stdout] test strategy_parsing::tests::test_semver_gt::_3_0_1_user_id_3_0_1_true_expects ... ok
[INFO] [stdout] test strategy_parsing::tests::test_semver_gt::_3_0_2_user_id_3_0_1_true_expects ... ok
[INFO] [stdout] test strategy_parsing::tests::test_semver_lt::_3_0_0_beta_stuff_build1_user_id_3_0_0_beta_stuff_build1_true_expects ... ok
[INFO] [stdout] test strategy_parsing::tests::test_semver_lt::_3_0_0_beta_stuff_user_id_3_0_0_beta_stuff_true_expects ... ok
[INFO] [stdout] test strategy_parsing::tests::test_semver_lt::_3_0_0_beta_user_id_3_0_0_beta_true_expects ... ok
[INFO] [stdout] test strategy_parsing::tests::test_semver_lt::_3_0_0_user_id_3_0_0_alpha_false_expects ... ok
[INFO] [stdout] test strategy_parsing::tests::test_semver_lt::_3_0_0_beta_user_id_3_0_0_alpha_false_expects ... ok
[INFO] [stdout] test strategy_parsing::tests::test_semver_lt::_30_0_0_user_id_30_0_0_true_expects ... ok
[INFO] [stdout] test strategy_parsing::tests::test_semver_lt::_3_0_1_user_id_3_0_1_true_expects ... ok
[INFO] [stdout] test strategy_parsing::tests::test_semver_gt::_3_0_0_beta_user_id_3_0_0_alpha_true_expects ... ok
[INFO] [stdout] test strategy_parsing::tests::test_semver_lt::_3_0_1_beta_user_id_3_0_1_alpha_false_expects ... ok
[INFO] [stdout] test strategy_parsing::tests::test_semver_lt::_3_0_0_user_id_3_0_0_true_expects ... ok
[INFO] [stdout] test strategy_parsing::tests::test_semver_lt::_3_0_0_beta_2_user_id_3_0_0_beta_1_false_expects ... ok
[INFO] [stdout] test strategy_upgrade::tests::comparator_constraint::operator_dateafter_user_id_7_expects ... ok
[INFO] [stdout] test strategy_parsing::tests::test_semver_gt::_3_0_0_beta_user_id_3_0_0_beta_true_expects ... ok
[INFO] [stdout] test strategy_upgrade::tests::comparator_constraint::operator_numlt_user_id_7_expects ... ok
[INFO] [stdout] test strategy_upgrade::tests::comparator_constraint::operator_numgt_user_id_7_expects ... ok
[INFO] [stdout] test strategy_parsing::tests::test_semver_gt::_3_0_0_user_id_3_0_0_alpha_true_expects ... ok
[INFO] [stdout] test strategy_parsing::tests::test_semver_gt::_3_0_0_beta_stuff_build2_user_id_3_0_0_beta_stuff_build1_false_expects ... ok
[INFO] [stdout] test strategy_parsing::tests::test_semver_gt::_3_0_0_beta_stuff_user_id_3_0_0_beta_stuff_true_expects ... ok
[INFO] [stdout] test strategy_upgrade::tests::comparator_constraint::operator_datebefore_user_id_7_expects ... ok
[INFO] [stdout] test strategy_upgrade::tests::comparator_constraint::operator_semverlt_user_id_7_expects ... ok
[INFO] [stdout] test strategy_upgrade::tests::correctly_escapes_free_quotes_in_string_operators ... ok
[INFO] [stdout] test strategy_upgrade::tests::adds_parenthesis_to_constrained_strategy ... ok
[INFO] [stdout] test strategy_upgrade::tests::gradual_rollout_strategies_with_invalid_parameters_are_false::_gradualrolloutrandom_expects ... ok
[INFO] [stdout] test strategy_upgrade::tests::comparator_constraint::operator_numlte_user_id_7_expects ... ok
[INFO] [stdout] test strategy_upgrade::tests::custom_strategy_count_is_only_incremented_for_custom_strategies ... ok
[INFO] [stdout] test strategy_parsing::tests::test_semver_lt::_3_0_2_user_id_3_0_1_false_expects ... ok
[INFO] [stdout] test strategy_upgrade::tests::comparator_constraint::operator_numgte_user_id_7_expects ... ok
[INFO] [stdout] test strategy_upgrade::tests::handles_negation::true_user_id_7_expects ... ok
[INFO] [stdout] test strategy_upgrade::tests::remote_address_strategy_upgrades_to_ip_contains_constraint ... ok
[INFO] [stdout] test strategy_upgrade::tests::scalar_constraint_without_value_returns_parse_error::operator_semverlt_expects ... ok
[INFO] [stdout] test strategy_upgrade::tests::multiple_strategies_are_chained_with_ors ... ok
[INFO] [stdout] test strategy_upgrade::tests::scalar_constraint_without_value_returns_parse_error::operator_numlt_expects ... ok
[INFO] [stdout] test strategy_upgrade::tests::no_strategy_is_always_true ... ok
[INFO] [stdout] test strategy_upgrade::tests::multiple_constraints_are_chained_with_ands ... ok
[INFO] [stdout] test strategy_upgrade::tests::gradual_rollout_strategies_with_invalid_parameters_are_false::_gradualrolloutsessionid_expects ... ok
[INFO] [stdout] test strategy_upgrade::tests::handles_negation::false_user_id_7_expects ... ok
[INFO] [stdout] test strategy_upgrade::tests::multiple_strategies_with_multiple_constraints_have_correct_order_of_operations ... ok
[INFO] [stdout] test strategy_upgrade::tests::produces_compilable_rule_from_incorrectly_formatted_user_id_strategy_parameters ... ok
[INFO] [stdout] test strategy_upgrade::tests::remote_address_with_invalid_parameters_is_false ... ok
[INFO] [stdout] test strategy_upgrade::tests::semver_constraint_with_v_prefixed_value_is_false ... ok
[INFO] [stdout] test strategy_upgrade::tests::upgrades_custom_strategy_to_a_named_lookup ... ok
[INFO] [stdout] test strategy_upgrade::tests::gradual_rollout_strategies_with_invalid_parameters_are_false::_gradualrolloutuserid_expects ... ok
[INFO] [stdout] test strategy_upgrade::tests::generates_valid_hostname_strategy_from_hostname_strategy ... ok
[INFO] [stdout] test strategy_upgrade::tests::upgrades_flexible_rollout_with_all_parameters ... ok
[INFO] [stdout] test strategy_upgrade::tests::strategy_with_empty_constraints_has_no_effect ... ok
[INFO] [stdout] test strategy_upgrade::tests::upgrades_arbitrary_context_correctly ... ok
[INFO] [stdout] test strategy_upgrade::tests::strategy_with_no_constraints_has_no_effect ... ok
[INFO] [stdout] test strategy_upgrade::tests::comparator_constraint::operator_semvergt_user_id_7_expects ... ok
[INFO] [stdout] test strategy_upgrade::tests::upgrades_flexible_rollout_with_only_rollout ... ok
[INFO] [stdout] test strategy_upgrade::tests::upgrades_flexible_rollout_without_stickiness ... ok
[INFO] [stdout] test strategy_upgrade::tests::upgrades_flexible_rollout_with_default_stickiness ... ok
[INFO] [stdout] test strategy_upgrade::tests::upgrades_string_list_operator::operator_strendswith_true_user_id_ends_with_any_ignore_case_some_thing_expects ... ok
[INFO] [stdout] test strategy_upgrade::tests::upgrades_string_list_operator::operator_strcontains_true_user_id_contains_any_ignore_case_some_thing_expects ... ok
[INFO] [stdout] test strategy_upgrade::tests::upgrades_string_list_operator::operator_strstartswith_false_user_id_starts_with_any_some_thing_expects ... ok
[INFO] [stdout] test strategy_upgrade::tests::upgrades_string_list_operator::operator_strendswith_false_user_id_ends_with_any_some_thing_expects ... ok
[INFO] [stdout] test strategy_upgrade::tests::upgrades_string_list_operator::operator_strstartswith_true_user_id_starts_with_any_ignore_case_some_thing_expects ... ok
[INFO] [stdout] test strategy_upgrade::tests::upgrades_string_list_operator::operator_strcontains_false_user_id_contains_any_some_thing_expects ... ok
[INFO] [stdout] test strategy_upgrade::tests::user_id_strategy_with_no_user_ids_is_false ... ok
[INFO] [stdout] test test::a_variant_with_zero_weight_can_never_be_selected ... ok
[INFO] [stdout] test test::empty_strategy_variants_do_not_block_non_strategy_variants_from_working ... ok
[INFO] [stdout] test test::get_variant_and_is_enabled_do_not_increment_metrics ... ok
[INFO] [stdout] test test::get_variant_resolves_to_default_variant_when_variants_is_empty ... ok
[INFO] [stdout] test strategy_upgrade::tests::upgrades_flexible_rollout_with_random_stickiness ... ok
[INFO] [stdout] test test::get_state_returns_default_when_empty ... ok
[INFO] [stdout] test strategy_upgrade::tests::upgrades_flexible_rollout_without_group_id ... ok
[INFO] [stdout] test test::invalid_toggles_do_not_affect_other_toggles ... ok
[INFO] [stdout] test test::get_state_returns_previous_state_when_loaded ... ok
[INFO] [stdout] test test::inverted_numerical_constraint_still_invert_when_context_field_missing ... ok
[INFO] [stdout] test test::getting_metrics_clears_existing_metrics ... ok
[INFO] [stdout] test test::inverted_list_constraint_still_invert_when_context_field_missing ... ok
[INFO] [stdout] test test::can_load_single ... FAILED
[INFO] [stdout] test test::no_valid_metrics_yields_none ... ok
[INFO] [stdout] test test::resolves_all_toggles ... ok
[INFO] [stdout] test test::can_update_existing_state ... FAILED
[INFO] [stdout] test test::resolves_single_toggles ... ok
[INFO] [stdout] test test::run_client_spec::gradual_rollout_random ... FAILED
[INFO] [stdout] test test::run_client_spec::delta_hydration_tests ... FAILED
[INFO] [stdout] test test::run_client_spec::dependent_features ... FAILED
[INFO] [stdout] test test::run_client_spec::advanced_constraints ... FAILED
[INFO] [stdout] test test::run_client_spec::basic_client_spec ... FAILED
[INFO] [stdout] test test::run_client_spec::gradual_rollout_session_id_strategy ... FAILED
[INFO] [stdout] test test::get_variant_does_not_evaluate_strategy_variants_twice ... ok
[INFO] [stdout] test test::run_client_spec::cidr_constraints ... FAILED
[INFO] [stdout] test test::run_client_spec::segments ... FAILED
[INFO] [stdout] test test::run_client_spec::regex_constraint_operators ... FAILED
[INFO] [stdout] test test::run_client_spec::flexible_rollout_strategy ... FAILED
[INFO] [stdout] test test::parent_flags_are_consulted_for_get_variant ... ok
[INFO] [stdout] test test::run_client_spec::remote_address ... FAILED
[INFO] [stdout] test test::run_client_spec::multiple_strategies ... FAILED
[INFO] [stdout] test test::run_client_spec::strategy_constraints ... FAILED
[INFO] [stdout] test test::run_client_spec::variants ... FAILED
[INFO] [stdout] test test::run_client_spec::custom_stickiness ... FAILED
[INFO] [stdout] test test::run_client_spec::utf_8_tests ... FAILED
[INFO] [stdout] test test::getting_metrics_restarts_time ... ok
[INFO] [stdout] test test::run_client_spec::gradual_rollout_user_id_strategy ... FAILED
[INFO] [stdout] test test::run_client_spec::delta_events_tests ... FAILED
[INFO] [stdout] test test::strategy_variants_are_selected_over_base_variants_if_present_and_also_when_previous_failing_strategy_has_none ... ok
[INFO] [stdout] test test::strategy_variants_respect_toggles_being_disabled ... ok
[INFO] [stdout] test test::test_get_seed::should_use_custom_sessionid_stickiness ... ok
[INFO] [stdout] test test::variant_override_resolves_with_arbitrary_context_fields::basic_example ... ok
[INFO] [stdout] test test::variant_override_resolves_with_arbitrary_context_fields::resolves_against_arbitrary_context_field ... ok
[INFO] [stdout] test test::strategy_variants_are_selected_over_base_variants_if_present ... ok
[INFO] [stdout] test test::variant_override_resolves_with_arbitrary_context_fields::resolves_against_currenttime ... ok
[INFO] [stdout] test test::run_client_spec::semver_constraints ... FAILED
[INFO] [stdout] test test::test_get_seed::should_use_custom_userid_stickiness ... ok
[INFO] [stdout] test test::run_client_spec::strategy_constraint_edge_cases ... FAILED
[INFO] [stdout] test test::run_client_spec::strategy_variants ... FAILED
[INFO] [stdout] test test::run_client_spec::user_id_with_strategy ... FAILED
[INFO] [stdout] test test::stickiness_for_variants_falls_back_to_random_if_no_context_property_present ... ok
[INFO] [stdout] test test::variant_override_resolves_with_arbitrary_context_fields::resolves_against_environment ... ok
[INFO] [stdout] test test::test_get_seed::should_return_no_seed_for_random_stickiness ... ok
[INFO] [stdout] test test::test_get_seed::should_return_userid_for_default_stickiness ... ok
[INFO] [stdout] test test::variant_override_resolves_with_arbitrary_context_fields::expected_not_to_match_against_missing_property ... ok
[INFO] [stdout] test test::variant_override_resolves_with_arbitrary_context_fields::resolves_against_remote_address ... ok
[INFO] [stdout] test test::variant_override_resolves_with_arbitrary_context_fields::resolves_against_app_name ... ok
[INFO] [stdout] test test::test_get_seed::should_use_default_stickiness_if_none_is_defined ... ok
[INFO] [stdout] test test::test_get_seed::should_use_custom_stickiness ... ok
[INFO] [stdout] test test::variant_override_resolves_with_arbitrary_context_fields::resolves_against_session_id ... ok
[INFO] [stdout] test test::variant_override_resolves_with_arbitrary_context_fields::with_multiple_values ... ok
[INFO] [stdout] 
[INFO] [stdout] failures:
[INFO] [stdout] 
[INFO] [stdout] ---- test::can_load_single stdout ----
[INFO] [stdout] 
[INFO] [stdout] thread 'test::can_load_single' (1837) panicked at src/lib.rs:986:52:
[INFO] [stdout] Should have been able to read the file: Os { code: 2, kind: NotFound, message: "No such file or directory" }
[INFO] [stdout] stack backtrace:
[INFO] [stdout]    0:     0x600477c2e911 - <<std[70759c8f55707aa4]::sys::backtrace::BacktraceLock>::print::DisplayBacktrace as core[df12db4294e9bfd3]::fmt::Display>::fmt
[INFO] [stdout]    1:     0x600477c45faa - core[df12db4294e9bfd3]::fmt::write
[INFO] [stdout]    2:     0x600477c32e5c - <alloc[2182bb758b4b3781]::vec::Vec<u8> as core[df12db4294e9bfd3]::io::write::Write>::write_fmt
[INFO] [stdout]    3:     0x600477c0a8b6 - std[70759c8f55707aa4]::panicking::default_hook::{closure#0}
[INFO] [stdout]    4:     0x600477c26a29 - std[70759c8f55707aa4]::panicking::default_hook
[INFO] [stdout]    5:     0x600477adc4f0 - test[9d35eded1c95d3be]::test_main_inner::<test[9d35eded1c95d3be]::test_main_static::{closure#0}>::{closure#0}
[INFO] [stdout]    6:     0x600477c26be2 - std[70759c8f55707aa4]::panicking::panic_with_hook
[INFO] [stdout]    7:     0x600477c0a962 - std[70759c8f55707aa4]::panicking::panic_handler::{closure#0}
[INFO] [stdout]    8:     0x600477c03529 - std[70759c8f55707aa4]::sys::backtrace::__rust_end_short_backtrace::<std[70759c8f55707aa4]::panicking::panic_handler::{closure#0}, !>
[INFO] [stdout]    9:     0x600477c0b55d - __rustc[8fa7c3cbc660c2b3]::rust_begin_unwind
[INFO] [stdout]   10:     0x600477c4678c - core[df12db4294e9bfd3]::panicking::panic_fmt
[INFO] [stdout]   11:     0x600477c46562 - core[df12db4294e9bfd3]::result::unwrap_failed
[INFO] [stdout]   12:     0x600477a535a3 - unleash_yggdrasil[9d6663257e863ffc]::test::load_delta
[INFO] [stdout]   13:     0x600477a56176 - unleash_yggdrasil[9d6663257e863ffc]::test::can_load_single
[INFO] [stdout]   14:     0x600477a6f049 - <unleash_yggdrasil[9d6663257e863ffc]::test::can_load_single::{closure#0} as core[df12db4294e9bfd3]::ops::function::FnOnce<()>>::call_once
[INFO] [stdout]   15:     0x600477acf7db - test[9d35eded1c95d3be]::__rust_begin_short_backtrace::<core[df12db4294e9bfd3]::result::Result<(), alloc[2182bb758b4b3781]::string::String>, fn() -> core[df12db4294e9bfd3]::result::Result<(), alloc[2182bb758b4b3781]::string::String>>
[INFO] [stdout]   16:     0x600477adce45 - test[9d35eded1c95d3be]::run_test::{closure#0}
[INFO] [stdout]   17:     0x600477ad6704 - std[70759c8f55707aa4]::sys::backtrace::__rust_begin_short_backtrace::<test[9d35eded1c95d3be]::run_test::{closure#1}, ()>
[INFO] [stdout]   18:     0x600477adffa2 - <std[70759c8f55707aa4]::thread::lifecycle::spawn_unchecked<test[9d35eded1c95d3be]::run_test::{closure#1}, ()>::{closure#1} as core[df12db4294e9bfd3]::ops::function::FnOnce<()>>::call_once::{shim:vtable#0}
[INFO] [stdout]   19:     0x600477c2de49 - <std[70759c8f55707aa4]::sys::thread::unix::Thread>::new::thread_start
[INFO] [stdout]   20:     0x722a04a6bdfa - <unknown>
[INFO] [stdout]   21:     0x722a04aff3d4 - clone
[INFO] [stdout]   22:                0x0 - <unknown>
[INFO] [stdout] 
[INFO] [stdout] ---- test::can_update_existing_state stdout ----
[INFO] [stdout] 
[INFO] [stdout] thread 'test::can_update_existing_state' (1838) panicked at src/lib.rs:986:52:
[INFO] [stdout] Should have been able to read the file: Os { code: 2, kind: NotFound, message: "No such file or directory" }
[INFO] [stdout] stack backtrace:
[INFO] [stdout]    0:     0x600477c2e911 - <<std[70759c8f55707aa4]::sys::backtrace::BacktraceLock>::print::DisplayBacktrace as core[df12db4294e9bfd3]::fmt::Display>::fmt
[INFO] [stdout]    1:     0x600477c45faa - core[df12db4294e9bfd3]::fmt::write
[INFO] [stdout]    2:     0x600477c32e5c - <alloc[2182bb758b4b3781]::vec::Vec<u8> as core[df12db4294e9bfd3]::io::write::Write>::write_fmt
[INFO] [stdout]    3:     0x600477c0a8b6 - std[70759c8f55707aa4]::panicking::default_hook::{closure#0}
[INFO] [stdout]    4:     0x600477c26a29 - std[70759c8f55707aa4]::panicking::default_hook
[INFO] [stdout]    5:     0x600477adc4f0 - test[9d35eded1c95d3be]::test_main_inner::<test[9d35eded1c95d3be]::test_main_static::{closure#0}>::{closure#0}
[INFO] [stdout]    6:     0x600477c26be2 - std[70759c8f55707aa4]::panicking::panic_with_hook
[INFO] [stdout]    7:     0x600477c0a962 - std[70759c8f55707aa4]::panicking::panic_handler::{closure#0}
[INFO] [stdout]    8:     0x600477c03529 - std[70759c8f55707aa4]::sys::backtrace::__rust_end_short_backtrace::<std[70759c8f55707aa4]::panicking::panic_handler::{closure#0}, !>
[INFO] [stdout]    9:     0x600477c0b55d - __rustc[8fa7c3cbc660c2b3]::rust_begin_unwind
[INFO] [stdout]   10:     0x600477c4678c - core[df12db4294e9bfd3]::panicking::panic_fmt
[INFO] [stdout]   11:     0x600477c46562 - core[df12db4294e9bfd3]::result::unwrap_failed
[INFO] [stdout]   12:     0x600477a535a3 - unleash_yggdrasil[9d6663257e863ffc]::test::load_delta
[INFO] [stdout]   13:     0x600477a58077 - unleash_yggdrasil[9d6663257e863ffc]::test::can_update_existing_state
[INFO] [stdout]   14:     0x600477a6f0a9 - <unleash_yggdrasil[9d6663257e863ffc]::test::can_update_existing_state::{closure#0} as core[df12db4294e9bfd3]::ops::function::FnOnce<()>>::call_once
[INFO] [stdout]   15:     0x600477acf7db - test[9d35eded1c95d3be]::__rust_begin_short_backtrace::<core[df12db4294e9bfd3]::result::Result<(), alloc[2182bb758b4b3781]::string::String>, fn() -> core[df12db4294e9bfd3]::result::Result<(), alloc[2182bb758b4b3781]::string::String>>
[INFO] [stdout]   16:     0x600477adce45 - test[9d35eded1c95d3be]::run_test::{closure#0}
[INFO] [stdout]   17:     0x600477ad6704 - std[70759c8f55707aa4]::sys::backtrace::__rust_begin_short_backtrace::<test[9d35eded1c95d3be]::run_test::{closure#1}, ()>
[INFO] [stdout]   18:     0x600477adffa2 - <std[70759c8f55707aa4]::thread::lifecycle::spawn_unchecked<test[9d35eded1c95d3be]::run_test::{closure#1}, ()>::{closure#1} as core[df12db4294e9bfd3]::ops::function::FnOnce<()>>::call_once::{shim:vtable#0}
[INFO] [stdout]   19:     0x600477c2de49 - <std[70759c8f55707aa4]::sys::thread::unix::Thread>::new::thread_start
[INFO] [stdout]   20:     0x722a04a6bdfa - <unknown>
[INFO] [stdout]   21:     0x722a04aff3d4 - clone
[INFO] [stdout]   22:                0x0 - <unknown>
[INFO] [stdout] 
[INFO] [stdout] ---- test::run_client_spec::gradual_rollout_random stdout ----
[INFO] [stdout] 
[INFO] [stdout] thread 'test::run_client_spec::gradual_rollout_random' (1862) panicked at src/lib.rs:980:43:
[INFO] [stdout] Should have been able to read the file: Os { code: 2, kind: NotFound, message: "No such file or directory" }
[INFO] [stdout] stack backtrace:
[INFO] [stdout]    0:     0x600477c2e911 - <<std[70759c8f55707aa4]::sys::backtrace::BacktraceLock>::print::DisplayBacktrace as core[df12db4294e9bfd3]::fmt::Display>::fmt
[INFO] [stdout]    1:     0x600477c45faa - core[df12db4294e9bfd3]::fmt::write
[INFO] [stdout]    2:     0x600477c32e5c - <alloc[2182bb758b4b3781]::vec::Vec<u8> as core[df12db4294e9bfd3]::io::write::Write>::write_fmt
[INFO] [stdout]    3:     0x600477c0a8b6 - std[70759c8f55707aa4]::panicking::default_hook::{closure#0}
[INFO] [stdout]    4:     0x600477c26a29 - std[70759c8f55707aa4]::panicking::default_hook
[INFO] [stdout]    5:     0x600477adc4f0 - test[9d35eded1c95d3be]::test_main_inner::<test[9d35eded1c95d3be]::test_main_static::{closure#0}>::{closure#0}
[INFO] [stdout]    6:     0x600477c26be2 - std[70759c8f55707aa4]::panicking::panic_with_hook
[INFO] [stdout]    7:     0x600477c0a962 - std[70759c8f55707aa4]::panicking::panic_handler::{closure#0}
[INFO] [stdout]    8:     0x600477c03529 - std[70759c8f55707aa4]::sys::backtrace::__rust_end_short_backtrace::<std[70759c8f55707aa4]::panicking::panic_handler::{closure#0}, !>
[INFO] [stdout]    9:     0x600477c0b55d - __rustc[8fa7c3cbc660c2b3]::rust_begin_unwind
[INFO] [stdout]   10:     0x600477c4678c - core[df12db4294e9bfd3]::panicking::panic_fmt
[INFO] [stdout]   11:     0x600477c46562 - core[df12db4294e9bfd3]::result::unwrap_failed
[INFO] [stdout]   12:     0x600477a54547 - unleash_yggdrasil[9d6663257e863ffc]::test::run_client_spec
[INFO] [stdout]   13:     0x600477a6fc25 - <unleash_yggdrasil[9d6663257e863ffc]::test::run_client_spec::gradual_rollout_random::{closure#0} as core[df12db4294e9bfd3]::ops::function::FnOnce<()>>::call_once
[INFO] [stdout]   14:     0x600477acf7db - test[9d35eded1c95d3be]::__rust_begin_short_backtrace::<core[df12db4294e9bfd3]::result::Result<(), alloc[2182bb758b4b3781]::string::String>, fn() -> core[df12db4294e9bfd3]::result::Result<(), alloc[2182bb758b4b3781]::string::String>>
[INFO] [stdout]   15:     0x600477adce45 - test[9d35eded1c95d3be]::run_test::{closure#0}
[INFO] [stdout]   16:     0x600477ad6704 - std[70759c8f55707aa4]::sys::backtrace::__rust_begin_short_backtrace::<test[9d35eded1c95d3be]::run_test::{closure#1}, ()>
[INFO] [stdout]   17:     0x600477adffa2 - <std[70759c8f55707aa4]::thread::lifecycle::spawn_unchecked<test[9d35eded1c95d3be]::run_test::{closure#1}, ()>::{closure#1} as core[df12db4294e9bfd3]::ops::function::FnOnce<()>>::call_once::{shim:vtable#0}
[INFO] [stdout]   18:     0x600477c2de49 - <std[70759c8f55707aa4]::sys::thread::unix::Thread>::new::thread_start
[INFO] [stdout]   19:     0x722a04a6bdfa - <unknown>
[INFO] [stdout]   20:     0x722a04aff3d4 - clone
[INFO] [stdout]   21:                0x0 - <unknown>
[INFO] [stdout] 
[INFO] [stdout] ---- test::run_client_spec::delta_hydration_tests stdout ----
[INFO] [stdout] 
[INFO] [stdout] thread 'test::run_client_spec::delta_hydration_tests' (1859) panicked at src/lib.rs:980:43:
[INFO] [stdout] Should have been able to read the file: Os { code: 2, kind: NotFound, message: "No such file or directory" }
[INFO] [stdout] stack backtrace:
[INFO] [stdout]    0:     0x600477c2e911 - <<std[70759c8f55707aa4]::sys::backtrace::BacktraceLock>::print::DisplayBacktrace as core[df12db4294e9bfd3]::fmt::Display>::fmt
[INFO] [stdout]    1:     0x600477c45faa - core[df12db4294e9bfd3]::fmt::write
[INFO] [stdout]    2:     0x600477c32e5c - <alloc[2182bb758b4b3781]::vec::Vec<u8> as core[df12db4294e9bfd3]::io::write::Write>::write_fmt
[INFO] [stdout]    3:     0x600477c0a8b6 - std[70759c8f55707aa4]::panicking::default_hook::{closure#0}
[INFO] [stdout]    4:     0x600477c26a29 - std[70759c8f55707aa4]::panicking::default_hook
[INFO] [stdout]    5:     0x600477adc4f0 - test[9d35eded1c95d3be]::test_main_inner::<test[9d35eded1c95d3be]::test_main_static::{closure#0}>::{closure#0}
[INFO] [stdout]    6:     0x600477c26be2 - std[70759c8f55707aa4]::panicking::panic_with_hook
[INFO] [stdout]    7:     0x600477c0a962 - std[70759c8f55707aa4]::panicking::panic_handler::{closure#0}
[INFO] [stdout]    8:     0x600477c03529 - std[70759c8f55707aa4]::sys::backtrace::__rust_end_short_backtrace::<std[70759c8f55707aa4]::panicking::panic_handler::{closure#0}, !>
[INFO] [stdout]    9:     0x600477c0b55d - __rustc[8fa7c3cbc660c2b3]::rust_begin_unwind
[INFO] [stdout]   10:     0x600477c4678c - core[df12db4294e9bfd3]::panicking::panic_fmt
[INFO] [stdout]   11:     0x600477c46562 - core[df12db4294e9bfd3]::result::unwrap_failed
[INFO] [stdout]   12:     0x600477a54547 - unleash_yggdrasil[9d6663257e863ffc]::test::run_client_spec
[INFO] [stdout]   13:     0x600477a6fbc5 - <unleash_yggdrasil[9d6663257e863ffc]::test::run_client_spec::delta_hydration_tests::{closure#0} as core[df12db4294e9bfd3]::ops::function::FnOnce<()>>::call_once
[INFO] [stdout]   14:     0x600477acf7db - test[9d35eded1c95d3be]::__rust_begin_short_backtrace::<core[df12db4294e9bfd3]::result::Result<(), alloc[2182bb758b4b3781]::string::String>, fn() -> core[df12db4294e9bfd3]::result::Result<(), alloc[2182bb758b4b3781]::string::String>>
[INFO] [stdout]   15:     0x600477adce45 - test[9d35eded1c95d3be]::run_test::{closure#0}
[INFO] [stdout]   16:     0x600477ad6704 - std[70759c8f55707aa4]::sys::backtrace::__rust_begin_short_backtrace::<test[9d35eded1c95d3be]::run_test::{closure#1}, ()>
[INFO] [stdout]   17:     0x600477adffa2 - <std[70759c8f55707aa4]::thread::lifecycle::spawn_unchecked<test[9d35eded1c95d3be]::run_test::{closure#1}, ()>::{closure#1} as core[df12db4294e9bfd3]::ops::function::FnOnce<()>>::call_once::{shim:vtable#0}
[INFO] [stdout]   18:     0x600477c2de49 - <std[70759c8f55707aa4]::sys::thread::unix::Thread>::new::thread_start
[INFO] [stdout]   19:     0x722a04a6bdfa - <unknown>
[INFO] [stdout]   20:     0x722a04aff3d4 - clone
[INFO] [stdout]   21:                0x0 - <unknown>
[INFO] [stdout] 
[INFO] [stdout] ---- test::run_client_spec::dependent_features stdout ----
[INFO] [stdout] 
[INFO] [stdout] thread 'test::run_client_spec::dependent_features' (1860) panicked at src/lib.rs:980:43:
[INFO] [stdout] Should have been able to read the file: Os { code: 2, kind: NotFound, message: "No such file or directory" }
[INFO] [stdout] stack backtrace:
[INFO] [stdout]    0:     0x600477c2e911 - <<std[70759c8f55707aa4]::sys::backtrace::BacktraceLock>::print::DisplayBacktrace as core[df12db4294e9bfd3]::fmt::Display>::fmt
[INFO] [stdout]    1:     0x600477c45faa - core[df12db4294e9bfd3]::fmt::write
[INFO] [stdout]    2:     0x600477c32e5c - <alloc[2182bb758b4b3781]::vec::Vec<u8> as core[df12db4294e9bfd3]::io::write::Write>::write_fmt
[INFO] [stdout]    3:     0x600477c0a8b6 - std[70759c8f55707aa4]::panicking::default_hook::{closure#0}
[INFO] [stdout]    4:     0x600477c26a29 - std[70759c8f55707aa4]::panicking::default_hook
[INFO] [stdout]    5:     0x600477adc4f0 - test[9d35eded1c95d3be]::test_main_inner::<test[9d35eded1c95d3be]::test_main_static::{closure#0}>::{closure#0}
[INFO] [stdout]    6:     0x600477c26be2 - std[70759c8f55707aa4]::panicking::panic_with_hook
[INFO] [stdout]    7:     0x600477c0a962 - std[70759c8f55707aa4]::panicking::panic_handler::{closure#0}
[INFO] [stdout]    8:     0x600477c03529 - std[70759c8f55707aa4]::sys::backtrace::__rust_end_short_backtrace::<std[70759c8f55707aa4]::panicking::panic_handler::{closure#0}, !>
[INFO] [stdout]    9:     0x600477c0b55d - __rustc[8fa7c3cbc660c2b3]::rust_begin_unwind
[INFO] [stdout]   10:     0x600477c4678c - core[df12db4294e9bfd3]::panicking::panic_fmt
[INFO] [stdout]   11:     0x600477c46562 - core[df12db4294e9bfd3]::result::unwrap_failed
[INFO] [stdout]   12:     0x600477a54547 - unleash_yggdrasil[9d6663257e863ffc]::test::run_client_spec
[INFO] [stdout]   13:     0x600477a6fad5 - <unleash_yggdrasil[9d6663257e863ffc]::test::run_client_spec::dependent_features::{closure#0} as core[df12db4294e9bfd3]::ops::function::FnOnce<()>>::call_once
[INFO] [stdout]   14:     0x600477acf7db - test[9d35eded1c95d3be]::__rust_begin_short_backtrace::<core[df12db4294e9bfd3]::result::Result<(), alloc[2182bb758b4b3781]::string::String>, fn() -> core[df12db4294e9bfd3]::result::Result<(), alloc[2182bb758b4b3781]::string::String>>
[INFO] [stdout]   15:     0x600477adce45 - test[9d35eded1c95d3be]::run_test::{closure#0}
[INFO] [stdout]   16:     0x600477ad6704 - std[70759c8f55707aa4]::sys::backtrace::__rust_begin_short_backtrace::<test[9d35eded1c95d3be]::run_test::{closure#1}, ()>
[INFO] [stdout]   17:     0x600477adffa2 - <std[70759c8f55707aa4]::thread::lifecycle::spawn_unchecked<test[9d35eded1c95d3be]::run_test::{closure#1}, ()>::{closure#1} as core[df12db4294e9bfd3]::ops::function::FnOnce<()>>::call_once::{shim:vtable#0}
[INFO] [stdout]   18:     0x600477c2de49 - <std[70759c8f55707aa4]::sys::thread::unix::Thread>::new::thread_start
[INFO] [stdout]   19:     0x722a04a6bdfa - <unknown>
[INFO] [stdout]   20:     0x722a04aff3d4 - clone
[INFO] [stdout]   21:                0x0 - <unknown>
[INFO] [stdout] 
[INFO] [stdout] ---- test::run_client_spec::advanced_constraints stdout ----
[INFO] [stdout] 
[INFO] [stdout] thread 'test::run_client_spec::advanced_constraints' (1854) panicked at src/lib.rs:980:43:
[INFO] [stdout] Should have been able to read the file: Os { code: 2, kind: NotFound, message: "No such file or directory" }
[INFO] [stdout] stack backtrace:
[INFO] [stdout]    0:     0x600477c2e911 - <<std[70759c8f55707aa4]::sys::backtrace::BacktraceLock>::print::DisplayBacktrace as core[df12db4294e9bfd3]::fmt::Display>::fmt
[INFO] [stdout]    1:     0x600477c45faa - core[df12db4294e9bfd3]::fmt::write
[INFO] [stdout]    2:     0x600477c32e5c - <alloc[2182bb758b4b3781]::vec::Vec<u8> as core[df12db4294e9bfd3]::io::write::Write>::write_fmt
[INFO] [stdout]    3:     0x600477c0a8b6 - std[70759c8f55707aa4]::panicking::default_hook::{closure#0}
[INFO] [stdout]    4:     0x600477c26a29 - std[70759c8f55707aa4]::panicking::default_hook
[INFO] [stdout]    5:     0x600477adc4f0 - test[9d35eded1c95d3be]::test_main_inner::<test[9d35eded1c95d3be]::test_main_static::{closure#0}>::{closure#0}
[INFO] [stdout]    6:     0x600477c26be2 - std[70759c8f55707aa4]::panicking::panic_with_hook
[INFO] [stdout]    7:     0x600477c0a962 - std[70759c8f55707aa4]::panicking::panic_handler::{closure#0}
[INFO] [stdout]    8:     0x600477c03529 - std[70759c8f55707aa4]::sys::backtrace::__rust_end_short_backtrace::<std[70759c8f55707aa4]::panicking::panic_handler::{closure#0}, !>
[INFO] [stdout]    9:     0x600477c0b55d - __rustc[8fa7c3cbc660c2b3]::rust_begin_unwind
[INFO] [stdout]   10:     0x600477c4678c - core[df12db4294e9bfd3]::panicking::panic_fmt
[INFO] [stdout]   11:     0x600477c46562 - core[df12db4294e9bfd3]::result::unwrap_failed
[INFO] [stdout]   12:     0x600477a54547 - unleash_yggdrasil[9d6663257e863ffc]::test::run_client_spec
[INFO] [stdout]   13:     0x600477a6fb65 - <unleash_yggdrasil[9d6663257e863ffc]::test::run_client_spec::advanced_constraints::{closure#0} as core[df12db4294e9bfd3]::ops::function::FnOnce<()>>::call_once
[INFO] [stdout]   14:     0x600477acf7db - test[9d35eded1c95d3be]::__rust_begin_short_backtrace::<core[df12db4294e9bfd3]::result::Result<(), alloc[2182bb758b4b3781]::string::String>, fn() -> core[df12db4294e9bfd3]::result::Result<(), alloc[2182bb758b4b3781]::string::String>>
[INFO] [stdout]   15:     0x600477adce45 - test[9d35eded1c95d3be]::run_test::{closure#0}
[INFO] [stdout]   16:     0x600477ad6704 - std[70759c8f55707aa4]::sys::backtrace::__rust_begin_short_backtrace::<test[9d35eded1c95d3be]::run_test::{closure#1}, ()>
[INFO] [stdout]   17:     0x600477adffa2 - <std[70759c8f55707aa4]::thread::lifecycle::spawn_unchecked<test[9d35eded1c95d3be]::run_test::{closure#1}, ()>::{closure#1} as core[df12db4294e9bfd3]::ops::function::FnOnce<()>>::call_once::{shim:vtable#0}
[INFO] [stdout]   18:     0x600477c2de49 - <std[70759c8f55707aa4]::sys::thread::unix::Thread>::new::thread_start
[INFO] [stdout]   19:     0x722a04a6bdfa - <unknown>
[INFO] [stdout]   20:     0x722a04aff3d4 - clone
[INFO] [stdout]   21:                0x0 - <unknown>
[INFO] [stdout] 
[INFO] [stdout] ---- test::run_client_spec::basic_client_spec stdout ----
[INFO] [stdout] 
[INFO] [stdout] thread 'test::run_client_spec::basic_client_spec' (1855) panicked at src/lib.rs:980:43:
[INFO] [stdout] Should have been able to read the file: Os { code: 2, kind: NotFound, message: "No such file or directory" }
[INFO] [stdout] stack backtrace:
[INFO] [stdout]    0:     0x600477c2e911 - <<std[70759c8f55707aa4]::sys::backtrace::BacktraceLock>::print::DisplayBacktrace as core[df12db4294e9bfd3]::fmt::Display>::fmt
[INFO] [stdout]    1:     0x600477c45faa - core[df12db4294e9bfd3]::fmt::write
[INFO] [stdout]    2:     0x600477c32e5c - <alloc[2182bb758b4b3781]::vec::Vec<u8> as core[df12db4294e9bfd3]::io::write::Write>::write_fmt
[INFO] [stdout]    3:     0x600477c0a8b6 - std[70759c8f55707aa4]::panicking::default_hook::{closure#0}
[INFO] [stdout]    4:     0x600477c26a29 - std[70759c8f55707aa4]::panicking::default_hook
[INFO] [stdout]    5:     0x600477adc4f0 - test[9d35eded1c95d3be]::test_main_inner::<test[9d35eded1c95d3be]::test_main_static::{closure#0}>::{closure#0}
[INFO] [stdout]    6:     0x600477c26be2 - std[70759c8f55707aa4]::panicking::panic_with_hook
[INFO] [stdout]    7:     0x600477c0a962 - std[70759c8f55707aa4]::panicking::panic_handler::{closure#0}
[INFO] [stdout]    8:     0x600477c03529 - std[70759c8f55707aa4]::sys::backtrace::__rust_end_short_backtrace::<std[70759c8f55707aa4]::panicking::panic_handler::{closure#0}, !>
[INFO] [stdout]    9:     0x600477c0b55d - __rustc[8fa7c3cbc660c2b3]::rust_begin_unwind
[INFO] [stdout]   10:     0x600477c4678c - core[df12db4294e9bfd3]::panicking::panic_fmt
[INFO] [stdout]   11:     0x600477c46562 - core[df12db4294e9bfd3]::result::unwrap_failed
[INFO] [stdout]   12:     0x600477a54547 - unleash_yggdrasil[9d6663257e863ffc]::test::run_client_spec
[INFO] [stdout]   13:     0x600477a6fa15 - <unleash_yggdrasil[9d6663257e863ffc]::test::run_client_spec::basic_client_spec::{closure#0} as core[df12db4294e9bfd3]::ops::function::FnOnce<()>>::call_once
[INFO] [stdout]   14:     0x600477acf7db - test[9d35eded1c95d3be]::__rust_begin_short_backtrace::<core[df12db4294e9bfd3]::result::Result<(), alloc[2182bb758b4b3781]::string::String>, fn() -> core[df12db4294e9bfd3]::result::Result<(), alloc[2182bb758b4b3781]::string::String>>
[INFO] [stdout]   15:     0x600477adce45 - test[9d35eded1c95d3be]::run_test::{closure#0}
[INFO] [stdout]   16:     0x600477ad6704 - std[70759c8f55707aa4]::sys::backtrace::__rust_begin_short_backtrace::<test[9d35eded1c95d3be]::run_test::{closure#1}, ()>
[INFO] [stdout]   17:     0x600477adffa2 - <std[70759c8f55707aa4]::thread::lifecycle::spawn_unchecked<test[9d35eded1c95d3be]::run_test::{closure#1}, ()>::{closure#1} as core[df12db4294e9bfd3]::ops::function::FnOnce<()>>::call_once::{shim:vtable#0}
[INFO] [stdout]   18:     0x600477c2de49 - <std[70759c8f55707aa4]::sys::thread::unix::Thread>::new::thread_start
[INFO] [stdout]   19:     0x722a04a6bdfa - <unknown>
[INFO] [stdout]   20:     0x722a04aff3d4 - clone
[INFO] [stdout]   21:                0x0 - <unknown>
[INFO] [stdout] 
[INFO] [stdout] ---- test::run_client_spec::gradual_rollout_session_id_strategy stdout ----
[INFO] [stdout] 
[INFO] [stdout] thread 'test::run_client_spec::gradual_rollout_session_id_strategy' (1863) panicked at src/lib.rs:980:43:
[INFO] [stdout] Should have been able to read the file: Os { code: 2, kind: NotFound, message: "No such file or directory" }
[INFO] [stdout] stack backtrace:
[INFO] [stdout]    0:     0x600477c2e911 - <<std[70759c8f55707aa4]::sys::backtrace::BacktraceLock>::print::DisplayBacktrace as core[df12db4294e9bfd3]::fmt::Display>::fmt
[INFO] [stdout]    1:     0x600477c45faa - core[df12db4294e9bfd3]::fmt::write
[INFO] [stdout]    2:     0x600477c32e5c - <alloc[2182bb758b4b3781]::vec::Vec<u8> as core[df12db4294e9bfd3]::io::write::Write>::write_fmt
[INFO] [stdout]    3:     0x600477c0a8b6 - std[70759c8f55707aa4]::panicking::default_hook::{closure#0}
[INFO] [stdout]    4:     0x600477c26a29 - std[70759c8f55707aa4]::panicking::default_hook
[INFO] [stdout]    5:     0x600477adc4f0 - test[9d35eded1c95d3be]::test_main_inner::<test[9d35eded1c95d3be]::test_main_static::{closure#0}>::{closure#0}
[INFO] [stdout]    6:     0x600477c26be2 - std[70759c8f55707aa4]::panicking::panic_with_hook
[INFO] [stdout]    7:     0x600477c0a962 - std[70759c8f55707aa4]::panicking::panic_handler::{closure#0}
[INFO] [stdout]    8:     0x600477c03529 - std[70759c8f55707aa4]::sys::backtrace::__rust_end_short_backtrace::<std[70759c8f55707aa4]::panicking::panic_handler::{closure#0}, !>
[INFO] [stdout]    9:     0x600477c0b55d - __rustc[8fa7c3cbc660c2b3]::rust_begin_unwind
[INFO] [stdout]   10:     0x600477c4678c - core[df12db4294e9bfd3]::panicking::panic_fmt
[INFO] [stdout]   11:     0x600477c46562 - core[df12db4294e9bfd3]::result::unwrap_failed
[INFO] [stdout]   12:     0x600477a54547 - unleash_yggdrasil[9d6663257e863ffc]::test::run_client_spec
[INFO] [stdout]   13:     0x600477a6fd15 - <unleash_yggdrasil[9d6663257e863ffc]::test::run_client_spec::gradual_rollout_session_id_strategy::{closure#0} as core[df12db4294e9bfd3]::ops::function::FnOnce<()>>::call_once
[INFO] [stdout]   14:     0x600477acf7db - test[9d35eded1c95d3be]::__rust_begin_short_backtrace::<core[df12db4294e9bfd3]::result::Result<(), alloc[2182bb758b4b3781]::string::String>, fn() -> core[df12db4294e9bfd3]::result::Result<(), alloc[2182bb758b4b3781]::string::String>>
[INFO] [stdout]   15:     0x600477adce45 - test[9d35eded1c95d3be]::run_test::{closure#0}
[INFO] [stdout]   16:     0x600477ad6704 - std[70759c8f55707aa4]::sys::backtrace::__rust_begin_short_backtrace::<test[9d35eded1c95d3be]::run_test::{closure#1}, ()>
[INFO] [stdout]   17:     0x600477adffa2 - <std[70759c8f55707aa4]::thread::lifecycle::spawn_unchecked<test[9d35eded1c95d3be]::run_test::{closure#1}, ()>::{closure#1} as core[df12db4294e9bfd3]::ops::function::FnOnce<()>>::call_once::{shim:vtable#0}
[INFO] [stdout]   18:     0x600477c2de49 - <std[70759c8f55707aa4]::sys::thread::unix::Thread>::new::thread_start
[INFO] [stdout]   19:     0x722a04a6bdfa - <unknown>
[INFO] [stdout]   20:     0x722a04aff3d4 - clone
[INFO] [stdout]   21:                0x0 - <unknown>
[INFO] [stdout] 
[INFO] [stdout] ---- test::run_client_spec::cidr_constraints stdout ----
[INFO] [stdout] 
[INFO] [stdout] thread 'test::run_client_spec::cidr_constraints' (1856) panicked at src/lib.rs:980:43:
[INFO] [stdout] Should have been able to read the file: Os { code: 2, kind: NotFound, message: "No such file or directory" }
[INFO] [stdout] stack backtrace:
[INFO] [stdout]    0:     0x600477c2e911 - <<std[70759c8f55707aa4]::sys::backtrace::BacktraceLock>::print::DisplayBacktrace as core[df12db4294e9bfd3]::fmt::Display>::fmt
[INFO] [stdout]    1:     0x600477c45faa - core[df12db4294e9bfd3]::fmt::write
[INFO] [stdout]    2:     0x600477c32e5c - <alloc[2182bb758b4b3781]::vec::Vec<u8> as core[df12db4294e9bfd3]::io::write::Write>::write_fmt
[INFO] [stdout]    3:     0x600477c0a8b6 - std[70759c8f55707aa4]::panicking::default_hook::{closure#0}
[INFO] [stdout]    4:     0x600477c26a29 - std[70759c8f55707aa4]::panicking::default_hook
[INFO] [stdout]    5:     0x600477adc4f0 - test[9d35eded1c95d3be]::test_main_inner::<test[9d35eded1c95d3be]::test_main_static::{closure#0}>::{closure#0}
[INFO] [stdout]    6:     0x600477c26be2 - std[70759c8f55707aa4]::panicking::panic_with_hook
[INFO] [stdout]    7:     0x600477c0a962 - std[70759c8f55707aa4]::panicking::panic_handler::{closure#0}
[INFO] [stdout]    8:     0x600477c03529 - std[70759c8f55707aa4]::sys::backtrace::__rust_end_short_backtrace::<std[70759c8f55707aa4]::panicking::panic_handler::{closure#0}, !>
[INFO] [stdout]    9:     0x600477c0b55d - __rustc[8fa7c3cbc660c2b3]::rust_begin_unwind
[INFO] [stdout]   10:     0x600477c4678c - core[df12db4294e9bfd3]::panicking::panic_fmt
[INFO] [stdout]   11:     0x600477c46562 - core[df12db4294e9bfd3]::result::unwrap_failed
[INFO] [stdout]   12:     0x600477a54547 - unleash_yggdrasil[9d6663257e863ffc]::test::run_client_spec
[INFO] [stdout]   13:     0x600477a6f9e5 - <unleash_yggdrasil[9d6663257e863ffc]::test::run_client_spec::cidr_constraints::{closure#0} as core[df12db4294e9bfd3]::ops::function::FnOnce<()>>::call_once
[INFO] [stdout]   14:     0x600477acf7db - test[9d35eded1c95d3be]::__rust_begin_short_backtrace::<core[df12db4294e9bfd3]::result::Result<(), alloc[2182bb758b4b3781]::string::String>, fn() -> core[df12db4294e9bfd3]::result::Result<(), alloc[2182bb758b4b3781]::string::String>>
[INFO] [stdout]   15:     0x600477adce45 - test[9d35eded1c95d3be]::run_test::{closure#0}
[INFO] [stdout]   16:     0x600477ad6704 - std[70759c8f55707aa4]::sys::backtrace::__rust_begin_short_backtrace::<test[9d35eded1c95d3be]::run_test::{closure#1}, ()>
[INFO] [stdout]   17:     0x600477adffa2 - <std[70759c8f55707aa4]::thread::lifecycle::spawn_unchecked<test[9d35eded1c95d3be]::run_test::{closure#1}, ()>::{closure#1} as core[df12db4294e9bfd3]::ops::function::FnOnce<()>>::call_once::{shim:vtable#0}
[INFO] [stdout]   18:     0x600477c2de49 - <std[70759c8f55707aa4]::sys::thread::unix::Thread>::new::thread_start
[INFO] [stdout]   19:     0x722a04a6bdfa - <unknown>
[INFO] [stdout]   20:     0x722a04aff3d4 - clone
[INFO] [stdout]   21:                0x0 - <unknown>
[INFO] [stdout] 
[INFO] [stdout] ---- test::run_client_spec::segments stdout ----
[INFO] [stdout] 
[INFO] [stdout] thread 'test::run_client_spec::segments' (1868) panicked at src/lib.rs:980:43:
[INFO] [stdout] Should have been able to read the file: Os { code: 2, kind: NotFound, message: "No such file or directory" }
[INFO] [stdout] stack backtrace:
[INFO] [stdout]    0:     0x600477c2e911 - <<std[70759c8f55707aa4]::sys::backtrace::BacktraceLock>::print::DisplayBacktrace as core[df12db4294e9bfd3]::fmt::Display>::fmt
[INFO] [stdout]    1:     0x600477c45faa - core[df12db4294e9bfd3]::fmt::write
[INFO] [stdout]    2:     0x600477c32e5c - <alloc[2182bb758b4b3781]::vec::Vec<u8> as core[df12db4294e9bfd3]::io::write::Write>::write_fmt
[INFO] [stdout]    3:     0x600477c0a8b6 - std[70759c8f55707aa4]::panicking::default_hook::{closure#0}
[INFO] [stdout]    4:     0x600477c26a29 - std[70759c8f55707aa4]::panicking::default_hook
[INFO] [stdout]    5:     0x600477adc4f0 - test[9d35eded1c95d3be]::test_main_inner::<test[9d35eded1c95d3be]::test_main_static::{closure#0}>::{closure#0}
[INFO] [stdout]    6:     0x600477c26be2 - std[70759c8f55707aa4]::panicking::panic_with_hook
[INFO] [stdout]    7:     0x600477c0a962 - std[70759c8f55707aa4]::panicking::panic_handler::{closure#0}
[INFO] [stdout]    8:     0x600477c03529 - std[70759c8f55707aa4]::sys::backtrace::__rust_end_short_backtrace::<std[70759c8f55707aa4]::panicking::panic_handler::{closure#0}, !>
[INFO] [stdout]    9:     0x600477c0b55d - __rustc[8fa7c3cbc660c2b3]::rust_begin_unwind
[INFO] [stdout]   10:     0x600477c4678c - core[df12db4294e9bfd3]::panicking::panic_fmt
[INFO] [stdout]   11:     0x600477c46562 - core[df12db4294e9bfd3]::result::unwrap_failed
[INFO] [stdout]   12:     0x600477a54547 - unleash_yggdrasil[9d6663257e863ffc]::test::run_client_spec
[INFO] [stdout]   13:     0x600477a6fd45 - <unleash_yggdrasil[9d6663257e863ffc]::test::run_client_spec::segments::{closure#0} as core[df12db4294e9bfd3]::ops::function::FnOnce<()>>::call_once
[INFO] [stdout]   14:     0x600477acf7db - test[9d35eded1c95d3be]::__rust_begin_short_backtrace::<core[df12db4294e9bfd3]::result::Result<(), alloc[2182bb758b4b3781]::string::String>, fn() -> core[df12db4294e9bfd3]::result::Result<(), alloc[2182bb758b4b3781]::string::String>>
[INFO] [stdout]   15:     0x600477adce45 - test[9d35eded1c95d3be]::run_test::{closure#0}
[INFO] [stdout]   16:     0x600477ad6704 - std[70759c8f55707aa4]::sys::backtrace::__rust_begin_short_backtrace::<test[9d35eded1c95d3be]::run_test::{closure#1}, ()>
[INFO] [stdout]   17:     0x600477adffa2 - <std[70759c8f55707aa4]::thread::lifecycle::spawn_unchecked<test[9d35eded1c95d3be]::run_test::{closure#1}, ()>::{closure#1} as core[df12db4294e9bfd3]::ops::function::FnOnce<()>>::call_once::{shim:vtable#0}
[INFO] [stdout]   18:     0x600477c2de49 - <std[70759c8f55707aa4]::sys::thread::unix::Thread>::new::thread_start
[INFO] [stdout]   19:     0x722a04a6bdfa - <unknown>
[INFO] [stdout]   20:     0x722a04aff3d4 - clone
[INFO] [stdout]   21:                0x0 - <unknown>
[INFO] [stdout] 
[INFO] [stdout] ---- test::run_client_spec::regex_constraint_operators stdout ----
[INFO] [stdout] 
[INFO] [stdout] thread 'test::run_client_spec::regex_constraint_operators' (1866) panicked at src/lib.rs:980:43:
[INFO] [stdout] Should have been able to read the file: Os { code: 2, kind: NotFound, message: "No such file or directory" }
[INFO] [stdout] stack backtrace:
[INFO] [stdout]    0:     0x600477c2e911 - <<std[70759c8f55707aa4]::sys::backtrace::BacktraceLock>::print::DisplayBacktrace as core[df12db4294e9bfd3]::fmt::Display>::fmt
[INFO] [stdout]    1:     0x600477c45faa - core[df12db4294e9bfd3]::fmt::write
[INFO] [stdout]    2:     0x600477c32e5c - <alloc[2182bb758b4b3781]::vec::Vec<u8> as core[df12db4294e9bfd3]::io::write::Write>::write_fmt
[INFO] [stdout]    3:     0x600477c0a8b6 - std[70759c8f55707aa4]::panicking::default_hook::{closure#0}
[INFO] [stdout]    4:     0x600477c26a29 - std[70759c8f55707aa4]::panicking::default_hook
[INFO] [stdout]    5:     0x600477adc4f0 - test[9d35eded1c95d3be]::test_main_inner::<test[9d35eded1c95d3be]::test_main_static::{closure#0}>::{closure#0}
[INFO] [stdout]    6:     0x600477c26be2 - std[70759c8f55707aa4]::panicking::panic_with_hook
[INFO] [stdout]    7:     0x600477c0a962 - std[70759c8f55707aa4]::panicking::panic_handler::{closure#0}
[INFO] [stdout]    8:     0x600477c03529 - std[70759c8f55707aa4]::sys::backtrace::__rust_end_short_backtrace::<std[70759c8f55707aa4]::panicking::panic_handler::{closure#0}, !>
[INFO] [stdout]    9:     0x600477c0b55d - __rustc[8fa7c3cbc660c2b3]::rust_begin_unwind
[INFO] [stdout]   10:     0x600477c4678c - core[df12db4294e9bfd3]::panicking::panic_fmt
[INFO] [stdout]   11:     0x600477c46562 - core[df12db4294e9bfd3]::result::unwrap_failed
[INFO] [stdout]   12:     0x600477a54547 - unleash_yggdrasil[9d6663257e863ffc]::test::run_client_spec
[INFO] [stdout]   13:     0x600477a6fc85 - <unleash_yggdrasil[9d6663257e863ffc]::test::run_client_spec::regex_constraint_operators::{closure#0} as core[df12db4294e9bfd3]::ops::function::FnOnce<()>>::call_once
[INFO] [stdout]   14:     0x600477acf7db - test[9d35eded1c95d3be]::__rust_begin_short_backtrace::<core[df12db4294e9bfd3]::result::Result<(), alloc[2182bb758b4b3781]::string::String>, fn() -> core[df12db4294e9bfd3]::result::Result<(), alloc[2182bb758b4b3781]::string::String>>
[INFO] [stdout]   15:     0x600477adce45 - test[9d35eded1c95d3be]::run_test::{closure#0}
[INFO] [stdout]   16:     0x600477ad6704 - std[70759c8f55707aa4]::sys::backtrace::__rust_begin_short_backtrace::<test[9d35eded1c95d3be]::run_test::{closure#1}, ()>
[INFO] [stdout]   17:     0x600477adffa2 - <std[70759c8f55707aa4]::thread::lifecycle::spawn_unchecked<test[9d35eded1c95d3be]::run_test::{closure#1}, ()>::{closure#1} as core[df12db4294e9bfd3]::ops::function::FnOnce<()>>::call_once::{shim:vtable#0}
[INFO] [stdout]   18:     0x600477c2de49 - <std[70759c8f55707aa4]::sys::thread::unix::Thread>::new::thread_start
[INFO] [stdout]   19:     0x722a04a6bdfa - <unknown>
[INFO] [stdout]   20:     0x722a04aff3d4 - clone
[INFO] [stdout]   21:                0x0 - <unknown>
[INFO] [stdout] 
[INFO] [stdout] ---- test::run_client_spec::flexible_rollout_strategy stdout ----
[INFO] [stdout] 
[INFO] [stdout] thread 'test::run_client_spec::flexible_rollout_strategy' (1861) panicked at src/lib.rs:980:43:
[INFO] [stdout] Should have been able to read the file: Os { code: 2, kind: NotFound, message: "No such file or directory" }
[INFO] [stdout] stack backtrace:
[INFO] [stdout]    0:     0x600477c2e911 - <<std[70759c8f55707aa4]::sys::backtrace::BacktraceLock>::print::DisplayBacktrace as core[df12db4294e9bfd3]::fmt::Display>::fmt
[INFO] [stdout]    1:     0x600477c45faa - core[df12db4294e9bfd3]::fmt::write
[INFO] [stdout]    2:     0x600477c32e5c - <alloc[2182bb758b4b3781]::vec::Vec<u8> as core[df12db4294e9bfd3]::io::write::Write>::write_fmt
[INFO] [stdout]    3:     0x600477c0a8b6 - std[70759c8f55707aa4]::panicking::default_hook::{closure#0}
[INFO] [stdout]    4:     0x600477c26a29 - std[70759c8f55707aa4]::panicking::default_hook
[INFO] [stdout]    5:     0x600477adc4f0 - test[9d35eded1c95d3be]::test_main_inner::<test[9d35eded1c95d3be]::test_main_static::{closure#0}>::{closure#0}
[INFO] [stdout]    6:     0x600477c26be2 - std[70759c8f55707aa4]::panicking::panic_with_hook
[INFO] [stdout]    7:     0x600477c0a962 - std[70759c8f55707aa4]::panicking::panic_handler::{closure#0}
[INFO] [stdout]    8:     0x600477c03529 - std[70759c8f55707aa4]::sys::backtrace::__rust_end_short_backtrace::<std[70759c8f55707aa4]::panicking::panic_handler::{closure#0}, !>
[INFO] [stdout]    9:     0x600477c0b55d - __rustc[8fa7c3cbc660c2b3]::rust_begin_unwind
[INFO] [stdout]   10:     0x600477c4678c - core[df12db4294e9bfd3]::panicking::panic_fmt
[INFO] [stdout]   11:     0x600477c46562 - core[df12db4294e9bfd3]::result::unwrap_failed
[INFO] [stdout]   12:     0x600477a54547 - unleash_yggdrasil[9d6663257e863ffc]::test::run_client_spec
[INFO] [stdout]   13:     0x600477a6fc55 - <unleash_yggdrasil[9d6663257e863ffc]::test::run_client_spec::flexible_rollout_strategy::{closure#0} as core[df12db4294e9bfd3]::ops::function::FnOnce<()>>::call_once
[INFO] [stdout]   14:     0x600477acf7db - test[9d35eded1c95d3be]::__rust_begin_short_backtrace::<core[df12db4294e9bfd3]::result::Result<(), alloc[2182bb758b4b3781]::string::String>, fn() -> core[df12db4294e9bfd3]::result::Result<(), alloc[2182bb758b4b3781]::string::String>>
[INFO] [stdout]   15:     0x600477adce45 - test[9d35eded1c95d3be]::run_test::{closure#0}
[INFO] [stdout]   16:     0x600477ad6704 - std[70759c8f55707aa4]::sys::backtrace::__rust_begin_short_backtrace::<test[9d35eded1c95d3be]::run_test::{closure#1}, ()>
[INFO] [stdout]   17:     0x600477adffa2 - <std[70759c8f55707aa4]::thread::lifecycle::spawn_unchecked<test[9d35eded1c95d3be]::run_test::{closure#1}, ()>::{closure#1} as core[df12db4294e9bfd3]::ops::function::FnOnce<()>>::call_once::{shim:vtable#0}
[INFO] [stdout]   18:     0x600477c2de49 - <std[70759c8f55707aa4]::sys::thread::unix::Thread>::new::thread_start
[INFO] [stdout]   19:     0x722a04a6bdfa - <unknown>
[INFO] [stdout]   20:     0x722a04aff3d4 - clone
[INFO] [stdout]   21:                0x0 - <unknown>
[INFO] [stdout] 
[INFO] [stdout] ---- test::run_client_spec::remote_address stdout ----
[INFO] [stdout] 
[INFO] [stdout] thread 'test::run_client_spec::remote_address' (1867) panicked at src/lib.rs:980:43:
[INFO] [stdout] Should have been able to read the file: Os { code: 2, kind: NotFound, message: "No such file or directory" }
[INFO] [stdout] stack backtrace:
[INFO] [stdout]    0:     0x600477c2e911 - <<std[70759c8f55707aa4]::sys::backtrace::BacktraceLock>::print::DisplayBacktrace as core[df12db4294e9bfd3]::fmt::Display>::fmt
[INFO] [stdout]    1:     0x600477c45faa - core[df12db4294e9bfd3]::fmt::write
[INFO] [stdout]    2:     0x600477c32e5c - <alloc[2182bb758b4b3781]::vec::Vec<u8> as core[df12db4294e9bfd3]::io::write::Write>::write_fmt
[INFO] [stdout]    3:     0x600477c0a8b6 - std[70759c8f55707aa4]::panicking::default_hook::{closure#0}
[INFO] [stdout]    4:     0x600477c26a29 - std[70759c8f55707aa4]::panicking::default_hook
[INFO] [stdout]    5:     0x600477adc4f0 - test[9d35eded1c95d3be]::test_main_inner::<test[9d35eded1c95d3be]::test_main_static::{closure#0}>::{closure#0}
[INFO] [stdout]    6:     0x600477c26be2 - std[70759c8f55707aa4]::panicking::panic_with_hook
[INFO] [stdout]    7:     0x600477c0a962 - std[70759c8f55707aa4]::panicking::panic_handler::{closure#0}
[INFO] [stdout]    8:     0x600477c03529 - std[70759c8f55707aa4]::sys::backtrace::__rust_end_short_backtrace::<std[70759c8f55707aa4]::panicking::panic_handler::{closure#0}, !>
[INFO] [stdout]    9:     0x600477c0b55d - __rustc[8fa7c3cbc660c2b3]::rust_begin_unwind
[INFO] [stdout]   10:     0x600477c4678c - core[df12db4294e9bfd3]::panicking::panic_fmt
[INFO] [stdout]   11:     0x600477c46562 - core[df12db4294e9bfd3]::result::unwrap_failed
[INFO] [stdout]   12:     0x600477a54547 - unleash_yggdrasil[9d6663257e863ffc]::test::run_client_spec
[INFO] [stdout]   13:     0x600477a6f9b5 - <unleash_yggdrasil[9d6663257e863ffc]::test::run_client_spec::remote_address::{closure#0} as core[df12db4294e9bfd3]::ops::function::FnOnce<()>>::call_once
[INFO] [stdout]   14:     0x600477acf7db - test[9d35eded1c95d3be]::__rust_begin_short_backtrace::<core[df12db4294e9bfd3]::result::Result<(), alloc[2182bb758b4b3781]::string::String>, fn() -> core[df12db4294e9bfd3]::result::Result<(), alloc[2182bb758b4b3781]::string::String>>
[INFO] [stdout]   15:     0x600477adce45 - test[9d35eded1c95d3be]::run_test::{closure#0}
[INFO] [stdout]   16:     0x600477ad6704 - std[70759c8f55707aa4]::sys::backtrace::__rust_begin_short_backtrace::<test[9d35eded1c95d3be]::run_test::{closure#1}, ()>
[INFO] [stdout]   17:     0x600477adffa2 - <std[70759c8f55707aa4]::thread::lifecycle::spawn_unchecked<test[9d35eded1c95d3be]::run_test::{closure#1}, ()>::{closure#1} as core[df12db4294e9bfd3]::ops::function::FnOnce<()>>::call_once::{shim:vtable#0}
[INFO] [stdout]   18:     0x600477c2de49 - <std[70759c8f55707aa4]::sys::thread::unix::Thread>::new::thread_start
[INFO] [stdout]   19:     0x722a04a6bdfa - <unknown>
[INFO] [stdout]   20:     0x722a04aff3d4 - clone
[INFO] [stdout]   21:                0x0 - <unknown>
[INFO] [stdout] 
[INFO] [stdout] ---- test::run_client_spec::multiple_strategies stdout ----
[INFO] [stdout] 
[INFO] [stdout] thread 'test::run_client_spec::multiple_strategies' (1865) panicked at src/lib.rs:980:43:
[INFO] [stdout] Should have been able to read the file: Os { code: 2, kind: NotFound, message: "No such file or directory" }
[INFO] [stdout] stack backtrace:
[INFO] [stdout]    0:     0x600477c2e911 - <<std[70759c8f55707aa4]::sys::backtrace::BacktraceLock>::print::DisplayBacktrace as core[df12db4294e9bfd3]::fmt::Display>::fmt
[INFO] [stdout]    1:     0x600477c45faa - core[df12db4294e9bfd3]::fmt::write
[INFO] [stdout]    2:     0x600477c32e5c - <alloc[2182bb758b4b3781]::vec::Vec<u8> as core[df12db4294e9bfd3]::io::write::Write>::write_fmt
[INFO] [stdout]    3:     0x600477c0a8b6 - std[70759c8f55707aa4]::panicking::default_hook::{closure#0}
[INFO] [stdout]    4:     0x600477c26a29 - std[70759c8f55707aa4]::panicking::default_hook
[INFO] [stdout]    5:     0x600477adc4f0 - test[9d35eded1c95d3be]::test_main_inner::<test[9d35eded1c95d3be]::test_main_static::{closure#0}>::{closure#0}
[INFO] [stdout]    6:     0x600477c26be2 - std[70759c8f55707aa4]::panicking::panic_with_hook
[INFO] [stdout]    7:     0x600477c0a962 - std[70759c8f55707aa4]::panicking::panic_handler::{closure#0}
[INFO] [stdout]    8:     0x600477c03529 - std[70759c8f55707aa4]::sys::backtrace::__rust_end_short_backtrace::<std[70759c8f55707aa4]::panicking::panic_handler::{closure#0}, !>
[INFO] [stdout]    9:     0x600477c0b55d - __rustc[8fa7c3cbc660c2b3]::rust_begin_unwind
[INFO] [stdout]   10:     0x600477c4678c - core[df12db4294e9bfd3]::panicking::panic_fmt
[INFO] [stdout]   11:     0x600477c46562 - core[df12db4294e9bfd3]::result::unwrap_failed
[INFO] [stdout]   12:     0x600477a54547 - unleash_yggdrasil[9d6663257e863ffc]::test::run_client_spec
[INFO] [stdout]   13:     0x600477a6fb35 - <unleash_yggdrasil[9d6663257e863ffc]::test::run_client_spec::multiple_strategies::{closure#0} as core[df12db4294e9bfd3]::ops::function::FnOnce<()>>::call_once
[INFO] [stdout]   14:     0x600477acf7db - test[9d35eded1c95d3be]::__rust_begin_short_backtrace::<core[df12db4294e9bfd3]::result::Result<(), alloc[2182bb758b4b3781]::string::String>, fn() -> core[df12db4294e9bfd3]::result::Result<(), alloc[2182bb758b4b3781]::string::String>>
[INFO] [stdout]   15:     0x600477adce45 - test[9d35eded1c95d3be]::run_test::{closure#0}
[INFO] [stdout]   16:     0x600477ad6704 - std[70759c8f55707aa4]::sys::backtrace::__rust_begin_short_backtrace::<test[9d35eded1c95d3be]::run_test::{closure#1}, ()>
[INFO] [stdout]   17:     0x600477adffa2 - <std[70759c8f55707aa4]::thread::lifecycle::spawn_unchecked<test[9d35eded1c95d3be]::run_test::{closure#1}, ()>::{closure#1} as core[df12db4294e9bfd3]::ops::function::FnOnce<()>>::call_once::{shim:vtable#0}
[INFO] [stdout]   18:     0x600477c2de49 - <std[70759c8f55707aa4]::sys::thread::unix::Thread>::new::thread_start
[INFO] [stdout]   19:     0x722a04a6bdfa - <unknown>
[INFO] [stdout]   20:     0x722a04aff3d4 - clone
[INFO] [stdout]   21:                0x0 - <unknown>
[INFO] [stdout] 
[INFO] [stdout] ---- test::run_client_spec::strategy_constraints stdout ----
[INFO] [stdout] 
[INFO] [stdout] thread 'test::run_client_spec::strategy_constraints' (1871) panicked at src/lib.rs:980:43:
[INFO] [stdout] Should have been able to read the file: Os { code: 2, kind: NotFound, message: "No such file or directory" }
[INFO] [stdout] stack backtrace:
[INFO] [stdout]    0:     0x600477c2e911 - <<std[70759c8f55707aa4]::sys::backtrace::BacktraceLock>::print::DisplayBacktrace as core[df12db4294e9bfd3]::fmt::Display>::fmt
[INFO] [stdout]    1:     0x600477c45faa - core[df12db4294e9bfd3]::fmt::write
[INFO] [stdout]    2:     0x600477c32e5c - <alloc[2182bb758b4b3781]::vec::Vec<u8> as core[df12db4294e9bfd3]::io::write::Write>::write_fmt
[INFO] [stdout]    3:     0x600477c0a8b6 - std[70759c8f55707aa4]::panicking::default_hook::{closure#0}
[INFO] [stdout]    4:     0x600477c26a29 - std[70759c8f55707aa4]::panicking::default_hook
[INFO] [stdout]    5:     0x600477adc4f0 - test[9d35eded1c95d3be]::test_main_inner::<test[9d35eded1c95d3be]::test_main_static::{closure#0}>::{closure#0}
[INFO] [stdout]    6:     0x600477c26be2 - std[70759c8f55707aa4]::panicking::panic_with_hook
[INFO] [stdout]    7:     0x600477c0a962 - std[70759c8f55707aa4]::panicking::panic_handler::{closure#0}
[INFO] [stdout]    8:     0x600477c03529 - std[70759c8f55707aa4]::sys::backtrace::__rust_end_short_backtrace::<std[70759c8f55707aa4]::panicking::panic_handler::{closure#0}, !>
[INFO] [stdout]    9:     0x600477c0b55d - __rustc[8fa7c3cbc660c2b3]::rust_begin_unwind
[INFO] [stdout]   10:     0x600477c4678c - core[df12db4294e9bfd3]::panicking::panic_fmt
[INFO] [stdout]   11:     0x600477c46562 - core[df12db4294e9bfd3]::result::unwrap_failed
[INFO] [stdout]   12:     0x600477a54547 - unleash_yggdrasil[9d6663257e863ffc]::test::run_client_spec
[INFO] [stdout]   13:     0x600477a6fb95 - <unleash_yggdrasil[9d6663257e863ffc]::test::run_client_spec::strategy_constraints::{closure#0} as core[df12db4294e9bfd3]::ops::function::FnOnce<()>>::call_once
[INFO] [stdout]   14:     0x600477acf7db - test[9d35eded1c95d3be]::__rust_begin_short_backtrace::<core[df12db4294e9bfd3]::result::Result<(), alloc[2182bb758b4b3781]::string::String>, fn() -> core[df12db4294e9bfd3]::result::Result<(), alloc[2182bb758b4b3781]::string::String>>
[INFO] [stdout]   15:     0x600477adce45 - test[9d35eded1c95d3be]::run_test::{closure#0}
[INFO] [stdout]   16:     0x600477ad6704 - std[70759c8f55707aa4]::sys::backtrace::__rust_begin_short_backtrace::<test[9d35eded1c95d3be]::run_test::{closure#1}, ()>
[INFO] [stdout]   17:     0x600477adffa2 - <std[70759c8f55707aa4]::thread::lifecycle::spawn_unchecked<test[9d35eded1c95d3be]::run_test::{closure#1}, ()>::{closure#1} as core[df12db4294e9bfd3]::ops::function::FnOnce<()>>::call_once::{shim:vtable#0}
[INFO] [stdout]   18:     0x600477c2de49 - <std[70759c8f55707aa4]::sys::thread::unix::Thread>::new::thread_start
[INFO] [stdout]   19:     0x722a04a6bdfa - <unknown>
[INFO] [stdout]   20:     0x722a04aff3d4 - clone
[INFO] [stdout]   21:                0x0 - <unknown>
[INFO] [stdout] 
[INFO] [stdout] ---- test::run_client_spec::variants stdout ----
[INFO] [stdout] 
[INFO] [stdout] thread 'test::run_client_spec::variants' (1875) panicked at src/lib.rs:980:43:
[INFO] [stdout] Should have been able to read the file: Os { code: 2, kind: NotFound, message: "No such file or directory" }
[INFO] [stdout] stack backtrace:
[INFO] [stdout]    0:     0x600477c2e911 - <<std[70759c8f55707aa4]::sys::backtrace::BacktraceLock>::print::DisplayBacktrace as core[df12db4294e9bfd3]::fmt::Display>::fmt
[INFO] [stdout]    1:     0x600477c45faa - core[df12db4294e9bfd3]::fmt::write
[INFO] [stdout]    2:     0x600477c32e5c - <alloc[2182bb758b4b3781]::vec::Vec<u8> as core[df12db4294e9bfd3]::io::write::Write>::write_fmt
[INFO] [stdout]    3:     0x600477c0a8b6 - std[70759c8f55707aa4]::panicking::default_hook::{closure#0}
[INFO] [stdout]    4:     0x600477c26a29 - std[70759c8f55707aa4]::panicking::default_hook
[INFO] [stdout]    5:     0x600477adc4f0 - test[9d35eded1c95d3be]::test_main_inner::<test[9d35eded1c95d3be]::test_main_static::{closure#0}>::{closure#0}
[INFO] [stderr] error: test failed, to rerun pass `--lib`
[INFO] [stdout]    6:     0x600477c26be2 - std[70759c8f55707aa4]::panicking::panic_with_hook
[INFO] [stdout]    7:     0x600477c0a962 - std[70759c8f55707aa4]::panicking::panic_handler::{closure#0}
[INFO] [stdout]    8:     0x600477c03529 - std[70759c8f55707aa4]::sys::backtrace::__rust_end_short_backtrace::<std[70759c8f55707aa4]::panicking::panic_handler::{closure#0}, !>
[INFO] [stdout]    9:     0x600477c0b55d - __rustc[8fa7c3cbc660c2b3]::rust_begin_unwind
[INFO] [stdout]   10:     0x600477c4678c - core[df12db4294e9bfd3]::panicking::panic_fmt
[INFO] [stdout]   11:     0x600477c46562 - core[df12db4294e9bfd3]::result::unwrap_failed
[INFO] [stdout]   12:     0x600477a54547 - unleash_yggdrasil[9d6663257e863ffc]::test::run_client_spec
[INFO] [stdout]   13:     0x600477a6fd75 - <unleash_yggdrasil[9d6663257e863ffc]::test::run_client_spec::variants::{closure#0} as core[df12db4294e9bfd3]::ops::function::FnOnce<()>>::call_once
[INFO] [stdout]   14:     0x600477acf7db - test[9d35eded1c95d3be]::__rust_begin_short_backtrace::<core[df12db4294e9bfd3]::result::Result<(), alloc[2182bb758b4b3781]::string::String>, fn() -> core[df12db4294e9bfd3]::result::Result<(), alloc[2182bb758b4b3781]::string::String>>
[INFO] [stdout]   15:     0x600477adce45 - test[9d35eded1c95d3be]::run_test::{closure#0}
[INFO] [stdout]   16:     0x600477ad6704 - std[70759c8f55707aa4]::sys::backtrace::__rust_begin_short_backtrace::<test[9d35eded1c95d3be]::run_test::{closure#1}, ()>
[INFO] [stdout]   17:     0x600477adffa2 - <std[70759c8f55707aa4]::thread::lifecycle::spawn_unchecked<test[9d35eded1c95d3be]::run_test::{closure#1}, ()>::{closure#1} as core[df12db4294e9bfd3]::ops::function::FnOnce<()>>::call_once::{shim:vtable#0}
[INFO] [stdout]   18:     0x600477c2de49 - <std[70759c8f55707aa4]::sys::thread::unix::Thread>::new::thread_start
[INFO] [stdout]   19:     0x722a04a6bdfa - <unknown>
[INFO] [stdout]   20:     0x722a04aff3d4 - clone
[INFO] [stdout]   21:                0x0 - <unknown>
[INFO] [stdout] 
[INFO] [stdout] ---- test::run_client_spec::custom_stickiness stdout ----
[INFO] [stdout] 
[INFO] [stdout] thread 'test::run_client_spec::custom_stickiness' (1857) panicked at src/lib.rs:980:43:
[INFO] [stdout] Should have been able to read the file: Os { code: 2, kind: NotFound, message: "No such file or directory" }
[INFO] [stdout] stack backtrace:
[INFO] [stdout]    0:     0x600477c2e911 - <<std[70759c8f55707aa4]::sys::backtrace::BacktraceLock>::print::DisplayBacktrace as core[df12db4294e9bfd3]::fmt::Display>::fmt
[INFO] [stdout]    1:     0x600477c45faa - core[df12db4294e9bfd3]::fmt::write
[INFO] [stdout]    2:     0x600477c32e5c - <alloc[2182bb758b4b3781]::vec::Vec<u8> as core[df12db4294e9bfd3]::io::write::Write>::write_fmt
[INFO] [stdout]    3:     0x600477c0a8b6 - std[70759c8f55707aa4]::panicking::default_hook::{closure#0}
[INFO] [stdout]    4:     0x600477c26a29 - std[70759c8f55707aa4]::panicking::default_hook
[INFO] [stdout]    5:     0x600477adc4f0 - test[9d35eded1c95d3be]::test_main_inner::<test[9d35eded1c95d3be]::test_main_static::{closure#0}>::{closure#0}
[INFO] [stdout]    6:     0x600477c26be2 - std[70759c8f55707aa4]::panicking::panic_with_hook
[INFO] [stdout]    7:     0x600477c0a962 - std[70759c8f55707aa4]::panicking::panic_handler::{closure#0}
[INFO] [stdout]    8:     0x600477c03529 - std[70759c8f55707aa4]::sys::backtrace::__rust_end_short_backtrace::<std[70759c8f55707aa4]::panicking::panic_handler::{closure#0}, !>
[INFO] [stdout]    9:     0x600477c0b55d - __rustc[8fa7c3cbc660c2b3]::rust_begin_unwind
[INFO] [stdout]   10:     0x600477c4678c - core[df12db4294e9bfd3]::panicking::panic_fmt
[INFO] [stdout]   11:     0x600477c46562 - core[df12db4294e9bfd3]::result::unwrap_failed
[INFO] [stdout]   12:     0x600477a54547 - unleash_yggdrasil[9d6663257e863ffc]::test::run_client_spec
[INFO] [stdout]   13:     0x600477a6fa45 - <unleash_yggdrasil[9d6663257e863ffc]::test::run_client_spec::custom_stickiness::{closure#0} as core[df12db4294e9bfd3]::ops::function::FnOnce<()>>::call_once
[INFO] [stdout]   14:     0x600477acf7db - test[9d35eded1c95d3be]::__rust_begin_short_backtrace::<core[df12db4294e9bfd3]::result::Result<(), alloc[2182bb758b4b3781]::string::String>, fn() -> core[df12db4294e9bfd3]::result::Result<(), alloc[2182bb758b4b3781]::string::String>>
[INFO] [stdout]   15:     0x600477adce45 - test[9d35eded1c95d3be]::run_test::{closure#0}
[INFO] [stdout]   16:     0x600477ad6704 - std[70759c8f55707aa4]::sys::backtrace::__rust_begin_short_backtrace::<test[9d35eded1c95d3be]::run_test::{closure#1}, ()>
[INFO] [stdout]   17:     0x600477adffa2 - <std[70759c8f55707aa4]::thread::lifecycle::spawn_unchecked<test[9d35eded1c95d3be]::run_test::{closure#1}, ()>::{closure#1} as core[df12db4294e9bfd3]::ops::function::FnOnce<()>>::call_once::{shim:vtable#0}
[INFO] [stdout]   18:     0x600477c2de49 - <std[70759c8f55707aa4]::sys::thread::unix::Thread>::new::thread_start
[INFO] [stdout]   19:     0x722a04a6bdfa - <unknown>
[INFO] [stdout]   20:     0x722a04aff3d4 - clone
[INFO] [stdout]   21:                0x0 - <unknown>
[INFO] [stdout] 
[INFO] [stdout] ---- test::run_client_spec::utf_8_tests stdout ----
[INFO] [stdout] 
[INFO] [stdout] thread 'test::run_client_spec::utf_8_tests' (1874) panicked at src/lib.rs:980:43:
[INFO] [stdout] Should have been able to read the file: Os { code: 2, kind: NotFound, message: "No such file or directory" }
[INFO] [stdout] stack backtrace:
[INFO] [stdout]    0:     0x600477c2e911 - <<std[70759c8f55707aa4]::sys::backtrace::BacktraceLock>::print::DisplayBacktrace as core[df12db4294e9bfd3]::fmt::Display>::fmt
[INFO] [stdout]    1:     0x600477c45faa - core[df12db4294e9bfd3]::fmt::write
[INFO] [stdout]    2:     0x600477c32e5c - <alloc[2182bb758b4b3781]::vec::Vec<u8> as core[df12db4294e9bfd3]::io::write::Write>::write_fmt
[INFO] [stdout]    3:     0x600477c0a8b6 - std[70759c8f55707aa4]::panicking::default_hook::{closure#0}
[INFO] [stdout]    4:     0x600477c26a29 - std[70759c8f55707aa4]::panicking::default_hook
[INFO] [stdout]    5:     0x600477adc4f0 - test[9d35eded1c95d3be]::test_main_inner::<test[9d35eded1c95d3be]::test_main_static::{closure#0}>::{closure#0}
[INFO] [stdout]    6:     0x600477c26be2 - std[70759c8f55707aa4]::panicking::panic_with_hook
[INFO] [stdout]    7:     0x600477c0a962 - std[70759c8f55707aa4]::panicking::panic_handler::{closure#0}
[INFO] [stdout]    8:     0x600477c03529 - std[70759c8f55707aa4]::sys::backtrace::__rust_end_short_backtrace::<std[70759c8f55707aa4]::panicking::panic_handler::{closure#0}, !>
[INFO] [stdout]    9:     0x600477c0b55d - __rustc[8fa7c3cbc660c2b3]::rust_begin_unwind
[INFO] [stdout]   10:     0x600477c4678c - core[df12db4294e9bfd3]::panicking::panic_fmt
[INFO] [stdout]   11:     0x600477c46562 - core[df12db4294e9bfd3]::result::unwrap_failed
[INFO] [stdout]   12:     0x600477a54547 - unleash_yggdrasil[9d6663257e863ffc]::test::run_client_spec
[INFO] [stdout]   13:     0x600477a6f985 - <unleash_yggdrasil[9d6663257e863ffc]::test::run_client_spec::utf_8_tests::{closure#0} as core[df12db4294e9bfd3]::ops::function::FnOnce<()>>::call_once
[INFO] [stdout]   14:     0x600477acf7db - test[9d35eded1c95d3be]::__rust_begin_short_backtrace::<core[df12db4294e9bfd3]::result::Result<(), alloc[2182bb758b4b3781]::string::String>, fn() -> core[df12db4294e9bfd3]::result::Result<(), alloc[2182bb758b4b3781]::string::String>>
[INFO] [stdout]   15:     0x600477adce45 - test[9d35eded1c95d3be]::run_test::{closure#0}
[INFO] [stdout]   16:     0x600477ad6704 - std[70759c8f55707aa4]::sys::backtrace::__rust_begin_short_backtrace::<test[9d35eded1c95d3be]::run_test::{closure#1}, ()>
[INFO] [stdout]   17:     0x600477adffa2 - <std[70759c8f55707aa4]::thread::lifecycle::spawn_unchecked<test[9d35eded1c95d3be]::run_test::{closure#1}, ()>::{closure#1} as core[df12db4294e9bfd3]::ops::function::FnOnce<()>>::call_once::{shim:vtable#0}
[INFO] [stdout]   18:     0x600477c2de49 - <std[70759c8f55707aa4]::sys::thread::unix::Thread>::new::thread_start
[INFO] [stdout]   19:     0x722a04a6bdfa - <unknown>
[INFO] [stdout]   20:     0x722a04aff3d4 - clone
[INFO] [stdout]   21:                0x0 - <unknown>
[INFO] [stdout] 
[INFO] [stdout] ---- test::run_client_spec::gradual_rollout_user_id_strategy stdout ----
[INFO] [stdout] 
[INFO] [stdout] thread 'test::run_client_spec::gradual_rollout_user_id_strategy' (1864) panicked at src/lib.rs:980:43:
[INFO] [stdout] Should have been able to read the file: Os { code: 2, kind: NotFound, message: "No such file or directory" }
[INFO] [stdout] stack backtrace:
[INFO] [stdout]    0:     0x600477c2e911 - <<std[70759c8f55707aa4]::sys::backtrace::BacktraceLock>::print::DisplayBacktrace as core[df12db4294e9bfd3]::fmt::Display>::fmt
[INFO] [stdout]    1:     0x600477c45faa - core[df12db4294e9bfd3]::fmt::write
[INFO] [stdout]    2:     0x600477c32e5c - <alloc[2182bb758b4b3781]::vec::Vec<u8> as core[df12db4294e9bfd3]::io::write::Write>::write_fmt
[INFO] [stdout]    3:     0x600477c0a8b6 - std[70759c8f55707aa4]::panicking::default_hook::{closure#0}
[INFO] [stdout]    4:     0x600477c26a29 - std[70759c8f55707aa4]::panicking::default_hook
[INFO] [stdout]    5:     0x600477adc4f0 - test[9d35eded1c95d3be]::test_main_inner::<test[9d35eded1c95d3be]::test_main_static::{closure#0}>::{closure#0}
[INFO] [stdout]    6:     0x600477c26be2 - std[70759c8f55707aa4]::panicking::panic_with_hook
[INFO] [stdout]    7:     0x600477c0a962 - std[70759c8f55707aa4]::panicking::panic_handler::{closure#0}
[INFO] [stdout]    8:     0x600477c03529 - std[70759c8f55707aa4]::sys::backtrace::__rust_end_short_backtrace::<std[70759c8f55707aa4]::panicking::panic_handler::{closure#0}, !>
[INFO] [stdout]    9:     0x600477c0b55d - __rustc[8fa7c3cbc660c2b3]::rust_begin_unwind
[INFO] [stdout]   10:     0x600477c4678c - core[df12db4294e9bfd3]::panicking::panic_fmt
[INFO] [stdout]   11:     0x600477c46562 - core[df12db4294e9bfd3]::result::unwrap_failed
[INFO] [stdout]   12:     0x600477a54547 - unleash_yggdrasil[9d6663257e863ffc]::test::run_client_spec
[INFO] [stdout]   13:     0x600477a6fce5 - <unleash_yggdrasil[9d6663257e863ffc]::test::run_client_spec::gradual_rollout_user_id_strategy::{closure#0} as core[df12db4294e9bfd3]::ops::function::FnOnce<()>>::call_once
[INFO] [stdout]   14:     0x600477acf7db - test[9d35eded1c95d3be]::__rust_begin_short_backtrace::<core[df12db4294e9bfd3]::result::Result<(), alloc[2182bb758b4b3781]::string::String>, fn() -> core[df12db4294e9bfd3]::result::Result<(), alloc[2182bb758b4b3781]::string::String>>
[INFO] [stdout]   15:     0x600477adce45 - test[9d35eded1c95d3be]::run_test::{closure#0}
[INFO] [stdout]   16:     0x600477ad6704 - std[70759c8f55707aa4]::sys::backtrace::__rust_begin_short_backtrace::<test[9d35eded1c95d3be]::run_test::{closure#1}, ()>
[INFO] [stdout]   17:     0x600477adffa2 - <std[70759c8f55707aa4]::thread::lifecycle::spawn_unchecked<test[9d35eded1c95d3be]::run_test::{closure#1}, ()>::{closure#1} as core[df12db4294e9bfd3]::ops::function::FnOnce<()>>::call_once::{shim:vtable#0}
[INFO] [stdout]   18:     0x600477c2de49 - <std[70759c8f55707aa4]::sys::thread::unix::Thread>::new::thread_start
[INFO] [stdout]   19:     0x722a04a6bdfa - <unknown>
[INFO] [stdout]   20:     0x722a04aff3d4 - clone
[INFO] [stdout]   21:                0x0 - <unknown>
[INFO] [stdout] 
[INFO] [stdout] ---- test::run_client_spec::delta_events_tests stdout ----
[INFO] [stdout] 
[INFO] [stdout] thread 'test::run_client_spec::delta_events_tests' (1858) panicked at src/lib.rs:980:43:
[INFO] [stdout] Should have been able to read the file: Os { code: 2, kind: NotFound, message: "No such file or directory" }
[INFO] [stdout] stack backtrace:
[INFO] [stdout]    0:     0x600477c2e911 - <<std[70759c8f55707aa4]::sys::backtrace::BacktraceLock>::print::DisplayBacktrace as core[df12db4294e9bfd3]::fmt::Display>::fmt
[INFO] [stdout]    1:     0x600477c45faa - core[df12db4294e9bfd3]::fmt::write
[INFO] [stdout]    2:     0x600477c32e5c - <alloc[2182bb758b4b3781]::vec::Vec<u8> as core[df12db4294e9bfd3]::io::write::Write>::write_fmt
[INFO] [stdout]    3:     0x600477c0a8b6 - std[70759c8f55707aa4]::panicking::default_hook::{closure#0}
[INFO] [stdout]    4:     0x600477c26a29 - std[70759c8f55707aa4]::panicking::default_hook
[INFO] [stdout]    5:     0x600477adc4f0 - test[9d35eded1c95d3be]::test_main_inner::<test[9d35eded1c95d3be]::test_main_static::{closure#0}>::{closure#0}
[INFO] [stdout]    6:     0x600477c26be2 - std[70759c8f55707aa4]::panicking::panic_with_hook
[INFO] [stdout]    7:     0x600477c0a962 - std[70759c8f55707aa4]::panicking::panic_handler::{closure#0}
[INFO] [stdout]    8:     0x600477c03529 - std[70759c8f55707aa4]::sys::backtrace::__rust_end_short_backtrace::<std[70759c8f55707aa4]::panicking::panic_handler::{closure#0}, !>
[INFO] [stdout]    9:     0x600477c0b55d - __rustc[8fa7c3cbc660c2b3]::rust_begin_unwind
[INFO] [stdout]   10:     0x600477c4678c - core[df12db4294e9bfd3]::panicking::panic_fmt
[INFO] [stdout]   11:     0x600477c46562 - core[df12db4294e9bfd3]::result::unwrap_failed
[INFO] [stdout]   12:     0x600477a54547 - unleash_yggdrasil[9d6663257e863ffc]::test::run_client_spec
[INFO] [stdout]   13:     0x600477a6faa5 - <unleash_yggdrasil[9d6663257e863ffc]::test::run_client_spec::delta_events_tests::{closure#0} as core[df12db4294e9bfd3]::ops::function::FnOnce<()>>::call_once
[INFO] [stdout]   14:     0x600477acf7db - test[9d35eded1c95d3be]::__rust_begin_short_backtrace::<core[df12db4294e9bfd3]::result::Result<(), alloc[2182bb758b4b3781]::string::String>, fn() -> core[df12db4294e9bfd3]::result::Result<(), alloc[2182bb758b4b3781]::string::String>>
[INFO] [stdout]   15:     0x600477adce45 - test[9d35eded1c95d3be]::run_test::{closure#0}
[INFO] [stdout]   16:     0x600477ad6704 - std[70759c8f55707aa4]::sys::backtrace::__rust_begin_short_backtrace::<test[9d35eded1c95d3be]::run_test::{closure#1}, ()>
[INFO] [stdout]   17:     0x600477adffa2 - <std[70759c8f55707aa4]::thread::lifecycle::spawn_unchecked<test[9d35eded1c95d3be]::run_test::{closure#1}, ()>::{closure#1} as core[df12db4294e9bfd3]::ops::function::FnOnce<()>>::call_once::{shim:vtable#0}
[INFO] [stdout]   18:     0x600477c2de49 - <std[70759c8f55707aa4]::sys::thread::unix::Thread>::new::thread_start
[INFO] [stdout]   19:     0x722a04a6bdfa - <unknown>
[INFO] [stdout]   20:     0x722a04aff3d4 - clone
[INFO] [stdout]   21:                0x0 - <unknown>
[INFO] [stdout] 
[INFO] [stdout] ---- test::run_client_spec::semver_constraints stdout ----
[INFO] [stdout] 
[INFO] [stdout] thread 'test::run_client_spec::semver_constraints' (1869) panicked at src/lib.rs:980:43:
[INFO] [stdout] Should have been able to read the file: Os { code: 2, kind: NotFound, message: "No such file or directory" }
[INFO] [stdout] stack backtrace:
[INFO] [stdout]    0:     0x600477c2e911 - <<std[70759c8f55707aa4]::sys::backtrace::BacktraceLock>::print::DisplayBacktrace as core[df12db4294e9bfd3]::fmt::Display>::fmt
[INFO] [stdout]    1:     0x600477c45faa - core[df12db4294e9bfd3]::fmt::write
[INFO] [stdout]    2:     0x600477c32e5c - <alloc[2182bb758b4b3781]::vec::Vec<u8> as core[df12db4294e9bfd3]::io::write::Write>::write_fmt
[INFO] [stdout]    3:     0x600477c0a8b6 - std[70759c8f55707aa4]::panicking::default_hook::{closure#0}
[INFO] [stdout]    4:     0x600477c26a29 - std[70759c8f55707aa4]::panicking::default_hook
[INFO] [stdout]    5:     0x600477adc4f0 - test[9d35eded1c95d3be]::test_main_inner::<test[9d35eded1c95d3be]::test_main_static::{closure#0}>::{closure#0}
[INFO] [stdout]    6:     0x600477c26be2 - std[70759c8f55707aa4]::panicking::panic_with_hook
[INFO] [stdout]    7:     0x600477c0a962 - std[70759c8f55707aa4]::panicking::panic_handler::{closure#0}
[INFO] [stdout]    8:     0x600477c03529 - std[70759c8f55707aa4]::sys::backtrace::__rust_end_short_backtrace::<std[70759c8f55707aa4]::panicking::panic_handler::{closure#0}, !>
[INFO] [stdout]    9:     0x600477c0b55d - __rustc[8fa7c3cbc660c2b3]::rust_begin_unwind
[INFO] [stdout]   10:     0x600477c4678c - core[df12db4294e9bfd3]::panicking::panic_fmt
[INFO] [stdout]   11:     0x600477c46562 - core[df12db4294e9bfd3]::result::unwrap_failed
[INFO] [stdout]   12:     0x600477a54547 - unleash_yggdrasil[9d6663257e863ffc]::test::run_client_spec
[INFO] [stdout]   13:     0x600477a6fb05 - <unleash_yggdrasil[9d6663257e863ffc]::test::run_client_spec::semver_constraints::{closure#0} as core[df12db4294e9bfd3]::ops::function::FnOnce<()>>::call_once
[INFO] [stdout]   14:     0x600477acf7db - test[9d35eded1c95d3be]::__rust_begin_short_backtrace::<core[df12db4294e9bfd3]::result::Result<(), alloc[2182bb758b4b3781]::string::String>, fn() -> core[df12db4294e9bfd3]::result::Result<(), alloc[2182bb758b4b3781]::string::String>>
[INFO] [stdout]   15:     0x600477adce45 - test[9d35eded1c95d3be]::run_test::{closure#0}
[INFO] [stdout]   16:     0x600477ad6704 - std[70759c8f55707aa4]::sys::backtrace::__rust_begin_short_backtrace::<test[9d35eded1c95d3be]::run_test::{closure#1}, ()>
[INFO] [stdout]   17:     0x600477adffa2 - <std[70759c8f55707aa4]::thread::lifecycle::spawn_unchecked<test[9d35eded1c95d3be]::run_test::{closure#1}, ()>::{closure#1} as core[df12db4294e9bfd3]::ops::function::FnOnce<()>>::call_once::{shim:vtable#0}
[INFO] [stdout]   18:     0x600477c2de49 - <std[70759c8f55707aa4]::sys::thread::unix::Thread>::new::thread_start
[INFO] [stdout]   19:     0x722a04a6bdfa - <unknown>
[INFO] [stdout]   20:     0x722a04aff3d4 - clone
[INFO] [stdout]   21:                0x0 - <unknown>
[INFO] [stdout] 
[INFO] [stdout] ---- test::run_client_spec::strategy_constraint_edge_cases stdout ----
[INFO] [stdout] 
[INFO] [stdout] thread 'test::run_client_spec::strategy_constraint_edge_cases' (1870) panicked at src/lib.rs:980:43:
[INFO] [stdout] Should have been able to read the file: Os { code: 2, kind: NotFound, message: "No such file or directory" }
[INFO] [stdout] stack backtrace:
[INFO] [stdout]    0:     0x600477c2e911 - <<std[70759c8f55707aa4]::sys::backtrace::BacktraceLock>::print::DisplayBacktrace as core[df12db4294e9bfd3]::fmt::Display>::fmt
[INFO] [stdout]    1:     0x600477c45faa - core[df12db4294e9bfd3]::fmt::write
[INFO] [stdout]    2:     0x600477c32e5c - <alloc[2182bb758b4b3781]::vec::Vec<u8> as core[df12db4294e9bfd3]::io::write::Write>::write_fmt
[INFO] [stdout]    3:     0x600477c0a8b6 - std[70759c8f55707aa4]::panicking::default_hook::{closure#0}
[INFO] [stdout]    4:     0x600477c26a29 - std[70759c8f55707aa4]::panicking::default_hook
[INFO] [stdout]    5:     0x600477adc4f0 - test[9d35eded1c95d3be]::test_main_inner::<test[9d35eded1c95d3be]::test_main_static::{closure#0}>::{closure#0}
[INFO] [stdout]    6:     0x600477c26be2 - std[70759c8f55707aa4]::panicking::panic_with_hook
[INFO] [stdout]    7:     0x600477c0a962 - std[70759c8f55707aa4]::panicking::panic_handler::{closure#0}
[INFO] [stdout]    8:     0x600477c03529 - std[70759c8f55707aa4]::sys::backtrace::__rust_end_short_backtrace::<std[70759c8f55707aa4]::panicking::panic_handler::{closure#0}, !>
[INFO] [stdout]    9:     0x600477c0b55d - __rustc[8fa7c3cbc660c2b3]::rust_begin_unwind
[INFO] [stdout]   10:     0x600477c4678c - core[df12db4294e9bfd3]::panicking::panic_fmt
[INFO] [stdout]   11:     0x600477c46562 - core[df12db4294e9bfd3]::result::unwrap_failed
[INFO] [stdout]   12:     0x600477a54547 - unleash_yggdrasil[9d6663257e863ffc]::test::run_client_spec
[INFO] [stdout]   13:     0x600477a6fcb5 - <unleash_yggdrasil[9d6663257e863ffc]::test::run_client_spec::strategy_constraint_edge_cases::{closure#0} as core[df12db4294e9bfd3]::ops::function::FnOnce<()>>::call_once
[INFO] [stdout]   14:     0x600477acf7db - test[9d35eded1c95d3be]::__rust_begin_short_backtrace::<core[df12db4294e9bfd3]::result::Result<(), alloc[2182bb758b4b3781]::string::String>, fn() -> core[df12db4294e9bfd3]::result::Result<(), alloc[2182bb758b4b3781]::string::String>>
[INFO] [stdout]   15:     0x600477adce45 - test[9d35eded1c95d3be]::run_test::{closure#0}
[INFO] [stdout]   16:     0x600477ad6704 - std[70759c8f55707aa4]::sys::backtrace::__rust_begin_short_backtrace::<test[9d35eded1c95d3be]::run_test::{closure#1}, ()>
[INFO] [stdout]   17:     0x600477adffa2 - <std[70759c8f55707aa4]::thread::lifecycle::spawn_unchecked<test[9d35eded1c95d3be]::run_test::{closure#1}, ()>::{closure#1} as core[df12db4294e9bfd3]::ops::function::FnOnce<()>>::call_once::{shim:vtable#0}
[INFO] [stdout]   18:     0x600477c2de49 - <std[70759c8f55707aa4]::sys::thread::unix::Thread>::new::thread_start
[INFO] [stdout]   19:     0x722a04a6bdfa - <unknown>
[INFO] [stdout]   20:     0x722a04aff3d4 - clone
[INFO] [stdout]   21:                0x0 - <unknown>
[INFO] [stdout] 
[INFO] [stdout] ---- test::run_client_spec::strategy_variants stdout ----
[INFO] [stdout] 
[INFO] [stdout] thread 'test::run_client_spec::strategy_variants' (1872) panicked at src/lib.rs:980:43:
[INFO] [stdout] Should have been able to read the file: Os { code: 2, kind: NotFound, message: "No such file or directory" }
[INFO] [stdout] stack backtrace:
[INFO] [stdout]    0:     0x600477c2e911 - <<std[70759c8f55707aa4]::sys::backtrace::BacktraceLock>::print::DisplayBacktrace as core[df12db4294e9bfd3]::fmt::Display>::fmt
[INFO] [stdout]    1:     0x600477c45faa - core[df12db4294e9bfd3]::fmt::write
[INFO] [stdout]    2:     0x600477c32e5c - <alloc[2182bb758b4b3781]::vec::Vec<u8> as core[df12db4294e9bfd3]::io::write::Write>::write_fmt
[INFO] [stdout]    3:     0x600477c0a8b6 - std[70759c8f55707aa4]::panicking::default_hook::{closure#0}
[INFO] [stdout]    4:     0x600477c26a29 - std[70759c8f55707aa4]::panicking::default_hook
[INFO] [stdout]    5:     0x600477adc4f0 - test[9d35eded1c95d3be]::test_main_inner::<test[9d35eded1c95d3be]::test_main_static::{closure#0}>::{closure#0}
[INFO] [stdout]    6:     0x600477c26be2 - std[70759c8f55707aa4]::panicking::panic_with_hook
[INFO] [stdout]    7:     0x600477c0a962 - std[70759c8f55707aa4]::panicking::panic_handler::{closure#0}
[INFO] [stdout]    8:     0x600477c03529 - std[70759c8f55707aa4]::sys::backtrace::__rust_end_short_backtrace::<std[70759c8f55707aa4]::panicking::panic_handler::{closure#0}, !>
[INFO] [stdout]    9:     0x600477c0b55d - __rustc[8fa7c3cbc660c2b3]::rust_begin_unwind
[INFO] [stdout]   10:     0x600477c4678c - core[df12db4294e9bfd3]::panicking::panic_fmt
[INFO] [stdout]   11:     0x600477c46562 - core[df12db4294e9bfd3]::result::unwrap_failed
[INFO] [stdout]   12:     0x600477a54547 - unleash_yggdrasil[9d6663257e863ffc]::test::run_client_spec
[INFO] [stdout]   13:     0x600477a6fa75 - <unleash_yggdrasil[9d6663257e863ffc]::test::run_client_spec::strategy_variants::{closure#0} as core[df12db4294e9bfd3]::ops::function::FnOnce<()>>::call_once
[INFO] [stdout]   14:     0x600477acf7db - test[9d35eded1c95d3be]::__rust_begin_short_backtrace::<core[df12db4294e9bfd3]::result::Result<(), alloc[2182bb758b4b3781]::string::String>, fn() -> core[df12db4294e9bfd3]::result::Result<(), alloc[2182bb758b4b3781]::string::String>>
[INFO] [stdout]   15:     0x600477adce45 - test[9d35eded1c95d3be]::run_test::{closure#0}
[INFO] [stdout]   16:     0x600477ad6704 - std[70759c8f55707aa4]::sys::backtrace::__rust_begin_short_backtrace::<test[9d35eded1c95d3be]::run_test::{closure#1}, ()>
[INFO] [stdout]   17:     0x600477adffa2 - <std[70759c8f55707aa4]::thread::lifecycle::spawn_unchecked<test[9d35eded1c95d3be]::run_test::{closure#1}, ()>::{closure#1} as core[df12db4294e9bfd3]::ops::function::FnOnce<()>>::call_once::{shim:vtable#0}
[INFO] [stdout]   18:     0x600477c2de49 - <std[70759c8f55707aa4]::sys::thread::unix::Thread>::new::thread_start
[INFO] [stdout]   19:     0x722a04a6bdfa - <unknown>
[INFO] [stdout]   20:     0x722a04aff3d4 - clone
[INFO] [stdout]   21:                0x0 - <unknown>
[INFO] [stdout] 
[INFO] [stdout] ---- test::run_client_spec::user_id_with_strategy stdout ----
[INFO] [stdout] 
[INFO] [stdout] thread 'test::run_client_spec::user_id_with_strategy' (1873) panicked at src/lib.rs:980:43:
[INFO] [stdout] Should have been able to read the file: Os { code: 2, kind: NotFound, message: "No such file or directory" }
[INFO] [stdout] stack backtrace:
[INFO] [stdout]    0:     0x600477c2e911 - <<std[70759c8f55707aa4]::sys::backtrace::BacktraceLock>::print::DisplayBacktrace as core[df12db4294e9bfd3]::fmt::Display>::fmt
[INFO] [stdout]    1:     0x600477c45faa - core[df12db4294e9bfd3]::fmt::write
[INFO] [stdout]    2:     0x600477c32e5c - <alloc[2182bb758b4b3781]::vec::Vec<u8> as core[df12db4294e9bfd3]::io::write::Write>::write_fmt
[INFO] [stdout]    3:     0x600477c0a8b6 - std[70759c8f55707aa4]::panicking::default_hook::{closure#0}
[INFO] [stdout]    4:     0x600477c26a29 - std[70759c8f55707aa4]::panicking::default_hook
[INFO] [stdout]    5:     0x600477adc4f0 - test[9d35eded1c95d3be]::test_main_inner::<test[9d35eded1c95d3be]::test_main_static::{closure#0}>::{closure#0}
[INFO] [stdout]    6:     0x600477c26be2 - std[70759c8f55707aa4]::panicking::panic_with_hook
[INFO] [stdout]    7:     0x600477c0a962 - std[70759c8f55707aa4]::panicking::panic_handler::{closure#0}
[INFO] [stdout]    8:     0x600477c03529 - std[70759c8f55707aa4]::sys::backtrace::__rust_end_short_backtrace::<std[70759c8f55707aa4]::panicking::panic_handler::{closure#0}, !>
[INFO] [stdout]    9:     0x600477c0b55d - __rustc[8fa7c3cbc660c2b3]::rust_begin_unwind
[INFO] [stdout]   10:     0x600477c4678c - core[df12db4294e9bfd3]::panicking::panic_fmt
[INFO] [stdout]   11:     0x600477c46562 - core[df12db4294e9bfd3]::result::unwrap_failed
[INFO] [stdout]   12:     0x600477a54547 - unleash_yggdrasil[9d6663257e863ffc]::test::run_client_spec
[INFO] [stdout]   13:     0x600477a6fbf5 - <unleash_yggdrasil[9d6663257e863ffc]::test::run_client_spec::user_id_with_strategy::{closure#0} as core[df12db4294e9bfd3]::ops::function::FnOnce<()>>::call_once
[INFO] [stdout]   14:     0x600477acf7db - test[9d35eded1c95d3be]::__rust_begin_short_backtrace::<core[df12db4294e9bfd3]::result::Result<(), alloc[2182bb758b4b3781]::string::String>, fn() -> core[df12db4294e9bfd3]::result::Result<(), alloc[2182bb758b4b3781]::string::String>>
[INFO] [stdout]   15:     0x600477adce45 - test[9d35eded1c95d3be]::run_test::{closure#0}
[INFO] [stdout]   16:     0x600477ad6704 - std[70759c8f55707aa4]::sys::backtrace::__rust_begin_short_backtrace::<test[9d35eded1c95d3be]::run_test::{closure#1}, ()>
[INFO] [stdout]   17:     0x600477adffa2 - <std[70759c8f55707aa4]::thread::lifecycle::spawn_unchecked<test[9d35eded1c95d3be]::run_test::{closure#1}, ()>::{closure#1} as core[df12db4294e9bfd3]::ops::function::FnOnce<()>>::call_once::{shim:vtable#0}
[INFO] [stdout]   18:     0x600477c2de49 - <std[70759c8f55707aa4]::sys::thread::unix::Thread>::new::thread_start
[INFO] [stdout]   19:     0x722a04a6bdfa - <unknown>
[INFO] [stdout]   20:     0x722a04aff3d4 - clone
[INFO] [stdout]   21:                0x0 - <unknown>
[INFO] [stdout] 
[INFO] [stdout] 
[INFO] [stdout] failures:
[INFO] [stdout]     test::can_load_single
[INFO] [stdout]     test::can_update_existing_state
[INFO] [stdout]     test::run_client_spec::advanced_constraints
[INFO] [stdout]     test::run_client_spec::basic_client_spec
[INFO] [stdout]     test::run_client_spec::cidr_constraints
[INFO] [stdout]     test::run_client_spec::custom_stickiness
[INFO] [stdout]     test::run_client_spec::delta_events_tests
[INFO] [stdout]     test::run_client_spec::delta_hydration_tests
[INFO] [stdout]     test::run_client_spec::dependent_features
[INFO] [stdout]     test::run_client_spec::flexible_rollout_strategy
[INFO] [stdout]     test::run_client_spec::gradual_rollout_random
[INFO] [stdout]     test::run_client_spec::gradual_rollout_session_id_strategy
[INFO] [stdout]     test::run_client_spec::gradual_rollout_user_id_strategy
[INFO] [stdout]     test::run_client_spec::multiple_strategies
[INFO] [stdout]     test::run_client_spec::regex_constraint_operators
[INFO] [stdout]     test::run_client_spec::remote_address
[INFO] [stdout]     test::run_client_spec::segments
[INFO] [stdout]     test::run_client_spec::semver_constraints
[INFO] [stdout]     test::run_client_spec::strategy_constraint_edge_cases
[INFO] [stdout]     test::run_client_spec::strategy_constraints
[INFO] [stdout]     test::run_client_spec::strategy_variants
[INFO] [stdout]     test::run_client_spec::user_id_with_strategy
[INFO] [stdout]     test::run_client_spec::utf_8_tests
[INFO] [stdout]     test::run_client_spec::variants
[INFO] [stdout] 
[INFO] [stdout] test result: FAILED. 243 passed; 24 failed; 0 ignored; 0 measured; 0 filtered out; finished in 0.05s
[INFO] [stdout] 
[INFO] running `Command { std: "docker" "inspect" "f7a25c0a4e20352152f4de6f6b1371fda20e848030782ec133afe6ff72e05eb3", kill_on_drop: false }`
[INFO] running `Command { std: "docker" "rm" "-f" "f7a25c0a4e20352152f4de6f6b1371fda20e848030782ec133afe6ff72e05eb3", kill_on_drop: false }`
[INFO] [stdout] f7a25c0a4e20352152f4de6f6b1371fda20e848030782ec133afe6ff72e05eb3
