[INFO] fetching crate universalis 0.1.0...
[INFO] testing universalis-0.1.0 against 1.100.0-beta.1+cargoflags=--release for beta-release-1.100-2
[INFO] extracting crate universalis 0.1.0 into /workspace/builds/worker-4-tc2/source
[INFO] removed /workspace/builds/worker-4-tc2/source/rust-toolchain.toml
[INFO] started tweaking crates.io crate universalis 0.1.0
[INFO] finished tweaking crates.io crate universalis 0.1.0
[INFO] tweaked toml for crates.io crate universalis 0.1.0 written to /workspace/builds/worker-4-tc2/source/Cargo.toml
[INFO] validating manifest of crates.io crate universalis 0.1.0 on toolchain 1.100.0-beta.1
[INFO] running `Command { std: CARGO_HOME="/workspace/cargo-home" RUSTUP_HOME="/workspace/rustup-home" "/workspace/cargo-home/bin/cargo" "+1.100.0-beta.1" "metadata" "--manifest-path" "Cargo.toml" "--no-deps", kill_on_drop: false }`
[INFO] running `Command { std: CARGO_HOME="/workspace/cargo-home" RUSTUP_HOME="/workspace/rustup-home" "/workspace/cargo-home/bin/cargo" "+1.100.0-beta.1" "generate-lockfile" "--manifest-path" "Cargo.toml", kill_on_drop: false }`
[INFO] [stderr]     Updating crates.io index
[INFO] [stderr]      Locking 165 packages to highest compatible versions
[INFO] [stderr]       Adding reqwest v0.11.27 (available: v0.13.5)
[INFO] [stderr]       Adding thiserror v1.0.69 (available: v2.0.21)
[INFO] running `Command { std: CARGO_HOME="/workspace/cargo-home" RUSTUP_HOME="/workspace/rustup-home" "/workspace/cargo-home/bin/cargo" "+1.100.0-beta.1" "fetch" "--manifest-path" "Cargo.toml", kill_on_drop: false }`
[INFO] [stderr] warning: `package.homepage` is redundant with `package.repository`
[INFO] [stderr]   --> Cargo.toml:28:12
[INFO] [stderr]    |
[INFO] [stderr] 28 | homepage = "https://github.com/Ns2Kracy/universalis-rs"
[INFO] [stderr]    |            ^^^^^^^^^^^^^^^^^^^^^^^^^^^^^^^^^^^^^^^^^^^^
[INFO] [stderr] ...
[INFO] [stderr] 32 | repository = "https://github.com/Ns2Kracy/universalis-rs"
[INFO] [stderr]    |              --------------------------------------------
[INFO] [stderr]    |
[INFO] [stderr]    = note: `cargo::redundant_homepage` is set to `warn` by default
[INFO] [stderr] help: consider removing `package.homepage`
[INFO] [stderr] warning: `universalis` (manifest) generated 1 warning
[INFO] running `Command { std: "docker" "create" "-v" "/var/lib/crater-agent-workspace/builds/worker-4-tc2/source:/opt/rustwide/workdir:ro,Z" "-v" "/var/lib/crater-agent-workspace/builds/worker-4-tc2/target:/opt/rustwide/target:rw,Z" "-v" "/var/lib/crater-agent-workspace/cargo-home:/opt/rustwide/cargo-home:ro,Z" "-v" "/var/lib/crater-agent-workspace/rustup-home:/opt/rustwide/rustup-home:ro,Z" "-m" "1610612736" "--network" "none" "ghcr.io/rust-lang/crates-build-env/linux@sha256:77db811e55d90add9212f6832c23229e3de5f1c1f9905e8cb07319ea15df73ac" "sleep" "infinity", kill_on_drop: false }`
[INFO] [stdout] b26b6b5442d978619a0af80f61234a10538af05faca4e640be2601677ad1e618
[INFO] running `Command { std: "docker" "start" "b26b6b5442d978619a0af80f61234a10538af05faca4e640be2601677ad1e618", kill_on_drop: false }`
[INFO] running `Command { std: "docker" "inspect" "b26b6b5442d978619a0af80f61234a10538af05faca4e640be2601677ad1e618", kill_on_drop: false }`
[INFO] running `Command { std: "docker" "exec" "-e" "SOURCE_DIR=/opt/rustwide/workdir" "-e" "CARGO_HOME=/opt/rustwide/cargo-home" "-e" "RUSTUP_HOME=/opt/rustwide/rustup-home" "-e" "CARGO_TARGET_DIR=/opt/rustwide/target" "-w" "/opt/rustwide/workdir" "--user" "0:0" "b26b6b5442d978619a0af80f61234a10538af05faca4e640be2601677ad1e618" "/opt/rustwide/cargo-home/bin/cargo" "+1.100.0-beta.1" "metadata" "--no-deps" "--format-version=1", kill_on_drop: false }`
[INFO] running `Command { std: "docker" "inspect" "b26b6b5442d978619a0af80f61234a10538af05faca4e640be2601677ad1e618", kill_on_drop: false }`
[INFO] running `Command { std: "docker" "exec" "-e" "SOURCE_DIR=/opt/rustwide/workdir" "-e" "CARGO_HOME=/opt/rustwide/cargo-home" "-e" "RUSTUP_HOME=/opt/rustwide/rustup-home" "-e" "CARGO_TARGET_DIR=/opt/rustwide/target" "-e" "CARGO_INCREMENTAL=0" "-e" "RUST_BACKTRACE=full" "-e" "RUSTFLAGS=--cap-lints=warn" "-e" "RUSTDOCFLAGS=--cap-lints=warn" "-w" "/opt/rustwide/workdir" "--user" "0:0" "b26b6b5442d978619a0af80f61234a10538af05faca4e640be2601677ad1e618" "/opt/rustwide/cargo-home/bin/cargo" "+1.100.0-beta.1" "build" "--frozen" "--message-format=json" "--release", kill_on_drop: false }`
[INFO] [stderr] warning: `package.homepage` is redundant with `package.repository`
[INFO] [stderr]   --> Cargo.toml:28:12
[INFO] [stderr]    |
[INFO] [stderr] 28 | homepage = "https://github.com/Ns2Kracy/universalis-rs"
[INFO] [stderr]    |            ^^^^^^^^^^^^^^^^^^^^^^^^^^^^^^^^^^^^^^^^^^^^
[INFO] [stderr] ...
[INFO] [stderr] 32 | repository = "https://github.com/Ns2Kracy/universalis-rs"
[INFO] [stderr]    |              --------------------------------------------
[INFO] [stderr]    |
[INFO] [stderr]    = note: `cargo::redundant_homepage` is set to `warn` by default
[INFO] [stderr] help: consider removing `package.homepage`
[INFO] [stderr] warning: `universalis` (manifest) generated 1 warning
[INFO] [stderr]    Compiling unicode-ident v1.0.27
[INFO] [stderr]    Compiling libc v0.2.191
[INFO] [stderr]    Compiling stable_deref_trait v1.2.1
[INFO] [stderr]    Compiling smallvec v1.16.3
[INFO] [stderr]    Compiling cfg-if v1.0.5
[INFO] [stderr]    Compiling find-msvc-tools v0.1.14
[INFO] [stderr]    Compiling parking_lot_core v0.9.12
[INFO] [stderr]    Compiling pin-project-lite v0.2.17
[INFO] [stderr]    Compiling bytes v1.12.1
[INFO] [stderr]    Compiling itoa v1.0.18
[INFO] [stderr]    Compiling litemap v0.8.3
[INFO] [stderr]    Compiling writeable v0.6.4
[INFO] [stderr]    Compiling lock_api v0.4.14
[INFO] [stderr]    Compiling utf8_iter v1.0.4
[INFO] [stderr]    Compiling futures-core v0.3.34
[INFO] [stderr]    Compiling icu_properties_data v2.3.0
[INFO] [stderr]    Compiling icu_normalizer_data v2.3.0
[INFO] [stderr]    Compiling once_cell v1.21.4
[INFO] [stderr]    Compiling fnv v1.0.7
[INFO] [stderr]    Compiling proc-macro2 v1.0.107
[INFO] [stderr]    Compiling strsim v0.11.1
[INFO] [stderr]    Compiling foreign-types-shared v0.1.1
[INFO] [stderr]    Compiling ident_case v1.0.1
[INFO] [stderr]    Compiling serde_core v1.0.229
[INFO] [stderr]    Compiling foreign-types v0.3.2
[INFO] [stderr]    Compiling hashbrown v0.17.1
[INFO] [stderr]    Compiling bitflags v2.13.2
[INFO] [stderr]    Compiling equivalent v1.0.3
[INFO] [stderr]    Compiling cc v1.8.0
[INFO] [stderr]    Compiling futures-sink v0.3.34
[INFO] [stderr]    Compiling futures-task v0.3.34
[INFO] [stderr]    Compiling tracing-core v0.1.36
[INFO] [stderr]    Compiling httparse v1.10.1
[INFO] [stderr]    Compiling percent-encoding v2.3.2
[INFO] [stderr]    Compiling log v0.4.34
[INFO] [stderr]    Compiling try-lock v0.2.5
[INFO] [stderr]    Compiling serde v1.0.229
[INFO] [stderr]    Compiling openssl-probe v0.2.1
[INFO] [stderr]    Compiling futures-util v0.3.34
[INFO] [stderr]    Compiling slab v0.4.12
[INFO] [stderr]    Compiling want v0.3.2
[INFO] [stderr]    Compiling form_urlencoded v1.2.2
[INFO] [stderr]    Compiling zmij v1.0.23
[INFO] [stderr]    Compiling encoding_rs v0.8.42
[INFO] [stderr]    Compiling futures-channel v0.3.34
[INFO] [stderr]    Compiling httpdate v1.0.3
[INFO] [stderr]    Compiling serde_json v1.0.154
[INFO] [stderr]    Compiling tower-service v0.3.3
[INFO] [stderr]    Compiling core_detect v1.0.0
[INFO] [stderr]    Compiling simdutf8 v0.1.5
[INFO] [stderr]    Compiling base64 v0.21.7
[INFO] [stderr]    Compiling ryu v1.0.23
[INFO] [stderr]    Compiling http v0.2.12
[INFO] [stderr]    Compiling anyhow v1.0.104
[INFO] [stderr]    Compiling quote v1.0.47
[INFO] [stderr]    Compiling tracing v0.1.44
[INFO] [stderr]    Compiling memchr v2.8.3
[INFO] [stderr]    Compiling thiserror v1.0.69
[INFO] [stderr]    Compiling mime v0.3.17
[INFO] [stderr]    Compiling sync_wrapper v0.1.2
[INFO] [stderr]    Compiling indexmap v2.14.2
[INFO] [stderr]    Compiling ipnet v2.12.2
[INFO] [stderr]    Compiling rustls-pemfile v1.0.4
[INFO] [stderr]    Compiling syn v3.0.9
[INFO] [stderr]    Compiling syn v2.0.119
[INFO] [stderr]    Compiling errno v0.3.14
[INFO] [stderr]    Compiling mio v1.2.4
[INFO] [stderr]    Compiling socket2 v0.6.5
[INFO] [stderr]    Compiling socket2 v0.5.10
[INFO] [stderr]    Compiling signal-hook-registry v1.4.8
[INFO] [stderr]    Compiling openssl-sys v0.9.117
[INFO] [stderr]    Compiling http-body v0.4.6
[INFO] [stderr]    Compiling parking_lot v0.12.5
[INFO] [stderr]    Compiling openssl v0.10.81
[INFO] [stderr]    Compiling native-tls v0.2.18
[INFO] [stderr]    Compiling darling_core v0.20.11
[INFO] [stderr]    Compiling openssl-macros v0.1.1
[INFO] [stderr]    Compiling thiserror-impl v1.0.69
[INFO] [stderr]    Compiling synstructure v0.14.0
[INFO] [stderr]    Compiling zerofrom-derive v0.1.8
[INFO] [stderr]    Compiling yoke-derive v0.8.4
[INFO] [stderr]    Compiling zerovec-derive v0.11.6
[INFO] [stderr]    Compiling displaydoc v0.2.7
[INFO] [stderr]    Compiling tokio-macros v2.7.2
[INFO] [stderr]    Compiling serde_derive v1.0.229
[INFO] [stderr]    Compiling darling_macro v0.20.11
[INFO] [stderr]    Compiling darling v0.20.11
[INFO] [stderr]    Compiling derive_builder_core v0.20.2
[INFO] [stderr]    Compiling tokio v1.53.3
[INFO] [stderr]    Compiling zerofrom v0.1.8
[INFO] [stderr]    Compiling yoke v0.8.3
[INFO] [stderr]    Compiling zerovec v0.11.8
[INFO] [stderr]    Compiling zerotrie v0.2.5
[INFO] [stderr]    Compiling derive_builder_macro v0.20.2
[INFO] [stderr]    Compiling derive_builder v0.20.2
[INFO] [stderr]    Compiling tinystr v0.8.4
[INFO] [stderr]    Compiling potential_utf v0.1.6
[INFO] [stderr]    Compiling icu_collections v2.3.0
[INFO] [stderr]    Compiling icu_locale_core v2.3.0
[INFO] [stderr]    Compiling icu_provider v2.3.1
[INFO] [stderr]    Compiling icu_properties v2.3.0
[INFO] [stderr]    Compiling icu_normalizer v2.3.0
[INFO] [stderr]    Compiling serde_urlencoded v0.7.1
[INFO] [stderr]    Compiling idna_adapter v1.2.2
[INFO] [stderr]    Compiling idna v1.1.0
[INFO] [stderr]    Compiling url v2.5.8
[INFO] [stderr]    Compiling tokio-util v0.7.20
[INFO] [stderr]    Compiling tokio-native-tls v0.3.1
[INFO] [stderr]    Compiling h2 v0.3.27
[INFO] [stderr]    Compiling hyper v0.14.32
[INFO] [stderr]    Compiling hyper-tls v0.5.0
[INFO] [stderr]    Compiling reqwest v0.11.27
[INFO] [stderr]    Compiling universalis v0.1.0 (/opt/rustwide/workdir)
[INFO] [stderr] warning: unused dependency `thiserror`
[INFO] [stderr]   --> Cargo.toml:18:15
[INFO] [stderr]    |
[INFO] [stderr] 18 | [dependencies.thiserror]
[INFO] [stderr]    |               ^^^^^^^^^^
[INFO] [stderr]    |
[INFO] [stderr]    = note: `cargo::unused_dependencies` is set to `warn` by default
[INFO] [stderr] help: consider removing the dependency on `thiserror`
[INFO] [stderr] warning: `universalis` (manifest) generated 1 warning
[INFO] [stderr]     Finished `release` profile [optimized] target(s) in 1m 02s
[INFO] running `Command { std: "docker" "inspect" "b26b6b5442d978619a0af80f61234a10538af05faca4e640be2601677ad1e618", kill_on_drop: false }`
[INFO] running `Command { std: "docker" "exec" "-e" "SOURCE_DIR=/opt/rustwide/workdir" "-e" "CARGO_HOME=/opt/rustwide/cargo-home" "-e" "RUSTUP_HOME=/opt/rustwide/rustup-home" "-e" "CARGO_TARGET_DIR=/opt/rustwide/target" "-e" "CARGO_INCREMENTAL=0" "-e" "RUST_BACKTRACE=full" "-e" "RUSTFLAGS=--cap-lints=warn" "-e" "RUSTDOCFLAGS=--cap-lints=warn" "-w" "/opt/rustwide/workdir" "--user" "0:0" "b26b6b5442d978619a0af80f61234a10538af05faca4e640be2601677ad1e618" "/opt/rustwide/cargo-home/bin/cargo" "+1.100.0-beta.1" "test" "--frozen" "--no-run" "--message-format=json" "--release", kill_on_drop: false }`
[INFO] [stderr] warning: `package.homepage` is redundant with `package.repository`
[INFO] [stderr]   --> Cargo.toml:28:12
[INFO] [stderr]    |
[INFO] [stderr] 28 | homepage = "https://github.com/Ns2Kracy/universalis-rs"
[INFO] [stderr]    |            ^^^^^^^^^^^^^^^^^^^^^^^^^^^^^^^^^^^^^^^^^^^^
[INFO] [stderr] ...
[INFO] [stderr] 32 | repository = "https://github.com/Ns2Kracy/universalis-rs"
[INFO] [stderr]    |              --------------------------------------------
[INFO] [stderr]    |
[INFO] [stderr]    = note: `cargo::redundant_homepage` is set to `warn` by default
[INFO] [stderr] help: consider removing `package.homepage`
[INFO] [stderr] warning: `universalis` (manifest) generated 1 warning
[INFO] [stderr]    Compiling universalis v0.1.0 (/opt/rustwide/workdir)
[INFO] [stderr] warning: unused dependency `thiserror`
[INFO] [stderr]   --> Cargo.toml:18:15
[INFO] [stderr]    |
[INFO] [stderr] 18 | [dependencies.thiserror]
[INFO] [stderr]    |               ^^^^^^^^^^
[INFO] [stderr]    |
[INFO] [stderr]    = note: `cargo::unused_dependencies` is set to `warn` by default
[INFO] [stderr] help: consider removing the dependency on `thiserror`
[INFO] [stderr] warning: `universalis` (manifest) generated 1 warning
[INFO] [stderr]     Finished `release` profile [optimized] target(s) in 34.34s
[INFO] running `Command { std: "docker" "inspect" "b26b6b5442d978619a0af80f61234a10538af05faca4e640be2601677ad1e618", kill_on_drop: false }`
[INFO] running `Command { std: "docker" "exec" "-e" "SOURCE_DIR=/opt/rustwide/workdir" "-e" "CARGO_HOME=/opt/rustwide/cargo-home" "-e" "RUSTUP_HOME=/opt/rustwide/rustup-home" "-e" "CARGO_TARGET_DIR=/opt/rustwide/target" "-e" "CARGO_INCREMENTAL=0" "-e" "RUST_BACKTRACE=full" "-e" "RUSTFLAGS=--cap-lints=warn" "-e" "RUSTDOCFLAGS=--cap-lints=warn" "-w" "/opt/rustwide/workdir" "--user" "0:0" "b26b6b5442d978619a0af80f61234a10538af05faca4e640be2601677ad1e618" "/opt/rustwide/cargo-home/bin/cargo" "+1.100.0-beta.1" "test" "--frozen" "--release", kill_on_drop: false }`
[INFO] [stderr] warning: `package.homepage` is redundant with `package.repository`
[INFO] [stderr]   --> Cargo.toml:28:12
[INFO] [stderr]    |
[INFO] [stderr] 28 | homepage = "https://github.com/Ns2Kracy/universalis-rs"
[INFO] [stderr]    |            ^^^^^^^^^^^^^^^^^^^^^^^^^^^^^^^^^^^^^^^^^^^^
[INFO] [stderr] ...
[INFO] [stderr] 32 | repository = "https://github.com/Ns2Kracy/universalis-rs"
[INFO] [stderr]    |              --------------------------------------------
[INFO] [stderr]    |
[INFO] [stderr]    = note: `cargo::redundant_homepage` is set to `warn` by default
[INFO] [stderr] help: consider removing `package.homepage`
[INFO] [stderr] warning: `universalis` (manifest) generated 1 warning
[INFO] [stderr] warning: unused dependency `thiserror`
[INFO] [stderr]   --> Cargo.toml:18:15
[INFO] [stderr]    |
[INFO] [stderr] 18 | [dependencies.thiserror]
[INFO] [stderr]    |               ^^^^^^^^^^
[INFO] [stderr]    |
[INFO] [stderr]    = note: `cargo::unused_dependencies` is set to `warn` by default
[INFO] [stderr] help: consider removing the dependency on `thiserror`
[INFO] [stderr] warning: `universalis` (manifest) generated 1 warning
[INFO] [stderr]     Finished `release` profile [optimized] target(s) in 0.24s
[INFO] [stderr]      Running unittests src/lib.rs (/opt/rustwide/target/release/build/universalis/20d7d486207abdaf/out/universalis-20d7d486207abdaf)
[INFO] [stdout] 
[INFO] [stdout] running 15 tests
[INFO] [stdout] test api::v2::test::get_data_centers ... FAILED
[INFO] [stdout] test api::v2::test::get_least_recently_updated ... FAILED
[INFO] [stdout] test api::v2::test::get_most_recently_updated ... FAILED
[INFO] [stdout] test api::v2::test::get_worlds ... FAILED
[INFO] [stdout] test api::v2::test::get_market_board_current_data ... FAILED
[INFO] [stdout] test api::v2::test::get_game_entities ... FAILED
[INFO] [stdout] test api::v2::test::get_world_upload_counts ... FAILED
[INFO] [stdout] test api::v2::test::get_uploader_upload_counts ... FAILED
[INFO] [stdout] test api::v2::test::get_upload_history ... FAILED
[INFO] [stdout] test api::v2::test::get_marketable ... FAILED
[INFO] [stdout] test api::v2::test::get_recently_updated ... FAILED
[INFO] [stdout] test api::v2::test::get_market_board_sale_history ... FAILED
[INFO] [stdout] test api::v2::test::get_trade_volume ... FAILED
[INFO] [stdout] test api::v2::test::get_user_lists ... FAILED
[INFO] [stdout] test api::v2::test::get_tax_rates ... FAILED
[INFO] [stdout] 
[INFO] [stdout] failures:
[INFO] [stdout] 
[INFO] [stdout] ---- api::v2::test::get_data_centers stdout ----
[INFO] [stdout] 
[INFO] [stdout] thread 'api::v2::test::get_data_centers' (1520) panicked at src/api/v2/mod.rs:339:57:
[INFO] [stdout] called `Result::unwrap()` on an `Err` value: error sending request for url (https://universalis.app/api/v2/data-centers): error trying to connect: dns error: failed to lookup address information: Temporary failure in name resolution
[INFO] [stdout] 
[INFO] [stdout] Caused by:
[INFO] [stdout]     0: error trying to connect: dns error: failed to lookup address information: Temporary failure in name resolution
[INFO] [stdout]     1: dns error: failed to lookup address information: Temporary failure in name resolution
[INFO] [stdout]     2: failed to lookup address information: Temporary failure in name resolution
[INFO] [stdout] 
[INFO] [stdout] Stack backtrace:
[INFO] [stdout]    0: <unknown>
[INFO] [stdout]    1: <unknown>
[INFO] [stdout]    2: <unknown>
[INFO] [stdout]    3: <unknown>
[INFO] [stdout]    4: <unknown>
[INFO] [stdout]    5: <unknown>
[INFO] [stdout]    6: <unknown>
[INFO] [stdout]    7: <unknown>
[INFO] [stdout]    8: <unknown>
[INFO] [stdout]    9: <unknown>
[INFO] [stdout]   10: clone
[INFO] [stdout] stack backtrace:
[INFO] [stdout]    0:     0x5ebee1db88a5 - <unknown>
[INFO] [stdout]    1:     0x5ebee1cddfda - <unknown>
[INFO] [stdout]    2:     0x5ebee1db7f3b - <unknown>
[INFO] [stdout]    3:     0x5ebee1db7a1f - <unknown>
[INFO] [stdout]    4:     0x5ebee1db764a - <unknown>
[INFO] [stdout]    5:     0x5ebee1db7185 - <unknown>
[INFO] [stdout]    6:     0x5ebee1dde081 - <unknown>
[INFO] [stdout]    7:     0x5ebee1dde039 - <unknown>
[INFO] [stdout]    8:     0x5ebee1dde53c - <unknown>
[INFO] [stdout]    9:     0x5ebee1cdde6b - <unknown>
[INFO] [stdout]   10:     0x5ebee1ce25a1 - <unknown>
[INFO] [stdout]   11:     0x5ebee1cbf0da - <unknown>
[INFO] [stdout]   12:     0x5ebee1ca1326 - <unknown>
[INFO] [stdout]   13:     0x5ebee1cd75d4 - <unknown>
[INFO] [stdout]   14:     0x5ebee1df9f8b - <unknown>
[INFO] [stdout]   15:     0x5ebee1df59b2 - <unknown>
[INFO] [stdout]   16:     0x5ebee1df541c - <unknown>
[INFO] [stdout]   17:     0x5ebee1e1315c - <unknown>
[INFO] [stdout]   18:     0x5ebee1ddffa4 - <unknown>
[INFO] [stdout]   19:     0x760a47505dfa - <unknown>
[INFO] [stdout]   20:     0x760a475993d4 - clone
[INFO] [stdout]   21:                0x0 - <unknown>
[INFO] [stdout] 
[INFO] [stdout] ---- api::v2::test::get_least_recently_updated stdout ----
[INFO] [stdout] 
[INFO] [stdout] thread 'api::v2::test::get_least_recently_updated' (1522) panicked at src/api/v2/mod.rs:372:14:
[INFO] [stdout] called `Result::unwrap()` on an `Err` value: error sending request for url (https://universalis.app/api/v2/extra/stats/least-recently-updated?world=&dcName=1172&entries=): error trying to connect: dns error: failed to lookup address information: Temporary failure in name resolution
[INFO] [stdout] 
[INFO] [stdout] Caused by:
[INFO] [stdout]     0: error trying to connect: dns error: failed to lookup address information: Temporary failure in name resolution
[INFO] [stdout]     1: dns error: failed to lookup address information: Temporary failure in name resolution
[INFO] [stdout]     2: failed to lookup address information: Temporary failure in name resolution
[INFO] [stdout] 
[INFO] [stdout] Stack backtrace:
[INFO] [stdout]    0: <unknown>
[INFO] [stdout]    1: <unknown>
[INFO] [stdout]    2: <unknown>
[INFO] [stdout]    3: <unknown>
[INFO] [stdout]    4: <unknown>
[INFO] [stdout]    5: <unknown>
[INFO] [stdout]    6: <unknown>
[INFO] [stdout]    7: <unknown>
[INFO] [stdout]    8: <unknown>
[INFO] [stdout]    9: <unknown>
[INFO] [stdout]   10: clone
[INFO] [stdout] stack backtrace:
[INFO] [stdout]    0:     0x5ebee1db88a5 - <unknown>
[INFO] [stdout]    1:     0x5ebee1cddfda - <unknown>
[INFO] [stdout]    2:     0x5ebee1db7f3b - <unknown>
[INFO] [stdout]    3:     0x5ebee1db7a1f - <unknown>
[INFO] [stdout]    4:     0x5ebee1db764a - <unknown>
[INFO] [stdout]    5:     0x5ebee1db7185 - <unknown>
[INFO] [stdout]    6:     0x5ebee1dde081 - <unknown>
[INFO] [stdout]    7:     0x5ebee1dde039 - <unknown>
[INFO] [stdout]    8:     0x5ebee1dde53c - <unknown>
[INFO] [stdout]    9:     0x5ebee1cdde6b - <unknown>
[INFO] [stdout]   10:     0x5ebee1ce25a1 - <unknown>
[INFO] [stdout]   11:     0x5ebee1cc6e86 - <unknown>
[INFO] [stdout]   12:     0x5ebee1ca1326 - <unknown>
[INFO] [stdout]   13:     0x5ebee1cd88b4 - <unknown>
[INFO] [stdout]   14:     0x5ebee1df9f8b - <unknown>
[INFO] [stdout]   15:     0x5ebee1df59b2 - <unknown>
[INFO] [stdout]   16:     0x5ebee1df541c - <unknown>
[INFO] [stdout]   17:     0x5ebee1e1315c - <unknown>
[INFO] [stdout]   18:     0x5ebee1ddffa4 - <unknown>
[INFO] [stdout]   19:     0x760a47505dfa - <unknown>
[INFO] [stdout]   20:     0x760a475993d4 - clone
[INFO] [stdout]   21:                0x0 - <unknown>
[INFO] [stdout] 
[INFO] [stdout] ---- api::v2::test::get_most_recently_updated stdout ----
[INFO] [stdout] 
[INFO] [stdout] thread 'api::v2::test::get_most_recently_updated' (1526) panicked at src/api/v2/mod.rs:442:14:
[INFO] [stdout] called `Result::unwrap()` on an `Err` value: error sending request for url (https://universalis.app/api/v2/extra/stats/most-recently-updated?world=&dcName=1172&entries=): error trying to connect: dns error: failed to lookup address information: Temporary failure in name resolution
[INFO] [stdout] 
[INFO] [stdout] Caused by:
[INFO] [stdout]     0: error trying to connect: dns error: failed to lookup address information: Temporary failure in name resolution
[INFO] [stdout]     1: dns error: failed to lookup address information: Temporary failure in name resolution
[INFO] [stdout]     2: failed to lookup address information: Temporary failure in name resolution
[INFO] [stdout] 
[INFO] [stdout] Stack backtrace:
[INFO] [stdout]    0: <unknown>
[INFO] [stdout]    1: <unknown>
[INFO] [stdout]    2: <unknown>
[INFO] [stdout]    3: <unknown>
[INFO] [stdout]    4: <unknown>
[INFO] [stdout]    5: <unknown>
[INFO] [stdout]    6: <unknown>
[INFO] [stdout]    7: <unknown>
[INFO] [stdout]    8: <unknown>
[INFO] [stdout]    9: <unknown>
[INFO] [stdout]   10: clone
[INFO] [stdout] stack backtrace:
[INFO] [stdout]    0:     0x5ebee1db88a5 - <unknown>
[INFO] [stdout]    1:     0x5ebee1cddfda - <unknown>
[INFO] [stdout]    2:     0x5ebee1db7f3b - <unknown>
[INFO] [stdout]    3:     0x5ebee1db7a1f - <unknown>
[INFO] [stdout]    4:     0x5ebee1db764a - <unknown>
[INFO] [stdout]    5:     0x5ebee1db7185 - <unknown>
[INFO] [stdout]    6:     0x5ebee1dde081 - <unknown>
[INFO] [stdout]    7:     0x5ebee1dde039 - <unknown>
[INFO] [stdout]    8:     0x5ebee1dde53c - <unknown>
[INFO] [stdout]    9:     0x5ebee1cdde6b - <unknown>
[INFO] [stdout]   10:     0x5ebee1ce25a1 - <unknown>
[INFO] [stdout]   11:     0x5ebee1cc6396 - <unknown>
[INFO] [stdout]   12:     0x5ebee1ca1326 - <unknown>
[INFO] [stdout]   13:     0x5ebee1cd85d4 - <unknown>
[INFO] [stdout]   14:     0x5ebee1df9f8b - <unknown>
[INFO] [stdout]   15:     0x5ebee1df59b2 - <unknown>
[INFO] [stdout]   16:     0x5ebee1df541c - <unknown>
[INFO] [stdout]   17:     0x5ebee1e1315c - <unknown>
[INFO] [stdout]   18:     0x5ebee1ddffa4 - <unknown>
[INFO] [stdout]   19:     0x760a47505dfa - <unknown>
[INFO] [stdout]   20:     0x760a475993d4 - clone
[INFO] [stdout]   21:                0x0 - <unknown>
[INFO] [stdout] 
[INFO] [stdout] ---- api::v2::test::get_worlds stdout ----
[INFO] [stdout] 
[INFO] [stdout] thread 'api::v2::test::get_worlds' (1534) panicked at src/api/v2/mod.rs:346:45:
[INFO] [stdout] called `Result::unwrap()` on an `Err` value: error sending request for url (https://universalis.app/api/v2/worlds): error trying to connect: dns error: failed to lookup address information: Temporary failure in name resolution
[INFO] [stdout] 
[INFO] [stdout] Caused by:
[INFO] [stdout]     0: error trying to connect: dns error: failed to lookup address information: Temporary failure in name resolution
[INFO] [stdout]     1: dns error: failed to lookup address information: Temporary failure in name resolution
[INFO] [stdout]     2: failed to lookup address information: Temporary failure in name resolution
[INFO] [stdout] 
[INFO] [stdout] Stack backtrace:
[INFO] [stdout]    0: <unknown>
[INFO] [stdout]    1: <unknown>
[INFO] [stdout]    2: <unknown>
[INFO] [stdout]    3: <unknown>
[INFO] [stdout]    4: <unknown>
[INFO] [stdout]    5: <unknown>
[INFO] [stdout]    6: <unknown>
[INFO] [stdout]    7: <unknown>
[INFO] [stdout]    8: <unknown>
[INFO] [stdout]    9: <unknown>
[INFO] [stdout]   10: clone
[INFO] [stdout] stack backtrace:
[INFO] [stdout]    0:     0x5ebee1db88a5 - <unknown>
[INFO] [stdout]    1:     0x5ebee1cddfda - <unknown>
[INFO] [stdout]    2:     0x5ebee1db7f3b - <unknown>
[INFO] [stdout]    3:     0x5ebee1db7a1f - <unknown>
[INFO] [stdout]    4:     0x5ebee1db764a - <unknown>
[INFO] [stdout]    5:     0x5ebee1db7185 - <unknown>
[INFO] [stdout]    6:     0x5ebee1dde081 - <unknown>
[INFO] [stdout]    7:     0x5ebee1dde039 - <unknown>
[INFO] [stdout]    8:     0x5ebee1dde53c - <unknown>
[INFO] [stdout]    9:     0x5ebee1cdde6b - <unknown>
[INFO] [stdout]   10:     0x5ebee1ce25a1 - <unknown>
[INFO] [stdout]   11:     0x5ebee1cb92b0 - <unknown>
[INFO] [stdout]   12:     0x5ebee1ca1326 - <unknown>
[INFO] [stdout]   13:     0x5ebee1cd6af4 - <unknown>
[INFO] [stdout]   14:     0x5ebee1df9f8b - <unknown>
[INFO] [stdout]   15:     0x5ebee1df59b2 - <unknown>
[INFO] [stdout]   16:     0x5ebee1df541c - <unknown>
[INFO] [stdout]   17:     0x5ebee1e1315c - <unknown>
[INFO] [stdout]   18:     0x5ebee1ddffa4 - <unknown>
[INFO] [stdout]   19:     0x760a47505dfa - <unknown>
[INFO] [stdout]   20:     0x760a475993d4 - clone
[INFO] [stdout]   21:                0x0 - <unknown>
[INFO] [stdout] 
[INFO] [stdout] ---- api::v2::test::get_market_board_current_data stdout ----
[INFO] [stdout] 
[INFO] [stdout] thread 'api::v2::test::get_market_board_current_data' (1523) panicked at src/api/v2/mod.rs:391:14:
[INFO] [stdout] called `Result::unwrap()` on an `Err` value: error sending request for url (https://universalis.app/api/v2/1172/15/?listings=&entries=&hq=&statsWithin=&entriesWithin=&fields=): error trying to connect: dns error: failed to lookup address information: Temporary failure in name resolution
[INFO] [stdout] 
[INFO] [stdout] Caused by:
[INFO] [stdout]     0: error trying to connect: dns error: failed to lookup address information: Temporary failure in name resolution
[INFO] [stdout]     1: dns error: failed to lookup address information: Temporary failure in name resolution
[INFO] [stdout]     2: failed to lookup address information: Temporary failure in name resolution
[INFO] [stdout] 
[INFO] [stdout] Stack backtrace:
[INFO] [stdout]    0: <unknown>
[INFO] [stdout]    1: <unknown>
[INFO] [stdout]    2: <unknown>
[INFO] [stdout]    3: <unknown>
[INFO] [stdout]    4: <unknown>
[INFO] [stdout]    5: <unknown>
[INFO] [stdout]    6: <unknown>
[INFO] [stdout]    7: <unknown>
[INFO] [stdout]    8: <unknown>
[INFO] [stdout]    9: <unknown>
[INFO] [stdout]   10: clone
[INFO] [stdout] stack backtrace:
[INFO] [stdout]    0:     0x5ebee1db88a5 - <unknown>
[INFO] [stdout]    1:     0x5ebee1cddfda - <unknown>
[INFO] [stdout]    2:     0x5ebee1db7f3b - <unknown>
[INFO] [stdout]    3:     0x5ebee1db7a1f - <unknown>
[INFO] [stdout]    4:     0x5ebee1db764a - <unknown>
[INFO] [stdout]    5:     0x5ebee1db7185 - <unknown>
[INFO] [stdout]    6:     0x5ebee1dde081 - <unknown>
[INFO] [stdout]    7:     0x5ebee1dde039 - <unknown>
[INFO] [stdout]    8:     0x5ebee1dde53c - <unknown>
[INFO] [stdout]    9:     0x5ebee1cdde6b - <unknown>
[INFO] [stdout]   10:     0x5ebee1ce25a1 - <unknown>
[INFO] [stdout]   11:     0x5ebee1cc94c3 - <unknown>
[INFO] [stdout]   12:     0x5ebee1ca1326 - <unknown>
[INFO] [stdout]   13:     0x5ebee1cd8e24 - <unknown>
[INFO] [stdout]   14:     0x5ebee1df9f8b - <unknown>
[INFO] [stdout]   15:     0x5ebee1df59b2 - <unknown>
[INFO] [stdout]   16:     0x5ebee1df541c - <unknown>
[INFO] [stdout]   17:     0x5ebee1e1315c - <unknown>
[INFO] [stdout]   18:     0x5ebee1ddffa4 - <unknown>
[INFO] [stdout]   19:     0x760a47505dfa - <unknown>
[INFO] [stdout]   20:     0x760a475993d4 - clone
[INFO] [stdout]   21:                0x0 - <unknown>
[INFO] [stdout] 
[INFO] [stdout] ---- api::v2::test::get_game_entities stdout ----
[INFO] [stdout] 
[INFO] [stdout] thread 'api::v2::test::get_game_entities' (1521) panicked at src/api/v2/mod.rs:358:14:
[INFO] [stdout] called `Result::unwrap()` on an `Err` value: error sending request for url (https://universalis.app/api/v2/extra/content/1): error trying to connect: dns error: failed to lookup address information: Temporary failure in name resolution
[INFO] [stdout] 
[INFO] [stdout] Caused by:
[INFO] [stdout]     0: error trying to connect: dns error: failed to lookup address information: Temporary failure in name resolution
[INFO] [stdout]     1: dns error: failed to lookup address information: Temporary failure in name resolution
[INFO] [stdout]     2: failed to lookup address information: Temporary failure in name resolution
[INFO] [stdout] 
[INFO] [stdout] Stack backtrace:
[INFO] [stdout]    0: <unknown>
[INFO] [stdout]    1: <unknown>
[INFO] [stdout]    2: <unknown>
[INFO] [stdout]    3: <unknown>
[INFO] [stdout]    4: <unknown>
[INFO] [stdout]    5: <unknown>
[INFO] [stdout]    6: <unknown>
[INFO] [stdout]    7: <unknown>
[INFO] [stdout]    8: <unknown>
[INFO] [stdout]    9: <unknown>
[INFO] [stdout]   10: clone
[INFO] [stdout] stack backtrace:
[INFO] [stdout]    0:     0x5ebee1db88a5 - <unknown>
[INFO] [stdout]    1:     0x5ebee1cddfda - <unknown>
[INFO] [stdout]    2:     0x5ebee1db7f3b - <unknown>
[INFO] [stdout]    3:     0x5ebee1db7a1f - <unknown>
[INFO] [stdout]    4:     0x5ebee1db764a - <unknown>
[INFO] [stdout]    5:     0x5ebee1db7185 - <unknown>
[INFO] [stdout]    6:     0x5ebee1dde081 - <unknown>
[INFO] [stdout]    7:     0x5ebee1dde039 - <unknown>
[INFO] [stdout]    8:     0x5ebee1dde53c - <unknown>
[INFO] [stdout]    9:     0x5ebee1cdde6b - <unknown>
[INFO] [stdout]   10:     0x5ebee1ce25a1 - <unknown>
[INFO] [stdout]   11:     0x5ebee1cc1f73 - <unknown>
[INFO] [stdout]   12:     0x5ebee1ca1326 - <unknown>
[INFO] [stdout]   13:     0x5ebee1cd7b44 - <unknown>
[INFO] [stdout]   14:     0x5ebee1df9f8b - <unknown>
[INFO] [stdout]   15:     0x5ebee1df59b2 - <unknown>
[INFO] [stdout]   16:     0x5ebee1df541c - <unknown>
[INFO] [stdout]   17:     0x5ebee1e1315c - <unknown>
[INFO] [stdout]   18:     0x5ebee1ddffa4 - <unknown>
[INFO] [stdout]   19:     0x760a47505dfa - <unknown>
[INFO] [stdout]   20:     0x760a475993d4 - clone
[INFO] [stdout]   21:                0x0 - <unknown>
[INFO] [stdout] 
[INFO] [stdout] ---- api::v2::test::get_world_upload_counts stdout ----
[INFO] [stdout] 
[INFO] [stdout] thread 'api::v2::test::get_world_upload_counts' (1533) panicked at src/api/v2/mod.rs:463:71:
[INFO] [stdout] called `Result::unwrap()` on an `Err` value: error sending request for url (https://universalis.app/api/v2/extra/stats/world-upload-counts): error trying to connect: dns error: failed to lookup address information: Temporary failure in name resolution
[INFO] [stdout] 
[INFO] [stdout] Caused by:
[INFO] [stdout]     0: error trying to connect: dns error: failed to lookup address information: Temporary failure in name resolution
[INFO] [stdout]     1: dns error: failed to lookup address information: Temporary failure in name resolution
[INFO] [stdout]     2: failed to lookup address information: Temporary failure in name resolution
[INFO] [stdout] 
[INFO] [stdout] Stack backtrace:
[INFO] [stdout]    0: <unknown>
[INFO] [stdout]    1: <unknown>
[INFO] [stdout]    2: <unknown>
[INFO] [stdout]    3: <unknown>
[INFO] [stdout]    4: <unknown>
[INFO] [stdout]    5: <unknown>
[INFO] [stdout]    6: <unknown>
[INFO] [stdout]    7: <unknown>
[INFO] [stdout]    8: <unknown>
[INFO] [stdout]    9: <unknown>
[INFO] [stdout]   10: clone
[INFO] [stdout] stack backtrace:
[INFO] [stdout]    0:     0x5ebee1db88a5 - <unknown>
[INFO] [stdout]    1:     0x5ebee1cddfda - <unknown>
[INFO] [stdout]    2:     0x5ebee1db7f3b - <unknown>
[INFO] [stdout]    3:     0x5ebee1db7a1f - <unknown>
[INFO] [stdout]    4:     0x5ebee1db764a - <unknown>
[INFO] [stdout]    5:     0x5ebee1db7185 - <unknown>
[INFO] [stdout]    6:     0x5ebee1dde081 - <unknown>
[INFO] [stdout]    7:     0x5ebee1dde039 - <unknown>
[INFO] [stdout]    8:     0x5ebee1dde53c - <unknown>
[INFO] [stdout]    9:     0x5ebee1cdde6b - <unknown>
[INFO] [stdout]   10:     0x5ebee1ce25a1 - <unknown>
[INFO] [stdout]   11:     0x5ebee1cc5844 - <unknown>
[INFO] [stdout]   12:     0x5ebee1ca1326 - <unknown>
[INFO] [stdout]   13:     0x5ebee1cd8344 - <unknown>
[INFO] [stdout]   14:     0x5ebee1df9f8b - <unknown>
[INFO] [stdout]   15:     0x5ebee1df59b2 - <unknown>
[INFO] [stdout]   16:     0x5ebee1df541c - <unknown>
[INFO] [stdout]   17:     0x5ebee1e1315c - <unknown>
[INFO] [stdout]   18:     0x5ebee1ddffa4 - <unknown>
[INFO] [stdout]   19:     0x760a47505dfa - <unknown>
[INFO] [stdout]   20:     0x760a475993d4 - clone
[INFO] [stdout]   21:                0x0 - <unknown>
[INFO] [stdout] 
[INFO] [stdout] ---- api::v2::test::get_uploader_upload_counts stdout ----
[INFO] [stdout] 
[INFO] [stdout] thread 'api::v2::test::get_uploader_upload_counts' (1531) panicked at src/api/v2/mod.rs:456:77:
[INFO] [stdout] called `Result::unwrap()` on an `Err` value: error sending request for url (https://universalis.app/api/v2/extra/stats/uploader-upload-counts): error trying to connect: dns error: failed to lookup address information: Temporary failure in name resolution
[INFO] [stdout] 
[INFO] [stdout] Caused by:
[INFO] [stdout]     0: error trying to connect: dns error: failed to lookup address information: Temporary failure in name resolution
[INFO] [stdout]     1: dns error: failed to lookup address information: Temporary failure in name resolution
[INFO] [stdout]     2: failed to lookup address information: Temporary failure in name resolution
[INFO] [stdout] 
[INFO] [stdout] Stack backtrace:
[INFO] [stdout]    0: <unknown>
[INFO] [stdout]    1: <unknown>
[INFO] [stdout]    2: <unknown>
[INFO] [stdout]    3: <unknown>
[INFO] [stdout]    4: <unknown>
[INFO] [stdout]    5: <unknown>
[INFO] [stdout]    6: <unknown>
[INFO] [stdout]    7: <unknown>
[INFO] [stdout]    8: <unknown>
[INFO] [stdout]    9: <unknown>
[INFO] [stdout]   10: clone
[INFO] [stdout] stack backtrace:
[INFO] [stdout]    0:     0x5ebee1db88a5 - <unknown>
[INFO] [stdout]    1:     0x5ebee1cddfda - <unknown>
[INFO] [stdout]    2:     0x5ebee1db7f3b - <unknown>
[INFO] [stdout]    3:     0x5ebee1db7a1f - <unknown>
[INFO] [stdout]    4:     0x5ebee1db764a - <unknown>
[INFO] [stdout]    5:     0x5ebee1db7185 - <unknown>
[INFO] [stdout]    6:     0x5ebee1dde081 - <unknown>
[INFO] [stdout]    7:     0x5ebee1dde039 - <unknown>
[INFO] [stdout]    8:     0x5ebee1dde53c - <unknown>
[INFO] [stdout]    9:     0x5ebee1cdde6b - <unknown>
[INFO] [stdout]   10:     0x5ebee1ce25a1 - <unknown>
[INFO] [stdout]   11:     0x5ebee1cc8211 - <unknown>
[INFO] [stdout]   12:     0x5ebee1ca1326 - <unknown>
[INFO] [stdout]   13:     0x5ebee1cd8b94 - <unknown>
[INFO] [stdout]   14:     0x5ebee1df9f8b - <unknown>
[INFO] [stdout]   15:     0x5ebee1df59b2 - <unknown>
[INFO] [stdout]   16:     0x5ebee1df541c - <unknown>
[INFO] [stdout]   17:     0x5ebee1e1315c - <unknown>
[INFO] [stdout]   18:     0x5ebee1ddffa4 - <unknown>
[INFO] [stdout]   19:     0x760a47505dfa - <unknown>
[INFO] [stdout]   20:     0x760a475993d4 - clone
[INFO] [stdout]   21:                0x0 - <unknown>
[INFO] [stdout] 
[INFO] [stdout] ---- api::v2::test::get_upload_history stdout ----
[INFO] [stdout] 
[INFO] [stdout] thread 'api::v2::test::get_upload_history' (1530) panicked at src/api/v2/mod.rs:470:61:
[INFO] [stdout] called `Result::unwrap()` on an `Err` value: error sending request for url (https://universalis.app/api/v2/extra/stats/upload-history): error trying to connect: dns error: failed to lookup address information: Temporary failure in name resolution
[INFO] [stdout] 
[INFO] [stdout] Caused by:
[INFO] [stdout]     0: error trying to connect: dns error: failed to lookup address information: Temporary failure in name resolution
[INFO] [stdout]     1: dns error: failed to lookup address information: Temporary failure in name resolution
[INFO] [stdout]     2: failed to lookup address information: Temporary failure in name resolution
[INFO] [stdout] 
[INFO] [stdout] Stack backtrace:
[INFO] [stdout]    0: <unknown>
[INFO] [stdout]    1: <unknown>
[INFO] [stdout]    2: <unknown>
[INFO] [stdout]    3: <unknown>
[INFO] [stdout]    4: <unknown>
[INFO] [stdout]    5: <unknown>
[INFO] [stdout]    6: <unknown>
[INFO] [stdout]    7: <unknown>
[INFO] [stdout]    8: <unknown>
[INFO] [stdout]    9: <unknown>
[INFO] [stdout]   10: clone
[INFO] [stdout] stack backtrace:
[INFO] [stdout]    0:     0x5ebee1db88a5 - <unknown>
[INFO] [stdout]    1:     0x5ebee1cddfda - <unknown>
[INFO] [stdout]    2:     0x5ebee1db7f3b - <unknown>
[INFO] [stdout]    3:     0x5ebee1db7a1f - <unknown>
[INFO] [stdout]    4:     0x5ebee1db764a - <unknown>
[INFO] [stdout]    5:     0x5ebee1db7185 - <unknown>
[INFO] [stdout]    6:     0x5ebee1dde081 - <unknown>
[INFO] [stdout]    7:     0x5ebee1dde039 - <unknown>
[INFO] [stdout]    8:     0x5ebee1dde53c - <unknown>
[INFO] [stdout]    9:     0x5ebee1cdde6b - <unknown>
[INFO] [stdout]   10:     0x5ebee1ce25a1 - <unknown>
[INFO] [stdout]   11:     0x5ebee1cc30fb - <unknown>
[INFO] [stdout]   12:     0x5ebee1ca1326 - <unknown>
[INFO] [stdout]   13:     0x5ebee1cd7e24 - <unknown>
[INFO] [stdout]   14:     0x5ebee1df9f8b - <unknown>
[INFO] [stdout]   15:     0x5ebee1df59b2 - <unknown>
[INFO] [stdout]   16:     0x5ebee1df541c - <unknown>
[INFO] [stdout]   17:     0x5ebee1e1315c - <unknown>
[INFO] [stdout]   18:     0x5ebee1ddffa4 - <unknown>
[INFO] [stdout]   19:     0x760a47505dfa - <unknown>
[INFO] [stdout]   20:     0x760a475993d4 - clone
[INFO] [stdout]   21:                0x0 - <unknown>
[INFO] [stdout] 
[INFO] [stdout] ---- api::v2::test::get_marketable stdout ----
[INFO] [stdout] 
[INFO] [stdout] thread 'api::v2::test::get_marketable' (1525) panicked at src/api/v2/mod.rs:428:53:
[INFO] [stdout] called `Result::unwrap()` on an `Err` value: error sending request for url (https://universalis.app/api/v2/marketable): error trying to connect: dns error: failed to lookup address information: Temporary failure in name resolution
[INFO] [stdout] 
[INFO] [stdout] Caused by:
[INFO] [stdout]     0: error trying to connect: dns error: failed to lookup address information: Temporary failure in name resolution
[INFO] [stdout]     1: dns error: failed to lookup address information: Temporary failure in name resolution
[INFO] [stdout]     2: failed to lookup address information: Temporary failure in name resolution
[INFO] [stdout] 
[INFO] [stdout] Stack backtrace:
[INFO] [stdout]    0: <unknown>
[INFO] [stdout]    1: <unknown>
[INFO] [stdout]    2: <unknown>
[INFO] [stdout]    3: <unknown>
[INFO] [stdout]    4: <unknown>
[INFO] [stdout]    5: <unknown>
[INFO] [stdout]    6: <unknown>
[INFO] [stdout]    7: <unknown>
[INFO] [stdout]    8: <unknown>
[INFO] [stdout]    9: <unknown>
[INFO] [stdout]   10: clone
[INFO] [stdout] stack backtrace:
[INFO] [stdout]    0:     0x5ebee1db88a5 - <unknown>
[INFO] [stdout]    1:     0x5ebee1cddfda - <unknown>
[INFO] [stdout]    2:     0x5ebee1db7f3b - <unknown>
[INFO] [stdout]    3:     0x5ebee1db7a1f - <unknown>
[INFO] [stdout]    4:     0x5ebee1db764a - <unknown>
[INFO] [stdout]    5:     0x5ebee1db7185 - <unknown>
[INFO] [stdout]    6:     0x5ebee1dde081 - <unknown>
[INFO] [stdout]    7:     0x5ebee1dde039 - <unknown>
[INFO] [stdout]    8:     0x5ebee1dde53c - <unknown>
[INFO] [stdout]    9:     0x5ebee1cdde6b - <unknown>
[INFO] [stdout]   10:     0x5ebee1ce25a1 - <unknown>
[INFO] [stdout]   11:     0x5ebee1cbb7d7 - <unknown>
[INFO] [stdout]   12:     0x5ebee1ca1326 - <unknown>
[INFO] [stdout]   13:     0x5ebee1cd7064 - <unknown>
[INFO] [stdout]   14:     0x5ebee1df9f8b - <unknown>
[INFO] [stdout]   15:     0x5ebee1df59b2 - <unknown>
[INFO] [stdout]   16:     0x5ebee1df541c - <unknown>
[INFO] [stdout]   17:     0x5ebee1e1315c - <unknown>
[INFO] [stdout]   18:     0x5ebee1ddffa4 - <unknown>
[INFO] [stdout]   19:     0x760a47505dfa - <unknown>
[INFO] [stdout]   20:     0x760a475993d4 - clone
[INFO] [stdout]   21:                0x0 - <unknown>
[INFO] [stdout] 
[INFO] [stdout] ---- api::v2::test::get_recently_updated stdout ----
[INFO] [stdout] 
[INFO] [stdout] thread 'api::v2::test::get_recently_updated' (1527) panicked at src/api/v2/mod.rs:449:65:
[INFO] [stdout] called `Result::unwrap()` on an `Err` value: error sending request for url (https://universalis.app/api/v2/extra/stats/recently-updated): error trying to connect: dns error: failed to lookup address information: Temporary failure in name resolution
[INFO] [stdout] 
[INFO] [stdout] Caused by:
[INFO] [stdout]     0: error trying to connect: dns error: failed to lookup address information: Temporary failure in name resolution
[INFO] [stdout]     1: dns error: failed to lookup address information: Temporary failure in name resolution
[INFO] [stdout]     2: failed to lookup address information: Temporary failure in name resolution
[INFO] [stdout] 
[INFO] [stdout] Stack backtrace:
[INFO] [stdout]    0: <unknown>
[INFO] [stdout]    1: <unknown>
[INFO] [stdout]    2: <unknown>
[INFO] [stdout]    3: <unknown>
[INFO] [stdout]    4: <unknown>
[INFO] [stdout]    5: <unknown>
[INFO] [stdout]    6: <unknown>
[INFO] [stdout]    7: <unknown>
[INFO] [stdout]    8: <unknown>
[INFO] [stdout]    9: <unknown>
[INFO] [stdout]   10: clone
[INFO] [stdout] stack backtrace:
[INFO] [stdout]    0:     0x5ebee1db88a5 - <unknown>
[INFO] [stdout]    1:     0x5ebee1cddfda - <unknown>
[INFO] [stdout]    2:     0x5ebee1db7f3b - <unknown>
[INFO] [stdout]    3:     0x5ebee1db7a1f - <unknown>
[INFO] [stdout]    4:     0x5ebee1db764a - <unknown>
[INFO] [stdout]    5:     0x5ebee1db7185 - <unknown>
[INFO] [stdout]    6:     0x5ebee1dde081 - <unknown>
[INFO] [stdout]    7:     0x5ebee1dde039 - <unknown>
[INFO] [stdout]    8:     0x5ebee1dde53c - <unknown>
[INFO] [stdout]    9:     0x5ebee1cdde6b - <unknown>
[INFO] [stdout]   10:     0x5ebee1ce25a1 - <unknown>
[INFO] [stdout]   11:     0x5ebee1cc3e7b - <unknown>
[INFO] [stdout]   12:     0x5ebee1ca1326 - <unknown>
[INFO] [stdout]   13:     0x5ebee1cd80b4 - <unknown>
[INFO] [stdout]   14:     0x5ebee1df9f8b - <unknown>
[INFO] [stdout]   15:     0x5ebee1df59b2 - <unknown>
[INFO] [stdout]   16:     0x5ebee1df541c - <unknown>
[INFO] [stdout]   17:     0x5ebee1e1315c - <unknown>
[INFO] [stdout]   18:     0x5ebee1ddffa4 - <unknown>
[INFO] [stdout]   19:     0x760a47505dfa - <unknown>
[INFO] [stdout]   20:     0x760a475993d4 - clone
[INFO] [stdout]   21:                0x0 - <unknown>
[INFO] [stdout] 
[INFO] [stdout] ---- api::v2::test::get_market_board_sale_history stdout ----
[INFO] [stdout] 
[INFO] [stdout] thread 'api::v2::test::get_market_board_sale_history' (1524) panicked at src/api/v2/mod.rs:409:14:
[INFO] [stdout] called `Result::unwrap()` on an `Err` value: error sending request for url (https://universalis.app/api/v2/history/1172/15?entriesToReturn=&statsWithin=&entriesWithin=&minSalePrice=0&maxSalePrice=2147483647): error trying to connect: dns error: failed to lookup address information: Temporary failure in name resolution
[INFO] [stdout] 
[INFO] [stdout] Caused by:
[INFO] [stdout]     0: error trying to connect: dns error: failed to lookup address information: Temporary failure in name resolution
[INFO] [stdout]     1: dns error: failed to lookup address information: Temporary failure in name resolution
[INFO] [stdout]     2: failed to lookup address information: Temporary failure in name resolution
[INFO] [stdout] 
[INFO] [stdout] Stack backtrace:
[INFO] [stdout]    0: <unknown>
[INFO] [stdout]    1: <unknown>
[INFO] [stdout]    2: <unknown>
[INFO] [stdout]    3: <unknown>
[INFO] [stdout]    4: <unknown>
[INFO] [stdout]    5: <unknown>
[INFO] [stdout]    6: <unknown>
[INFO] [stdout]    7: <unknown>
[INFO] [stdout]    8: <unknown>
[INFO] [stdout]    9: <unknown>
[INFO] [stdout]   10: clone
[INFO] [stdout] stack backtrace:
[INFO] [stdout]    0:     0x5ebee1db88a5 - <unknown>
[INFO] [stdout]    1:     0x5ebee1cddfda - <unknown>
[INFO] [stdout]    2:     0x5ebee1db7f3b - <unknown>
[INFO] [stdout]    3:     0x5ebee1db7a1f - <unknown>
[INFO] [stdout]    4:     0x5ebee1db764a - <unknown>
[INFO] [stdout]    5:     0x5ebee1db7185 - <unknown>
[INFO] [stdout]    6:     0x5ebee1dde081 - <unknown>
[INFO] [stdout]    7:     0x5ebee1dde039 - <unknown>
[INFO] [stdout]    8:     0x5ebee1dde53c - <unknown>
[INFO] [stdout]    9:     0x5ebee1cdde6b - <unknown>
[INFO] [stdout]   10:     0x5ebee1ce25a1 - <unknown>
[INFO] [stdout]   11:     0x5ebee1ccc17d - <unknown>
[INFO] [stdout]   12:     0x5ebee1ca1326 - <unknown>
[INFO] [stdout]   13:     0x5ebee1cd9104 - <unknown>
[INFO] [stdout]   14:     0x5ebee1df9f8b - <unknown>
[INFO] [stdout]   15:     0x5ebee1df59b2 - <unknown>
[INFO] [stdout]   16:     0x5ebee1df541c - <unknown>
[INFO] [stdout]   17:     0x5ebee1e1315c - <unknown>
[INFO] [stdout]   18:     0x5ebee1ddffa4 - <unknown>
[INFO] [stdout]   19:     0x760a47505dfa - <unknown>
[INFO] [stdout]   20:     0x760a475993d4 - clone
[INFO] [stdout]   21:                0x0 - <unknown>
[INFO] [stdout] 
[INFO] [stdout] ---- api::v2::test::get_trade_volume stdout ----
[INFO] [stdout] 
[INFO] [stdout] thread 'api::v2::test::get_trade_volume' (1529) panicked at src/api/v2/mod.rs:331:14:
[INFO] [stdout] called `Result::unwrap()` on an `Err` value: error sending request for url (https://universalis.app/api/v2/extra/stats/trade-volume?world=Crystal&dcName=Aether&item=27814&from=1704038400&to=1704124800): error trying to connect: dns error: failed to lookup address information: Temporary failure in name resolution
[INFO] [stdout] 
[INFO] [stdout] Caused by:
[INFO] [stdout]     0: error trying to connect: dns error: failed to lookup address information: Temporary failure in name resolution
[INFO] [stdout]     1: dns error: failed to lookup address information: Temporary failure in name resolution
[INFO] [stdout]     2: failed to lookup address information: Temporary failure in name resolution
[INFO] [stdout] 
[INFO] [stdout] Stack backtrace:
[INFO] [stdout]    0: <unknown>
[INFO] [stdout]    1: <unknown>
[INFO] [stdout]    2: <unknown>
[INFO] [stdout]    3: <unknown>
[INFO] [stdout]    4: <unknown>
[INFO] [stdout]    5: <unknown>
[INFO] [stdout]    6: <unknown>
[INFO] [stdout]    7: <unknown>
[INFO] [stdout]    8: <unknown>
[INFO] [stdout]    9: <unknown>
[INFO] [stdout]   10: clone
[INFO] [stdout] stack backtrace:
[INFO] [stdout]    0:     0x5ebee1db88a5 - <unknown>
[INFO] [stdout]    1:     0x5ebee1cddfda - <unknown>
[INFO] [stdout]    2:     0x5ebee1db7f3b - <unknown>
[INFO] [stdout]    3:     0x5ebee1db7a1f - <unknown>
[INFO] [stdout]    4:     0x5ebee1db764a - <unknown>
[INFO] [stdout]    5:     0x5ebee1db7185 - <unknown>
[INFO] [stdout]    6:     0x5ebee1dde081 - <unknown>
[INFO] [stdout]    7:     0x5ebee1dde039 - <unknown>
[INFO] [stdout]    8:     0x5ebee1dde53c - <unknown>
[INFO] [stdout]    9:     0x5ebee1cdde6b - <unknown>
[INFO] [stdout]   10:     0x5ebee1ce25a1 - <unknown>
[INFO] [stdout]   11:     0x5ebee1cc08f7 - <unknown>
[INFO] [stdout]   12:     0x5ebee1ca1326 - <unknown>
[INFO] [stdout]   13:     0x5ebee1cd7864 - <unknown>
[INFO] [stdout]   14:     0x5ebee1df9f8b - <unknown>
[INFO] [stdout]   15:     0x5ebee1df59b2 - <unknown>
[INFO] [stdout]   16:     0x5ebee1df541c - <unknown>
[INFO] [stdout]   17:     0x5ebee1e1315c - <unknown>
[INFO] [stdout]   18:     0x5ebee1ddffa4 - <unknown>
[INFO] [stdout]   19:     0x760a47505dfa - <unknown>
[INFO] [stdout]   20:     0x760a475993d4 - clone
[INFO] [stdout]   21:                0x0 - <unknown>
[INFO] [stdout] 
[INFO] [stdout] ---- api::v2::test::get_user_lists stdout ----
[INFO] [stdout] 
[INFO] [stdout] thread 'api::v2::test::get_user_lists' (1532) panicked at src/api/v2/mod.rs:482:14:
[INFO] [stdout] called `Result::unwrap()` on an `Err` value: error sending request for url (https://universalis.app/api/v2/lists/1): error trying to connect: dns error: failed to lookup address information: Temporary failure in name resolution
[INFO] [stdout] 
[INFO] [stdout] Caused by:
[INFO] [stdout]     0: error trying to connect: dns error: failed to lookup address information: Temporary failure in name resolution
[INFO] [stdout]     1: dns error: failed to lookup address information: Temporary failure in name resolution
[INFO] [stdout]     2: failed to lookup address information: Temporary failure in name resolution
[INFO] [stdout] 
[INFO] [stdout] Stack backtrace:
[INFO] [stdout]    0: <unknown>
[INFO] [stdout]    1: <unknown>
[INFO] [stdout]    2: <unknown>
[INFO] [stdout]    3: <unknown>
[INFO] [stdout]    4: <unknown>
[INFO] [stdout]    5: <unknown>
[INFO] [stdout]    6: <unknown>
[INFO] [stdout]    7: <unknown>
[INFO] [stdout]    8: <unknown>
[INFO] [stdout]    9: <unknown>
[INFO] [stdout]   10: clone
[INFO] [stdout] stack backtrace:
[INFO] [stdout]    0:     0x5ebee1db88a5 - <unknown>
[INFO] [stdout]    1:     0x5ebee1cddfda - <unknown>
[INFO] [stdout]    2:     0x5ebee1db7f3b - <unknown>
[INFO] [stdout]    3:     0x5ebee1db7a1f - <unknown>
[INFO] [stdout]    4:     0x5ebee1db764a - <unknown>
[INFO] [stdout]    5:     0x5ebee1db7185 - <unknown>
[INFO] [stdout]    6:     0x5ebee1dde081 - <unknown>
[INFO] [stdout]    7:     0x5ebee1dde039 - <unknown>
[INFO] [stdout]    8:     0x5ebee1dde53c - <unknown>
[INFO] [stdout]    9:     0x5ebee1cdde6b - <unknown>
[INFO] [stdout]   10:     0x5ebee1ce25a1 - <unknown>
[INFO] [stdout]   11:     0x5ebee1cbcfbf - <unknown>
[INFO] [stdout]   12:     0x5ebee1ca1326 - <unknown>
[INFO] [stdout]   13:     0x5ebee1cd72f4 - <unknown>
[INFO] [stdout]   14:     0x5ebee1df9f8b - <unknown>
[INFO] [stdout]   15:     0x5ebee1df59b2 - <unknown>
[INFO] [stdout]   16:     0x5ebee1df541c - <unknown>
[INFO] [stdout]   17:     0x5ebee1e1315c - <unknown>
[INFO] [stdout]   18:     0x5ebee1ddffa4 - <unknown>
[INFO] [stdout]   19:     0x760a47505dfa - <unknown>
[INFO] [stdout]   20:     0x760a475993d4 - clone
[INFO] [stdout]   21:                0x0 - <unknown>
[INFO] [stdout] 
[INFO] [stdout] ---- api::v2::test::get_tax_rates stdout ----
[INFO] [stdout] 
[INFO] [stdout] thread 'api::v2::test::get_tax_rates' (1528) panicked at src/api/v2/mod.rs:421:14:
[INFO] [stdout] called `Result::unwrap()` on an `Err` value: error sending request for url (https://universalis.app/api/v2/tax-rates?world=1172): error trying to connect: dns error: failed to lookup address information: Temporary failure in name resolution
[INFO] [stdout] 
[INFO] [stdout] Caused by:
[INFO] [stdout]     0: error trying to connect: dns error: failed to lookup address information: Temporary failure in name resolution
[INFO] [stdout]     1: dns error: failed to lookup address information: Temporary failure in name resolution
[INFO] [stdout]     2: failed to lookup address information: Temporary failure in name resolution
[INFO] [stdout] 
[INFO] [stdout] Stack backtrace:
[INFO] [stdout]    0: <unknown>
[INFO] [stdout]    1: <unknown>
[INFO] [stdout]    2: <unknown>
[INFO] [stdout]    3: <unknown>
[INFO] [stdout]    4: <unknown>
[INFO] [stdout]    5: <unknown>
[INFO] [stdout]    6: <unknown>
[INFO] [stdout]    7: <unknown>
[INFO] [stdout]    8: <unknown>
[INFO] [stdout]    9: <unknown>
[INFO] [stdout]   10: clone
[INFO] [stdout] stack backtrace:
[INFO] [stdout]    0:     0x5ebee1db88a5 - <unknown>
[INFO] [stdout]    1:     0x5ebee1cddfda - <unknown>
[INFO] [stdout]    2:     0x5ebee1db7f3b - <unknown>
[INFO] [stdout]    3:     0x5ebee1db7a1f - <unknown>
[INFO] [stdout]    4:     0x5ebee1db764a - <unknown>
[INFO] [stdout]    5:     0x5ebee1db7185 - <unknown>
[INFO] [stdout]    6:     0x5ebee1dde081 - <unknown>
[INFO] [stdout]    7:     0x5ebee1dde039 - <unknown>
[INFO] [stdout]    8:     0x5ebee1dde53c - <unknown>
[INFO] [stdout]    9:     0x5ebee1cdde6b - <unknown>
[INFO] [stdout]   10:     0x5ebee1ce25a1 - <unknown>
[INFO] [stdout]   11:     0x5ebee1cbab3e - <unknown>
[INFO] [stdout]   12:     0x5ebee1ca1326 - <unknown>
[INFO] [stdout]   13:     0x5ebee1cd6d84 - <unknown>
[INFO] [stdout]   14:     0x5ebee1df9f8b - <unknown>
[INFO] [stdout]   15:     0x5ebee1df59b2 - <unknown>
[INFO] [stdout]   16:     0x5ebee1df541c - <unknown>
[INFO] [stdout]   17:     0x5ebee1e1315c - <unknown>
[INFO] [stdout]   18:     0x5ebee1ddffa4 - <unknown>
[INFO] [stdout]   19:     0x760a47505dfa - <unknown>
[INFO] [stdout]   20:     0x760a475993d4 - clone
[INFO] [stdout]   21:                0x0 - <unknown>
[INFO] [stdout] 
[INFO] [stdout] 
[INFO] [stdout] failures:
[INFO] [stdout]     api::v2::test::get_data_centers
[INFO] [stdout]     api::v2::test::get_game_entities
[INFO] [stdout]     api::v2::test::get_least_recently_updated
[INFO] [stdout]     api::v2::test::get_market_board_current_data
[INFO] [stdout]     api::v2::test::get_market_board_sale_history
[INFO] [stdout]     api::v2::test::get_marketable
[INFO] [stdout]     api::v2::test::get_most_recently_updated
[INFO] [stdout]     api::v2::test::get_recently_updated
[INFO] [stdout]     api::v2::test::get_tax_rates
[INFO] [stdout]     api::v2::test::get_trade_volume
[INFO] [stdout]     api::v2::test::get_upload_history
[INFO] [stdout]     api::v2::test::get_uploader_upload_counts
[INFO] [stdout]     api::v2::test::get_user_lists
[INFO] [stdout]     api::v2::test::get_world_upload_counts
[INFO] [stdout]     api::v2::test::get_worlds
[INFO] [stdout] 
[INFO] [stdout] test result: FAILED. 0 passed; 15 failed; 0 ignored; 0 measured; 0 filtered out; finished in 0.17s
[INFO] [stdout] 
[INFO] [stderr] error: test failed, to rerun pass `--lib`
[INFO] running `Command { std: "docker" "inspect" "b26b6b5442d978619a0af80f61234a10538af05faca4e640be2601677ad1e618", kill_on_drop: false }`
[INFO] running `Command { std: "docker" "rm" "-f" "b26b6b5442d978619a0af80f61234a10538af05faca4e640be2601677ad1e618", kill_on_drop: false }`
[INFO] [stdout] b26b6b5442d978619a0af80f61234a10538af05faca4e640be2601677ad1e618
