[INFO] fetching crate univec 1.1.0...
[INFO] testing univec-1.1.0 against 1.99.0-beta.8+cargoflags=--release for beta-release-1.100-2
[INFO] extracting crate univec 1.1.0 into /workspace/builds/worker-7-tc1/source
[INFO] started tweaking crates.io crate univec 1.1.0
[INFO] removed 0 missing tests
[INFO] finished tweaking crates.io crate univec 1.1.0
[INFO] tweaked toml for crates.io crate univec 1.1.0 written to /workspace/builds/worker-7-tc1/source/Cargo.toml
[INFO] validating manifest of crates.io crate univec 1.1.0 on toolchain 1.99.0-beta.8
[INFO] running `Command { std: CARGO_HOME="/workspace/cargo-home" RUSTUP_HOME="/workspace/rustup-home" "/workspace/cargo-home/bin/cargo" "+1.99.0-beta.8" "metadata" "--manifest-path" "Cargo.toml" "--no-deps", kill_on_drop: false }`
[INFO] crate crates.io crate univec 1.1.0 already has a lockfile, it will not be regenerated
[INFO] running `Command { std: CARGO_HOME="/workspace/cargo-home" RUSTUP_HOME="/workspace/rustup-home" "/workspace/cargo-home/bin/cargo" "+1.99.0-beta.8" "fetch" "--manifest-path" "Cargo.toml", kill_on_drop: false }`
[INFO] [stderr]     Updating crates.io index
[INFO] [stderr]  Downloading crates ...
[INFO] [stderr]   Downloaded into_index v0.2.0
[INFO] running `Command { std: "docker" "create" "-v" "/var/lib/crater-agent-workspace/builds/worker-7-tc1/source:/opt/rustwide/workdir:ro,Z" "-v" "/var/lib/crater-agent-workspace/builds/worker-7-tc1/target:/opt/rustwide/target:rw,Z" "-v" "/var/lib/crater-agent-workspace/cargo-home:/opt/rustwide/cargo-home:ro,Z" "-v" "/var/lib/crater-agent-workspace/rustup-home:/opt/rustwide/rustup-home:ro,Z" "-m" "1610612736" "--network" "none" "ghcr.io/rust-lang/crates-build-env/linux@sha256:77db811e55d90add9212f6832c23229e3de5f1c1f9905e8cb07319ea15df73ac" "sleep" "infinity", kill_on_drop: false }`
[INFO] [stdout] 9487405192f08f06290b70a12eb2add28cae9830075ab7494d9794f4573f2aba
[INFO] running `Command { std: "docker" "start" "9487405192f08f06290b70a12eb2add28cae9830075ab7494d9794f4573f2aba", kill_on_drop: false }`
[INFO] running `Command { std: "docker" "inspect" "9487405192f08f06290b70a12eb2add28cae9830075ab7494d9794f4573f2aba", kill_on_drop: false }`
[INFO] running `Command { std: "docker" "exec" "-e" "SOURCE_DIR=/opt/rustwide/workdir" "-e" "CARGO_HOME=/opt/rustwide/cargo-home" "-e" "RUSTUP_HOME=/opt/rustwide/rustup-home" "-e" "CARGO_TARGET_DIR=/opt/rustwide/target" "-w" "/opt/rustwide/workdir" "--user" "0:0" "9487405192f08f06290b70a12eb2add28cae9830075ab7494d9794f4573f2aba" "/opt/rustwide/cargo-home/bin/cargo" "+1.99.0-beta.8" "metadata" "--no-deps" "--format-version=1", kill_on_drop: false }`
[INFO] running `Command { std: "docker" "inspect" "9487405192f08f06290b70a12eb2add28cae9830075ab7494d9794f4573f2aba", kill_on_drop: false }`
[INFO] running `Command { std: "docker" "exec" "-e" "SOURCE_DIR=/opt/rustwide/workdir" "-e" "CARGO_HOME=/opt/rustwide/cargo-home" "-e" "RUSTUP_HOME=/opt/rustwide/rustup-home" "-e" "CARGO_TARGET_DIR=/opt/rustwide/target" "-e" "CARGO_INCREMENTAL=0" "-e" "RUST_BACKTRACE=full" "-e" "RUSTFLAGS=--cap-lints=warn" "-e" "RUSTDOCFLAGS=--cap-lints=warn" "-w" "/opt/rustwide/workdir" "--user" "0:0" "9487405192f08f06290b70a12eb2add28cae9830075ab7494d9794f4573f2aba" "/opt/rustwide/cargo-home/bin/cargo" "+1.99.0-beta.8" "build" "--frozen" "--message-format=json" "--release", kill_on_drop: false }`
[INFO] [stderr]    Compiling proc-macro2 v1.0.94
[INFO] [stderr]    Compiling into_index v0.2.0
[INFO] [stderr]    Compiling quote v1.0.40
[INFO] [stderr]    Compiling syn v2.0.100
[INFO] [stderr]    Compiling thiserror-impl v2.0.12
[INFO] [stderr]    Compiling thiserror v2.0.12
[INFO] [stderr]    Compiling univec v1.1.0 (/opt/rustwide/workdir)
[INFO] [stderr]     Finished `release` profile [optimized] target(s) in 4.38s
[INFO] running `Command { std: "docker" "inspect" "9487405192f08f06290b70a12eb2add28cae9830075ab7494d9794f4573f2aba", kill_on_drop: false }`
[INFO] running `Command { std: "docker" "exec" "-e" "SOURCE_DIR=/opt/rustwide/workdir" "-e" "CARGO_HOME=/opt/rustwide/cargo-home" "-e" "RUSTUP_HOME=/opt/rustwide/rustup-home" "-e" "CARGO_TARGET_DIR=/opt/rustwide/target" "-e" "CARGO_INCREMENTAL=0" "-e" "RUST_BACKTRACE=full" "-e" "RUSTFLAGS=--cap-lints=warn" "-e" "RUSTDOCFLAGS=--cap-lints=warn" "-w" "/opt/rustwide/workdir" "--user" "0:0" "9487405192f08f06290b70a12eb2add28cae9830075ab7494d9794f4573f2aba" "/opt/rustwide/cargo-home/bin/cargo" "+1.99.0-beta.8" "test" "--frozen" "--no-run" "--message-format=json" "--release", kill_on_drop: false }`
[INFO] [stderr]    Compiling univec v1.1.0 (/opt/rustwide/workdir)
[INFO] [stderr]     Finished `release` profile [optimized] target(s) in 1.08s
[INFO] running `Command { std: "docker" "inspect" "9487405192f08f06290b70a12eb2add28cae9830075ab7494d9794f4573f2aba", kill_on_drop: false }`
[INFO] running `Command { std: "docker" "exec" "-e" "SOURCE_DIR=/opt/rustwide/workdir" "-e" "CARGO_HOME=/opt/rustwide/cargo-home" "-e" "RUSTUP_HOME=/opt/rustwide/rustup-home" "-e" "CARGO_TARGET_DIR=/opt/rustwide/target" "-e" "CARGO_INCREMENTAL=0" "-e" "RUST_BACKTRACE=full" "-e" "RUSTFLAGS=--cap-lints=warn" "-e" "RUSTDOCFLAGS=--cap-lints=warn" "-w" "/opt/rustwide/workdir" "--user" "0:0" "9487405192f08f06290b70a12eb2add28cae9830075ab7494d9794f4573f2aba" "/opt/rustwide/cargo-home/bin/cargo" "+1.99.0-beta.8" "test" "--frozen" "--release", kill_on_drop: false }`
[INFO] [stderr]     Finished `release` profile [optimized] target(s) in 0.02s
[INFO] [stderr]      Running unittests src/lib.rs (/opt/rustwide/target/release/deps/univec-b40d006a11d1706e)
[INFO] [stdout] 
[INFO] [stderr]      Running tests/univec.rs (/opt/rustwide/target/release/deps/univec-6b8f6c78e79e8594)
[INFO] [stdout] running 1 test
[INFO] [stdout] test tests::test_type_check ... ok
[INFO] [stdout] 
[INFO] [stdout] test result: ok. 1 passed; 0 failed; 0 ignored; 0 measured; 0 filtered out; finished in 0.00s
[INFO] [stdout] 
[INFO] [stdout] 
[INFO] [stdout] running 40 tests
[INFO] [stdout] test test_default ... ok
[INFO] [stdout] test test_debug ... ok
[INFO] [stdout] test test_get_mut_err ... ok
[INFO] [stdout] test test_insert_and_remove ... ok
[INFO] [stdout] test test_get_mut_range_err ... ok
[INFO] [stdout] test test_as_vec_mut ... ok
[INFO] [stdout] test test_get_err ... ok
[INFO] [stdout] test test_into_index_panic ... ok
[INFO] [stdout] test test_nodebug_type ... ok
[INFO] [stdout] test test_pop ... ok
[INFO] [stdout] test test_pop_err ... ok
[INFO] [stdout] test test_push_and_get ... ok
[INFO] [stdout] test test_len_and_capacity ... ok
[INFO] [stdout] test test_into_inner ... ok
[INFO] [stdout] test test_as_vec ... ok
[INFO] [stdout] test test_from ... ok
[INFO] [stdout] test test_insert_panic - should panic ... FAILED
[INFO] [stdout] test test_get_range_err ... ok
[INFO] [stdout] test test_drop_last ... ok
[INFO] [stdout] test test_debug_invalidtypetoinsert ... ok
[INFO] [stdout] test test_ensure ... ok
[INFO] [stdout] test test_into_index ... ok
[INFO] [stdout] test test_as_slice ... ok
[INFO] [stdout] test test_try_get_mut_range_err ... ok
[INFO] [stdout] test test_ensure_panics - should panic ... ok
[INFO] [stdout] test test_try_as_vec_mut ... ok
[INFO] [stdout] test test_try_get_range_err ... ok
[INFO] [stdout] test test_univec_at ... ok
[INFO] [stdout] test test_push_err ... ok
[INFO] [stdout] test test_reserve ... ok
[INFO] [stdout] test test_take ... ok
[INFO] [stdout] test test_univec_at_mut ... ok
[INFO] [stdout] test test_vec_at_mut ... ok
[INFO] [stdout] test test_univec_try_at ... ok
[INFO] [stdout] test test_univec_try_at_mut ... ok
[INFO] [stdout] test test_with_capacity ... ok
[INFO] [stdout] test test_try_as_vec ... ok
[INFO] [stdout] test test_univec_at_panic - should panic ... ok
[INFO] [stdout] test test_vec_at ... ok
[INFO] [stdout] test test_vec_at_panic - should panic ... ok
[INFO] [stdout] 
[INFO] [stdout] failures:
[INFO] [stdout] 
[INFO] [stdout] ---- test_insert_panic stdout ----
[INFO] [stdout] 
[INFO] [stdout] thread 'test_insert_panic' (317) panicked at /opt/rustwide/cargo-home/registry/src/index.crates.io-1949cf8c6b5b557f/into_index-0.2.0/src/lib.rs:53:25:
[INFO] [stdout] index out of bounds: TryFromIntError(NegOverflow)
[INFO] [stdout] stack backtrace:
[INFO] [stdout]    0:     0x61d8a5498341 - <<std[70759c8f55707aa4]::sys::backtrace::BacktraceLock>::print::DisplayBacktrace as core[df12db4294e9bfd3]::fmt::Display>::fmt
[INFO] [stdout]    1:     0x61d8a54ac54a - core[df12db4294e9bfd3]::fmt::write
[INFO] [stdout]    2:     0x61d8a549c7dc - <alloc[2182bb758b4b3781]::vec::Vec<u8> as core[df12db4294e9bfd3]::io::write::Write>::write_fmt
[INFO] [stdout]    3:     0x61d8a5474936 - std[70759c8f55707aa4]::panicking::default_hook::{closure#0}
[INFO] [stdout]    4:     0x61d8a5490aa9 - std[70759c8f55707aa4]::panicking::default_hook
[INFO] [stdout]    5:     0x61d8a542ce10 - test[9d35eded1c95d3be]::test_main_inner::<test[9d35eded1c95d3be]::test_main_static::{closure#0}>::{closure#0}
[INFO] [stdout]    6:     0x61d8a5490c62 - std[70759c8f55707aa4]::panicking::panic_with_hook
[INFO] [stdout]    7:     0x61d8a54749e2 - std[70759c8f55707aa4]::panicking::panic_handler::{closure#0}
[INFO] [stdout]    8:     0x61d8a546d769 - std[70759c8f55707aa4]::sys::backtrace::__rust_end_short_backtrace::<std[70759c8f55707aa4]::panicking::panic_handler::{closure#0}, !>
[INFO] [stdout]    9:     0x61d8a54755dd - __rustc[8fa7c3cbc660c2b3]::rust_begin_unwind
[INFO] [stdout]   10:     0x61d8a54acc7c - core[df12db4294e9bfd3]::panicking::panic_fmt
[INFO] [stdout]   11:     0x61d8a54aca52 - core[df12db4294e9bfd3]::result::unwrap_failed
[INFO] [stdout]   12:     0x61d8a541d8b0 - <univec[e27ef917b0c58632]::test_insert_panic::{closure#0} as core[df12db4294e9bfd3]::ops::function::FnOnce<()>>::call_once
[INFO] [stdout]   13:     0x61d8a54200fb - test[9d35eded1c95d3be]::__rust_begin_short_backtrace::<core[df12db4294e9bfd3]::result::Result<(), alloc[2182bb758b4b3781]::string::String>, fn() -> core[df12db4294e9bfd3]::result::Result<(), alloc[2182bb758b4b3781]::string::String>>
[INFO] [stdout]   14:     0x61d8a542d765 - test[9d35eded1c95d3be]::run_test::{closure#0}
[INFO] [stdout]   15:     0x61d8a5427024 - std[70759c8f55707aa4]::sys::backtrace::__rust_begin_short_backtrace::<test[9d35eded1c95d3be]::run_test::{closure#1}, ()>
[INFO] [stdout]   16:     0x61d8a54308c2 - <std[70759c8f55707aa4]::thread::lifecycle::spawn_unchecked<test[9d35eded1c95d3be]::run_test::{closure#1}, ()>::{closure#1} as core[df12db4294e9bfd3]::ops::function::FnOnce<()>>::call_once::{shim:vtable#0}
[INFO] [stdout]   17:     0x61d8a5497c19 - <std[70759c8f55707aa4]::sys::thread::unix::Thread>::new::thread_start
[INFO] [stdout]   18:     0x7c5b6c9bedfa - <unknown>
[INFO] [stdout]   19:     0x7c5b6ca523d4 - clone
[INFO] [stdout]   20:                0x0 - <unknown>
[INFO] [stdout] note: panic did not contain expected string
[INFO] [stdout]       panic message: "index out of bounds: TryFromIntError(NegOverflow)"
[INFO] [stdout]  expected substring: "index out of bounds: TryFromIntError(())"
[INFO] [stdout] 
[INFO] [stdout] failures:
[INFO] [stdout]     test_insert_panic
[INFO] [stdout] 
[INFO] [stdout] test result: FAILED. 39 passed; 1 failed; 0 ignored; 0 measured; 0 filtered out; finished in 0.01s
[INFO] [stdout] 
[INFO] [stderr] error: test failed, to rerun pass `--test univec`
[INFO] running `Command { std: "docker" "inspect" "9487405192f08f06290b70a12eb2add28cae9830075ab7494d9794f4573f2aba", kill_on_drop: false }`
[INFO] running `Command { std: "docker" "rm" "-f" "9487405192f08f06290b70a12eb2add28cae9830075ab7494d9794f4573f2aba", kill_on_drop: false }`
[INFO] [stdout] 9487405192f08f06290b70a12eb2add28cae9830075ab7494d9794f4573f2aba
