[INFO] fetching crate unity-mirror-rs 0.1.1-beta...
[INFO] testing unity-mirror-rs-0.1.1-beta against 1.99.0-beta.8+cargoflags=--release for beta-release-1.100-2
[INFO] extracting crate unity-mirror-rs 0.1.1-beta into /workspace/builds/worker-2-tc1/source
[INFO] started tweaking crates.io crate unity-mirror-rs 0.1.1-beta
[INFO] finished tweaking crates.io crate unity-mirror-rs 0.1.1-beta
[INFO] tweaked toml for crates.io crate unity-mirror-rs 0.1.1-beta written to /workspace/builds/worker-2-tc1/source/Cargo.toml
[INFO] validating manifest of crates.io crate unity-mirror-rs 0.1.1-beta on toolchain 1.99.0-beta.8
[INFO] running `Command { std: CARGO_HOME="/workspace/cargo-home" RUSTUP_HOME="/workspace/rustup-home" "/workspace/cargo-home/bin/cargo" "+1.99.0-beta.8" "metadata" "--manifest-path" "Cargo.toml" "--no-deps", kill_on_drop: false }`
[INFO] crate crates.io crate unity-mirror-rs 0.1.1-beta already has a lockfile, it will not be regenerated
[INFO] running `Command { std: CARGO_HOME="/workspace/cargo-home" RUSTUP_HOME="/workspace/rustup-home" "/workspace/cargo-home/bin/cargo" "+1.99.0-beta.8" "fetch" "--manifest-path" "Cargo.toml", kill_on_drop: false }`
[INFO] [stderr]     Updating crates.io index
[INFO] [stderr]  Downloading crates ...
[INFO] [stderr]   Downloaded simba v0.9.0
[INFO] [stderr]   Downloaded ordered-float v5.0.0
[INFO] [stderr]   Downloaded wide v0.7.32
[INFO] [stderr]   Downloaded windows-link v0.1.1
[INFO] [stderr]   Downloaded dtor v0.0.6
[INFO] [stderr]   Downloaded unity-mirror-macro-rs v0.1.0-beta
[INFO] [stderr]   Downloaded rustversion v1.0.20
[INFO] [stderr]   Downloaded windows-strings v0.4.0
[INFO] [stderr]   Downloaded windows-result v0.3.2
[INFO] [stderr]   Downloaded dtor-proc-macro v0.0.5
[INFO] [stderr]   Downloaded hostname v0.4.1
[INFO] [stderr]   Downloaded ctor v0.4.2
[INFO] [stderr]   Downloaded nalgebra-macros v0.2.2
[INFO] [stderr]   Downloaded ctor-proc-macro v0.0.5
[INFO] [stderr]   Downloaded kcp v0.6.0
[INFO] [stderr]   Downloaded kcp2k v0.0.1-beta
[INFO] [stderr]   Downloaded windows-core v0.61.0
[INFO] [stderr]   Downloaded flate2 v1.1.1
[INFO] [stderr]   Downloaded cc v1.2.20
[INFO] [stderr]   Downloaded nalgebra v0.33.2
[INFO] [stderr]   Downloaded tklog v0.2.9
[INFO] running `Command { std: "docker" "create" "-v" "/var/lib/crater-agent-workspace/builds/worker-2-tc1/source:/opt/rustwide/workdir:ro,Z" "-v" "/var/lib/crater-agent-workspace/builds/worker-2-tc1/target:/opt/rustwide/target:rw,Z" "-v" "/var/lib/crater-agent-workspace/cargo-home:/opt/rustwide/cargo-home:ro,Z" "-v" "/var/lib/crater-agent-workspace/rustup-home:/opt/rustwide/rustup-home:ro,Z" "-m" "1610612736" "--network" "none" "ghcr.io/rust-lang/crates-build-env/linux@sha256:77db811e55d90add9212f6832c23229e3de5f1c1f9905e8cb07319ea15df73ac" "sleep" "infinity", kill_on_drop: false }`
[INFO] [stdout] c1c4bcd2f99db8026740d7ff0ec38d73289a5cc5a1ed7f86c4db4c20bc102476
[INFO] running `Command { std: "docker" "start" "c1c4bcd2f99db8026740d7ff0ec38d73289a5cc5a1ed7f86c4db4c20bc102476", kill_on_drop: false }`
[INFO] running `Command { std: "docker" "inspect" "c1c4bcd2f99db8026740d7ff0ec38d73289a5cc5a1ed7f86c4db4c20bc102476", kill_on_drop: false }`
[INFO] running `Command { std: "docker" "exec" "-e" "SOURCE_DIR=/opt/rustwide/workdir" "-e" "CARGO_HOME=/opt/rustwide/cargo-home" "-e" "RUSTUP_HOME=/opt/rustwide/rustup-home" "-e" "CARGO_TARGET_DIR=/opt/rustwide/target" "-w" "/opt/rustwide/workdir" "--user" "0:0" "c1c4bcd2f99db8026740d7ff0ec38d73289a5cc5a1ed7f86c4db4c20bc102476" "/opt/rustwide/cargo-home/bin/cargo" "+1.99.0-beta.8" "metadata" "--no-deps" "--format-version=1", kill_on_drop: false }`
[INFO] running `Command { std: "docker" "inspect" "c1c4bcd2f99db8026740d7ff0ec38d73289a5cc5a1ed7f86c4db4c20bc102476", kill_on_drop: false }`
[INFO] running `Command { std: "docker" "exec" "-e" "SOURCE_DIR=/opt/rustwide/workdir" "-e" "CARGO_HOME=/opt/rustwide/cargo-home" "-e" "RUSTUP_HOME=/opt/rustwide/rustup-home" "-e" "CARGO_TARGET_DIR=/opt/rustwide/target" "-e" "CARGO_INCREMENTAL=0" "-e" "RUST_BACKTRACE=full" "-e" "RUSTFLAGS=--cap-lints=warn" "-e" "RUSTDOCFLAGS=--cap-lints=warn" "-w" "/opt/rustwide/workdir" "--user" "0:0" "c1c4bcd2f99db8026740d7ff0ec38d73289a5cc5a1ed7f86c4db4c20bc102476" "/opt/rustwide/cargo-home/bin/cargo" "+1.99.0-beta.8" "build" "--frozen" "--message-format=json" "--release", kill_on_drop: false }`
[INFO] [stderr]    Compiling autocfg v1.4.0
[INFO] [stderr]    Compiling proc-macro2 v1.0.93
[INFO] [stderr]    Compiling unicode-ident v1.0.16
[INFO] [stderr]    Compiling libc v0.2.169
[INFO] [stderr]    Compiling cfg-if v1.0.0
[INFO] [stderr]    Compiling zerocopy v0.8.25
[INFO] [stderr]    Compiling getrandom v0.3.1
[INFO] [stderr]    Compiling memchr v2.7.4
[INFO] [stderr]    Compiling parking_lot_core v0.9.10
[INFO] [stderr]    Compiling smallvec v1.15.0
[INFO] [stderr]    Compiling crossbeam-utils v0.8.21
[INFO] [stderr]    Compiling scopeguard v1.2.0
[INFO] [stderr]    Compiling adler2 v2.0.0
[INFO] [stderr]    Compiling num-traits v0.2.19
[INFO] [stderr]    Compiling lock_api v0.4.12
[INFO] [stderr]    Compiling bytes v1.10.1
[INFO] [stderr]    Compiling miniz_oxide v0.8.8
[INFO] [stderr]    Compiling quote v1.0.38
[INFO] [stderr]    Compiling aho-corasick v1.1.3
[INFO] [stderr]    Compiling syn v2.0.98
[INFO] [stderr]    Compiling thiserror v2.0.12
[INFO] [stderr]    Compiling bytemuck v1.22.0
[INFO] [stderr]    Compiling regex-syntax v0.8.5
[INFO] [stderr]    Compiling paste v1.0.15
[INFO] [stderr]    Compiling safe_arch v0.7.4
[INFO] [stderr]    Compiling rand_core v0.9.3
[INFO] [stderr]    Compiling parking_lot v0.12.3
[INFO] [stderr]    Compiling socket2 v0.5.8
[INFO] [stderr]    Compiling signal-hook-registry v1.4.5
[INFO] [stderr]    Compiling mio v1.0.3
[INFO] [stderr]    Compiling matrixmultiply v0.3.9
[INFO] [stderr]    Compiling crc32fast v1.4.2
[INFO] [stderr]    Compiling serde v1.0.219
[INFO] [stderr]    Compiling iana-time-zone v0.1.63
[INFO] [stderr]    Compiling pin-project-lite v0.2.16
[INFO] [stderr]    Compiling once_cell v1.21.3
[INFO] [stderr]    Compiling typenum v1.18.0
[INFO] [stderr]    Compiling ppv-lite86 v0.2.21
[INFO] [stderr]    Compiling object v0.36.7
[INFO] [stderr]    Compiling log v0.4.27
[INFO] [stderr]    Compiling chrono v0.4.41
[INFO] [stderr]    Compiling flate2 v1.1.1
[INFO] [stderr]    Compiling wide v0.7.32
[INFO] [stderr]    Compiling rand_chacha v0.9.0
[INFO] [stderr]    Compiling regex-automata v0.4.9
[INFO] [stderr]    Compiling crossbeam-channel v0.5.15
[INFO] [stderr]    Compiling num-complex v0.4.6
[INFO] [stderr]    Compiling approx v0.5.1
[INFO] [stderr]    Compiling num-integer v0.1.46
[INFO] [stderr]    Compiling serde_json v1.0.140
[INFO] [stderr]    Compiling itoa v1.0.15
[INFO] [stderr]    Compiling gimli v0.31.1
[INFO] [stderr]    Compiling rawpointer v0.2.1
[INFO] [stderr]    Compiling dtor-proc-macro v0.0.5
[INFO] [stderr]    Compiling hashbrown v0.14.5
[INFO] [stderr]    Compiling dtor v0.0.6
[INFO] [stderr]    Compiling tokio-macros v2.5.0
[INFO] [stderr]    Compiling thiserror-impl v2.0.12
[INFO] [stderr]    Compiling tokio v1.45.0
[INFO] [stderr]    Compiling serde_derive v1.0.219
[INFO] [stderr]    Compiling dashmap v6.1.0
[INFO] [stderr]    Compiling simba v0.9.0
[INFO] [stderr]    Compiling nalgebra-macros v0.2.2
[INFO] [stderr]    Compiling num-rational v0.4.2
[INFO] [stderr]    Compiling rand v0.9.1
[INFO] [stderr]    Compiling regex v1.11.1
[INFO] [stderr]    Compiling kcp v0.6.0
[INFO] [stderr]    Compiling addr2line v0.24.2
[INFO] [stderr]    Compiling fnv v1.0.7
[INFO] [stderr]    Compiling ctor-proc-macro v0.0.5
[INFO] [stderr]    Compiling rustc-demangle v0.1.24
[INFO] [stderr]    Compiling ryu v1.0.20
[INFO] [stderr]    Compiling ctor v0.4.2
[INFO] [stderr]    Compiling unity-mirror-macro-rs v0.1.0-beta
[INFO] [stderr]    Compiling http v1.3.1
[INFO] [stderr]    Compiling serde_repr v0.1.20
[INFO] [stderr]    Compiling ordered-float v5.0.0
[INFO] [stderr]    Compiling hostname v0.4.1
[INFO] [stderr]    Compiling lazy_static v1.5.0
[INFO] [stderr]    Compiling nalgebra v0.33.2
[INFO] [stderr]    Compiling tklog v0.2.9
[INFO] [stderr]    Compiling backtrace v0.3.75
[INFO] [stderr]    Compiling kcp2k v0.0.1-beta
[INFO] [stderr]    Compiling unity-mirror-rs v0.1.1-beta (/opt/rustwide/workdir)
[INFO] [stderr]     Finished `release` profile [optimized] target(s) in 1m 51s
[INFO] running `Command { std: "docker" "inspect" "c1c4bcd2f99db8026740d7ff0ec38d73289a5cc5a1ed7f86c4db4c20bc102476", kill_on_drop: false }`
[INFO] running `Command { std: "docker" "exec" "-e" "SOURCE_DIR=/opt/rustwide/workdir" "-e" "CARGO_HOME=/opt/rustwide/cargo-home" "-e" "RUSTUP_HOME=/opt/rustwide/rustup-home" "-e" "CARGO_TARGET_DIR=/opt/rustwide/target" "-e" "CARGO_INCREMENTAL=0" "-e" "RUST_BACKTRACE=full" "-e" "RUSTFLAGS=--cap-lints=warn" "-e" "RUSTDOCFLAGS=--cap-lints=warn" "-w" "/opt/rustwide/workdir" "--user" "0:0" "c1c4bcd2f99db8026740d7ff0ec38d73289a5cc5a1ed7f86c4db4c20bc102476" "/opt/rustwide/cargo-home/bin/cargo" "+1.99.0-beta.8" "test" "--frozen" "--no-run" "--message-format=json" "--release", kill_on_drop: false }`
[INFO] [stderr]    Compiling unity-mirror-rs v0.1.1-beta (/opt/rustwide/workdir)
[INFO] [stderr]     Finished `release` profile [optimized] target(s) in 43.39s
[INFO] running `Command { std: "docker" "inspect" "c1c4bcd2f99db8026740d7ff0ec38d73289a5cc5a1ed7f86c4db4c20bc102476", kill_on_drop: false }`
[INFO] running `Command { std: "docker" "exec" "-e" "SOURCE_DIR=/opt/rustwide/workdir" "-e" "CARGO_HOME=/opt/rustwide/cargo-home" "-e" "RUSTUP_HOME=/opt/rustwide/rustup-home" "-e" "CARGO_TARGET_DIR=/opt/rustwide/target" "-e" "CARGO_INCREMENTAL=0" "-e" "RUST_BACKTRACE=full" "-e" "RUSTFLAGS=--cap-lints=warn" "-e" "RUSTDOCFLAGS=--cap-lints=warn" "-w" "/opt/rustwide/workdir" "--user" "0:0" "c1c4bcd2f99db8026740d7ff0ec38d73289a5cc5a1ed7f86c4db4c20bc102476" "/opt/rustwide/cargo-home/bin/cargo" "+1.99.0-beta.8" "test" "--frozen" "--release", kill_on_drop: false }`
[INFO] [stderr]     Finished `release` profile [optimized] target(s) in 0.09s
[INFO] [stderr]      Running unittests src/lib.rs (/opt/rustwide/target/release/deps/unity_mirror_rs-370200f045fa1c07)
[INFO] [stdout] 
[INFO] [stdout] running 4 tests
[INFO] [stdout] test mirror::network_writer_pool::tests::test_network_writer_pool ... ok
[INFO] [stdout] test mirror::components::network_transform::transform_sync_data::tests::test_sync_data ... ok
[INFO] [stdout] test unity_engine::world::tests::test_change_scene ... FAILED
[INFO] [stderr] error: test failed, to rerun pass `--lib`
[INFO] [stdout] test mirror::snapshot_interpolation::time_sample::tests::test_time_sample ... ok
[INFO] [stdout] 
[INFO] [stdout] failures:
[INFO] [stdout] 
[INFO] [stdout] ---- unity_engine::world::tests::test_change_scene stdout ----
[INFO] [stdout] 
[INFO] [stdout] thread 'unity_engine::world::tests::test_change_scene' (1486) panicked at src/metadata_settings/metadata.rs:25:17:
[INFO] [stdout] Failed to open configuration file 'metadata_settings.json'
[INFO] [stdout] No such file or directory (os error 2)
[INFO] [stdout] stack backtrace:
[INFO] [stdout]    0:     0x58847a264245 - <unknown>
[INFO] [stdout]    1:     0x58847a19ad0a - <unknown>
[INFO] [stdout]    2:     0x58847a2638db - <unknown>
[INFO] [stdout]    3:     0x58847a2633bf - <unknown>
[INFO] [stdout]    4:     0x58847a262fea - <unknown>
[INFO] [stdout]    5:     0x58847a262b22 - <unknown>
[INFO] [stdout]    6:     0x58847a2899e1 - <unknown>
[INFO] [stdout]    7:     0x58847a289999 - <unknown>
[INFO] [stdout]    8:     0x58847a289eac - <unknown>
[INFO] [stdout]    9:     0x58847a19ab9b - <unknown>
[INFO] [stdout]   10:     0x58847a34ce26 - <unknown>
[INFO] [stdout]   11:     0x58847a34e367 - <unknown>
[INFO] [stdout]   12:     0x58847a1cca01 - <unknown>
[INFO] [stdout]   13:     0x58847a34e2bb - <unknown>
[INFO] [stdout]   14:     0x58847a356e38 - <unknown>
[INFO] [stdout]   15:     0x58847a354b25 - <unknown>
[INFO] [stdout]   16:     0x58847a2a607b - <unknown>
[INFO] [stdout]   17:     0x58847a2a1c62 - <unknown>
[INFO] [stdout]   18:     0x58847a2a16cc - <unknown>
[INFO] [stdout]   19:     0x58847a2bbe2c - <unknown>
[INFO] [stdout]   20:     0x58847a28b382 - <unknown>
[INFO] [stdout]   21:     0x7280a1822dfa - <unknown>
[INFO] [stdout]   22:     0x7280a18b63d4 - clone
[INFO] [stdout]   23:                0x0 - <unknown>
[INFO] [stdout] 
[INFO] [stdout] 
[INFO] [stdout] failures:
[INFO] [stdout]     unity_engine::world::tests::test_change_scene
[INFO] [stdout] 
[INFO] [stdout] test result: FAILED. 3 passed; 1 failed; 0 ignored; 0 measured; 0 filtered out; finished in 4.02s
[INFO] [stdout] 
[INFO] running `Command { std: "docker" "inspect" "c1c4bcd2f99db8026740d7ff0ec38d73289a5cc5a1ed7f86c4db4c20bc102476", kill_on_drop: false }`
[INFO] running `Command { std: "docker" "rm" "-f" "c1c4bcd2f99db8026740d7ff0ec38d73289a5cc5a1ed7f86c4db4c20bc102476", kill_on_drop: false }`
[INFO] [stdout] c1c4bcd2f99db8026740d7ff0ec38d73289a5cc5a1ed7f86c4db4c20bc102476
