[INFO] fetching crate unity-asset 0.2.0...
[INFO] testing unity-asset-0.2.0 against 1.99.0-beta.8+cargoflags=--release for beta-release-1.100-2
[INFO] extracting crate unity-asset 0.2.0 into /workspace/builds/worker-4-tc1/source
[INFO] started tweaking crates.io crate unity-asset 0.2.0
[INFO] removed 0 missing examples
[INFO] removed 0 missing tests
[INFO] finished tweaking crates.io crate unity-asset 0.2.0
[INFO] tweaked toml for crates.io crate unity-asset 0.2.0 written to /workspace/builds/worker-4-tc1/source/Cargo.toml
[INFO] validating manifest of crates.io crate unity-asset 0.2.0 on toolchain 1.99.0-beta.8
[INFO] running `Command { std: CARGO_HOME="/workspace/cargo-home" RUSTUP_HOME="/workspace/rustup-home" "/workspace/cargo-home/bin/cargo" "+1.99.0-beta.8" "metadata" "--manifest-path" "Cargo.toml" "--no-deps", kill_on_drop: false }`
[INFO] crate crates.io crate unity-asset 0.2.0 already has a lockfile, it will not be regenerated
[INFO] running `Command { std: CARGO_HOME="/workspace/cargo-home" RUSTUP_HOME="/workspace/rustup-home" "/workspace/cargo-home/bin/cargo" "+1.99.0-beta.8" "fetch" "--manifest-path" "Cargo.toml", kill_on_drop: false }`
[INFO] [stderr]     Updating crates.io index
[INFO] [stderr]  Downloading crates ...
[INFO] [stderr]   Downloaded unity-asset-yaml v0.2.0
[INFO] [stderr]   Downloaded unity-asset-core v0.2.0
[INFO] [stderr]   Downloaded lzma-rs v0.3.0
[INFO] [stderr]   Downloaded symphonia-codec-alac v0.5.4
[INFO] [stderr]   Downloaded unity-asset-decode v0.2.0
[INFO] [stderr]   Downloaded symphonia-codec-pcm v0.5.4
[INFO] [stderr]   Downloaded symphonia-utils-xiph v0.5.4
[INFO] [stderr]   Downloaded symphonia-codec-adpcm v0.5.4
[INFO] [stderr]   Downloaded symphonia v0.5.4
[INFO] [stderr]   Downloaded symphonia-format-caf v0.5.4
[INFO] [stderr]   Downloaded symphonia-format-ogg v0.5.4
[INFO] [stderr]   Downloaded symphonia-bundle-flac v0.5.4
[INFO] [stderr]   Downloaded symphonia-metadata v0.5.4
[INFO] [stderr]   Downloaded symphonia-codec-vorbis v0.5.4
[INFO] [stderr]   Downloaded unity-asset-binary v0.2.0
[INFO] [stderr]   Downloaded symphonia-format-riff v0.5.4
[INFO] [stderr]   Downloaded symphonia-format-isomp4 v0.5.4
[INFO] [stderr]   Downloaded binrw_derive v0.15.0
[INFO] [stderr]   Downloaded symphonia-format-mkv v0.5.4
[INFO] [stderr]   Downloaded symphonia-codec-aac v0.5.4
[INFO] [stderr]   Downloaded twox-hash v2.1.1
[INFO] [stderr]   Downloaded symphonia-bundle-mp3 v0.5.4
[INFO] [stderr]   Downloaded binrw v0.15.0
[INFO] [stderr]   Downloaded symphonia-core v0.5.4
[INFO] [stderr]   Downloaded brotli v3.5.0
[INFO] running `Command { std: "docker" "create" "-v" "/var/lib/crater-agent-workspace/builds/worker-4-tc1/source:/opt/rustwide/workdir:ro,Z" "-v" "/var/lib/crater-agent-workspace/builds/worker-4-tc1/target:/opt/rustwide/target:rw,Z" "-v" "/var/lib/crater-agent-workspace/cargo-home:/opt/rustwide/cargo-home:ro,Z" "-v" "/var/lib/crater-agent-workspace/rustup-home:/opt/rustwide/rustup-home:ro,Z" "-m" "1610612736" "--network" "none" "ghcr.io/rust-lang/crates-build-env/linux@sha256:77db811e55d90add9212f6832c23229e3de5f1c1f9905e8cb07319ea15df73ac" "sleep" "infinity", kill_on_drop: false }`
[INFO] [stdout] eac32288ba9e1a508b13218b77a7adb61e52728694003265400572e0ef377047
[INFO] running `Command { std: "docker" "start" "eac32288ba9e1a508b13218b77a7adb61e52728694003265400572e0ef377047", kill_on_drop: false }`
[INFO] running `Command { std: "docker" "inspect" "eac32288ba9e1a508b13218b77a7adb61e52728694003265400572e0ef377047", kill_on_drop: false }`
[INFO] running `Command { std: "docker" "exec" "-e" "SOURCE_DIR=/opt/rustwide/workdir" "-e" "CARGO_HOME=/opt/rustwide/cargo-home" "-e" "RUSTUP_HOME=/opt/rustwide/rustup-home" "-e" "CARGO_TARGET_DIR=/opt/rustwide/target" "-w" "/opt/rustwide/workdir" "--user" "0:0" "eac32288ba9e1a508b13218b77a7adb61e52728694003265400572e0ef377047" "/opt/rustwide/cargo-home/bin/cargo" "+1.99.0-beta.8" "metadata" "--no-deps" "--format-version=1", kill_on_drop: false }`
[INFO] running `Command { std: "docker" "inspect" "eac32288ba9e1a508b13218b77a7adb61e52728694003265400572e0ef377047", kill_on_drop: false }`
[INFO] running `Command { std: "docker" "exec" "-e" "SOURCE_DIR=/opt/rustwide/workdir" "-e" "CARGO_HOME=/opt/rustwide/cargo-home" "-e" "RUSTUP_HOME=/opt/rustwide/rustup-home" "-e" "CARGO_TARGET_DIR=/opt/rustwide/target" "-e" "CARGO_INCREMENTAL=0" "-e" "RUST_BACKTRACE=full" "-e" "RUSTFLAGS=--cap-lints=warn" "-e" "RUSTDOCFLAGS=--cap-lints=warn" "-w" "/opt/rustwide/workdir" "--user" "0:0" "eac32288ba9e1a508b13218b77a7adb61e52728694003265400572e0ef377047" "/opt/rustwide/cargo-home/bin/cargo" "+1.99.0-beta.8" "build" "--frozen" "--message-format=json" "--release", kill_on_drop: false }`
[INFO] [stderr]    Compiling proc-macro2 v1.0.101
[INFO] [stderr]    Compiling thiserror v2.0.16
[INFO] [stderr]    Compiling owo-colors v4.2.2
[INFO] [stderr]    Compiling hashbrown v0.15.5
[INFO] [stderr]    Compiling binrw_derive v0.15.0
[INFO] [stderr]    Compiling libc v0.2.178
[INFO] [stderr]    Compiling alloc-stdlib v0.2.2
[INFO] [stderr]    Compiling regex-syntax v0.8.6
[INFO] [stderr]    Compiling binrw v0.15.0
[INFO] [stderr]    Compiling either v1.15.0
[INFO] [stderr]    Compiling crc32fast v1.5.0
[INFO] [stderr]    Compiling miniz_oxide v0.8.9
[INFO] [stderr]    Compiling crc v3.3.0
[INFO] [stderr]    Compiling serde_bytes v0.11.19
[INFO] [stderr]    Compiling twox-hash v2.1.1
[INFO] [stderr]    Compiling array-init v2.1.0
[INFO] [stderr]    Compiling brotli-decompressor v2.5.1
[INFO] [stderr]    Compiling lz4_flex v0.12.0
[INFO] [stderr]    Compiling lzma-rs v0.3.0
[INFO] [stderr]    Compiling flate2 v1.1.2
[INFO] [stderr]    Compiling quote v1.0.40
[INFO] [stderr]    Compiling syn v2.0.106
[INFO] [stderr]    Compiling memmap2 v0.9.9
[INFO] [stderr]    Compiling num_cpus v1.17.0
[INFO] [stderr]    Compiling brotli v3.5.0
[INFO] [stderr]    Compiling regex-automata v0.4.13
[INFO] [stderr]    Compiling regex v1.12.2
[INFO] [stderr]    Compiling serde_derive v1.0.228
[INFO] [stderr]    Compiling thiserror-impl v2.0.16
[INFO] [stderr]    Compiling serde v1.0.228
[INFO] [stderr]    Compiling indexmap v2.11.0
[INFO] [stderr]    Compiling serde_json v1.0.143
[INFO] [stderr]    Compiling unity-asset-core v0.2.0
[INFO] [stderr]    Compiling serde_yaml v0.9.34+deprecated
[INFO] [stderr]    Compiling unity-asset-binary v0.2.0
[INFO] [stderr]    Compiling unity-asset-yaml v0.2.0
[INFO] [stderr]    Compiling unity-asset v0.2.0 (/opt/rustwide/workdir)
[INFO] [stderr]     Finished `release` profile [optimized] target(s) in 47.05s
[INFO] [stderr] warning: the following packages contain code that will be rejected by a future version of Rust: binrw v0.15.0
[INFO] [stderr] note: to see what the problems were, use the option `--future-incompat-report`, or run `cargo report future-incompatibilities --id 2`
[INFO] running `Command { std: "docker" "inspect" "eac32288ba9e1a508b13218b77a7adb61e52728694003265400572e0ef377047", kill_on_drop: false }`
[INFO] running `Command { std: "docker" "exec" "-e" "SOURCE_DIR=/opt/rustwide/workdir" "-e" "CARGO_HOME=/opt/rustwide/cargo-home" "-e" "RUSTUP_HOME=/opt/rustwide/rustup-home" "-e" "CARGO_TARGET_DIR=/opt/rustwide/target" "-e" "CARGO_INCREMENTAL=0" "-e" "RUST_BACKTRACE=full" "-e" "RUSTFLAGS=--cap-lints=warn" "-e" "RUSTDOCFLAGS=--cap-lints=warn" "-w" "/opt/rustwide/workdir" "--user" "0:0" "eac32288ba9e1a508b13218b77a7adb61e52728694003265400572e0ef377047" "/opt/rustwide/cargo-home/bin/cargo" "+1.99.0-beta.8" "test" "--frozen" "--no-run" "--message-format=json" "--release", kill_on_drop: false }`
[INFO] [stderr]    Compiling arrayvec v0.7.6
[INFO] [stderr]    Compiling encoding_rs v0.8.35
[INFO] [stderr]    Compiling lock_api v0.4.13
[INFO] [stderr]    Compiling parking_lot_core v0.9.11
[INFO] [stderr]    Compiling extended v0.1.0
[INFO] [stderr]    Compiling rustix v1.1.3
[INFO] [stderr]    Compiling mio v1.0.4
[INFO] [stderr]    Compiling signal-hook-registry v1.4.6
[INFO] [stderr]    Compiling socket2 v0.6.0
[INFO] [stderr]    Compiling tokio-macros v2.6.0
[INFO] [stderr]    Compiling getrandom v0.3.3
[INFO] [stderr]    Compiling hound v3.5.1
[INFO] [stderr]    Compiling bytes v1.10.1
[INFO] [stderr]    Compiling symphonia-core v0.5.4
[INFO] [stderr]    Compiling parking_lot v0.12.4
[INFO] [stderr]    Compiling tokio v1.48.0
[INFO] [stderr]    Compiling symphonia-metadata v0.5.4
[INFO] [stderr]    Compiling symphonia-codec-aac v0.5.4
[INFO] [stderr]    Compiling symphonia-codec-adpcm v0.5.4
[INFO] [stderr]    Compiling symphonia-codec-alac v0.5.4
[INFO] [stderr]    Compiling symphonia-codec-pcm v0.5.4
[INFO] [stderr]    Compiling symphonia-utils-xiph v0.5.4
[INFO] [stderr]    Compiling symphonia-format-caf v0.5.4
[INFO] [stderr]    Compiling symphonia-bundle-mp3 v0.5.4
[INFO] [stderr]    Compiling symphonia-format-riff v0.5.4
[INFO] [stderr]    Compiling tempfile v3.24.0
[INFO] [stderr]    Compiling symphonia-format-ogg v0.5.4
[INFO] [stderr]    Compiling symphonia-format-isomp4 v0.5.4
[INFO] [stderr]    Compiling symphonia-format-mkv v0.5.4
[INFO] [stderr]    Compiling symphonia-codec-vorbis v0.5.4
[INFO] [stderr]    Compiling symphonia-bundle-flac v0.5.4
[INFO] [stderr]    Compiling symphonia v0.5.4
[INFO] [stderr]    Compiling unity-asset-decode v0.2.0
[INFO] [stderr]    Compiling unity-asset v0.2.0 (/opt/rustwide/workdir)
[INFO] [stderr]     Finished `release` profile [optimized] target(s) in 40.05s
[INFO] [stderr] warning: the following packages contain code that will be rejected by a future version of Rust: binrw v0.15.0
[INFO] [stderr] note: to see what the problems were, use the option `--future-incompat-report`, or run `cargo report future-incompatibilities --id 2`
[INFO] running `Command { std: "docker" "inspect" "eac32288ba9e1a508b13218b77a7adb61e52728694003265400572e0ef377047", kill_on_drop: false }`
[INFO] running `Command { std: "docker" "exec" "-e" "SOURCE_DIR=/opt/rustwide/workdir" "-e" "CARGO_HOME=/opt/rustwide/cargo-home" "-e" "RUSTUP_HOME=/opt/rustwide/rustup-home" "-e" "CARGO_TARGET_DIR=/opt/rustwide/target" "-e" "CARGO_INCREMENTAL=0" "-e" "RUST_BACKTRACE=full" "-e" "RUSTFLAGS=--cap-lints=warn" "-e" "RUSTDOCFLAGS=--cap-lints=warn" "-w" "/opt/rustwide/workdir" "--user" "0:0" "eac32288ba9e1a508b13218b77a7adb61e52728694003265400572e0ef377047" "/opt/rustwide/cargo-home/bin/cargo" "+1.99.0-beta.8" "test" "--frozen" "--release", kill_on_drop: false }`
[INFO] [stderr]     Finished `release` profile [optimized] target(s) in 0.10s
[INFO] [stderr] warning: the following packages contain code that will be rejected by a future version of Rust: binrw v0.15.0
[INFO] [stderr] note: to see what the problems were, use the option `--future-incompat-report`, or run `cargo report future-incompatibilities --id 2`
[INFO] [stderr]      Running unittests src/lib.rs (/opt/rustwide/target/release/deps/unity_asset-dbc989773e49fbd2)
[INFO] [stdout] 
[INFO] [stdout] running 8 tests
[INFO] [stdout] test environment::imp::tests::environment_stream_data_falls_back_to_filesystem_for_bundles ... ok
[INFO] [stdout] test environment::imp::tests::environment_can_parse_external_yaml_prefab_if_provided ... ok
[INFO] [stdout] test environment::imp::tests::environment_loads_minimal_gameobject_transform_prefab_and_resolves_refs ... FAILED
[INFO] [stdout] test environment::imp::tests::environment_loads_extless_webfile_entries_and_reads_resource_bytes ... FAILED
[INFO] [stdout] test environment::imp::tests::environment_loads_yaml_fixture ... FAILED
[INFO] [stdout] test environment::imp::tests::environment_typetree_registry_json_restores_parsing_for_stripped_assets ... FAILED
[INFO] [stdout] test environment::imp::tests::environment_can_find_binary_object_by_path_id_and_container_and_stream_info ... FAILED
[INFO] [stdout] test environment::imp::tests::environment_assetbundle_container_raw_matches_typetree_when_stripped ... FAILED
[INFO] [stdout] 
[INFO] [stdout] failures:
[INFO] [stdout] 
[INFO] [stdout] ---- environment::imp::tests::environment_loads_minimal_gameobject_transform_prefab_and_resolves_refs stdout ----
[INFO] [stdout] 
[INFO] [stdout] thread 'environment::imp::tests::environment_loads_minimal_gameobject_transform_prefab_and_resolves_refs' (1980) panicked at src/environment/imp/tests.rs:313:10:
[INFO] [stdout] GameObject anchor exists
[INFO] [stdout] stack backtrace:
[INFO] [stdout]    0:     0x64fac5487be1 - <<std[70759c8f55707aa4]::sys::backtrace::BacktraceLock>::print::DisplayBacktrace as core[df12db4294e9bfd3]::fmt::Display>::fmt
[INFO] [stdout]    1:     0x64fac549f03a - core[df12db4294e9bfd3]::fmt::write
[INFO] [stdout]    2:     0x64fac548c40c - <alloc[2182bb758b4b3781]::vec::Vec<u8> as core[df12db4294e9bfd3]::io::write::Write>::write_fmt
[INFO] [stdout]    3:     0x64fac5460a56 - std[70759c8f55707aa4]::panicking::default_hook::{closure#0}
[INFO] [stdout]    4:     0x64fac547e269 - std[70759c8f55707aa4]::panicking::default_hook
[INFO] [stdout]    5:     0x64fac52f15c0 - test[9d35eded1c95d3be]::test_main_inner::<test[9d35eded1c95d3be]::test_main_static::{closure#0}>::{closure#0}
[INFO] [stderr] error: test failed, to rerun pass `--lib`
[INFO] [stdout]    6:     0x64fac547e422 - std[70759c8f55707aa4]::panicking::panic_with_hook
[INFO] [stdout]    7:     0x64fac5460b02 - std[70759c8f55707aa4]::panicking::panic_handler::{closure#0}
[INFO] [stdout]    8:     0x64fac5459469 - std[70759c8f55707aa4]::sys::backtrace::__rust_end_short_backtrace::<std[70759c8f55707aa4]::panicking::panic_handler::{closure#0}, !>
[INFO] [stdout]    9:     0x64fac54618dd - __rustc[8fa7c3cbc660c2b3]::rust_begin_unwind
[INFO] [stdout]   10:     0x64fac549f81c - core[df12db4294e9bfd3]::panicking::panic_fmt
[INFO] [stdout]   11:     0x64fac549f574 - core[df12db4294e9bfd3]::option::expect_failed
[INFO] [stdout]   12:     0x64fac52a504f - unity_asset[30ff1fd77e16867f]::environment::imp::tests::environment_loads_minimal_gameobject_transform_prefab_and_resolves_refs
[INFO] [stdout]   13:     0x64fac52d6379 - <unity_asset[30ff1fd77e16867f]::environment::imp::tests::environment_loads_minimal_gameobject_transform_prefab_and_resolves_refs::{closure#0} as core[df12db4294e9bfd3]::ops::function::FnOnce<()>>::call_once
[INFO] [stdout]   14:     0x64fac52e48ab - test[9d35eded1c95d3be]::__rust_begin_short_backtrace::<core[df12db4294e9bfd3]::result::Result<(), alloc[2182bb758b4b3781]::string::String>, fn() -> core[df12db4294e9bfd3]::result::Result<(), alloc[2182bb758b4b3781]::string::String>>
[INFO] [stdout]   15:     0x64fac52f1f15 - test[9d35eded1c95d3be]::run_test::{closure#0}
[INFO] [stdout]   16:     0x64fac52eb7d4 - std[70759c8f55707aa4]::sys::backtrace::__rust_begin_short_backtrace::<test[9d35eded1c95d3be]::run_test::{closure#1}, ()>
[INFO] [stdout]   17:     0x64fac52f5072 - <std[70759c8f55707aa4]::thread::lifecycle::spawn_unchecked<test[9d35eded1c95d3be]::run_test::{closure#1}, ()>::{closure#1} as core[df12db4294e9bfd3]::ops::function::FnOnce<()>>::call_once::{shim:vtable#0}
[INFO] [stdout]   18:     0x64fac5486eb9 - <std[70759c8f55707aa4]::sys::thread::unix::Thread>::new::thread_start
[INFO] [stdout]   19:     0x79d12fdbfdfa - <unknown>
[INFO] [stdout]   20:     0x79d12fe533d4 - clone
[INFO] [stdout]   21:                0x0 - <unknown>
[INFO] [stdout] 
[INFO] [stdout] ---- environment::imp::tests::environment_loads_extless_webfile_entries_and_reads_resource_bytes stdout ----
[INFO] [stdout] 
[INFO] [stdout] thread 'environment::imp::tests::environment_loads_extless_webfile_entries_and_reads_resource_bytes' (1979) panicked at src/environment/imp/tests.rs:510:54:
[INFO] [stdout] called `Result::unwrap()` on an `Err` value: Os { code: 2, kind: NotFound, message: "No such file or directory" }
[INFO] [stdout] stack backtrace:
[INFO] [stdout]    0:     0x64fac5487be1 - <<std[70759c8f55707aa4]::sys::backtrace::BacktraceLock>::print::DisplayBacktrace as core[df12db4294e9bfd3]::fmt::Display>::fmt
[INFO] [stdout]    1:     0x64fac549f03a - core[df12db4294e9bfd3]::fmt::write
[INFO] [stdout]    2:     0x64fac548c40c - <alloc[2182bb758b4b3781]::vec::Vec<u8> as core[df12db4294e9bfd3]::io::write::Write>::write_fmt
[INFO] [stdout]    3:     0x64fac5460a56 - std[70759c8f55707aa4]::panicking::default_hook::{closure#0}
[INFO] [stdout]    4:     0x64fac547e269 - std[70759c8f55707aa4]::panicking::default_hook
[INFO] [stdout]    5:     0x64fac52f15c0 - test[9d35eded1c95d3be]::test_main_inner::<test[9d35eded1c95d3be]::test_main_static::{closure#0}>::{closure#0}
[INFO] [stdout]    6:     0x64fac547e422 - std[70759c8f55707aa4]::panicking::panic_with_hook
[INFO] [stdout]    7:     0x64fac5460b02 - std[70759c8f55707aa4]::panicking::panic_handler::{closure#0}
[INFO] [stdout]    8:     0x64fac5459469 - std[70759c8f55707aa4]::sys::backtrace::__rust_end_short_backtrace::<std[70759c8f55707aa4]::panicking::panic_handler::{closure#0}, !>
[INFO] [stdout]    9:     0x64fac54618dd - __rustc[8fa7c3cbc660c2b3]::rust_begin_unwind
[INFO] [stdout]   10:     0x64fac549f81c - core[df12db4294e9bfd3]::panicking::panic_fmt
[INFO] [stdout]   11:     0x64fac549f5f2 - core[df12db4294e9bfd3]::result::unwrap_failed
[INFO] [stdout]   12:     0x64fac52a2fe0 - unity_asset[30ff1fd77e16867f]::environment::imp::tests::environment_loads_extless_webfile_entries_and_reads_resource_bytes
[INFO] [stdout]   13:     0x64fac52d6339 - <unity_asset[30ff1fd77e16867f]::environment::imp::tests::environment_loads_extless_webfile_entries_and_reads_resource_bytes::{closure#0} as core[df12db4294e9bfd3]::ops::function::FnOnce<()>>::call_once
[INFO] [stdout]   14:     0x64fac52e48ab - test[9d35eded1c95d3be]::__rust_begin_short_backtrace::<core[df12db4294e9bfd3]::result::Result<(), alloc[2182bb758b4b3781]::string::String>, fn() -> core[df12db4294e9bfd3]::result::Result<(), alloc[2182bb758b4b3781]::string::String>>
[INFO] [stdout]   15:     0x64fac52f1f15 - test[9d35eded1c95d3be]::run_test::{closure#0}
[INFO] [stdout]   16:     0x64fac52eb7d4 - std[70759c8f55707aa4]::sys::backtrace::__rust_begin_short_backtrace::<test[9d35eded1c95d3be]::run_test::{closure#1}, ()>
[INFO] [stdout]   17:     0x64fac52f5072 - <std[70759c8f55707aa4]::thread::lifecycle::spawn_unchecked<test[9d35eded1c95d3be]::run_test::{closure#1}, ()>::{closure#1} as core[df12db4294e9bfd3]::ops::function::FnOnce<()>>::call_once::{shim:vtable#0}
[INFO] [stdout]   18:     0x64fac5486eb9 - <std[70759c8f55707aa4]::sys::thread::unix::Thread>::new::thread_start
[INFO] [stdout]   19:     0x79d12fdbfdfa - <unknown>
[INFO] [stdout]   20:     0x79d12fe533d4 - clone
[INFO] [stdout]   21:                0x0 - <unknown>
[INFO] [stdout] 
[INFO] [stdout] ---- environment::imp::tests::environment_loads_yaml_fixture stdout ----
[INFO] [stdout] 
[INFO] [stdout] thread 'environment::imp::tests::environment_loads_yaml_fixture' (1981) panicked at src/environment/imp/tests.rs:38:5:
[INFO] [stdout] assertion failed: !env.yaml_documents().is_empty()
[INFO] [stdout] stack backtrace:
[INFO] [stdout]    0:     0x64fac5487be1 - <<std[70759c8f55707aa4]::sys::backtrace::BacktraceLock>::print::DisplayBacktrace as core[df12db4294e9bfd3]::fmt::Display>::fmt
[INFO] [stdout]    1:     0x64fac549f03a - core[df12db4294e9bfd3]::fmt::write
[INFO] [stdout]    2:     0x64fac548c40c - <alloc[2182bb758b4b3781]::vec::Vec<u8> as core[df12db4294e9bfd3]::io::write::Write>::write_fmt
[INFO] [stdout]    3:     0x64fac5460a56 - std[70759c8f55707aa4]::panicking::default_hook::{closure#0}
[INFO] [stdout]    4:     0x64fac547e269 - std[70759c8f55707aa4]::panicking::default_hook
[INFO] [stdout]    5:     0x64fac52f15c0 - test[9d35eded1c95d3be]::test_main_inner::<test[9d35eded1c95d3be]::test_main_static::{closure#0}>::{closure#0}
[INFO] [stdout]    6:     0x64fac547e422 - std[70759c8f55707aa4]::panicking::panic_with_hook
[INFO] [stdout]    7:     0x64fac5460b34 - std[70759c8f55707aa4]::panicking::panic_handler::{closure#0}
[INFO] [stdout]    8:     0x64fac5459469 - std[70759c8f55707aa4]::sys::backtrace::__rust_end_short_backtrace::<std[70759c8f55707aa4]::panicking::panic_handler::{closure#0}, !>
[INFO] [stdout]    9:     0x64fac54618dd - __rustc[8fa7c3cbc660c2b3]::rust_begin_unwind
[INFO] [stdout]   10:     0x64fac549f81c - core[df12db4294e9bfd3]::panicking::panic_fmt
[INFO] [stdout]   11:     0x64fac549f7e2 - core[df12db4294e9bfd3]::panicking::panic
[INFO] [stdout]   12:     0x64fac52a0313 - unity_asset[30ff1fd77e16867f]::environment::imp::tests::environment_loads_yaml_fixture
[INFO] [stdout]   13:     0x64fac52d62d9 - <unity_asset[30ff1fd77e16867f]::environment::imp::tests::environment_loads_yaml_fixture::{closure#0} as core[df12db4294e9bfd3]::ops::function::FnOnce<()>>::call_once
[INFO] [stdout]   14:     0x64fac52e48ab - test[9d35eded1c95d3be]::__rust_begin_short_backtrace::<core[df12db4294e9bfd3]::result::Result<(), alloc[2182bb758b4b3781]::string::String>, fn() -> core[df12db4294e9bfd3]::result::Result<(), alloc[2182bb758b4b3781]::string::String>>
[INFO] [stdout]   15:     0x64fac52f1f15 - test[9d35eded1c95d3be]::run_test::{closure#0}
[INFO] [stdout]   16:     0x64fac52eb7d4 - std[70759c8f55707aa4]::sys::backtrace::__rust_begin_short_backtrace::<test[9d35eded1c95d3be]::run_test::{closure#1}, ()>
[INFO] [stdout]   17:     0x64fac52f5072 - <std[70759c8f55707aa4]::thread::lifecycle::spawn_unchecked<test[9d35eded1c95d3be]::run_test::{closure#1}, ()>::{closure#1} as core[df12db4294e9bfd3]::ops::function::FnOnce<()>>::call_once::{shim:vtable#0}
[INFO] [stdout]   18:     0x64fac5486eb9 - <std[70759c8f55707aa4]::sys::thread::unix::Thread>::new::thread_start
[INFO] [stdout]   19:     0x79d12fdbfdfa - <unknown>
[INFO] [stdout]   20:     0x79d12fe533d4 - clone
[INFO] [stdout]   21:                0x0 - <unknown>
[INFO] [stdout] 
[INFO] [stdout] ---- environment::imp::tests::environment_typetree_registry_json_restores_parsing_for_stripped_assets stdout ----
[INFO] [stdout] 
[INFO] [stdout] thread 'environment::imp::tests::environment_typetree_registry_json_restores_parsing_for_stripped_assets' (1983) panicked at src/environment/imp/tests.rs:210:47:
[INFO] [stdout] sample bundle loaded
[INFO] [stdout] stack backtrace:
[INFO] [stdout]    0:     0x64fac5487be1 - <<std[70759c8f55707aa4]::sys::backtrace::BacktraceLock>::print::DisplayBacktrace as core[df12db4294e9bfd3]::fmt::Display>::fmt
[INFO] [stdout]    1:     0x64fac549f03a - core[df12db4294e9bfd3]::fmt::write
[INFO] [stdout]    2:     0x64fac548c40c - <alloc[2182bb758b4b3781]::vec::Vec<u8> as core[df12db4294e9bfd3]::io::write::Write>::write_fmt
[INFO] [stdout]    3:     0x64fac5460a56 - std[70759c8f55707aa4]::panicking::default_hook::{closure#0}
[INFO] [stdout]    4:     0x64fac547e269 - std[70759c8f55707aa4]::panicking::default_hook
[INFO] [stdout]    5:     0x64fac52f15c0 - test[9d35eded1c95d3be]::test_main_inner::<test[9d35eded1c95d3be]::test_main_static::{closure#0}>::{closure#0}
[INFO] [stdout]    6:     0x64fac547e422 - std[70759c8f55707aa4]::panicking::panic_with_hook
[INFO] [stdout]    7:     0x64fac5460b02 - std[70759c8f55707aa4]::panicking::panic_handler::{closure#0}
[INFO] [stdout]    8:     0x64fac5459469 - std[70759c8f55707aa4]::sys::backtrace::__rust_end_short_backtrace::<std[70759c8f55707aa4]::panicking::panic_handler::{closure#0}, !>
[INFO] [stdout]    9:     0x64fac54618dd - __rustc[8fa7c3cbc660c2b3]::rust_begin_unwind
[INFO] [stdout]   10:     0x64fac549f81c - core[df12db4294e9bfd3]::panicking::panic_fmt
[INFO] [stdout]   11:     0x64fac549f574 - core[df12db4294e9bfd3]::option::expect_failed
[INFO] [stdout]   12:     0x64fac52a564f - unity_asset[30ff1fd77e16867f]::environment::imp::tests::environment_typetree_registry_json_restores_parsing_for_stripped_assets
[INFO] [stdout]   13:     0x64fac52d6399 - <unity_asset[30ff1fd77e16867f]::environment::imp::tests::environment_typetree_registry_json_restores_parsing_for_stripped_assets::{closure#0} as core[df12db4294e9bfd3]::ops::function::FnOnce<()>>::call_once
[INFO] [stdout]   14:     0x64fac52e48ab - test[9d35eded1c95d3be]::__rust_begin_short_backtrace::<core[df12db4294e9bfd3]::result::Result<(), alloc[2182bb758b4b3781]::string::String>, fn() -> core[df12db4294e9bfd3]::result::Result<(), alloc[2182bb758b4b3781]::string::String>>
[INFO] [stdout]   15:     0x64fac52f1f15 - test[9d35eded1c95d3be]::run_test::{closure#0}
[INFO] [stdout]   16:     0x64fac52eb7d4 - std[70759c8f55707aa4]::sys::backtrace::__rust_begin_short_backtrace::<test[9d35eded1c95d3be]::run_test::{closure#1}, ()>
[INFO] [stdout]   17:     0x64fac52f5072 - <std[70759c8f55707aa4]::thread::lifecycle::spawn_unchecked<test[9d35eded1c95d3be]::run_test::{closure#1}, ()>::{closure#1} as core[df12db4294e9bfd3]::ops::function::FnOnce<()>>::call_once::{shim:vtable#0}
[INFO] [stdout]   18:     0x64fac5486eb9 - <std[70759c8f55707aa4]::sys::thread::unix::Thread>::new::thread_start
[INFO] [stdout]   19:     0x79d12fdbfdfa - <unknown>
[INFO] [stdout]   20:     0x79d12fe533d4 - clone
[INFO] [stdout]   21:                0x0 - <unknown>
[INFO] [stdout] 
[INFO] [stdout] ---- environment::imp::tests::environment_can_find_binary_object_by_path_id_and_container_and_stream_info stdout ----
[INFO] [stdout] 
[INFO] [stdout] thread 'environment::imp::tests::environment_can_find_binary_object_by_path_id_and_container_and_stream_info' (1977) panicked at src/environment/imp/tests.rs:51:5:
[INFO] [stdout] assertion failed: !env.bundles().is_empty()
[INFO] [stdout] stack backtrace:
[INFO] [stdout]    0:     0x64fac5487be1 - <<std[70759c8f55707aa4]::sys::backtrace::BacktraceLock>::print::DisplayBacktrace as core[df12db4294e9bfd3]::fmt::Display>::fmt
[INFO] [stdout]    1:     0x64fac549f03a - core[df12db4294e9bfd3]::fmt::write
[INFO] [stdout]    2:     0x64fac548c40c - <alloc[2182bb758b4b3781]::vec::Vec<u8> as core[df12db4294e9bfd3]::io::write::Write>::write_fmt
[INFO] [stdout]    3:     0x64fac5460a56 - std[70759c8f55707aa4]::panicking::default_hook::{closure#0}
[INFO] [stdout]    4:     0x64fac547e269 - std[70759c8f55707aa4]::panicking::default_hook
[INFO] [stdout]    5:     0x64fac52f15c0 - test[9d35eded1c95d3be]::test_main_inner::<test[9d35eded1c95d3be]::test_main_static::{closure#0}>::{closure#0}
[INFO] [stdout]    6:     0x64fac547e422 - std[70759c8f55707aa4]::panicking::panic_with_hook
[INFO] [stdout]    7:     0x64fac5460b34 - std[70759c8f55707aa4]::panicking::panic_handler::{closure#0}
[INFO] [stdout]    8:     0x64fac5459469 - std[70759c8f55707aa4]::sys::backtrace::__rust_end_short_backtrace::<std[70759c8f55707aa4]::panicking::panic_handler::{closure#0}, !>
[INFO] [stdout]    9:     0x64fac54618dd - __rustc[8fa7c3cbc660c2b3]::rust_begin_unwind
[INFO] [stdout]   10:     0x64fac549f81c - core[df12db4294e9bfd3]::panicking::panic_fmt
[INFO] [stdout]   11:     0x64fac549f7e2 - core[df12db4294e9bfd3]::panicking::panic
[INFO] [stdout]   12:     0x64fac52a7659 - unity_asset[30ff1fd77e16867f]::environment::imp::tests::environment_can_find_binary_object_by_path_id_and_container_and_stream_info
[INFO] [stdout]   13:     0x64fac52d63b9 - <unity_asset[30ff1fd77e16867f]::environment::imp::tests::environment_can_find_binary_object_by_path_id_and_container_and_stream_info::{closure#0} as core[df12db4294e9bfd3]::ops::function::FnOnce<()>>::call_once
[INFO] [stdout]   14:     0x64fac52e48ab - test[9d35eded1c95d3be]::__rust_begin_short_backtrace::<core[df12db4294e9bfd3]::result::Result<(), alloc[2182bb758b4b3781]::string::String>, fn() -> core[df12db4294e9bfd3]::result::Result<(), alloc[2182bb758b4b3781]::string::String>>
[INFO] [stdout]   15:     0x64fac52f1f15 - test[9d35eded1c95d3be]::run_test::{closure#0}
[INFO] [stdout]   16:     0x64fac52eb7d4 - std[70759c8f55707aa4]::sys::backtrace::__rust_begin_short_backtrace::<test[9d35eded1c95d3be]::run_test::{closure#1}, ()>
[INFO] [stdout]   17:     0x64fac52f5072 - <std[70759c8f55707aa4]::thread::lifecycle::spawn_unchecked<test[9d35eded1c95d3be]::run_test::{closure#1}, ()>::{closure#1} as core[df12db4294e9bfd3]::ops::function::FnOnce<()>>::call_once::{shim:vtable#0}
[INFO] [stdout]   18:     0x64fac5486eb9 - <std[70759c8f55707aa4]::sys::thread::unix::Thread>::new::thread_start
[INFO] [stdout]   19:     0x79d12fdbfdfa - <unknown>
[INFO] [stdout]   20:     0x79d12fe533d4 - clone
[INFO] [stdout]   21:                0x0 - <unknown>
[INFO] [stdout] 
[INFO] [stdout] ---- environment::imp::tests::environment_assetbundle_container_raw_matches_typetree_when_stripped stdout ----
[INFO] [stdout] 
[INFO] [stdout] thread 'environment::imp::tests::environment_assetbundle_container_raw_matches_typetree_when_stripped' (1976) panicked at src/environment/imp/tests.rs:263:56:
[INFO] [stdout] called `Result::unwrap()` on an `Err` value: Format("AssetBundle source not loaded: /opt/rustwide/workdir/../tests/samples/xinzexi_2_n_tex")
[INFO] [stdout] stack backtrace:
[INFO] [stdout]    0:     0x64fac5487be1 - <<std[70759c8f55707aa4]::sys::backtrace::BacktraceLock>::print::DisplayBacktrace as core[df12db4294e9bfd3]::fmt::Display>::fmt
[INFO] [stdout]    1:     0x64fac549f03a - core[df12db4294e9bfd3]::fmt::write
[INFO] [stdout]    2:     0x64fac548c40c - <alloc[2182bb758b4b3781]::vec::Vec<u8> as core[df12db4294e9bfd3]::io::write::Write>::write_fmt
[INFO] [stdout]    3:     0x64fac5460a56 - std[70759c8f55707aa4]::panicking::default_hook::{closure#0}
[INFO] [stdout]    4:     0x64fac547e269 - std[70759c8f55707aa4]::panicking::default_hook
[INFO] [stdout]    5:     0x64fac52f15c0 - test[9d35eded1c95d3be]::test_main_inner::<test[9d35eded1c95d3be]::test_main_static::{closure#0}>::{closure#0}
[INFO] [stdout]    6:     0x64fac547e422 - std[70759c8f55707aa4]::panicking::panic_with_hook
[INFO] [stdout]    7:     0x64fac5460b02 - std[70759c8f55707aa4]::panicking::panic_handler::{closure#0}
[INFO] [stdout]    8:     0x64fac5459469 - std[70759c8f55707aa4]::sys::backtrace::__rust_end_short_backtrace::<std[70759c8f55707aa4]::panicking::panic_handler::{closure#0}, !>
[INFO] [stdout]    9:     0x64fac54618dd - __rustc[8fa7c3cbc660c2b3]::rust_begin_unwind
[INFO] [stdout]   10:     0x64fac549f81c - core[df12db4294e9bfd3]::panicking::panic_fmt
[INFO] [stdout]   11:     0x64fac549f5f2 - core[df12db4294e9bfd3]::result::unwrap_failed
[INFO] [stdout]   12:     0x64fac52a432b - unity_asset[30ff1fd77e16867f]::environment::imp::tests::environment_assetbundle_container_raw_matches_typetree_when_stripped
[INFO] [stdout]   13:     0x64fac52d6359 - <unity_asset[30ff1fd77e16867f]::environment::imp::tests::environment_assetbundle_container_raw_matches_typetree_when_stripped::{closure#0} as core[df12db4294e9bfd3]::ops::function::FnOnce<()>>::call_once
[INFO] [stdout]   14:     0x64fac52e48ab - test[9d35eded1c95d3be]::__rust_begin_short_backtrace::<core[df12db4294e9bfd3]::result::Result<(), alloc[2182bb758b4b3781]::string::String>, fn() -> core[df12db4294e9bfd3]::result::Result<(), alloc[2182bb758b4b3781]::string::String>>
[INFO] [stdout]   15:     0x64fac52f1f15 - test[9d35eded1c95d3be]::run_test::{closure#0}
[INFO] [stdout]   16:     0x64fac52eb7d4 - std[70759c8f55707aa4]::sys::backtrace::__rust_begin_short_backtrace::<test[9d35eded1c95d3be]::run_test::{closure#1}, ()>
[INFO] [stdout]   17:     0x64fac52f5072 - <std[70759c8f55707aa4]::thread::lifecycle::spawn_unchecked<test[9d35eded1c95d3be]::run_test::{closure#1}, ()>::{closure#1} as core[df12db4294e9bfd3]::ops::function::FnOnce<()>>::call_once::{shim:vtable#0}
[INFO] [stdout]   18:     0x64fac5486eb9 - <std[70759c8f55707aa4]::sys::thread::unix::Thread>::new::thread_start
[INFO] [stdout]   19:     0x79d12fdbfdfa - <unknown>
[INFO] [stdout]   20:     0x79d12fe533d4 - clone
[INFO] [stdout]   21:                0x0 - <unknown>
[INFO] [stdout] 
[INFO] [stdout] 
[INFO] [stdout] failures:
[INFO] [stdout]     environment::imp::tests::environment_assetbundle_container_raw_matches_typetree_when_stripped
[INFO] [stdout]     environment::imp::tests::environment_can_find_binary_object_by_path_id_and_container_and_stream_info
[INFO] [stdout]     environment::imp::tests::environment_loads_extless_webfile_entries_and_reads_resource_bytes
[INFO] [stdout]     environment::imp::tests::environment_loads_minimal_gameobject_transform_prefab_and_resolves_refs
[INFO] [stdout]     environment::imp::tests::environment_loads_yaml_fixture
[INFO] [stdout]     environment::imp::tests::environment_typetree_registry_json_restores_parsing_for_stripped_assets
[INFO] [stdout] 
[INFO] [stdout] test result: FAILED. 2 passed; 6 failed; 0 ignored; 0 measured; 0 filtered out; finished in 0.01s
[INFO] [stdout] 
[INFO] running `Command { std: "docker" "inspect" "eac32288ba9e1a508b13218b77a7adb61e52728694003265400572e0ef377047", kill_on_drop: false }`
[INFO] running `Command { std: "docker" "rm" "-f" "eac32288ba9e1a508b13218b77a7adb61e52728694003265400572e0ef377047", kill_on_drop: false }`
[INFO] [stdout] eac32288ba9e1a508b13218b77a7adb61e52728694003265400572e0ef377047
