[INFO] fetching crate unified-agent-api-opencode 0.3.7...
[INFO] testing unified-agent-api-opencode-0.3.7 against 1.100.0-beta.1+cargoflags=--release for beta-release-1.100-2
[INFO] extracting crate unified-agent-api-opencode 0.3.7 into /workspace/builds/worker-3-tc2/source
[INFO] started tweaking crates.io crate unified-agent-api-opencode 0.3.7
[INFO] removed 0 missing tests
[INFO] finished tweaking crates.io crate unified-agent-api-opencode 0.3.7
[INFO] tweaked toml for crates.io crate unified-agent-api-opencode 0.3.7 written to /workspace/builds/worker-3-tc2/source/Cargo.toml
[INFO] validating manifest of crates.io crate unified-agent-api-opencode 0.3.7 on toolchain 1.100.0-beta.1
[INFO] running `Command { std: CARGO_HOME="/workspace/cargo-home" RUSTUP_HOME="/workspace/rustup-home" "/workspace/cargo-home/bin/cargo" "+1.100.0-beta.1" "metadata" "--manifest-path" "Cargo.toml" "--no-deps", kill_on_drop: false }`
[INFO] crate crates.io crate unified-agent-api-opencode 0.3.7 already has a lockfile, it will not be regenerated
[INFO] running `Command { std: CARGO_HOME="/workspace/cargo-home" RUSTUP_HOME="/workspace/rustup-home" "/workspace/cargo-home/bin/cargo" "+1.100.0-beta.1" "fetch" "--manifest-path" "Cargo.toml", kill_on_drop: false }`
[INFO] running `Command { std: "docker" "create" "-v" "/var/lib/crater-agent-workspace/builds/worker-3-tc2/source:/opt/rustwide/workdir:ro,Z" "-v" "/var/lib/crater-agent-workspace/builds/worker-3-tc2/target:/opt/rustwide/target:rw,Z" "-v" "/var/lib/crater-agent-workspace/cargo-home:/opt/rustwide/cargo-home:ro,Z" "-v" "/var/lib/crater-agent-workspace/rustup-home:/opt/rustwide/rustup-home:ro,Z" "-m" "1610612736" "--network" "none" "ghcr.io/rust-lang/crates-build-env/linux@sha256:77db811e55d90add9212f6832c23229e3de5f1c1f9905e8cb07319ea15df73ac" "sleep" "infinity", kill_on_drop: false }`
[INFO] [stdout] f2fcbabd6da014c7d377e004944bb2f6c9e0e16fbea514d1699433c9478e162e
[INFO] running `Command { std: "docker" "start" "f2fcbabd6da014c7d377e004944bb2f6c9e0e16fbea514d1699433c9478e162e", kill_on_drop: false }`
[INFO] running `Command { std: "docker" "inspect" "f2fcbabd6da014c7d377e004944bb2f6c9e0e16fbea514d1699433c9478e162e", kill_on_drop: false }`
[INFO] running `Command { std: "docker" "exec" "-e" "SOURCE_DIR=/opt/rustwide/workdir" "-e" "CARGO_HOME=/opt/rustwide/cargo-home" "-e" "RUSTUP_HOME=/opt/rustwide/rustup-home" "-e" "CARGO_TARGET_DIR=/opt/rustwide/target" "-w" "/opt/rustwide/workdir" "--user" "0:0" "f2fcbabd6da014c7d377e004944bb2f6c9e0e16fbea514d1699433c9478e162e" "/opt/rustwide/cargo-home/bin/cargo" "+1.100.0-beta.1" "metadata" "--no-deps" "--format-version=1", kill_on_drop: false }`
[INFO] running `Command { std: "docker" "inspect" "f2fcbabd6da014c7d377e004944bb2f6c9e0e16fbea514d1699433c9478e162e", kill_on_drop: false }`
[INFO] running `Command { std: "docker" "exec" "-e" "SOURCE_DIR=/opt/rustwide/workdir" "-e" "CARGO_HOME=/opt/rustwide/cargo-home" "-e" "RUSTUP_HOME=/opt/rustwide/rustup-home" "-e" "CARGO_TARGET_DIR=/opt/rustwide/target" "-e" "CARGO_INCREMENTAL=0" "-e" "RUST_BACKTRACE=full" "-e" "RUSTFLAGS=--cap-lints=warn" "-e" "RUSTDOCFLAGS=--cap-lints=warn" "-w" "/opt/rustwide/workdir" "--user" "0:0" "f2fcbabd6da014c7d377e004944bb2f6c9e0e16fbea514d1699433c9478e162e" "/opt/rustwide/cargo-home/bin/cargo" "+1.100.0-beta.1" "build" "--frozen" "--message-format=json" "--release", kill_on_drop: false }`
[INFO] [stderr]    Compiling signal-hook-registry v1.4.7
[INFO] [stderr]    Compiling serde_json v1.0.145
[INFO] [stderr]    Compiling thiserror-impl v1.0.69
[INFO] [stderr]    Compiling serde v1.0.228
[INFO] [stderr]    Compiling tokio v1.48.0
[INFO] [stderr]    Compiling thiserror v1.0.69
[INFO] [stderr]    Compiling unified-agent-api-opencode v0.3.7 (/opt/rustwide/workdir)
[INFO] [stderr]     Finished `release` profile [optimized] target(s) in 10.43s
[INFO] running `Command { std: "docker" "inspect" "f2fcbabd6da014c7d377e004944bb2f6c9e0e16fbea514d1699433c9478e162e", kill_on_drop: false }`
[INFO] running `Command { std: "docker" "exec" "-e" "SOURCE_DIR=/opt/rustwide/workdir" "-e" "CARGO_HOME=/opt/rustwide/cargo-home" "-e" "RUSTUP_HOME=/opt/rustwide/rustup-home" "-e" "CARGO_TARGET_DIR=/opt/rustwide/target" "-e" "CARGO_INCREMENTAL=0" "-e" "RUST_BACKTRACE=full" "-e" "RUSTFLAGS=--cap-lints=warn" "-e" "RUSTDOCFLAGS=--cap-lints=warn" "-w" "/opt/rustwide/workdir" "--user" "0:0" "f2fcbabd6da014c7d377e004944bb2f6c9e0e16fbea514d1699433c9478e162e" "/opt/rustwide/cargo-home/bin/cargo" "+1.100.0-beta.1" "test" "--frozen" "--no-run" "--message-format=json" "--release", kill_on_drop: false }`
[INFO] [stderr]    Compiling rustix v1.1.2
[INFO] [stderr]    Compiling once_cell v1.21.3
[INFO] [stderr]    Compiling futures-macro v0.3.31
[INFO] [stderr]    Compiling futures-util v0.3.31
[INFO] [stderr]    Compiling tempfile v3.23.0
[INFO] [stderr]    Compiling unified-agent-api-opencode v0.3.7 (/opt/rustwide/workdir)
[INFO] [stderr]     Finished `release` profile [optimized] target(s) in 10.16s
[INFO] running `Command { std: "docker" "inspect" "f2fcbabd6da014c7d377e004944bb2f6c9e0e16fbea514d1699433c9478e162e", kill_on_drop: false }`
[INFO] running `Command { std: "docker" "exec" "-e" "SOURCE_DIR=/opt/rustwide/workdir" "-e" "CARGO_HOME=/opt/rustwide/cargo-home" "-e" "RUSTUP_HOME=/opt/rustwide/rustup-home" "-e" "CARGO_TARGET_DIR=/opt/rustwide/target" "-e" "CARGO_INCREMENTAL=0" "-e" "RUST_BACKTRACE=full" "-e" "RUSTFLAGS=--cap-lints=warn" "-e" "RUSTDOCFLAGS=--cap-lints=warn" "-w" "/opt/rustwide/workdir" "--user" "0:0" "f2fcbabd6da014c7d377e004944bb2f6c9e0e16fbea514d1699433c9478e162e" "/opt/rustwide/cargo-home/bin/cargo" "+1.100.0-beta.1" "test" "--frozen" "--release", kill_on_drop: false }`
[INFO] [stderr]     Finished `release` profile [optimized] target(s) in 0.07s
[INFO] [stderr]      Running unittests src/lib.rs (/opt/rustwide/target/release/build/unified-agent-api-opencode/ed2ade658d9da854/out/opencode-ed2ade658d9da854)
[INFO] [stdout] 
[INFO] [stdout] running 1 test
[INFO] [stdout] test client::tests::wait_for_child_exit_returns_status_when_deadline_has_elapsed ... ok
[INFO] [stderr]      Running unittests src/bin/fake_opencode_run_json.rs (/opt/rustwide/target/release/build/unified-agent-api-opencode/9377e5b053800ac8/out/fake_opencode_run_json-9377e5b053800ac8)
[INFO] [stdout] 
[INFO] [stdout] test result: ok. 1 passed; 0 failed; 0 ignored; 0 measured; 0 filtered out; finished in 0.19s
[INFO] [stdout] 
[INFO] [stdout] 
[INFO] [stdout] running 0 tests
[INFO] [stdout] 
[INFO] [stdout] test result: ok. 0 passed; 0 failed; 0 ignored; 0 measured; 0 filtered out; finished in 0.00s
[INFO] [stdout] 
[INFO] [stderr]      Running tests/run_json_contract.rs (/opt/rustwide/target/release/build/unified-agent-api-opencode/2e44db83994e8dd8/out/run_json_contract-2e44db83994e8dd8)
[INFO] [stdout] 
[INFO] [stdout] running 5 tests
[INFO] [stdout] test blank_lines_are_ignored_and_crlf_is_tolerated ... FAILED
[INFO] [stdout] test unknown_outer_type_is_unknown_event_not_error ... FAILED
[INFO] [stdout] test missing_required_text_field_is_typedparse ... FAILED
[INFO] [stdout] test parser_carries_forward_session_id_across_known_events ... FAILED
[INFO] [stdout] test parses_step_start_text_and_step_finish ... FAILED
[INFO] [stdout] 
[INFO] [stdout] failures:
[INFO] [stdout] 
[INFO] [stdout] ---- blank_lines_are_ignored_and_crlf_is_tolerated stdout ----
[INFO] [stdout] 
[INFO] [stdout] thread 'blank_lines_are_ignored_and_crlf_is_tolerated' (656) panicked at tests/run_json_contract.rs:7:10:
[INFO] [stdout] read fixture: Os { code: 2, kind: NotFound, message: "No such file or directory" }
[INFO] [stdout] stack backtrace:
[INFO] [stdout]    0:     0x5d07be097901 - <<std[617be2ca0a6fd877]::sys::backtrace::BacktraceLock>::print::DisplayBacktrace as core[a373ad73a504971]::fmt::Display>::fmt
[INFO] [stdout]    1:     0x5d07be0ac41a - core[a373ad73a504971]::fmt::write
[INFO] [stdout]    2:     0x5d07be09bb1c - <alloc[2e1b2a31b91974c5]::vec::Vec<u8> as core[a373ad73a504971]::io::write::Write>::write_fmt
[INFO] [stdout]    3:     0x5d07be0736e6 - std[617be2ca0a6fd877]::panicking::default_hook::{closure#0}
[INFO] [stdout]    4:     0x5d07be08fc39 - std[617be2ca0a6fd877]::panicking::default_hook
[INFO] [stdout]    5:     0x5d07be021250 - test[aada8e7e76ba119b]::test_main_inner::{closure#0}
[INFO] [stdout]    6:     0x5d07be08fdf2 - std[617be2ca0a6fd877]::panicking::panic_with_hook
[INFO] [stdout]    7:     0x5d07be073792 - std[617be2ca0a6fd877]::panicking::panic_handler::{closure#0}
[INFO] [stdout]    8:     0x5d07be06c319 - std[617be2ca0a6fd877]::sys::backtrace::__rust_end_short_backtrace::<std[617be2ca0a6fd877]::panicking::panic_handler::{closure#0}, !>
[INFO] [stdout]    9:     0x5d07be07439d - __rustc[ea4f61d10b84890b]::rust_begin_unwind
[INFO] [stdout]   10:     0x5d07be0acb4c - core[a373ad73a504971]::panicking::panic_fmt
[INFO] [stdout]   11:     0x5d07be0ac922 - core[a373ad73a504971]::result::unwrap_failed
[INFO] [stdout]   12:     0x5d07be012b73 - run_json_contract[4149bc1cf6665647]::read_fixture
[INFO] [stdout]   13:     0x5d07be01391b - <run_json_contract[4149bc1cf6665647]::blank_lines_are_ignored_and_crlf_is_tolerated::{closure#0} as core[a373ad73a504971]::ops::function::FnOnce<()>>::call_once
[INFO] [stdout]   14:     0x5d07be01469b - test[aada8e7e76ba119b]::__rust_begin_short_backtrace::<core[a373ad73a504971]::result::Result<(), alloc[2e1b2a31b91974c5]::string::String>, fn() -> core[a373ad73a504971]::result::Result<(), alloc[2e1b2a31b91974c5]::string::String>>
[INFO] [stdout]   15:     0x5d07be021875 - test[aada8e7e76ba119b]::run_test::{closure#0}
[INFO] [stdout]   16:     0x5d07be01b164 - std[617be2ca0a6fd877]::sys::backtrace::__rust_begin_short_backtrace::<test[aada8e7e76ba119b]::run_test::{closure#1}, ()>
[INFO] [stdout]   17:     0x5d07be024902 - <std[617be2ca0a6fd877]::thread::lifecycle::spawn_unchecked<test[aada8e7e76ba119b]::run_test::{closure#1}, ()>::{closure#1} as core[a373ad73a504971]::ops::function::FnOnce<()>>::call_once::{shim:vtable#0}
[INFO] [stdout]   18:     0x5d07be096dff - <std[617be2ca0a6fd877]::sys::thread::unix::Thread>::new::thread_start
[INFO] [stdout]   19:     0x7bfdca297dfa - <unknown>
[INFO] [stdout]   20:     0x7bfdca32b3d4 - clone
[INFO] [stdout]   21:                0x0 - <unknown>
[INFO] [stdout] 
[INFO] [stdout] ---- unknown_outer_type_is_unknown_event_not_error stdout ----
[INFO] [stdout] 
[INFO] [stdout] thread 'unknown_outer_type_is_unknown_event_not_error' (660) panicked at tests/run_json_contract.rs:7:10:
[INFO] [stdout] read fixture: Os { code: 2, kind: NotFound, message: "No such file or directory" }
[INFO] [stdout] stack backtrace:
[INFO] [stdout]    0:     0x5d07be097901 - <<std[617be2ca0a6fd877]::sys::backtrace::BacktraceLock>::print::DisplayBacktrace as core[a373ad73a504971]::fmt::Display>::fmt
[INFO] [stdout]    1:     0x5d07be0ac41a - core[a373ad73a504971]::fmt::write
[INFO] [stdout]    2:     0x5d07be09bb1c - <alloc[2e1b2a31b91974c5]::vec::Vec<u8> as core[a373ad73a504971]::io::write::Write>::write_fmt
[INFO] [stdout]    3:     0x5d07be0736e6 - std[617be2ca0a6fd877]::panicking::default_hook::{closure#0}
[INFO] [stdout]    4:     0x5d07be08fc39 - std[617be2ca0a6fd877]::panicking::default_hook
[INFO] [stdout]    5:     0x5d07be021250 - test[aada8e7e76ba119b]::test_main_inner::{closure#0}
[INFO] [stdout]    6:     0x5d07be08fdf2 - std[617be2ca0a6fd877]::panicking::panic_with_hook
[INFO] [stdout]    7:     0x5d07be073792 - std[617be2ca0a6fd877]::panicking::panic_handler::{closure#0}
[INFO] [stdout]    8:     0x5d07be06c319 - std[617be2ca0a6fd877]::sys::backtrace::__rust_end_short_backtrace::<std[617be2ca0a6fd877]::panicking::panic_handler::{closure#0}, !>
[INFO] [stdout]    9:     0x5d07be07439d - __rustc[ea4f61d10b84890b]::rust_begin_unwind
[INFO] [stdout]   10:     0x5d07be0acb4c - core[a373ad73a504971]::panicking::panic_fmt
[INFO] [stdout]   11:     0x5d07be0ac922 - core[a373ad73a504971]::result::unwrap_failed
[INFO] [stdout]   12:     0x5d07be012b73 - run_json_contract[4149bc1cf6665647]::read_fixture
[INFO] [stdout]   13:     0x5d07be012bf9 - run_json_contract[4149bc1cf6665647]::parse_single_line
[INFO] [stdout]   14:     0x5d07be013f81 - <run_json_contract[4149bc1cf6665647]::unknown_outer_type_is_unknown_event_not_error::{closure#0} as core[a373ad73a504971]::ops::function::FnOnce<()>>::call_once
[INFO] [stdout]   15:     0x5d07be01469b - test[aada8e7e76ba119b]::__rust_begin_short_backtrace::<core[a373ad73a504971]::result::Result<(), alloc[2e1b2a31b91974c5]::string::String>, fn() -> core[a373ad73a504971]::result::Result<(), alloc[2e1b2a31b91974c5]::string::String>>
[INFO] [stdout]   16:     0x5d07be021875 - test[aada8e7e76ba119b]::run_test::{closure#0}
[INFO] [stdout]   17:     0x5d07be01b164 - std[617be2ca0a6fd877]::sys::backtrace::__rust_begin_short_backtrace::<test[aada8e7e76ba119b]::run_test::{closure#1}, ()>
[INFO] [stdout]   18:     0x5d07be024902 - <std[617be2ca0a6fd877]::thread::lifecycle::spawn_unchecked<test[aada8e7e76ba119b]::run_test::{closure#1}, ()>::{closure#1} as core[a373ad73a504971]::ops::function::FnOnce<()>>::call_once::{shim:vtable#0}
[INFO] [stdout]   19:     0x5d07be096dff - <std[617be2ca0a6fd877]::sys::thread::unix::Thread>::new::thread_start
[INFO] [stdout]   20:     0x7bfdca297dfa - <unknown>
[INFO] [stdout]   21:     0x7bfdca32b3d4 - clone
[INFO] [stdout]   22:                0x0 - <unknown>
[INFO] [stdout] 
[INFO] [stdout] ---- missing_required_text_field_is_typedparse stdout ----
[INFO] [stdout] 
[INFO] [stdout] thread 'missing_required_text_field_is_typedparse' (657) panicked at tests/run_json_contract.rs:7:10:
[INFO] [stdout] read fixture: Os { code: 2, kind: NotFound, message: "No such file or directory" }
[INFO] [stdout] stack backtrace:
[INFO] [stdout]    0:     0x5d07be097901 - <<std[617be2ca0a6fd877]::sys::backtrace::BacktraceLock>::print::DisplayBacktrace as core[a373ad73a504971]::fmt::Display>::fmt
[INFO] [stdout]    1:     0x5d07be0ac41a - core[a373ad73a504971]::fmt::write
[INFO] [stdout]    2:     0x5d07be09bb1c - <alloc[2e1b2a31b91974c5]::vec::Vec<u8> as core[a373ad73a504971]::io::write::Write>::write_fmt
[INFO] [stdout]    3:     0x5d07be0736e6 - std[617be2ca0a6fd877]::panicking::default_hook::{closure#0}
[INFO] [stdout]    4:     0x5d07be08fc39 - std[617be2ca0a6fd877]::panicking::default_hook
[INFO] [stdout]    5:     0x5d07be021250 - test[aada8e7e76ba119b]::test_main_inner::{closure#0}
[INFO] [stdout]    6:     0x5d07be08fdf2 - std[617be2ca0a6fd877]::panicking::panic_with_hook
[INFO] [stdout]    7:     0x5d07be073792 - std[617be2ca0a6fd877]::panicking::panic_handler::{closure#0}
[INFO] [stdout]    8:     0x5d07be06c319 - std[617be2ca0a6fd877]::sys::backtrace::__rust_end_short_backtrace::<std[617be2ca0a6fd877]::panicking::panic_handler::{closure#0}, !>
[INFO] [stdout]    9:     0x5d07be07439d - __rustc[ea4f61d10b84890b]::rust_begin_unwind
[INFO] [stdout]   10:     0x5d07be0acb4c - core[a373ad73a504971]::panicking::panic_fmt
[INFO] [stdout]   11:     0x5d07be0ac922 - core[a373ad73a504971]::result::unwrap_failed
[INFO] [stdout]   12:     0x5d07be012b73 - run_json_contract[4149bc1cf6665647]::read_fixture
[INFO] [stdout]   13:     0x5d07be0136dc - <run_json_contract[4149bc1cf6665647]::missing_required_text_field_is_typedparse::{closure#0} as core[a373ad73a504971]::ops::function::FnOnce<()>>::call_once
[INFO] [stdout]   14:     0x5d07be01469b - test[aada8e7e76ba119b]::__rust_begin_short_backtrace::<core[a373ad73a504971]::result::Result<(), alloc[2e1b2a31b91974c5]::string::String>, fn() -> core[a373ad73a504971]::result::Result<(), alloc[2e1b2a31b91974c5]::string::String>>
[INFO] [stdout]   15:     0x5d07be021875 - test[aada8e7e76ba119b]::run_test::{closure#0}
[INFO] [stdout]   16:     0x5d07be01b164 - std[617be2ca0a6fd877]::sys::backtrace::__rust_begin_short_backtrace::<test[aada8e7e76ba119b]::run_test::{closure#1}, ()>
[INFO] [stdout]   17:     0x5d07be024902 - <std[617be2ca0a6fd877]::thread::lifecycle::spawn_unchecked<test[aada8e7e76ba119b]::run_test::{closure#1}, ()>::{closure#1} as core[a373ad73a504971]::ops::function::FnOnce<()>>::call_once::{shim:vtable#0}
[INFO] [stdout]   18:     0x5d07be096dff - <std[617be2ca0a6fd877]::sys::thread::unix::Thread>::new::thread_start
[INFO] [stdout]   19:     0x7bfdca297dfa - <unknown>
[INFO] [stdout]   20:     0x7bfdca32b3d4 - clone
[INFO] [stdout]   21:                0x0 - <unknown>
[INFO] [stdout] 
[INFO] [stdout] ---- parser_carries_forward_session_id_across_known_events stdout ----
[INFO] [stdout] 
[INFO] [stdout] thread 'parser_carries_forward_session_id_across_known_events' (658) panicked at tests/run_json_contract.rs:7:10:
[INFO] [stdout] read fixture: Os { code: 2, kind: NotFound, message: "No such file or directory" }
[INFO] [stdout] stack backtrace:
[INFO] [stdout]    0:     0x5d07be097901 - <<std[617be2ca0a6fd877]::sys::backtrace::BacktraceLock>::print::DisplayBacktrace as core[a373ad73a504971]::fmt::Display>::fmt
[INFO] [stdout]    1:     0x5d07be0ac41a - core[a373ad73a504971]::fmt::write
[INFO] [stdout]    2:     0x5d07be09bb1c - <alloc[2e1b2a31b91974c5]::vec::Vec<u8> as core[a373ad73a504971]::io::write::Write>::write_fmt
[INFO] [stdout]    3:     0x5d07be0736e6 - std[617be2ca0a6fd877]::panicking::default_hook::{closure#0}
[INFO] [stdout]    4:     0x5d07be08fc39 - std[617be2ca0a6fd877]::panicking::default_hook
[INFO] [stdout]    5:     0x5d07be021250 - test[aada8e7e76ba119b]::test_main_inner::{closure#0}
[INFO] [stderr] error: test failed, to rerun pass `--test run_json_contract`
[INFO] [stdout]    6:     0x5d07be08fdf2 - std[617be2ca0a6fd877]::panicking::panic_with_hook
[INFO] [stdout]    7:     0x5d07be073792 - std[617be2ca0a6fd877]::panicking::panic_handler::{closure#0}
[INFO] [stdout]    8:     0x5d07be06c319 - std[617be2ca0a6fd877]::sys::backtrace::__rust_end_short_backtrace::<std[617be2ca0a6fd877]::panicking::panic_handler::{closure#0}, !>
[INFO] [stdout]    9:     0x5d07be07439d - __rustc[ea4f61d10b84890b]::rust_begin_unwind
[INFO] [stdout]   10:     0x5d07be0acb4c - core[a373ad73a504971]::panicking::panic_fmt
[INFO] [stdout]   11:     0x5d07be0ac922 - core[a373ad73a504971]::result::unwrap_failed
[INFO] [stdout]   12:     0x5d07be012b73 - run_json_contract[4149bc1cf6665647]::read_fixture
[INFO] [stdout]   13:     0x5d07be014156 - <run_json_contract[4149bc1cf6665647]::parser_carries_forward_session_id_across_known_events::{closure#0} as core[a373ad73a504971]::ops::function::FnOnce<()>>::call_once
[INFO] [stdout]   14:     0x5d07be01469b - test[aada8e7e76ba119b]::__rust_begin_short_backtrace::<core[a373ad73a504971]::result::Result<(), alloc[2e1b2a31b91974c5]::string::String>, fn() -> core[a373ad73a504971]::result::Result<(), alloc[2e1b2a31b91974c5]::string::String>>
[INFO] [stdout]   15:     0x5d07be021875 - test[aada8e7e76ba119b]::run_test::{closure#0}
[INFO] [stdout]   16:     0x5d07be01b164 - std[617be2ca0a6fd877]::sys::backtrace::__rust_begin_short_backtrace::<test[aada8e7e76ba119b]::run_test::{closure#1}, ()>
[INFO] [stdout]   17:     0x5d07be024902 - <std[617be2ca0a6fd877]::thread::lifecycle::spawn_unchecked<test[aada8e7e76ba119b]::run_test::{closure#1}, ()>::{closure#1} as core[a373ad73a504971]::ops::function::FnOnce<()>>::call_once::{shim:vtable#0}
[INFO] [stdout]   18:     0x5d07be096dff - <std[617be2ca0a6fd877]::sys::thread::unix::Thread>::new::thread_start
[INFO] [stdout]   19:     0x7bfdca297dfa - <unknown>
[INFO] [stdout]   20:     0x7bfdca32b3d4 - clone
[INFO] [stdout]   21:                0x0 - <unknown>
[INFO] [stdout] 
[INFO] [stdout] ---- parses_step_start_text_and_step_finish stdout ----
[INFO] [stdout] 
[INFO] [stdout] thread 'parses_step_start_text_and_step_finish' (659) panicked at tests/run_json_contract.rs:7:10:
[INFO] [stdout] read fixture: Os { code: 2, kind: NotFound, message: "No such file or directory" }
[INFO] [stdout] stack backtrace:
[INFO] [stdout]    0:     0x5d07be097901 - <<std[617be2ca0a6fd877]::sys::backtrace::BacktraceLock>::print::DisplayBacktrace as core[a373ad73a504971]::fmt::Display>::fmt
[INFO] [stdout]    1:     0x5d07be0ac41a - core[a373ad73a504971]::fmt::write
[INFO] [stdout]    2:     0x5d07be09bb1c - <alloc[2e1b2a31b91974c5]::vec::Vec<u8> as core[a373ad73a504971]::io::write::Write>::write_fmt
[INFO] [stdout]    3:     0x5d07be0736e6 - std[617be2ca0a6fd877]::panicking::default_hook::{closure#0}
[INFO] [stdout]    4:     0x5d07be08fc39 - std[617be2ca0a6fd877]::panicking::default_hook
[INFO] [stdout]    5:     0x5d07be021250 - test[aada8e7e76ba119b]::test_main_inner::{closure#0}
[INFO] [stdout]    6:     0x5d07be08fdf2 - std[617be2ca0a6fd877]::panicking::panic_with_hook
[INFO] [stdout]    7:     0x5d07be073792 - std[617be2ca0a6fd877]::panicking::panic_handler::{closure#0}
[INFO] [stdout]    8:     0x5d07be06c319 - std[617be2ca0a6fd877]::sys::backtrace::__rust_end_short_backtrace::<std[617be2ca0a6fd877]::panicking::panic_handler::{closure#0}, !>
[INFO] [stdout]    9:     0x5d07be07439d - __rustc[ea4f61d10b84890b]::rust_begin_unwind
[INFO] [stdout]   10:     0x5d07be0acb4c - core[a373ad73a504971]::panicking::panic_fmt
[INFO] [stdout]   11:     0x5d07be0ac922 - core[a373ad73a504971]::result::unwrap_failed
[INFO] [stdout]   12:     0x5d07be012b73 - run_json_contract[4149bc1cf6665647]::read_fixture
[INFO] [stdout]   13:     0x5d07be012bf9 - run_json_contract[4149bc1cf6665647]::parse_single_line
[INFO] [stdout]   14:     0x5d07be013487 - <run_json_contract[4149bc1cf6665647]::parses_step_start_text_and_step_finish::{closure#0} as core[a373ad73a504971]::ops::function::FnOnce<()>>::call_once
[INFO] [stdout]   15:     0x5d07be01469b - test[aada8e7e76ba119b]::__rust_begin_short_backtrace::<core[a373ad73a504971]::result::Result<(), alloc[2e1b2a31b91974c5]::string::String>, fn() -> core[a373ad73a504971]::result::Result<(), alloc[2e1b2a31b91974c5]::string::String>>
[INFO] [stdout]   16:     0x5d07be021875 - test[aada8e7e76ba119b]::run_test::{closure#0}
[INFO] [stdout]   17:     0x5d07be01b164 - std[617be2ca0a6fd877]::sys::backtrace::__rust_begin_short_backtrace::<test[aada8e7e76ba119b]::run_test::{closure#1}, ()>
[INFO] [stdout]   18:     0x5d07be024902 - <std[617be2ca0a6fd877]::thread::lifecycle::spawn_unchecked<test[aada8e7e76ba119b]::run_test::{closure#1}, ()>::{closure#1} as core[a373ad73a504971]::ops::function::FnOnce<()>>::call_once::{shim:vtable#0}
[INFO] [stdout]   19:     0x5d07be096dff - <std[617be2ca0a6fd877]::sys::thread::unix::Thread>::new::thread_start
[INFO] [stdout]   20:     0x7bfdca297dfa - <unknown>
[INFO] [stdout]   21:     0x7bfdca32b3d4 - clone
[INFO] [stdout]   22:                0x0 - <unknown>
[INFO] [stdout] 
[INFO] [stdout] 
[INFO] [stdout] failures:
[INFO] [stdout]     blank_lines_are_ignored_and_crlf_is_tolerated
[INFO] [stdout]     missing_required_text_field_is_typedparse
[INFO] [stdout]     parser_carries_forward_session_id_across_known_events
[INFO] [stdout]     parses_step_start_text_and_step_finish
[INFO] [stdout]     unknown_outer_type_is_unknown_event_not_error
[INFO] [stdout] 
[INFO] [stdout] test result: FAILED. 0 passed; 5 failed; 0 ignored; 0 measured; 0 filtered out; finished in 0.00s
[INFO] [stdout] 
[INFO] running `Command { std: "docker" "inspect" "f2fcbabd6da014c7d377e004944bb2f6c9e0e16fbea514d1699433c9478e162e", kill_on_drop: false }`
[INFO] running `Command { std: "docker" "rm" "-f" "f2fcbabd6da014c7d377e004944bb2f6c9e0e16fbea514d1699433c9478e162e", kill_on_drop: false }`
[INFO] [stdout] f2fcbabd6da014c7d377e004944bb2f6c9e0e16fbea514d1699433c9478e162e
