[INFO] fetching crate unified-agent-api-gemini-cli 0.3.7...
[INFO] testing unified-agent-api-gemini-cli-0.3.7 against 1.99.0-beta.8+cargoflags=--release for beta-release-1.100-2
[INFO] extracting crate unified-agent-api-gemini-cli 0.3.7 into /workspace/builds/worker-3-tc1/source
[INFO] started tweaking crates.io crate unified-agent-api-gemini-cli 0.3.7
[INFO] removed 0 missing tests
[INFO] finished tweaking crates.io crate unified-agent-api-gemini-cli 0.3.7
[INFO] tweaked toml for crates.io crate unified-agent-api-gemini-cli 0.3.7 written to /workspace/builds/worker-3-tc1/source/Cargo.toml
[INFO] validating manifest of crates.io crate unified-agent-api-gemini-cli 0.3.7 on toolchain 1.99.0-beta.8
[INFO] running `Command { std: CARGO_HOME="/workspace/cargo-home" RUSTUP_HOME="/workspace/rustup-home" "/workspace/cargo-home/bin/cargo" "+1.99.0-beta.8" "metadata" "--manifest-path" "Cargo.toml" "--no-deps", kill_on_drop: false }`
[INFO] crate crates.io crate unified-agent-api-gemini-cli 0.3.7 already has a lockfile, it will not be regenerated
[INFO] running `Command { std: CARGO_HOME="/workspace/cargo-home" RUSTUP_HOME="/workspace/rustup-home" "/workspace/cargo-home/bin/cargo" "+1.99.0-beta.8" "fetch" "--manifest-path" "Cargo.toml", kill_on_drop: false }`
[INFO] running `Command { std: "docker" "create" "-v" "/var/lib/crater-agent-workspace/builds/worker-3-tc1/source:/opt/rustwide/workdir:ro,Z" "-v" "/var/lib/crater-agent-workspace/builds/worker-3-tc1/target:/opt/rustwide/target:rw,Z" "-v" "/var/lib/crater-agent-workspace/cargo-home:/opt/rustwide/cargo-home:ro,Z" "-v" "/var/lib/crater-agent-workspace/rustup-home:/opt/rustwide/rustup-home:ro,Z" "-m" "1610612736" "--network" "none" "ghcr.io/rust-lang/crates-build-env/linux@sha256:77db811e55d90add9212f6832c23229e3de5f1c1f9905e8cb07319ea15df73ac" "sleep" "infinity", kill_on_drop: false }`
[INFO] [stdout] 850bd963e0f73a4c822f13152cc722d143fbf4ce4f111a8619c4ec4a936f4697
[INFO] running `Command { std: "docker" "start" "850bd963e0f73a4c822f13152cc722d143fbf4ce4f111a8619c4ec4a936f4697", kill_on_drop: false }`
[INFO] running `Command { std: "docker" "inspect" "850bd963e0f73a4c822f13152cc722d143fbf4ce4f111a8619c4ec4a936f4697", kill_on_drop: false }`
[INFO] running `Command { std: "docker" "exec" "-e" "SOURCE_DIR=/opt/rustwide/workdir" "-e" "CARGO_HOME=/opt/rustwide/cargo-home" "-e" "RUSTUP_HOME=/opt/rustwide/rustup-home" "-e" "CARGO_TARGET_DIR=/opt/rustwide/target" "-w" "/opt/rustwide/workdir" "--user" "0:0" "850bd963e0f73a4c822f13152cc722d143fbf4ce4f111a8619c4ec4a936f4697" "/opt/rustwide/cargo-home/bin/cargo" "+1.99.0-beta.8" "metadata" "--no-deps" "--format-version=1", kill_on_drop: false }`
[INFO] running `Command { std: "docker" "inspect" "850bd963e0f73a4c822f13152cc722d143fbf4ce4f111a8619c4ec4a936f4697", kill_on_drop: false }`
[INFO] running `Command { std: "docker" "exec" "-e" "SOURCE_DIR=/opt/rustwide/workdir" "-e" "CARGO_HOME=/opt/rustwide/cargo-home" "-e" "RUSTUP_HOME=/opt/rustwide/rustup-home" "-e" "CARGO_TARGET_DIR=/opt/rustwide/target" "-e" "CARGO_INCREMENTAL=0" "-e" "RUST_BACKTRACE=full" "-e" "RUSTFLAGS=--cap-lints=warn" "-e" "RUSTDOCFLAGS=--cap-lints=warn" "-w" "/opt/rustwide/workdir" "--user" "0:0" "850bd963e0f73a4c822f13152cc722d143fbf4ce4f111a8619c4ec4a936f4697" "/opt/rustwide/cargo-home/bin/cargo" "+1.99.0-beta.8" "build" "--frozen" "--message-format=json" "--release", kill_on_drop: false }`
[INFO] [stderr]    Compiling proc-macro2 v1.0.103
[INFO] [stderr]    Compiling libc v0.2.177
[INFO] [stderr]    Compiling serde_json v1.0.145
[INFO] [stderr]    Compiling quote v1.0.42
[INFO] [stderr]    Compiling syn v2.0.111
[INFO] [stderr]    Compiling signal-hook-registry v1.4.7
[INFO] [stderr]    Compiling mio v1.1.0
[INFO] [stderr]    Compiling tokio-macros v2.6.0
[INFO] [stderr]    Compiling serde_derive v1.0.228
[INFO] [stderr]    Compiling thiserror-impl v1.0.69
[INFO] [stderr]    Compiling tokio v1.48.0
[INFO] [stderr]    Compiling thiserror v1.0.69
[INFO] [stderr]    Compiling serde v1.0.228
[INFO] [stderr]    Compiling unified-agent-api-gemini-cli v0.3.7 (/opt/rustwide/workdir)
[INFO] [stderr]     Finished `release` profile [optimized] target(s) in 32.08s
[INFO] running `Command { std: "docker" "inspect" "850bd963e0f73a4c822f13152cc722d143fbf4ce4f111a8619c4ec4a936f4697", kill_on_drop: false }`
[INFO] running `Command { std: "docker" "exec" "-e" "SOURCE_DIR=/opt/rustwide/workdir" "-e" "CARGO_HOME=/opt/rustwide/cargo-home" "-e" "RUSTUP_HOME=/opt/rustwide/rustup-home" "-e" "CARGO_TARGET_DIR=/opt/rustwide/target" "-e" "CARGO_INCREMENTAL=0" "-e" "RUST_BACKTRACE=full" "-e" "RUSTFLAGS=--cap-lints=warn" "-e" "RUSTDOCFLAGS=--cap-lints=warn" "-w" "/opt/rustwide/workdir" "--user" "0:0" "850bd963e0f73a4c822f13152cc722d143fbf4ce4f111a8619c4ec4a936f4697" "/opt/rustwide/cargo-home/bin/cargo" "+1.99.0-beta.8" "test" "--frozen" "--no-run" "--message-format=json" "--release", kill_on_drop: false }`
[INFO] [stderr]    Compiling rustix v1.1.2
[INFO] [stderr]    Compiling linux-raw-sys v0.11.0
[INFO] [stderr]    Compiling bitflags v2.10.0
[INFO] [stderr]    Compiling futures-macro v0.3.31
[INFO] [stderr]    Compiling getrandom v0.3.4
[INFO] [stderr]    Compiling fastrand v2.3.0
[INFO] [stderr]    Compiling once_cell v1.21.3
[INFO] [stderr]    Compiling futures-util v0.3.31
[INFO] [stderr]    Compiling tempfile v3.23.0
[INFO] [stderr]    Compiling unified-agent-api-gemini-cli v0.3.7 (/opt/rustwide/workdir)
[INFO] [stderr]     Finished `release` profile [optimized] target(s) in 15.32s
[INFO] running `Command { std: "docker" "inspect" "850bd963e0f73a4c822f13152cc722d143fbf4ce4f111a8619c4ec4a936f4697", kill_on_drop: false }`
[INFO] running `Command { std: "docker" "exec" "-e" "SOURCE_DIR=/opt/rustwide/workdir" "-e" "CARGO_HOME=/opt/rustwide/cargo-home" "-e" "RUSTUP_HOME=/opt/rustwide/rustup-home" "-e" "CARGO_TARGET_DIR=/opt/rustwide/target" "-e" "CARGO_INCREMENTAL=0" "-e" "RUST_BACKTRACE=full" "-e" "RUSTFLAGS=--cap-lints=warn" "-e" "RUSTDOCFLAGS=--cap-lints=warn" "-w" "/opt/rustwide/workdir" "--user" "0:0" "850bd963e0f73a4c822f13152cc722d143fbf4ce4f111a8619c4ec4a936f4697" "/opt/rustwide/cargo-home/bin/cargo" "+1.99.0-beta.8" "test" "--frozen" "--release", kill_on_drop: false }`
[INFO] [stderr]     Finished `release` profile [optimized] target(s) in 0.13s
[INFO] [stderr]      Running unittests src/lib.rs (/opt/rustwide/target/release/deps/gemini_cli-9acd684011df763b)
[INFO] [stdout] 
[INFO] [stdout] running 1 test
[INFO] [stdout] test client::tests::wait_for_child_exit_returns_status_when_deadline_has_elapsed ... ok
[INFO] [stdout] 
[INFO] [stdout] test result: ok. 1 passed; 0 failed; 0 ignored; 0 measured; 0 filtered out; finished in 0.06s
[INFO] [stdout] 
[INFO] [stderr]      Running unittests src/bin/fake_gemini_stream_json.rs (/opt/rustwide/target/release/deps/fake_gemini_stream_json-418bed8141e95933)
[INFO] [stdout] 
[INFO] [stdout] running 0 tests
[INFO] [stdout] 
[INFO] [stdout] test result: ok. 0 passed; 0 failed; 0 ignored; 0 measured; 0 filtered out; finished in 0.00s
[INFO] [stdout] 
[INFO] [stderr]      Running tests/stream_json_contract.rs (/opt/rustwide/target/release/deps/stream_json_contract-6d07480ae2cf1f08)
[INFO] [stderr]      Running tests/stream_json_streaming.rs (/opt/rustwide/target/release/deps/stream_json_streaming-e069fdcfc8ad0ea4)
[INFO] [stdout] 
[INFO] [stdout] running 4 tests
[INFO] [stdout] test parses_documented_headless_event_types ... ok
[INFO] [stdout] test unknown_event_type_is_preserved_not_rejected ... ok
[INFO] [stdout] test missing_required_field_is_typed_parse ... ok
[INFO] [stdout] test blank_lines_and_crlf_are_tolerated ... ok
[INFO] [stdout] 
[INFO] [stdout] test result: ok. 4 passed; 0 failed; 0 ignored; 0 measured; 0 filtered out; finished in 0.00s
[INFO] [stdout] 
[INFO] [stdout] 
[INFO] [stdout] running 9 tests
[INFO] [stdout] test completion_waits_for_event_stream_finality ... FAILED
[INFO] [stdout] test stream_json_maps_headless_tool_events ... FAILED
[INFO] [stdout] test stream_json_passes_only_the_headless_contract_and_cwd ... FAILED
[INFO] [stdout] test stream_json_surfaces_parse_errors_without_leaking_raw_lines ... FAILED
[INFO] [stdout] test stream_json_ignores_crlf_and_blank_lines ... FAILED
[INFO] [stdout] test stream_json_rejects_empty_prompts_before_spawn ... FAILED
[INFO] [stdout] test stream_json_control_termination_closes_stream_and_yields_non_success_status ... FAILED
[INFO] [stdout] test stream_json_nonzero_exit_uses_documented_exit_codes ... FAILED
[INFO] [stdout] test stream_json_yields_events_incrementally_and_tracks_completion_text ... FAILED
[INFO] [stdout] 
[INFO] [stdout] failures:
[INFO] [stdout] 
[INFO] [stdout] ---- completion_waits_for_event_stream_finality stdout ----
[INFO] [stdout] 
[INFO] [stdout] thread 'completion_waits_for_event_stream_finality' (715) panicked at tests/stream_json_streaming.rs:39:13:
[INFO] [stdout] cargo build failed: status=ExitStatus(unix_wait_status(25856)), stderr=error: could not find `Cargo.toml` in `/opt` or any parent directory
[INFO] [stdout] 
[INFO] [stdout] stack backtrace:
[INFO] [stdout]    0:     0x5717b3c9fd41 - <<std[70759c8f55707aa4]::sys::backtrace::BacktraceLock>::print::DisplayBacktrace as core[df12db4294e9bfd3]::fmt::Display>::fmt
[INFO] [stdout]    1:     0x5717b3cb53da - core[df12db4294e9bfd3]::fmt::write
[INFO] [stdout]    2:     0x5717b3ca464c - <alloc[2182bb758b4b3781]::vec::Vec<u8> as core[df12db4294e9bfd3]::io::write::Write>::write_fmt
[INFO] [stdout]    3:     0x5717b3c79fa6 - std[70759c8f55707aa4]::panicking::default_hook::{closure#0}
[INFO] [stdout]    4:     0x5717b3c976b9 - std[70759c8f55707aa4]::panicking::default_hook
[INFO] [stdout]    5:     0x5717b3bf9000 - test[9d35eded1c95d3be]::test_main_inner::<test[9d35eded1c95d3be]::test_main_static::{closure#0}>::{closure#0}
[INFO] [stdout]    6:     0x5717b3c979e2 - std[70759c8f55707aa4]::panicking::panic_with_hook
[INFO] [stdout]    7:     0x5717b3c7a052 - std[70759c8f55707aa4]::panicking::panic_handler::{closure#0}
[INFO] [stdout]    8:     0x5717b3c72b29 - std[70759c8f55707aa4]::sys::backtrace::__rust_end_short_backtrace::<std[70759c8f55707aa4]::panicking::panic_handler::{closure#0}, !>
[INFO] [stdout]    9:     0x5717b3c7ac4d - __rustc[8fa7c3cbc660c2b3]::rust_begin_unwind
[INFO] [stdout]   10:     0x5717b3cb5b3c - core[df12db4294e9bfd3]::panicking::panic_fmt
[INFO] [stdout]   11:     0x5717b3beb310 - <std[70759c8f55707aa4]::sync::once::Once>::call_once_force::<<std[70759c8f55707aa4]::sync::once_lock::OnceLock<std[70759c8f55707aa4]::path::PathBuf>>::initialize<<std[70759c8f55707aa4]::sync::once_lock::OnceLock<std[70759c8f55707aa4]::path::PathBuf>>::get_or_init<stream_json_streaming[338df090a0dd229d]::fake_gemini_binary::{closure#0}>::{closure#0}, !>::{closure#0}>::{closure#0}
[INFO] [stdout]   12:     0x5717b3c7fe79 - <std[70759c8f55707aa4]::sys::sync::once::futex::Once>::call
[INFO] [stdout]   13:     0x5717b3bea207 - <std[70759c8f55707aa4]::sync::once_lock::OnceLock<std[70759c8f55707aa4]::path::PathBuf>>::initialize::<<std[70759c8f55707aa4]::sync::once_lock::OnceLock<std[70759c8f55707aa4]::path::PathBuf>>::get_or_init<stream_json_streaming[338df090a0dd229d]::fake_gemini_binary::{closure#0}>::{closure#0}, !>
[INFO] [stdout]   14:     0x5717b3bcd086 - stream_json_streaming[338df090a0dd229d]::make_fake_client
[INFO] [stdout]   15:     0x5717b3bc6159 - stream_json_streaming[338df090a0dd229d]::completion_waits_for_event_stream_finality::{closure#0}
[INFO] [stdout]   16:     0x5717b3bdcab3 - <tokio[e6574e2b0c6d922f]::runtime::scheduler::current_thread::Context>::enter::<core[df12db4294e9bfd3]::task::poll::Poll<()>, <tokio[e6574e2b0c6d922f]::runtime::scheduler::current_thread::CoreGuard>::block_on<core[df12db4294e9bfd3]::pin::Pin<&mut core[df12db4294e9bfd3]::pin::Pin<&mut dyn core[df12db4294e9bfd3]::future::future::Future<Output = ()>>>>::{closure#0}::{closure#0}>
[INFO] [stdout]   17:     0x5717b3be7039 - <std[70759c8f55707aa4]::thread::local::LocalKey<tokio[e6574e2b0c6d922f]::runtime::context::Context>>::with::<tokio[e6574e2b0c6d922f]::runtime::context::set_scheduler<(alloc[2182bb758b4b3781]::boxed::Box<tokio[e6574e2b0c6d922f]::runtime::scheduler::current_thread::Core>, core[df12db4294e9bfd3]::option::Option<()>), <tokio[e6574e2b0c6d922f]::runtime::scheduler::current_thread::CoreGuard>::enter<<tokio[e6574e2b0c6d922f]::runtime::scheduler::current_thread::CoreGuard>::block_on<core[df12db4294e9bfd3]::pin::Pin<&mut core[df12db4294e9bfd3]::pin::Pin<&mut dyn core[df12db4294e9bfd3]::future::future::Future<Output = ()>>>>::{closure#0}, core[df12db4294e9bfd3]::option::Option<()>>::{closure#0}>::{closure#0}, (alloc[2182bb758b4b3781]::boxed::Box<tokio[e6574e2b0c6d922f]::runtime::scheduler::current_thread::Core>, core[df12db4294e9bfd3]::option::Option<()>)>
[INFO] [stdout]   18:     0x5717b3bdcfe7 - <tokio[e6574e2b0c6d922f]::runtime::scheduler::current_thread::CoreGuard>::block_on::<core[df12db4294e9bfd3]::pin::Pin<&mut core[df12db4294e9bfd3]::pin::Pin<&mut dyn core[df12db4294e9bfd3]::future::future::Future<Output = ()>>>>
[INFO] [stdout]   19:     0x5717b3bdebcd - tokio[e6574e2b0c6d922f]::runtime::context::runtime::enter_runtime::<<tokio[e6574e2b0c6d922f]::runtime::scheduler::current_thread::CurrentThread>::block_on<core[df12db4294e9bfd3]::pin::Pin<&mut dyn core[df12db4294e9bfd3]::future::future::Future<Output = ()>>>::{closure#0}, ()>
[INFO] [stdout]   20:     0x5717b3bddb3e - <tokio[e6574e2b0c6d922f]::runtime::runtime::Runtime>::block_on::<core[df12db4294e9bfd3]::pin::Pin<&mut dyn core[df12db4294e9bfd3]::future::future::Future<Output = ()>>>
[INFO] [stdout]   21:     0x5717b3bcdebe - <stream_json_streaming[338df090a0dd229d]::completion_waits_for_event_stream_finality::{closure#0} as core[df12db4294e9bfd3]::ops::function::FnOnce<()>>::call_once
[INFO] [stdout]   22:     0x5717b3bec2eb - test[9d35eded1c95d3be]::__rust_begin_short_backtrace::<core[df12db4294e9bfd3]::result::Result<(), alloc[2182bb758b4b3781]::string::String>, fn() -> core[df12db4294e9bfd3]::result::Result<(), alloc[2182bb758b4b3781]::string::String>>
[INFO] [stdout]   23:     0x5717b3bf9955 - test[9d35eded1c95d3be]::run_test::{closure#0}
[INFO] [stdout]   24:     0x5717b3bf3214 - std[70759c8f55707aa4]::sys::backtrace::__rust_begin_short_backtrace::<test[9d35eded1c95d3be]::run_test::{closure#1}, ()>
[INFO] [stdout]   25:     0x5717b3bfcab2 - <std[70759c8f55707aa4]::thread::lifecycle::spawn_unchecked<test[9d35eded1c95d3be]::run_test::{closure#1}, ()>::{closure#1} as core[df12db4294e9bfd3]::ops::function::FnOnce<()>>::call_once::{shim:vtable#0}
[INFO] [stdout]   26:     0x5717b3c9f2e9 - <std[70759c8f55707aa4]::sys::thread::unix::Thread>::new::thread_start
[INFO] [stdout]   27:     0x71264359fdfa - <unknown>
[INFO] [stdout]   28:     0x7126436333d4 - clone
[INFO] [stdout]   29:                0x0 - <unknown>
[INFO] [stdout] 
[INFO] [stdout] ---- stream_json_maps_headless_tool_events stdout ----
[INFO] [stdout] 
[INFO] [stdout] thread 'stream_json_maps_headless_tool_events' (718) panicked at tests/stream_json_streaming.rs:39:13:
[INFO] [stdout] cargo build failed: status=ExitStatus(unix_wait_status(25856)), stderr=error: could not find `Cargo.toml` in `/opt` or any parent directory
[INFO] [stdout] 
[INFO] [stdout] stack backtrace:
[INFO] [stdout]    0:     0x5717b3c9fd41 - <<std[70759c8f55707aa4]::sys::backtrace::BacktraceLock>::print::DisplayBacktrace as core[df12db4294e9bfd3]::fmt::Display>::fmt
[INFO] [stdout]    1:     0x5717b3cb53da - core[df12db4294e9bfd3]::fmt::write
[INFO] [stdout]    2:     0x5717b3ca464c - <alloc[2182bb758b4b3781]::vec::Vec<u8> as core[df12db4294e9bfd3]::io::write::Write>::write_fmt
[INFO] [stdout]    3:     0x5717b3c79fa6 - std[70759c8f55707aa4]::panicking::default_hook::{closure#0}
[INFO] [stdout]    4:     0x5717b3c976b9 - std[70759c8f55707aa4]::panicking::default_hook
[INFO] [stdout]    5:     0x5717b3bf9000 - test[9d35eded1c95d3be]::test_main_inner::<test[9d35eded1c95d3be]::test_main_static::{closure#0}>::{closure#0}
[INFO] [stdout]    6:     0x5717b3c979e2 - std[70759c8f55707aa4]::panicking::panic_with_hook
[INFO] [stdout]    7:     0x5717b3c7a052 - std[70759c8f55707aa4]::panicking::panic_handler::{closure#0}
[INFO] [stdout]    8:     0x5717b3c72b29 - std[70759c8f55707aa4]::sys::backtrace::__rust_end_short_backtrace::<std[70759c8f55707aa4]::panicking::panic_handler::{closure#0}, !>
[INFO] [stdout]    9:     0x5717b3c7ac4d - __rustc[8fa7c3cbc660c2b3]::rust_begin_unwind
[INFO] [stdout]   10:     0x5717b3cb5b3c - core[df12db4294e9bfd3]::panicking::panic_fmt
[INFO] [stdout]   11:     0x5717b3beb310 - <std[70759c8f55707aa4]::sync::once::Once>::call_once_force::<<std[70759c8f55707aa4]::sync::once_lock::OnceLock<std[70759c8f55707aa4]::path::PathBuf>>::initialize<<std[70759c8f55707aa4]::sync::once_lock::OnceLock<std[70759c8f55707aa4]::path::PathBuf>>::get_or_init<stream_json_streaming[338df090a0dd229d]::fake_gemini_binary::{closure#0}>::{closure#0}, !>::{closure#0}>::{closure#0}
[INFO] [stdout]   12:     0x5717b3c7fe79 - <std[70759c8f55707aa4]::sys::sync::once::futex::Once>::call
[INFO] [stdout]   13:     0x5717b3bea207 - <std[70759c8f55707aa4]::sync::once_lock::OnceLock<std[70759c8f55707aa4]::path::PathBuf>>::initialize::<<std[70759c8f55707aa4]::sync::once_lock::OnceLock<std[70759c8f55707aa4]::path::PathBuf>>::get_or_init<stream_json_streaming[338df090a0dd229d]::fake_gemini_binary::{closure#0}>::{closure#0}, !>
[INFO] [stdout]   14:     0x5717b3bcd086 - stream_json_streaming[338df090a0dd229d]::make_fake_client
[INFO] [stdout]   15:     0x5717b3bc4ad3 - stream_json_streaming[338df090a0dd229d]::stream_json_maps_headless_tool_events::{closure#0}
[INFO] [stdout]   16:     0x5717b3bdcab3 - <tokio[e6574e2b0c6d922f]::runtime::scheduler::current_thread::Context>::enter::<core[df12db4294e9bfd3]::task::poll::Poll<()>, <tokio[e6574e2b0c6d922f]::runtime::scheduler::current_thread::CoreGuard>::block_on<core[df12db4294e9bfd3]::pin::Pin<&mut core[df12db4294e9bfd3]::pin::Pin<&mut dyn core[df12db4294e9bfd3]::future::future::Future<Output = ()>>>>::{closure#0}::{closure#0}>
[INFO] [stdout]   17:     0x5717b3be7039 - <std[70759c8f55707aa4]::thread::local::LocalKey<tokio[e6574e2b0c6d922f]::runtime::context::Context>>::with::<tokio[e6574e2b0c6d922f]::runtime::context::set_scheduler<(alloc[2182bb758b4b3781]::boxed::Box<tokio[e6574e2b0c6d922f]::runtime::scheduler::current_thread::Core>, core[df12db4294e9bfd3]::option::Option<()>), <tokio[e6574e2b0c6d922f]::runtime::scheduler::current_thread::CoreGuard>::enter<<tokio[e6574e2b0c6d922f]::runtime::scheduler::current_thread::CoreGuard>::block_on<core[df12db4294e9bfd3]::pin::Pin<&mut core[df12db4294e9bfd3]::pin::Pin<&mut dyn core[df12db4294e9bfd3]::future::future::Future<Output = ()>>>>::{closure#0}, core[df12db4294e9bfd3]::option::Option<()>>::{closure#0}>::{closure#0}, (alloc[2182bb758b4b3781]::boxed::Box<tokio[e6574e2b0c6d922f]::runtime::scheduler::current_thread::Core>, core[df12db4294e9bfd3]::option::Option<()>)>
[INFO] [stdout]   18:     0x5717b3bdcfe7 - <tokio[e6574e2b0c6d922f]::runtime::scheduler::current_thread::CoreGuard>::block_on::<core[df12db4294e9bfd3]::pin::Pin<&mut core[df12db4294e9bfd3]::pin::Pin<&mut dyn core[df12db4294e9bfd3]::future::future::Future<Output = ()>>>>
[INFO] [stdout]   19:     0x5717b3bdebcd - tokio[e6574e2b0c6d922f]::runtime::context::runtime::enter_runtime::<<tokio[e6574e2b0c6d922f]::runtime::scheduler::current_thread::CurrentThread>::block_on<core[df12db4294e9bfd3]::pin::Pin<&mut dyn core[df12db4294e9bfd3]::future::future::Future<Output = ()>>>::{closure#0}, ()>
[INFO] [stdout]   20:     0x5717b3bddb3e - <tokio[e6574e2b0c6d922f]::runtime::runtime::Runtime>::block_on::<core[df12db4294e9bfd3]::pin::Pin<&mut dyn core[df12db4294e9bfd3]::future::future::Future<Output = ()>>>
[INFO] [stdout]   21:     0x5717b3bcdbfe - <stream_json_streaming[338df090a0dd229d]::stream_json_maps_headless_tool_events::{closure#0} as core[df12db4294e9bfd3]::ops::function::FnOnce<()>>::call_once
[INFO] [stdout]   22:     0x5717b3bec2eb - test[9d35eded1c95d3be]::__rust_begin_short_backtrace::<core[df12db4294e9bfd3]::result::Result<(), alloc[2182bb758b4b3781]::string::String>, fn() -> core[df12db4294e9bfd3]::result::Result<(), alloc[2182bb758b4b3781]::string::String>>
[INFO] [stdout]   23:     0x5717b3bf9955 - test[9d35eded1c95d3be]::run_test::{closure#0}
[INFO] [stdout]   24:     0x5717b3bf3214 - std[70759c8f55707aa4]::sys::backtrace::__rust_begin_short_backtrace::<test[9d35eded1c95d3be]::run_test::{closure#1}, ()>
[INFO] [stdout]   25:     0x5717b3bfcab2 - <std[70759c8f55707aa4]::thread::lifecycle::spawn_unchecked<test[9d35eded1c95d3be]::run_test::{closure#1}, ()>::{closure#1} as core[df12db4294e9bfd3]::ops::function::FnOnce<()>>::call_once::{shim:vtable#0}
[INFO] [stdout]   26:     0x5717b3c9f2e9 - <std[70759c8f55707aa4]::sys::thread::unix::Thread>::new::thread_start
[INFO] [stdout]   27:     0x71264359fdfa - <unknown>
[INFO] [stdout]   28:     0x7126436333d4 - clone
[INFO] [stdout]   29:                0x0 - <unknown>
[INFO] [stdout] 
[INFO] [stdout] ---- stream_json_passes_only_the_headless_contract_and_cwd stdout ----
[INFO] [stdout] 
[INFO] [stdout] thread 'stream_json_passes_only_the_headless_contract_and_cwd' (720) panicked at tests/stream_json_streaming.rs:39:13:
[INFO] [stdout] cargo build failed: status=ExitStatus(unix_wait_status(25856)), stderr=error: could not find `Cargo.toml` in `/opt` or any parent directory
[INFO] [stdout] 
[INFO] [stdout] stack backtrace:
[INFO] [stdout]    0:     0x5717b3c9fd41 - <<std[70759c8f55707aa4]::sys::backtrace::BacktraceLock>::print::DisplayBacktrace as core[df12db4294e9bfd3]::fmt::Display>::fmt
[INFO] [stdout]    1:     0x5717b3cb53da - core[df12db4294e9bfd3]::fmt::write
[INFO] [stdout]    2:     0x5717b3ca464c - <alloc[2182bb758b4b3781]::vec::Vec<u8> as core[df12db4294e9bfd3]::io::write::Write>::write_fmt
[INFO] [stdout]    3:     0x5717b3c79fa6 - std[70759c8f55707aa4]::panicking::default_hook::{closure#0}
[INFO] [stdout]    4:     0x5717b3c976b9 - std[70759c8f55707aa4]::panicking::default_hook
[INFO] [stdout]    5:     0x5717b3bf9000 - test[9d35eded1c95d3be]::test_main_inner::<test[9d35eded1c95d3be]::test_main_static::{closure#0}>::{closure#0}
[INFO] [stdout]    6:     0x5717b3c979e2 - std[70759c8f55707aa4]::panicking::panic_with_hook
[INFO] [stdout]    7:     0x5717b3c7a052 - std[70759c8f55707aa4]::panicking::panic_handler::{closure#0}
[INFO] [stdout]    8:     0x5717b3c72b29 - std[70759c8f55707aa4]::sys::backtrace::__rust_end_short_backtrace::<std[70759c8f55707aa4]::panicking::panic_handler::{closure#0}, !>
[INFO] [stdout]    9:     0x5717b3c7ac4d - __rustc[8fa7c3cbc660c2b3]::rust_begin_unwind
[INFO] [stdout]   10:     0x5717b3cb5b3c - core[df12db4294e9bfd3]::panicking::panic_fmt
[INFO] [stdout]   11:     0x5717b3beb310 - <std[70759c8f55707aa4]::sync::once::Once>::call_once_force::<<std[70759c8f55707aa4]::sync::once_lock::OnceLock<std[70759c8f55707aa4]::path::PathBuf>>::initialize<<std[70759c8f55707aa4]::sync::once_lock::OnceLock<std[70759c8f55707aa4]::path::PathBuf>>::get_or_init<stream_json_streaming[338df090a0dd229d]::fake_gemini_binary::{closure#0}>::{closure#0}, !>::{closure#0}>::{closure#0}
[INFO] [stdout]   12:     0x5717b3c7fe79 - <std[70759c8f55707aa4]::sys::sync::once::futex::Once>::call
[INFO] [stdout]   13:     0x5717b3bea207 - <std[70759c8f55707aa4]::sync::once_lock::OnceLock<std[70759c8f55707aa4]::path::PathBuf>>::initialize::<<std[70759c8f55707aa4]::sync::once_lock::OnceLock<std[70759c8f55707aa4]::path::PathBuf>>::get_or_init<stream_json_streaming[338df090a0dd229d]::fake_gemini_binary::{closure#0}>::{closure#0}, !>
[INFO] [stdout]   14:     0x5717b3bc7ce0 - stream_json_streaming[338df090a0dd229d]::stream_json_passes_only_the_headless_contract_and_cwd::{closure#0}
[INFO] [stdout]   15:     0x5717b3bdcab3 - <tokio[e6574e2b0c6d922f]::runtime::scheduler::current_thread::Context>::enter::<core[df12db4294e9bfd3]::task::poll::Poll<()>, <tokio[e6574e2b0c6d922f]::runtime::scheduler::current_thread::CoreGuard>::block_on<core[df12db4294e9bfd3]::pin::Pin<&mut core[df12db4294e9bfd3]::pin::Pin<&mut dyn core[df12db4294e9bfd3]::future::future::Future<Output = ()>>>>::{closure#0}::{closure#0}>
[INFO] [stdout]   16:     0x5717b3be7039 - <std[70759c8f55707aa4]::thread::local::LocalKey<tokio[e6574e2b0c6d922f]::runtime::context::Context>>::with::<tokio[e6574e2b0c6d922f]::runtime::context::set_scheduler<(alloc[2182bb758b4b3781]::boxed::Box<tokio[e6574e2b0c6d922f]::runtime::scheduler::current_thread::Core>, core[df12db4294e9bfd3]::option::Option<()>), <tokio[e6574e2b0c6d922f]::runtime::scheduler::current_thread::CoreGuard>::enter<<tokio[e6574e2b0c6d922f]::runtime::scheduler::current_thread::CoreGuard>::block_on<core[df12db4294e9bfd3]::pin::Pin<&mut core[df12db4294e9bfd3]::pin::Pin<&mut dyn core[df12db4294e9bfd3]::future::future::Future<Output = ()>>>>::{closure#0}, core[df12db4294e9bfd3]::option::Option<()>>::{closure#0}>::{closure#0}, (alloc[2182bb758b4b3781]::boxed::Box<tokio[e6574e2b0c6d922f]::runtime::scheduler::current_thread::Core>, core[df12db4294e9bfd3]::option::Option<()>)>
[INFO] [stdout]   17:     0x5717b3bdcfe7 - <tokio[e6574e2b0c6d922f]::runtime::scheduler::current_thread::CoreGuard>::block_on::<core[df12db4294e9bfd3]::pin::Pin<&mut core[df12db4294e9bfd3]::pin::Pin<&mut dyn core[df12db4294e9bfd3]::future::future::Future<Output = ()>>>>
[INFO] [stdout]   18:     0x5717b3bdebcd - tokio[e6574e2b0c6d922f]::runtime::context::runtime::enter_runtime::<<tokio[e6574e2b0c6d922f]::runtime::scheduler::current_thread::CurrentThread>::block_on<core[df12db4294e9bfd3]::pin::Pin<&mut dyn core[df12db4294e9bfd3]::future::future::Future<Output = ()>>>::{closure#0}, ()>
[INFO] [stdout]   19:     0x5717b3bddb3e - <tokio[e6574e2b0c6d922f]::runtime::runtime::Runtime>::block_on::<core[df12db4294e9bfd3]::pin::Pin<&mut dyn core[df12db4294e9bfd3]::future::future::Future<Output = ()>>>
[INFO] [stdout]   20:     0x5717b3bce2de - <stream_json_streaming[338df090a0dd229d]::stream_json_passes_only_the_headless_contract_and_cwd::{closure#0} as core[df12db4294e9bfd3]::ops::function::FnOnce<()>>::call_once
[INFO] [stdout]   21:     0x5717b3bec2eb - test[9d35eded1c95d3be]::__rust_begin_short_backtrace::<core[df12db4294e9bfd3]::result::Result<(), alloc[2182bb758b4b3781]::string::String>, fn() -> core[df12db4294e9bfd3]::result::Result<(), alloc[2182bb758b4b3781]::string::String>>
[INFO] [stdout]   22:     0x5717b3bf9955 - test[9d35eded1c95d3be]::run_test::{closure#0}
[INFO] [stdout]   23:     0x5717b3bf3214 - std[70759c8f55707aa4]::sys::backtrace::__rust_begin_short_backtrace::<test[9d35eded1c95d3be]::run_test::{closure#1}, ()>
[INFO] [stdout]   24:     0x5717b3bfcab2 - <std[70759c8f55707aa4]::thread::lifecycle::spawn_unchecked<test[9d35eded1c95d3be]::run_test::{closure#1}, ()>::{closure#1} as core[df12db4294e9bfd3]::ops::function::FnOnce<()>>::call_once::{shim:vtable#0}
[INFO] [stdout]   25:     0x5717b3c9f2e9 - <std[70759c8f55707aa4]::sys::thread::unix::Thread>::new::thread_start
[INFO] [stdout]   26:     0x71264359fdfa - <unknown>
[INFO] [stdout]   27:     0x7126436333d4 - clone
[INFO] [stdout]   28:                0x0 - <unknown>
[INFO] [stdout] 
[INFO] [stdout] ---- stream_json_surfaces_parse_errors_without_leaking_raw_lines stdout ----
[INFO] [stdout] 
[INFO] [stdout] thread 'stream_json_surfaces_parse_errors_without_leaking_raw_lines' (722) panicked at tests/stream_json_streaming.rs:39:13:
[INFO] [stdout] cargo build failed: status=ExitStatus(unix_wait_status(25856)), stderr=error: could not find `Cargo.toml` in `/opt` or any parent directory
[INFO] [stdout] 
[INFO] [stdout] stack backtrace:
[INFO] [stdout]    0:     0x5717b3c9fd41 - <<std[70759c8f55707aa4]::sys::backtrace::BacktraceLock>::print::DisplayBacktrace as core[df12db4294e9bfd3]::fmt::Display>::fmt
[INFO] [stdout]    1:     0x5717b3cb53da - core[df12db4294e9bfd3]::fmt::write
[INFO] [stdout]    2:     0x5717b3ca464c - <alloc[2182bb758b4b3781]::vec::Vec<u8> as core[df12db4294e9bfd3]::io::write::Write>::write_fmt
[INFO] [stdout]    3:     0x5717b3c79fa6 - std[70759c8f55707aa4]::panicking::default_hook::{closure#0}
[INFO] [stdout]    4:     0x5717b3c976b9 - std[70759c8f55707aa4]::panicking::default_hook
[INFO] [stdout]    5:     0x5717b3bf9000 - test[9d35eded1c95d3be]::test_main_inner::<test[9d35eded1c95d3be]::test_main_static::{closure#0}>::{closure#0}
[INFO] [stdout]    6:     0x5717b3c979e2 - std[70759c8f55707aa4]::panicking::panic_with_hook
[INFO] [stdout]    7:     0x5717b3c7a052 - std[70759c8f55707aa4]::panicking::panic_handler::{closure#0}
[INFO] [stdout]    8:     0x5717b3c72b29 - std[70759c8f55707aa4]::sys::backtrace::__rust_end_short_backtrace::<std[70759c8f55707aa4]::panicking::panic_handler::{closure#0}, !>
[INFO] [stdout]    9:     0x5717b3c7ac4d - __rustc[8fa7c3cbc660c2b3]::rust_begin_unwind
[INFO] [stdout]   10:     0x5717b3cb5b3c - core[df12db4294e9bfd3]::panicking::panic_fmt
[INFO] [stdout]   11:     0x5717b3beb310 - <std[70759c8f55707aa4]::sync::once::Once>::call_once_force::<<std[70759c8f55707aa4]::sync::once_lock::OnceLock<std[70759c8f55707aa4]::path::PathBuf>>::initialize<<std[70759c8f55707aa4]::sync::once_lock::OnceLock<std[70759c8f55707aa4]::path::PathBuf>>::get_or_init<stream_json_streaming[338df090a0dd229d]::fake_gemini_binary::{closure#0}>::{closure#0}, !>::{closure#0}>::{closure#0}
[INFO] [stdout]   12:     0x5717b3c7fe79 - <std[70759c8f55707aa4]::sys::sync::once::futex::Once>::call
[INFO] [stdout]   13:     0x5717b3bea207 - <std[70759c8f55707aa4]::sync::once_lock::OnceLock<std[70759c8f55707aa4]::path::PathBuf>>::initialize::<<std[70759c8f55707aa4]::sync::once_lock::OnceLock<std[70759c8f55707aa4]::path::PathBuf>>::get_or_init<stream_json_streaming[338df090a0dd229d]::fake_gemini_binary::{closure#0}>::{closure#0}, !>
[INFO] [stdout]   14:     0x5717b3bcd086 - stream_json_streaming[338df090a0dd229d]::make_fake_client
[INFO] [stdout]   15:     0x5717b3bc8b59 - stream_json_streaming[338df090a0dd229d]::stream_json_surfaces_parse_errors_without_leaking_raw_lines::{closure#0}
[INFO] [stdout]   16:     0x5717b3bdcab3 - <tokio[e6574e2b0c6d922f]::runtime::scheduler::current_thread::Context>::enter::<core[df12db4294e9bfd3]::task::poll::Poll<()>, <tokio[e6574e2b0c6d922f]::runtime::scheduler::current_thread::CoreGuard>::block_on<core[df12db4294e9bfd3]::pin::Pin<&mut core[df12db4294e9bfd3]::pin::Pin<&mut dyn core[df12db4294e9bfd3]::future::future::Future<Output = ()>>>>::{closure#0}::{closure#0}>
[INFO] [stdout]   17:     0x5717b3be7039 - <std[70759c8f55707aa4]::thread::local::LocalKey<tokio[e6574e2b0c6d922f]::runtime::context::Context>>::with::<tokio[e6574e2b0c6d922f]::runtime::context::set_scheduler<(alloc[2182bb758b4b3781]::boxed::Box<tokio[e6574e2b0c6d922f]::runtime::scheduler::current_thread::Core>, core[df12db4294e9bfd3]::option::Option<()>), <tokio[e6574e2b0c6d922f]::runtime::scheduler::current_thread::CoreGuard>::enter<<tokio[e6574e2b0c6d922f]::runtime::scheduler::current_thread::CoreGuard>::block_on<core[df12db4294e9bfd3]::pin::Pin<&mut core[df12db4294e9bfd3]::pin::Pin<&mut dyn core[df12db4294e9bfd3]::future::future::Future<Output = ()>>>>::{closure#0}, core[df12db4294e9bfd3]::option::Option<()>>::{closure#0}>::{closure#0}, (alloc[2182bb758b4b3781]::boxed::Box<tokio[e6574e2b0c6d922f]::runtime::scheduler::current_thread::Core>, core[df12db4294e9bfd3]::option::Option<()>)>
[INFO] [stdout]   18:     0x5717b3bdcfe7 - <tokio[e6574e2b0c6d922f]::runtime::scheduler::current_thread::CoreGuard>::block_on::<core[df12db4294e9bfd3]::pin::Pin<&mut core[df12db4294e9bfd3]::pin::Pin<&mut dyn core[df12db4294e9bfd3]::future::future::Future<Output = ()>>>>
[INFO] [stdout]   19:     0x5717b3bdebcd - tokio[e6574e2b0c6d922f]::runtime::context::runtime::enter_runtime::<<tokio[e6574e2b0c6d922f]::runtime::scheduler::current_thread::CurrentThread>::block_on<core[df12db4294e9bfd3]::pin::Pin<&mut dyn core[df12db4294e9bfd3]::future::future::Future<Output = ()>>>::{closure#0}, ()>
[INFO] [stdout]   20:     0x5717b3bddb3e - <tokio[e6574e2b0c6d922f]::runtime::runtime::Runtime>::block_on::<core[df12db4294e9bfd3]::pin::Pin<&mut dyn core[df12db4294e9bfd3]::future::future::Future<Output = ()>>>
[INFO] [stdout]   21:     0x5717b3bce43e - <stream_json_streaming[338df090a0dd229d]::stream_json_surfaces_parse_errors_without_leaking_raw_lines::{closure#0} as core[df12db4294e9bfd3]::ops::function::FnOnce<()>>::call_once
[INFO] [stdout]   22:     0x5717b3bec2eb - test[9d35eded1c95d3be]::__rust_begin_short_backtrace::<core[df12db4294e9bfd3]::result::Result<(), alloc[2182bb758b4b3781]::string::String>, fn() -> core[df12db4294e9bfd3]::result::Result<(), alloc[2182bb758b4b3781]::string::String>>
[INFO] [stdout]   23:     0x5717b3bf9955 - test[9d35eded1c95d3be]::run_test::{closure#0}
[INFO] [stdout]   24:     0x5717b3bf3214 - std[70759c8f55707aa4]::sys::backtrace::__rust_begin_short_backtrace::<test[9d35eded1c95d3be]::run_test::{closure#1}, ()>
[INFO] [stdout]   25:     0x5717b3bfcab2 - <std[70759c8f55707aa4]::thread::lifecycle::spawn_unchecked<test[9d35eded1c95d3be]::run_test::{closure#1}, ()>::{closure#1} as core[df12db4294e9bfd3]::ops::function::FnOnce<()>>::call_once::{shim:vtable#0}
[INFO] [stdout]   26:     0x5717b3c9f2e9 - <std[70759c8f55707aa4]::sys::thread::unix::Thread>::new::thread_start
[INFO] [stdout]   27:     0x71264359fdfa - <unknown>
[INFO] [stdout]   28:     0x7126436333d4 - clone
[INFO] [stdout]   29:                0x0 - <unknown>
[INFO] [stdout] 
[INFO] [stdout] ---- stream_json_ignores_crlf_and_blank_lines stdout ----
[INFO] [stdout] 
[INFO] [stdout] thread 'stream_json_ignores_crlf_and_blank_lines' (717) panicked at tests/stream_json_streaming.rs:39:13:
[INFO] [stdout] cargo build failed: status=ExitStatus(unix_wait_status(25856)), stderr=error: could not find `Cargo.toml` in `/opt` or any parent directory
[INFO] [stdout] 
[INFO] [stdout] stack backtrace:
[INFO] [stdout]    0:     0x5717b3c9fd41 - <<std[70759c8f55707aa4]::sys::backtrace::BacktraceLock>::print::DisplayBacktrace as core[df12db4294e9bfd3]::fmt::Display>::fmt
[INFO] [stdout]    1:     0x5717b3cb53da - core[df12db4294e9bfd3]::fmt::write
[INFO] [stdout]    2:     0x5717b3ca464c - <alloc[2182bb758b4b3781]::vec::Vec<u8> as core[df12db4294e9bfd3]::io::write::Write>::write_fmt
[INFO] [stdout]    3:     0x5717b3c79fa6 - std[70759c8f55707aa4]::panicking::default_hook::{closure#0}
[INFO] [stdout]    4:     0x5717b3c976b9 - std[70759c8f55707aa4]::panicking::default_hook
[INFO] [stdout]    5:     0x5717b3bf9000 - test[9d35eded1c95d3be]::test_main_inner::<test[9d35eded1c95d3be]::test_main_static::{closure#0}>::{closure#0}
[INFO] [stdout]    6:     0x5717b3c979e2 - std[70759c8f55707aa4]::panicking::panic_with_hook
[INFO] [stdout]    7:     0x5717b3c7a052 - std[70759c8f55707aa4]::panicking::panic_handler::{closure#0}
[INFO] [stdout]    8:     0x5717b3c72b29 - std[70759c8f55707aa4]::sys::backtrace::__rust_end_short_backtrace::<std[70759c8f55707aa4]::panicking::panic_handler::{closure#0}, !>
[INFO] [stdout]    9:     0x5717b3c7ac4d - __rustc[8fa7c3cbc660c2b3]::rust_begin_unwind
[INFO] [stdout]   10:     0x5717b3cb5b3c - core[df12db4294e9bfd3]::panicking::panic_fmt
[INFO] [stdout]   11:     0x5717b3beb310 - <std[70759c8f55707aa4]::sync::once::Once>::call_once_force::<<std[70759c8f55707aa4]::sync::once_lock::OnceLock<std[70759c8f55707aa4]::path::PathBuf>>::initialize<<std[70759c8f55707aa4]::sync::once_lock::OnceLock<std[70759c8f55707aa4]::path::PathBuf>>::get_or_init<stream_json_streaming[338df090a0dd229d]::fake_gemini_binary::{closure#0}>::{closure#0}, !>::{closure#0}>::{closure#0}
[INFO] [stdout]   12:     0x5717b3c7fe79 - <std[70759c8f55707aa4]::sys::sync::once::futex::Once>::call
[INFO] [stdout]   13:     0x5717b3bea207 - <std[70759c8f55707aa4]::sync::once_lock::OnceLock<std[70759c8f55707aa4]::path::PathBuf>>::initialize::<<std[70759c8f55707aa4]::sync::once_lock::OnceLock<std[70759c8f55707aa4]::path::PathBuf>>::get_or_init<stream_json_streaming[338df090a0dd229d]::fake_gemini_binary::{closure#0}>::{closure#0}, !>
[INFO] [stdout]   14:     0x5717b3bcd086 - stream_json_streaming[338df090a0dd229d]::make_fake_client
[INFO] [stdout]   15:     0x5717b3bc53d3 - stream_json_streaming[338df090a0dd229d]::stream_json_ignores_crlf_and_blank_lines::{closure#0}
[INFO] [stdout]   16:     0x5717b3bdcab3 - <tokio[e6574e2b0c6d922f]::runtime::scheduler::current_thread::Context>::enter::<core[df12db4294e9bfd3]::task::poll::Poll<()>, <tokio[e6574e2b0c6d922f]::runtime::scheduler::current_thread::CoreGuard>::block_on<core[df12db4294e9bfd3]::pin::Pin<&mut core[df12db4294e9bfd3]::pin::Pin<&mut dyn core[df12db4294e9bfd3]::future::future::Future<Output = ()>>>>::{closure#0}::{closure#0}>
[INFO] [stdout]   17:     0x5717b3be7039 - <std[70759c8f55707aa4]::thread::local::LocalKey<tokio[e6574e2b0c6d922f]::runtime::context::Context>>::with::<tokio[e6574e2b0c6d922f]::runtime::context::set_scheduler<(alloc[2182bb758b4b3781]::boxed::Box<tokio[e6574e2b0c6d922f]::runtime::scheduler::current_thread::Core>, core[df12db4294e9bfd3]::option::Option<()>), <tokio[e6574e2b0c6d922f]::runtime::scheduler::current_thread::CoreGuard>::enter<<tokio[e6574e2b0c6d922f]::runtime::scheduler::current_thread::CoreGuard>::block_on<core[df12db4294e9bfd3]::pin::Pin<&mut core[df12db4294e9bfd3]::pin::Pin<&mut dyn core[df12db4294e9bfd3]::future::future::Future<Output = ()>>>>::{closure#0}, core[df12db4294e9bfd3]::option::Option<()>>::{closure#0}>::{closure#0}, (alloc[2182bb758b4b3781]::boxed::Box<tokio[e6574e2b0c6d922f]::runtime::scheduler::current_thread::Core>, core[df12db4294e9bfd3]::option::Option<()>)>
[INFO] [stdout]   18:     0x5717b3bdcfe7 - <tokio[e6574e2b0c6d922f]::runtime::scheduler::current_thread::CoreGuard>::block_on::<core[df12db4294e9bfd3]::pin::Pin<&mut core[df12db4294e9bfd3]::pin::Pin<&mut dyn core[df12db4294e9bfd3]::future::future::Future<Output = ()>>>>
[INFO] [stdout]   19:     0x5717b3bdebcd - tokio[e6574e2b0c6d922f]::runtime::context::runtime::enter_runtime::<<tokio[e6574e2b0c6d922f]::runtime::scheduler::current_thread::CurrentThread>::block_on<core[df12db4294e9bfd3]::pin::Pin<&mut dyn core[df12db4294e9bfd3]::future::future::Future<Output = ()>>>::{closure#0}, ()>
[INFO] [stdout]   20:     0x5717b3bddb3e - <tokio[e6574e2b0c6d922f]::runtime::runtime::Runtime>::block_on::<core[df12db4294e9bfd3]::pin::Pin<&mut dyn core[df12db4294e9bfd3]::future::future::Future<Output = ()>>>
[INFO] [stdout]   21:     0x5717b3bcdd5e - <stream_json_streaming[338df090a0dd229d]::stream_json_ignores_crlf_and_blank_lines::{closure#0} as core[df12db4294e9bfd3]::ops::function::FnOnce<()>>::call_once
[INFO] [stdout]   22:     0x5717b3bec2eb - test[9d35eded1c95d3be]::__rust_begin_short_backtrace::<core[df12db4294e9bfd3]::result::Result<(), alloc[2182bb758b4b3781]::string::String>, fn() -> core[df12db4294e9bfd3]::result::Result<(), alloc[2182bb758b4b3781]::string::String>>
[INFO] [stdout]   23:     0x5717b3bf9955 - test[9d35eded1c95d3be]::run_test::{closure#0}
[INFO] [stdout]   24:     0x5717b3bf3214 - std[70759c8f55707aa4]::sys::backtrace::__rust_begin_short_backtrace::<test[9d35eded1c95d3be]::run_test::{closure#1}, ()>
[INFO] [stdout]   25:     0x5717b3bfcab2 - <std[70759c8f55707aa4]::thread::lifecycle::spawn_unchecked<test[9d35eded1c95d3be]::run_test::{closure#1}, ()>::{closure#1} as core[df12db4294e9bfd3]::ops::function::FnOnce<()>>::call_once::{shim:vtable#0}
[INFO] [stdout]   26:     0x5717b3c9f2e9 - <std[70759c8f55707aa4]::sys::thread::unix::Thread>::new::thread_start
[INFO] [stdout]   27:     0x71264359fdfa - <unknown>
[INFO] [stdout]   28:     0x7126436333d4 - clone
[INFO] [stdout]   29:                0x0 - <unknown>
[INFO] [stdout] 
[INFO] [stdout] ---- stream_json_rejects_empty_prompts_before_spawn stdout ----
[INFO] [stdout] 
[INFO] [stdout] thread 'stream_json_rejects_empty_prompts_before_spawn' (721) panicked at tests/stream_json_streaming.rs:39:13:
[INFO] [stdout] cargo build failed: status=ExitStatus(unix_wait_status(25856)), stderr=error: could not find `Cargo.toml` in `/opt` or any parent directory
[INFO] [stdout] 
[INFO] [stdout] stack backtrace:
[INFO] [stdout]    0:     0x5717b3c9fd41 - <<std[70759c8f55707aa4]::sys::backtrace::BacktraceLock>::print::DisplayBacktrace as core[df12db4294e9bfd3]::fmt::Display>::fmt
[INFO] [stdout]    1:     0x5717b3cb53da - core[df12db4294e9bfd3]::fmt::write
[INFO] [stdout]    2:     0x5717b3ca464c - <alloc[2182bb758b4b3781]::vec::Vec<u8> as core[df12db4294e9bfd3]::io::write::Write>::write_fmt
[INFO] [stdout]    3:     0x5717b3c79fa6 - std[70759c8f55707aa4]::panicking::default_hook::{closure#0}
[INFO] [stdout]    4:     0x5717b3c976b9 - std[70759c8f55707aa4]::panicking::default_hook
[INFO] [stdout]    5:     0x5717b3bf9000 - test[9d35eded1c95d3be]::test_main_inner::<test[9d35eded1c95d3be]::test_main_static::{closure#0}>::{closure#0}
[INFO] [stdout]    6:     0x5717b3c979e2 - std[70759c8f55707aa4]::panicking::panic_with_hook
[INFO] [stdout]    7:     0x5717b3c7a052 - std[70759c8f55707aa4]::panicking::panic_handler::{closure#0}
[INFO] [stdout]    8:     0x5717b3c72b29 - std[70759c8f55707aa4]::sys::backtrace::__rust_end_short_backtrace::<std[70759c8f55707aa4]::panicking::panic_handler::{closure#0}, !>
[INFO] [stdout]    9:     0x5717b3c7ac4d - __rustc[8fa7c3cbc660c2b3]::rust_begin_unwind
[INFO] [stdout]   10:     0x5717b3cb5b3c - core[df12db4294e9bfd3]::panicking::panic_fmt
[INFO] [stdout]   11:     0x5717b3beb310 - <std[70759c8f55707aa4]::sync::once::Once>::call_once_force::<<std[70759c8f55707aa4]::sync::once_lock::OnceLock<std[70759c8f55707aa4]::path::PathBuf>>::initialize<<std[70759c8f55707aa4]::sync::once_lock::OnceLock<std[70759c8f55707aa4]::path::PathBuf>>::get_or_init<stream_json_streaming[338df090a0dd229d]::fake_gemini_binary::{closure#0}>::{closure#0}, !>::{closure#0}>::{closure#0}
[INFO] [stdout]   12:     0x5717b3c7fe79 - <std[70759c8f55707aa4]::sys::sync::once::futex::Once>::call
[INFO] [stdout]   13:     0x5717b3bea207 - <std[70759c8f55707aa4]::sync::once_lock::OnceLock<std[70759c8f55707aa4]::path::PathBuf>>::initialize::<<std[70759c8f55707aa4]::sync::once_lock::OnceLock<std[70759c8f55707aa4]::path::PathBuf>>::get_or_init<stream_json_streaming[338df090a0dd229d]::fake_gemini_binary::{closure#0}>::{closure#0}, !>
[INFO] [stdout]   14:     0x5717b3bcd086 - stream_json_streaming[338df090a0dd229d]::make_fake_client
[INFO] [stdout]   15:     0x5717b3bc6b3d - stream_json_streaming[338df090a0dd229d]::stream_json_rejects_empty_prompts_before_spawn::{closure#0}
[INFO] [stdout]   16:     0x5717b3bdcab3 - <tokio[e6574e2b0c6d922f]::runtime::scheduler::current_thread::Context>::enter::<core[df12db4294e9bfd3]::task::poll::Poll<()>, <tokio[e6574e2b0c6d922f]::runtime::scheduler::current_thread::CoreGuard>::block_on<core[df12db4294e9bfd3]::pin::Pin<&mut core[df12db4294e9bfd3]::pin::Pin<&mut dyn core[df12db4294e9bfd3]::future::future::Future<Output = ()>>>>::{closure#0}::{closure#0}>
[INFO] [stdout]   17:     0x5717b3be7039 - <std[70759c8f55707aa4]::thread::local::LocalKey<tokio[e6574e2b0c6d922f]::runtime::context::Context>>::with::<tokio[e6574e2b0c6d922f]::runtime::context::set_scheduler<(alloc[2182bb758b4b3781]::boxed::Box<tokio[e6574e2b0c6d922f]::runtime::scheduler::current_thread::Core>, core[df12db4294e9bfd3]::option::Option<()>), <tokio[e6574e2b0c6d922f]::runtime::scheduler::current_thread::CoreGuard>::enter<<tokio[e6574e2b0c6d922f]::runtime::scheduler::current_thread::CoreGuard>::block_on<core[df12db4294e9bfd3]::pin::Pin<&mut core[df12db4294e9bfd3]::pin::Pin<&mut dyn core[df12db4294e9bfd3]::future::future::Future<Output = ()>>>>::{closure#0}, core[df12db4294e9bfd3]::option::Option<()>>::{closure#0}>::{closure#0}, (alloc[2182bb758b4b3781]::boxed::Box<tokio[e6574e2b0c6d922f]::runtime::scheduler::current_thread::Core>, core[df12db4294e9bfd3]::option::Option<()>)>
[INFO] [stdout]   18:     0x5717b3bdcfe7 - <tokio[e6574e2b0c6d922f]::runtime::scheduler::current_thread::CoreGuard>::block_on::<core[df12db4294e9bfd3]::pin::Pin<&mut core[df12db4294e9bfd3]::pin::Pin<&mut dyn core[df12db4294e9bfd3]::future::future::Future<Output = ()>>>>
[INFO] [stdout]   19:     0x5717b3bdebcd - tokio[e6574e2b0c6d922f]::runtime::context::runtime::enter_runtime::<<tokio[e6574e2b0c6d922f]::runtime::scheduler::current_thread::CurrentThread>::block_on<core[df12db4294e9bfd3]::pin::Pin<&mut dyn core[df12db4294e9bfd3]::future::future::Future<Output = ()>>>::{closure#0}, ()>
[INFO] [stdout]   20:     0x5717b3bddb3e - <tokio[e6574e2b0c6d922f]::runtime::runtime::Runtime>::block_on::<core[df12db4294e9bfd3]::pin::Pin<&mut dyn core[df12db4294e9bfd3]::future::future::Future<Output = ()>>>
[INFO] [stdout]   21:     0x5717b3bce01e - <stream_json_streaming[338df090a0dd229d]::stream_json_rejects_empty_prompts_before_spawn::{closure#0} as core[df12db4294e9bfd3]::ops::function::FnOnce<()>>::call_once
[INFO] [stdout]   22:     0x5717b3bec2eb - test[9d35eded1c95d3be]::__rust_begin_short_backtrace::<core[df12db4294e9bfd3]::result::Result<(), alloc[2182bb758b4b3781]::string::String>, fn() -> core[df12db4294e9bfd3]::result::Result<(), alloc[2182bb758b4b3781]::string::String>>
[INFO] [stdout]   23:     0x5717b3bf9955 - test[9d35eded1c95d3be]::run_test::{closure#0}
[INFO] [stdout]   24:     0x5717b3bf3214 - std[70759c8f55707aa4]::sys::backtrace::__rust_begin_short_backtrace::<test[9d35eded1c95d3be]::run_test::{closure#1}, ()>
[INFO] [stdout]   25:     0x5717b3bfcab2 - <std[70759c8f55707aa4]::thread::lifecycle::spawn_unchecked<test[9d35eded1c95d3be]::run_test::{closure#1}, ()>::{closure#1} as core[df12db4294e9bfd3]::ops::function::FnOnce<()>>::call_once::{shim:vtable#0}
[INFO] [stdout]   26:     0x5717b3c9f2e9 - <std[70759c8f55707aa4]::sys::thread::unix::Thread>::new::thread_start
[INFO] [stdout]   27:     0x71264359fdfa - <unknown>
[INFO] [stdout]   28:     0x7126436333d4 - clone
[INFO] [stdout]   29:                0x0 - <unknown>
[INFO] [stdout] 
[INFO] [stdout] ---- stream_json_control_termination_closes_stream_and_yields_non_success_status stdout ----
[INFO] [stdout] 
[INFO] [stdout] thread 'stream_json_control_termination_closes_stream_and_yields_non_success_status' (716) panicked at tests/stream_json_streaming.rs:39:13:
[INFO] [stdout] cargo build failed: status=ExitStatus(unix_wait_status(25856)), stderr=error: could not find `Cargo.toml` in `/opt` or any parent directory
[INFO] [stdout] 
[INFO] [stdout] stack backtrace:
[INFO] [stdout]    0:     0x5717b3c9fd41 - <<std[70759c8f55707aa4]::sys::backtrace::BacktraceLock>::print::DisplayBacktrace as core[df12db4294e9bfd3]::fmt::Display>::fmt
[INFO] [stdout]    1:     0x5717b3cb53da - core[df12db4294e9bfd3]::fmt::write
[INFO] [stdout]    2:     0x5717b3ca464c - <alloc[2182bb758b4b3781]::vec::Vec<u8> as core[df12db4294e9bfd3]::io::write::Write>::write_fmt
[INFO] [stdout]    3:     0x5717b3c79fa6 - std[70759c8f55707aa4]::panicking::default_hook::{closure#0}
[INFO] [stdout]    4:     0x5717b3c976b9 - std[70759c8f55707aa4]::panicking::default_hook
[INFO] [stdout]    5:     0x5717b3bf9000 - test[9d35eded1c95d3be]::test_main_inner::<test[9d35eded1c95d3be]::test_main_static::{closure#0}>::{closure#0}
[INFO] [stdout]    6:     0x5717b3c979e2 - std[70759c8f55707aa4]::panicking::panic_with_hook
[INFO] [stdout]    7:     0x5717b3c7a052 - std[70759c8f55707aa4]::panicking::panic_handler::{closure#0}
[INFO] [stdout]    8:     0x5717b3c72b29 - std[70759c8f55707aa4]::sys::backtrace::__rust_end_short_backtrace::<std[70759c8f55707aa4]::panicking::panic_handler::{closure#0}, !>
[INFO] [stdout]    9:     0x5717b3c7ac4d - __rustc[8fa7c3cbc660c2b3]::rust_begin_unwind
[INFO] [stdout]   10:     0x5717b3cb5b3c - core[df12db4294e9bfd3]::panicking::panic_fmt
[INFO] [stdout]   11:     0x5717b3beb310 - <std[70759c8f55707aa4]::sync::once::Once>::call_once_force::<<std[70759c8f55707aa4]::sync::once_lock::OnceLock<std[70759c8f55707aa4]::path::PathBuf>>::initialize<<std[70759c8f55707aa4]::sync::once_lock::OnceLock<std[70759c8f55707aa4]::path::PathBuf>>::get_or_init<stream_json_streaming[338df090a0dd229d]::fake_gemini_binary::{closure#0}>::{closure#0}, !>::{closure#0}>::{closure#0}
[INFO] [stdout]   12:     0x5717b3c7fe79 - <std[70759c8f55707aa4]::sys::sync::once::futex::Once>::call
[INFO] [stdout]   13:     0x5717b3bea207 - <std[70759c8f55707aa4]::sync::once_lock::OnceLock<std[70759c8f55707aa4]::path::PathBuf>>::initialize::<<std[70759c8f55707aa4]::sync::once_lock::OnceLock<std[70759c8f55707aa4]::path::PathBuf>>::get_or_init<stream_json_streaming[338df090a0dd229d]::fake_gemini_binary::{closure#0}>::{closure#0}, !>
[INFO] [stdout]   14:     0x5717b3bcd086 - stream_json_streaming[338df090a0dd229d]::make_fake_client
[INFO] [stdout]   15:     0x5717b3bcb2b3 - stream_json_streaming[338df090a0dd229d]::stream_json_control_termination_closes_stream_and_yields_non_success_status::{closure#0}
[INFO] [stdout]   16:     0x5717b3bdcab3 - <tokio[e6574e2b0c6d922f]::runtime::scheduler::current_thread::Context>::enter::<core[df12db4294e9bfd3]::task::poll::Poll<()>, <tokio[e6574e2b0c6d922f]::runtime::scheduler::current_thread::CoreGuard>::block_on<core[df12db4294e9bfd3]::pin::Pin<&mut core[df12db4294e9bfd3]::pin::Pin<&mut dyn core[df12db4294e9bfd3]::future::future::Future<Output = ()>>>>::{closure#0}::{closure#0}>
[INFO] [stdout]   17:     0x5717b3be7039 - <std[70759c8f55707aa4]::thread::local::LocalKey<tokio[e6574e2b0c6d922f]::runtime::context::Context>>::with::<tokio[e6574e2b0c6d922f]::runtime::context::set_scheduler<(alloc[2182bb758b4b3781]::boxed::Box<tokio[e6574e2b0c6d922f]::runtime::scheduler::current_thread::Core>, core[df12db4294e9bfd3]::option::Option<()>), <tokio[e6574e2b0c6d922f]::runtime::scheduler::current_thread::CoreGuard>::enter<<tokio[e6574e2b0c6d922f]::runtime::scheduler::current_thread::CoreGuard>::block_on<core[df12db4294e9bfd3]::pin::Pin<&mut core[df12db4294e9bfd3]::pin::Pin<&mut dyn core[df12db4294e9bfd3]::future::future::Future<Output = ()>>>>::{closure#0}, core[df12db4294e9bfd3]::option::Option<()>>::{closure#0}>::{closure#0}, (alloc[2182bb758b4b3781]::boxed::Box<tokio[e6574e2b0c6d922f]::runtime::scheduler::current_thread::Core>, core[df12db4294e9bfd3]::option::Option<()>)>
[INFO] [stdout]   18:     0x5717b3bdcfe7 - <tokio[e6574e2b0c6d922f]::runtime::scheduler::current_thread::CoreGuard>::block_on::<core[df12db4294e9bfd3]::pin::Pin<&mut core[df12db4294e9bfd3]::pin::Pin<&mut dyn core[df12db4294e9bfd3]::future::future::Future<Output = ()>>>>
[INFO] [stdout]   19:     0x5717b3bdebcd - tokio[e6574e2b0c6d922f]::runtime::context::runtime::enter_runtime::<<tokio[e6574e2b0c6d922f]::runtime::scheduler::current_thread::CurrentThread>::block_on<core[df12db4294e9bfd3]::pin::Pin<&mut dyn core[df12db4294e9bfd3]::future::future::Future<Output = ()>>>::{closure#0}, ()>
[INFO] [stdout]   20:     0x5717b3bddb3e - <tokio[e6574e2b0c6d922f]::runtime::runtime::Runtime>::block_on::<core[df12db4294e9bfd3]::pin::Pin<&mut dyn core[df12db4294e9bfd3]::future::future::Future<Output = ()>>>
[INFO] [stdout]   21:     0x5717b3bce6fe - <stream_json_streaming[338df090a0dd229d]::stream_json_control_termination_closes_stream_and_yields_non_success_status::{closure#0} as core[df12db4294e9bfd3]::ops::function::FnOnce<()>>::call_once
[INFO] [stdout]   22:     0x5717b3bec2eb - test[9d35eded1c95d3be]::__rust_begin_short_backtrace::<core[df12db4294e9bfd3]::result::Result<(), alloc[2182bb758b4b3781]::string::String>, fn() -> core[df12db4294e9bfd3]::result::Result<(), alloc[2182bb758b4b3781]::string::String>>
[INFO] [stdout]   23:     0x5717b3bf9955 - test[9d35eded1c95d3be]::run_test::{closure#0}
[INFO] [stdout]   24:     0x5717b3bf3214 - std[70759c8f55707aa4]::sys::backtrace::__rust_begin_short_backtrace::<test[9d35eded1c95d3be]::run_test::{closure#1}, ()>
[INFO] [stdout]   25:     0x5717b3bfcab2 - <std[70759c8f55707aa4]::thread::lifecycle::spawn_unchecked<test[9d35eded1c95d3be]::run_test::{closure#1}, ()>::{closure#1} as core[df12db4294e9bfd3]::ops::function::FnOnce<()>>::call_once::{shim:vtable#0}
[INFO] [stdout]   26:     0x5717b3c9f2e9 - <std[70759c8f55707aa4]::sys::thread::unix::Thread>::new::thread_start
[INFO] [stdout]   27:     0x71264359fdfa - <unknown>
[INFO] [stdout]   28:     0x7126436333d4 - clone
[INFO] [stdout]   29:                0x0 - <unknown>
[INFO] [stdout] 
[INFO] [stdout] ---- stream_json_nonzero_exit_uses_documented_exit_codes stdout ----
[INFO] [stdout] 
[INFO] [stdout] thread 'stream_json_nonzero_exit_uses_documented_exit_codes' (719) panicked at tests/stream_json_streaming.rs:39:13:
[INFO] [stdout] cargo build failed: status=ExitStatus(unix_wait_status(25856)), stderr=error: could not find `Cargo.toml` in `/opt` or any parent directory
[INFO] [stdout] 
[INFO] [stdout] stack backtrace:
[INFO] [stdout]    0:     0x5717b3c9fd41 - <<std[70759c8f55707aa4]::sys::backtrace::BacktraceLock>::print::DisplayBacktrace as core[df12db4294e9bfd3]::fmt::Display>::fmt
[INFO] [stdout]    1:     0x5717b3cb53da - core[df12db4294e9bfd3]::fmt::write
[INFO] [stdout]    2:     0x5717b3ca464c - <alloc[2182bb758b4b3781]::vec::Vec<u8> as core[df12db4294e9bfd3]::io::write::Write>::write_fmt
[INFO] [stdout]    3:     0x5717b3c79fa6 - std[70759c8f55707aa4]::panicking::default_hook::{closure#0}
[INFO] [stdout]    4:     0x5717b3c976b9 - std[70759c8f55707aa4]::panicking::default_hook
[INFO] [stdout]    5:     0x5717b3bf9000 - test[9d35eded1c95d3be]::test_main_inner::<test[9d35eded1c95d3be]::test_main_static::{closure#0}>::{closure#0}
[INFO] [stdout]    6:     0x5717b3c979e2 - std[70759c8f55707aa4]::panicking::panic_with_hook
[INFO] [stdout]    7:     0x5717b3c7a052 - std[70759c8f55707aa4]::panicking::panic_handler::{closure#0}
[INFO] [stdout]    8:     0x5717b3c72b29 - std[70759c8f55707aa4]::sys::backtrace::__rust_end_short_backtrace::<std[70759c8f55707aa4]::panicking::panic_handler::{closure#0}, !>
[INFO] [stdout]    9:     0x5717b3c7ac4d - __rustc[8fa7c3cbc660c2b3]::rust_begin_unwind
[INFO] [stdout]   10:     0x5717b3cb5b3c - core[df12db4294e9bfd3]::panicking::panic_fmt
[INFO] [stdout]   11:     0x5717b3beb310 - <std[70759c8f55707aa4]::sync::once::Once>::call_once_force::<<std[70759c8f55707aa4]::sync::once_lock::OnceLock<std[70759c8f55707aa4]::path::PathBuf>>::initialize<<std[70759c8f55707aa4]::sync::once_lock::OnceLock<std[70759c8f55707aa4]::path::PathBuf>>::get_or_init<stream_json_streaming[338df090a0dd229d]::fake_gemini_binary::{closure#0}>::{closure#0}, !>::{closure#0}>::{closure#0}
[INFO] [stdout]   12:     0x5717b3c7fe79 - <std[70759c8f55707aa4]::sys::sync::once::futex::Once>::call
[INFO] [stdout]   13:     0x5717b3bea207 - <std[70759c8f55707aa4]::sync::once_lock::OnceLock<std[70759c8f55707aa4]::path::PathBuf>>::initialize::<<std[70759c8f55707aa4]::sync::once_lock::OnceLock<std[70759c8f55707aa4]::path::PathBuf>>::get_or_init<stream_json_streaming[338df090a0dd229d]::fake_gemini_binary::{closure#0}>::{closure#0}, !>
[INFO] [stdout]   14:     0x5717b3bcd086 - stream_json_streaming[338df090a0dd229d]::make_fake_client
[INFO] [stdout]   15:     0x5717b3bc6ee3 - stream_json_streaming[338df090a0dd229d]::stream_json_nonzero_exit_uses_documented_exit_codes::{closure#0}
[INFO] [stdout]   16:     0x5717b3bdcab3 - <tokio[e6574e2b0c6d922f]::runtime::scheduler::current_thread::Context>::enter::<core[df12db4294e9bfd3]::task::poll::Poll<()>, <tokio[e6574e2b0c6d922f]::runtime::scheduler::current_thread::CoreGuard>::block_on<core[df12db4294e9bfd3]::pin::Pin<&mut core[df12db4294e9bfd3]::pin::Pin<&mut dyn core[df12db4294e9bfd3]::future::future::Future<Output = ()>>>>::{closure#0}::{closure#0}>
[INFO] [stdout]   17:     0x5717b3be7039 - <std[70759c8f55707aa4]::thread::local::LocalKey<tokio[e6574e2b0c6d922f]::runtime::context::Context>>::with::<tokio[e6574e2b0c6d922f]::runtime::context::set_scheduler<(alloc[2182bb758b4b3781]::boxed::Box<tokio[e6574e2b0c6d922f]::runtime::scheduler::current_thread::Core>, core[df12db4294e9bfd3]::option::Option<()>), <tokio[e6574e2b0c6d922f]::runtime::scheduler::current_thread::CoreGuard>::enter<<tokio[e6574e2b0c6d922f]::runtime::scheduler::current_thread::CoreGuard>::block_on<core[df12db4294e9bfd3]::pin::Pin<&mut core[df12db4294e9bfd3]::pin::Pin<&mut dyn core[df12db4294e9bfd3]::future::future::Future<Output = ()>>>>::{closure#0}, core[df12db4294e9bfd3]::option::Option<()>>::{closure#0}>::{closure#0}, (alloc[2182bb758b4b3781]::boxed::Box<tokio[e6574e2b0c6d922f]::runtime::scheduler::current_thread::Core>, core[df12db4294e9bfd3]::option::Option<()>)>
[INFO] [stdout]   18:     0x5717b3bdcfe7 - <tokio[e6574e2b0c6d922f]::runtime::scheduler::current_thread::CoreGuard>::block_on::<core[df12db4294e9bfd3]::pin::Pin<&mut core[df12db4294e9bfd3]::pin::Pin<&mut dyn core[df12db4294e9bfd3]::future::future::Future<Output = ()>>>>
[INFO] [stdout]   19:     0x5717b3bdebcd - tokio[e6574e2b0c6d922f]::runtime::context::runtime::enter_runtime::<<tokio[e6574e2b0c6d922f]::runtime::scheduler::current_thread::CurrentThread>::block_on<core[df12db4294e9bfd3]::pin::Pin<&mut dyn core[df12db4294e9bfd3]::future::future::Future<Output = ()>>>::{closure#0}, ()>
[INFO] [stdout]   20:     0x5717b3bddb3e - <tokio[e6574e2b0c6d922f]::runtime::runtime::Runtime>::block_on::<core[df12db4294e9bfd3]::pin::Pin<&mut dyn core[df12db4294e9bfd3]::future::future::Future<Output = ()>>>
[INFO] [stdout]   21:     0x5717b3bce17e - <stream_json_streaming[338df090a0dd229d]::stream_json_nonzero_exit_uses_documented_exit_codes::{closure#0} as core[df12db4294e9bfd3]::ops::function::FnOnce<()>>::call_once
[INFO] [stdout]   22:     0x5717b3bec2eb - test[9d35eded1c95d3be]::__rust_begin_short_backtrace::<core[df12db4294e9bfd3]::result::Result<(), alloc[2182bb758b4b3781]::string::String>, fn() -> core[df12db4294e9bfd3]::result::Result<(), alloc[2182bb758b4b3781]::string::String>>
[INFO] [stdout]   23:     0x5717b3bf9955 - test[9d35eded1c95d3be]::run_test::{closure#0}
[INFO] [stdout]   24:     0x5717b3bf3214 - std[70759c8f55707aa4]::sys::backtrace::__rust_begin_short_backtrace::<test[9d35eded1c95d3be]::run_test::{closure#1}, ()>
[INFO] [stdout]   25:     0x5717b3bfcab2 - <std[70759c8f55707aa4]::thread::lifecycle::spawn_unchecked<test[9d35eded1c95d3be]::run_test::{closure#1}, ()>::{closure#1} as core[df12db4294e9bfd3]::ops::function::FnOnce<()>>::call_once::{shim:vtable#0}
[INFO] [stdout]   26:     0x5717b3c9f2e9 - <std[70759c8f55707aa4]::sys::thread::unix::Thread>::new::thread_start
[INFO] [stdout]   27:     0x71264359fdfa - <unknown>
[INFO] [stdout]   28:     0x7126436333d4 - clone
[INFO] [stdout]   29:                0x0 - <unknown>
[INFO] [stdout] 
[INFO] [stdout] ---- stream_json_yields_events_incrementally_and_tracks_completion_text stdout ----
[INFO] [stdout] 
[INFO] [stdout] thread 'stream_json_yields_events_incrementally_and_tracks_completion_text' (733) panicked at tests/stream_json_streaming.rs:39:13:
[INFO] [stdout] cargo build failed: status=ExitStatus(unix_wait_status(25856)), stderr=error: could not find `Cargo.toml` in `/opt` or any parent directory
[INFO] [stdout] 
[INFO] [stdout] stack backtrace:
[INFO] [stdout]    0:     0x5717b3c9fd41 - <<std[70759c8f55707aa4]::sys::backtrace::BacktraceLock>::print::DisplayBacktrace as core[df12db4294e9bfd3]::fmt::Display>::fmt
[INFO] [stdout]    1:     0x5717b3cb53da - core[df12db4294e9bfd3]::fmt::write
[INFO] [stdout]    2:     0x5717b3ca464c - <alloc[2182bb758b4b3781]::vec::Vec<u8> as core[df12db4294e9bfd3]::io::write::Write>::write_fmt
[INFO] [stdout]    3:     0x5717b3c79fa6 - std[70759c8f55707aa4]::panicking::default_hook::{closure#0}
[INFO] [stdout]    4:     0x5717b3c976b9 - std[70759c8f55707aa4]::panicking::default_hook
[INFO] [stdout]    5:     0x5717b3bf9000 - test[9d35eded1c95d3be]::test_main_inner::<test[9d35eded1c95d3be]::test_main_static::{closure#0}>::{closure#0}
[INFO] [stdout]    6:     0x5717b3c979e2 - std[70759c8f55707aa4]::panicking::panic_with_hook
[INFO] [stdout]    7:     0x5717b3c7a052 - std[70759c8f55707aa4]::panicking::panic_handler::{closure#0}
[INFO] [stdout]    8:     0x5717b3c72b29 - std[70759c8f55707aa4]::sys::backtrace::__rust_end_short_backtrace::<std[70759c8f55707aa4]::panicking::panic_handler::{closure#0}, !>
[INFO] [stdout]    9:     0x5717b3c7ac4d - __rustc[8fa7c3cbc660c2b3]::rust_begin_unwind
[INFO] [stdout]   10:     0x5717b3cb5b3c - core[df12db4294e9bfd3]::panicking::panic_fmt
[INFO] [stdout]   11:     0x5717b3beb310 - <std[70759c8f55707aa4]::sync::once::Once>::call_once_force::<<std[70759c8f55707aa4]::sync::once_lock::OnceLock<std[70759c8f55707aa4]::path::PathBuf>>::initialize<<std[70759c8f55707aa4]::sync::once_lock::OnceLock<std[70759c8f55707aa4]::path::PathBuf>>::get_or_init<stream_json_streaming[338df090a0dd229d]::fake_gemini_binary::{closure#0}>::{closure#0}, !>::{closure#0}>::{closure#0}
[INFO] [stdout]   12:     0x5717b3c7fe79 - <std[70759c8f55707aa4]::sys::sync::once::futex::Once>::call
[INFO] [stdout]   13:     0x5717b3bea207 - <std[70759c8f55707aa4]::sync::once_lock::OnceLock<std[70759c8f55707aa4]::path::PathBuf>>::initialize::<<std[70759c8f55707aa4]::sync::once_lock::OnceLock<std[70759c8f55707aa4]::path::PathBuf>>::get_or_init<stream_json_streaming[338df090a0dd229d]::fake_gemini_binary::{closure#0}>::{closure#0}, !>
[INFO] [stdout]   14:     0x5717b3bcd086 - stream_json_streaming[338df090a0dd229d]::make_fake_client
[INFO] [stdout]   15:     0x5717b3bc9bcb - stream_json_streaming[338df090a0dd229d]::stream_json_yields_events_incrementally_and_tracks_completion_text::{closure#0}
[INFO] [stdout]   16:     0x5717b3bdcab3 - <tokio[e6574e2b0c6d922f]::runtime::scheduler::current_thread::Context>::enter::<core[df12db4294e9bfd3]::task::poll::Poll<()>, <tokio[e6574e2b0c6d922f]::runtime::scheduler::current_thread::CoreGuard>::block_on<core[df12db4294e9bfd3]::pin::Pin<&mut core[df12db4294e9bfd3]::pin::Pin<&mut dyn core[df12db4294e9bfd3]::future::future::Future<Output = ()>>>>::{closure#0}::{closure#0}>
[INFO] [stdout]   17:     0x5717b3be7039 - <std[70759c8f55707aa4]::thread::local::LocalKey<tokio[e6574e2b0c6d922f]::runtime::context::Context>>::with::<tokio[e6574e2b0c6d922f]::runtime::context::set_scheduler<(alloc[2182bb758b4b3781]::boxed::Box<tokio[e6574e2b0c6d922f]::runtime::scheduler::current_thread::Core>, core[df12db4294e9bfd3]::option::Option<()>), <tokio[e6574e2b0c6d922f]::runtime::scheduler::current_thread::CoreGuard>::enter<<tokio[e6574e2b0c6d922f]::runtime::scheduler::current_thread::CoreGuard>::block_on<core[df12db4294e9bfd3]::pin::Pin<&mut core[df12db4294e9bfd3]::pin::Pin<&mut dyn core[df12db4294e9bfd3]::future::future::Future<Output = ()>>>>::{closure#0}, core[df12db4294e9bfd3]::option::Option<()>>::{closure#0}>::{closure#0}, (alloc[2182bb758b4b3781]::boxed::Box<tokio[e6574e2b0c6d922f]::runtime::scheduler::current_thread::Core>, core[df12db4294e9bfd3]::option::Option<()>)>
[INFO] [stdout]   18:     0x5717b3bdcfe7 - <tokio[e6574e2b0c6d922f]::runtime::scheduler::current_thread::CoreGuard>::block_on::<core[df12db4294e9bfd3]::pin::Pin<&mut core[df12db4294e9bfd3]::pin::Pin<&mut dyn core[df12db4294e9bfd3]::future::future::Future<Output = ()>>>>
[INFO] [stdout]   19:     0x5717b3bdebcd - tokio[e6574e2b0c6d922f]::runtime::context::runtime::enter_runtime::<<tokio[e6574e2b0c6d922f]::runtime::scheduler::current_thread::CurrentThread>::block_on<core[df12db4294e9bfd3]::pin::Pin<&mut dyn core[df12db4294e9bfd3]::future::future::Future<Output = ()>>>::{closure#0}, ()>
[INFO] [stdout]   20:     0x5717b3bddb3e - <tokio[e6574e2b0c6d922f]::runtime::runtime::Runtime>::block_on::<core[df12db4294e9bfd3]::pin::Pin<&mut dyn core[df12db4294e9bfd3]::future::future::Future<Output = ()>>>
[INFO] [stdout]   21:     0x5717b3bce59e - <stream_json_streaming[338df090a0dd229d]::stream_json_yields_events_incrementally_and_tracks_completion_text::{closure#0} as core[df12db4294e9bfd3]::ops::function::FnOnce<()>>::call_once
[INFO] [stdout]   22:     0x5717b3bec2eb - test[9d35eded1c95d3be]::__rust_begin_short_backtrace::<core[df12db4294e9bfd3]::result::Result<(), alloc[2182bb758b4b3781]::string::String>, fn() -> core[df12db4294e9bfd3]::result::Result<(), alloc[2182bb758b4b3781]::string::String>>
[INFO] [stdout]   23:     0x5717b3bf9955 - test[9d35eded1c95d3be]::run_test::{closure#0}
[INFO] [stdout]   24:     0x5717b3bf3214 - std[70759c8f55707aa4]::sys::backtrace::__rust_begin_short_backtrace::<test[9d35eded1c95d3be]::run_test::{closure#1}, ()>
[INFO] [stdout]   25:     0x5717b3bfcab2 - <std[70759c8f55707aa4]::thread::lifecycle::spawn_unchecked<test[9d35eded1c95d3be]::run_test::{closure#1}, ()>::{closure#1} as core[df12db4294e9bfd3]::ops::function::FnOnce<()>>::call_once::{shim:vtable#0}
[INFO] [stdout]   26:     0x5717b3c9f2e9 - <std[70759c8f55707aa4]::sys::thread::unix::Thread>::new::thread_start
[INFO] [stdout]   27:     0x71264359fdfa - <unknown>
[INFO] [stdout]   28:     0x7126436333d4 - clone
[INFO] [stdout]   29:                0x0 - <unknown>
[INFO] [stdout] 
[INFO] [stdout] 
[INFO] [stdout] failures:
[INFO] [stdout]     completion_waits_for_event_stream_finality
[INFO] [stdout]     stream_json_control_termination_closes_stream_and_yields_non_success_status
[INFO] [stdout]     stream_json_ignores_crlf_and_blank_lines
[INFO] [stdout]     stream_json_maps_headless_tool_events
[INFO] [stdout]     stream_json_nonzero_exit_uses_documented_exit_codes
[INFO] [stdout]     stream_json_passes_only_the_headless_contract_and_cwd
[INFO] [stdout]     stream_json_rejects_empty_prompts_before_spawn
[INFO] [stdout]     stream_json_surfaces_parse_errors_without_leaking_raw_lines
[INFO] [stdout]     stream_json_yields_events_incrementally_and_tracks_completion_text
[INFO] [stdout] 
[INFO] [stdout] test result: FAILED. 0 passed; 9 failed; 0 ignored; 0 measured; 0 filtered out; finished in 0.43s
[INFO] [stdout] 
[INFO] [stderr] error: test failed, to rerun pass `--test stream_json_streaming`
[INFO] running `Command { std: "docker" "inspect" "850bd963e0f73a4c822f13152cc722d143fbf4ce4f111a8619c4ec4a936f4697", kill_on_drop: false }`
[INFO] running `Command { std: "docker" "rm" "-f" "850bd963e0f73a4c822f13152cc722d143fbf4ce4f111a8619c4ec4a936f4697", kill_on_drop: false }`
[INFO] [stdout] 850bd963e0f73a4c822f13152cc722d143fbf4ce4f111a8619c4ec4a936f4697
