[INFO] fetching crate unifai-sdk 0.1.0...
[INFO] testing unifai-sdk-0.1.0 against 1.99.0-beta.8+cargoflags=--release for beta-release-1.100-2
[INFO] extracting crate unifai-sdk 0.1.0 into /workspace/builds/worker-2-tc1/source
[INFO] started tweaking crates.io crate unifai-sdk 0.1.0
[INFO] removed 0 missing examples
[INFO] removed 0 missing tests
[INFO] finished tweaking crates.io crate unifai-sdk 0.1.0
[INFO] tweaked toml for crates.io crate unifai-sdk 0.1.0 written to /workspace/builds/worker-2-tc1/source/Cargo.toml
[INFO] validating manifest of crates.io crate unifai-sdk 0.1.0 on toolchain 1.99.0-beta.8
[INFO] running `Command { std: CARGO_HOME="/workspace/cargo-home" RUSTUP_HOME="/workspace/rustup-home" "/workspace/cargo-home/bin/cargo" "+1.99.0-beta.8" "metadata" "--manifest-path" "Cargo.toml" "--no-deps", kill_on_drop: false }`
[INFO] crate crates.io crate unifai-sdk 0.1.0 already has a lockfile, it will not be regenerated
[INFO] running `Command { std: CARGO_HOME="/workspace/cargo-home" RUSTUP_HOME="/workspace/rustup-home" "/workspace/cargo-home/bin/cargo" "+1.99.0-beta.8" "fetch" "--manifest-path" "Cargo.toml", kill_on_drop: false }`
[INFO] [stderr]  Downloading crates ...
[INFO] [stderr]   Downloaded cc v1.2.12
[INFO] [stderr]   Downloaded dyn-clone v1.0.18
[INFO] [stderr]   Downloaded data-encoding v2.7.0
[INFO] [stderr]   Downloaded unicode-ident v1.0.16
[INFO] [stderr]   Downloaded openssl-sys v0.9.105
[INFO] [stderr]   Downloaded zerocopy-derive v0.8.21
[INFO] [stderr]   Downloaded bytes v1.10.0
[INFO] [stderr]   Downloaded zerocopy v0.8.21
[INFO] [stderr]   Downloaded openssl v0.10.70
[INFO] [stderr]   Downloaded rustls v0.23.22
[INFO] [stderr]   Downloaded rig-core v0.9.1
[INFO] running `Command { std: "docker" "create" "-v" "/var/lib/crater-agent-workspace/builds/worker-2-tc1/source:/opt/rustwide/workdir:ro,Z" "-v" "/var/lib/crater-agent-workspace/builds/worker-2-tc1/target:/opt/rustwide/target:rw,Z" "-v" "/var/lib/crater-agent-workspace/cargo-home:/opt/rustwide/cargo-home:ro,Z" "-v" "/var/lib/crater-agent-workspace/rustup-home:/opt/rustwide/rustup-home:ro,Z" "-m" "1610612736" "--network" "none" "ghcr.io/rust-lang/crates-build-env/linux@sha256:77db811e55d90add9212f6832c23229e3de5f1c1f9905e8cb07319ea15df73ac" "sleep" "infinity", kill_on_drop: false }`
[INFO] [stdout] ab233f5403b16f95dac7c1542a524f2fa79be8cda92e39aa52f0775871daf771
[INFO] running `Command { std: "docker" "start" "ab233f5403b16f95dac7c1542a524f2fa79be8cda92e39aa52f0775871daf771", kill_on_drop: false }`
[INFO] running `Command { std: "docker" "inspect" "ab233f5403b16f95dac7c1542a524f2fa79be8cda92e39aa52f0775871daf771", kill_on_drop: false }`
[INFO] running `Command { std: "docker" "exec" "-e" "SOURCE_DIR=/opt/rustwide/workdir" "-e" "CARGO_HOME=/opt/rustwide/cargo-home" "-e" "RUSTUP_HOME=/opt/rustwide/rustup-home" "-e" "CARGO_TARGET_DIR=/opt/rustwide/target" "-w" "/opt/rustwide/workdir" "--user" "0:0" "ab233f5403b16f95dac7c1542a524f2fa79be8cda92e39aa52f0775871daf771" "/opt/rustwide/cargo-home/bin/cargo" "+1.99.0-beta.8" "metadata" "--no-deps" "--format-version=1", kill_on_drop: false }`
[INFO] running `Command { std: "docker" "inspect" "ab233f5403b16f95dac7c1542a524f2fa79be8cda92e39aa52f0775871daf771", kill_on_drop: false }`
[INFO] running `Command { std: "docker" "exec" "-e" "SOURCE_DIR=/opt/rustwide/workdir" "-e" "CARGO_HOME=/opt/rustwide/cargo-home" "-e" "RUSTUP_HOME=/opt/rustwide/rustup-home" "-e" "CARGO_TARGET_DIR=/opt/rustwide/target" "-e" "CARGO_INCREMENTAL=0" "-e" "RUST_BACKTRACE=full" "-e" "RUSTFLAGS=--cap-lints=warn" "-e" "RUSTDOCFLAGS=--cap-lints=warn" "-w" "/opt/rustwide/workdir" "--user" "0:0" "ab233f5403b16f95dac7c1542a524f2fa79be8cda92e39aa52f0775871daf771" "/opt/rustwide/cargo-home/bin/cargo" "+1.99.0-beta.8" "build" "--frozen" "--message-format=json" "--release", kill_on_drop: false }`
[INFO] [stderr]    Compiling proc-macro2 v1.0.93
[INFO] [stderr]    Compiling unicode-ident v1.0.16
[INFO] [stderr]    Compiling libc v0.2.169
[INFO] [stderr]    Compiling bytes v1.10.0
[INFO] [stderr]    Compiling once_cell v1.20.3
[INFO] [stderr]    Compiling pkg-config v0.3.31
[INFO] [stderr]    Compiling cc v1.2.12
[INFO] [stderr]    Compiling httparse v1.10.0
[INFO] [stderr]    Compiling openssl v0.10.70
[INFO] [stderr]    Compiling hashbrown v0.15.2
[INFO] [stderr]    Compiling log v0.4.25
[INFO] [stderr]    Compiling native-tls v0.2.13
[INFO] [stderr]    Compiling bitflags v2.8.0
[INFO] [stderr]    Compiling serde v1.0.218
[INFO] [stderr]    Compiling generic-array v0.14.7
[INFO] [stderr]    Compiling ryu v1.0.19
[INFO] [stderr]    Compiling tracing-core v0.1.33
[INFO] [stderr]    Compiling unicase v2.8.1
[INFO] [stderr]    Compiling zerocopy v0.8.21
[INFO] [stderr]    Compiling num-traits v0.2.19
[INFO] [stderr]    Compiling encoding_rs v0.8.35
[INFO] [stderr]    Compiling mime_guess v2.0.5
[INFO] [stderr]    Compiling schemars v0.8.21
[INFO] [stderr]    Compiling dyn-clone v1.0.18
[INFO] [stderr]    Compiling data-encoding v2.7.0
[INFO] [stderr]    Compiling tracing-log v0.2.0
[INFO] [stderr]    Compiling thread_local v1.1.8
[INFO] [stderr]    Compiling quote v1.0.38
[INFO] [stderr]    Compiling block-buffer v0.10.4
[INFO] [stderr]    Compiling syn v2.0.98
[INFO] [stderr]    Compiling crypto-common v0.1.6
[INFO] [stderr]    Compiling tracing-subscriber v0.3.19
[INFO] [stderr]    Compiling digest v0.10.7
[INFO] [stderr]    Compiling openssl-sys v0.9.105
[INFO] [stderr]    Compiling parking_lot_core v0.9.10
[INFO] [stderr]    Compiling mio v1.0.3
[INFO] [stderr]    Compiling socket2 v0.5.8
[INFO] [stderr]    Compiling signal-hook-registry v1.4.2
[INFO] [stderr]    Compiling getrandom v0.3.1
[INFO] [stderr]    Compiling sha1 v0.10.6
[INFO] [stderr]    Compiling parking_lot v0.12.3
[INFO] [stderr]    Compiling indexmap v2.7.1
[INFO] [stderr]    Compiling http v1.2.0
[INFO] [stderr]    Compiling http v0.2.12
[INFO] [stderr]    Compiling rand_core v0.9.3
[INFO] [stderr]    Compiling ordered-float v4.6.0
[INFO] [stderr]    Compiling http-body v0.4.6
[INFO] [stderr]    Compiling http-body v1.0.1
[INFO] [stderr]    Compiling synstructure v0.13.1
[INFO] [stderr]    Compiling serde_derive_internals v0.29.1
[INFO] [stderr]    Compiling zerofrom-derive v0.1.5
[INFO] [stderr]    Compiling futures-macro v0.3.31
[INFO] [stderr]    Compiling tokio-macros v2.5.0
[INFO] [stderr]    Compiling yoke-derive v0.7.5
[INFO] [stderr]    Compiling zerovec-derive v0.10.3
[INFO] [stderr]    Compiling displaydoc v0.2.5
[INFO] [stderr]    Compiling tracing-attributes v0.1.28
[INFO] [stderr]    Compiling icu_provider_macros v1.5.0
[INFO] [stderr]    Compiling openssl-macros v0.1.1
[INFO] [stderr]    Compiling serde_derive v1.0.218
[INFO] [stderr]    Compiling zerocopy-derive v0.7.35
[INFO] [stderr]    Compiling thiserror-impl v2.0.12
[INFO] [stderr]    Compiling async-stream-impl v0.3.6
[INFO] [stderr]    Compiling thiserror-impl v1.0.69
[INFO] [stderr]    Compiling schemars_derive v0.8.21
[INFO] [stderr]    Compiling async-stream v0.3.6
[INFO] [stderr]    Compiling tokio v1.43.0
[INFO] [stderr]    Compiling zerocopy v0.7.35
[INFO] [stderr]    Compiling futures-util v0.3.31
[INFO] [stderr]    Compiling zerofrom v0.1.5
[INFO] [stderr]    Compiling thiserror v2.0.12
[INFO] [stderr]    Compiling yoke v0.7.5
[INFO] [stderr]    Compiling tracing v0.1.41
[INFO] [stderr]    Compiling thiserror v1.0.69
[INFO] [stderr]    Compiling zerovec v0.10.4
[INFO] [stderr]    Compiling ppv-lite86 v0.2.20
[INFO] [stderr]    Compiling rand_chacha v0.9.0
[INFO] [stderr]    Compiling rand v0.9.0
[INFO] [stderr]    Compiling tinystr v0.7.6
[INFO] [stderr]    Compiling icu_collections v1.5.0
[INFO] [stderr]    Compiling icu_locid v1.5.0
[INFO] [stderr]    Compiling icu_provider v1.5.0
[INFO] [stderr]    Compiling icu_locid_transform v1.5.0
[INFO] [stderr]    Compiling futures-executor v0.3.31
[INFO] [stderr]    Compiling http-body-util v0.1.2
[INFO] [stderr]    Compiling futures v0.3.31
[INFO] [stderr]    Compiling tungstenite v0.26.2
[INFO] [stderr]    Compiling icu_properties v1.5.1
[INFO] [stderr]    Compiling serde_json v1.0.140
[INFO] [stderr]    Compiling serde_urlencoded v0.7.1
[INFO] [stderr]    Compiling tokio-util v0.7.13
[INFO] [stderr]    Compiling tokio-native-tls v0.3.1
[INFO] [stderr]    Compiling tower v0.5.2
[INFO] [stderr]    Compiling tokio-tungstenite v0.26.2
[INFO] [stderr]    Compiling h2 v0.4.7
[INFO] [stderr]    Compiling h2 v0.3.26
[INFO] [stderr]    Compiling icu_normalizer v1.5.0
[INFO] [stderr]    Compiling idna_adapter v1.2.0
[INFO] [stderr]    Compiling idna v1.0.3
[INFO] [stderr]    Compiling url v2.5.4
[INFO] [stderr]    Compiling hyper v1.6.0
[INFO] [stderr]    Compiling hyper v0.14.32
[INFO] [stderr]    Compiling hyper-util v0.1.10
[INFO] [stderr]    Compiling hyper-tls v0.6.0
[INFO] [stderr]    Compiling reqwest v0.12.12
[INFO] [stderr]    Compiling hyper-tls v0.5.0
[INFO] [stderr]    Compiling reqwest v0.11.27
[INFO] [stderr]    Compiling rig-core v0.9.1
[INFO] [stderr]    Compiling unifai-sdk v0.1.0 (/opt/rustwide/workdir)
[INFO] [stderr]     Finished `release` profile [optimized] target(s) in 2m 26s
[INFO] running `Command { std: "docker" "inspect" "ab233f5403b16f95dac7c1542a524f2fa79be8cda92e39aa52f0775871daf771", kill_on_drop: false }`
[INFO] running `Command { std: "docker" "exec" "-e" "SOURCE_DIR=/opt/rustwide/workdir" "-e" "CARGO_HOME=/opt/rustwide/cargo-home" "-e" "RUSTUP_HOME=/opt/rustwide/rustup-home" "-e" "CARGO_TARGET_DIR=/opt/rustwide/target" "-e" "CARGO_INCREMENTAL=0" "-e" "RUST_BACKTRACE=full" "-e" "RUSTFLAGS=--cap-lints=warn" "-e" "RUSTDOCFLAGS=--cap-lints=warn" "-w" "/opt/rustwide/workdir" "--user" "0:0" "ab233f5403b16f95dac7c1542a524f2fa79be8cda92e39aa52f0775871daf771" "/opt/rustwide/cargo-home/bin/cargo" "+1.99.0-beta.8" "test" "--frozen" "--no-run" "--message-format=json" "--release", kill_on_drop: false }`
[INFO] [stderr]    Compiling unifai-sdk v0.1.0 (/opt/rustwide/workdir)
[INFO] [stderr]     Finished `release` profile [optimized] target(s) in 34.64s
[INFO] running `Command { std: "docker" "inspect" "ab233f5403b16f95dac7c1542a524f2fa79be8cda92e39aa52f0775871daf771", kill_on_drop: false }`
[INFO] running `Command { std: "docker" "exec" "-e" "SOURCE_DIR=/opt/rustwide/workdir" "-e" "CARGO_HOME=/opt/rustwide/cargo-home" "-e" "RUSTUP_HOME=/opt/rustwide/rustup-home" "-e" "CARGO_TARGET_DIR=/opt/rustwide/target" "-e" "CARGO_INCREMENTAL=0" "-e" "RUST_BACKTRACE=full" "-e" "RUSTFLAGS=--cap-lints=warn" "-e" "RUSTDOCFLAGS=--cap-lints=warn" "-w" "/opt/rustwide/workdir" "--user" "0:0" "ab233f5403b16f95dac7c1542a524f2fa79be8cda92e39aa52f0775871daf771" "/opt/rustwide/cargo-home/bin/cargo" "+1.99.0-beta.8" "test" "--frozen" "--release", kill_on_drop: false }`
[INFO] [stderr]     Finished `release` profile [optimized] target(s) in 0.25s
[INFO] [stderr]      Running unittests src/lib.rs (/opt/rustwide/target/release/deps/unifai_sdk-43037c575a84347e)
[INFO] [stdout] 
[INFO] [stdout] running 2 tests
[INFO] [stdout] test tools::call_tool::tests::test_call_tool_api ... FAILED
[INFO] [stdout] test tools::search_tools::tests::test_search_tools_api ... FAILED
[INFO] [stdout] 
[INFO] [stdout] failures:
[INFO] [stdout] 
[INFO] [stdout] ---- tools::call_tool::tests::test_call_tool_api stdout ----
[INFO] [stdout] 
[INFO] [stdout] thread 'tools::call_tool::tests::test_call_tool_api' (2571) panicked at src/tools/call_tool.rs:85:46:
[INFO] [stdout] UNIFAI_AGENT_API_KEY not set: NotPresent
[INFO] [stdout] stack backtrace:
[INFO] [stdout]    0:     0x6067f23fa391 - <<std[70759c8f55707aa4]::sys::backtrace::BacktraceLock>::print::DisplayBacktrace as core[df12db4294e9bfd3]::fmt::Display>::fmt
[INFO] [stdout]    1:     0x6067f241024a - core[df12db4294e9bfd3]::fmt::write
[INFO] [stdout]    2:     0x6067f23feefc - <alloc[2182bb758b4b3781]::vec::Vec<u8> as core[df12db4294e9bfd3]::io::write::Write>::write_fmt
[INFO] [stdout]    3:     0x6067f23d5716 - std[70759c8f55707aa4]::panicking::default_hook::{closure#0}
[INFO] [stdout]    4:     0x6067f23f23d9 - std[70759c8f55707aa4]::panicking::default_hook
[INFO] [stdout]    5:     0x6067f224b410 - test[9d35eded1c95d3be]::test_main_inner::<test[9d35eded1c95d3be]::test_main_static::{closure#0}>::{closure#0}
[INFO] [stdout]    6:     0x6067f23f2702 - std[70759c8f55707aa4]::panicking::panic_with_hook
[INFO] [stdout]    7:     0x6067f23d57c2 - std[70759c8f55707aa4]::panicking::panic_handler::{closure#0}
[INFO] [stdout]    8:     0x6067f23ce469 - std[70759c8f55707aa4]::sys::backtrace::__rust_end_short_backtrace::<std[70759c8f55707aa4]::panicking::panic_handler::{closure#0}, !>
[INFO] [stdout]    9:     0x6067f23d65ad - __rustc[8fa7c3cbc660c2b3]::rust_begin_unwind
[INFO] [stdout]   10:     0x6067f24109ac - core[df12db4294e9bfd3]::panicking::panic_fmt
[INFO] [stdout]   11:     0x6067f2410782 - core[df12db4294e9bfd3]::result::unwrap_failed
[INFO] [stdout]   12:     0x6067f222d07a - unifai_sdk[eb81d745d74f5515]::tools::call_tool::tests::test_call_tool_api::{closure#0}
[INFO] [stdout]   13:     0x6067f223c483 - <tokio[44fa253b86ed2c60]::runtime::scheduler::current_thread::Context>::enter::<core[df12db4294e9bfd3]::task::poll::Poll<()>, <tokio[44fa253b86ed2c60]::runtime::scheduler::current_thread::CoreGuard>::block_on<core[df12db4294e9bfd3]::pin::Pin<&mut core[df12db4294e9bfd3]::pin::Pin<&mut dyn core[df12db4294e9bfd3]::future::future::Future<Output = ()>>>>::{closure#0}::{closure#0}>
[INFO] [stdout]   14:     0x6067f2231a32 - <tokio[44fa253b86ed2c60]::runtime::context::scoped::Scoped<tokio[44fa253b86ed2c60]::runtime::scheduler::Context>>::set::<<tokio[44fa253b86ed2c60]::runtime::scheduler::current_thread::CoreGuard>::enter<<tokio[44fa253b86ed2c60]::runtime::scheduler::current_thread::CoreGuard>::block_on<core[df12db4294e9bfd3]::pin::Pin<&mut core[df12db4294e9bfd3]::pin::Pin<&mut dyn core[df12db4294e9bfd3]::future::future::Future<Output = ()>>>>::{closure#0}, core[df12db4294e9bfd3]::option::Option<()>>::{closure#0}, (alloc[2182bb758b4b3781]::boxed::Box<tokio[44fa253b86ed2c60]::runtime::scheduler::current_thread::Core>, core[df12db4294e9bfd3]::option::Option<()>)>
[INFO] [stdout]   15:     0x6067f223c196 - <tokio[44fa253b86ed2c60]::runtime::scheduler::current_thread::CurrentThread>::block_on::<core[df12db4294e9bfd3]::pin::Pin<&mut dyn core[df12db4294e9bfd3]::future::future::Future<Output = ()>>>
[INFO] [stdout]   16:     0x6067f22371d2 - <tokio[44fa253b86ed2c60]::runtime::runtime::Runtime>::block_on::<core[df12db4294e9bfd3]::pin::Pin<&mut dyn core[df12db4294e9bfd3]::future::future::Future<Output = ()>>>
[INFO] [stdout]   17:     0x6067f222d5eb - unifai_sdk[eb81d745d74f5515]::tools::call_tool::tests::test_call_tool_api
[INFO] [stdout]   18:     0x6067f2231959 - <unifai_sdk[eb81d745d74f5515]::tools::call_tool::tests::test_call_tool_api::{closure#0} as core[df12db4294e9bfd3]::ops::function::FnOnce<()>>::call_once
[INFO] [stdout]   19:     0x6067f223e6fb - test[9d35eded1c95d3be]::__rust_begin_short_backtrace::<core[df12db4294e9bfd3]::result::Result<(), alloc[2182bb758b4b3781]::string::String>, fn() -> core[df12db4294e9bfd3]::result::Result<(), alloc[2182bb758b4b3781]::string::String>>
[INFO] [stdout]   20:     0x6067f224bd65 - test[9d35eded1c95d3be]::run_test::{closure#0}
[INFO] [stdout]   21:     0x6067f2245624 - std[70759c8f55707aa4]::sys::backtrace::__rust_begin_short_backtrace::<test[9d35eded1c95d3be]::run_test::{closure#1}, ()>
[INFO] [stdout]   22:     0x6067f224eec2 - <std[70759c8f55707aa4]::thread::lifecycle::spawn_unchecked<test[9d35eded1c95d3be]::run_test::{closure#1}, ()>::{closure#1} as core[df12db4294e9bfd3]::ops::function::FnOnce<()>>::call_once::{shim:vtable#0}
[INFO] [stdout]   23:     0x6067f23f98b9 - <std[70759c8f55707aa4]::sys::thread::unix::Thread>::new::thread_start
[INFO] [stdout]   24:     0x79c6b3778dfa - <unknown>
[INFO] [stdout]   25:     0x79c6b380c3d4 - clone
[INFO] [stdout]   26:                0x0 - <unknown>
[INFO] [stdout] 
[INFO] [stdout] ---- tools::search_tools::tests::test_search_tools_api stdout ----
[INFO] [stdout] 
[INFO] [stdout] thread 'tools::search_tools::tests::test_search_tools_api' (2572) panicked at src/tools/search_tools.rs:79:46:
[INFO] [stdout] UNIFAI_AGENT_API_KEY not set: NotPresent
[INFO] [stdout] stack backtrace:
[INFO] [stdout]    0:     0x6067f23fa391 - <<std[70759c8f55707aa4]::sys::backtrace::BacktraceLock>::print::DisplayBacktrace as core[df12db4294e9bfd3]::fmt::Display>::fmt
[INFO] [stdout]    1:     0x6067f241024a - core[df12db4294e9bfd3]::fmt::write
[INFO] [stdout]    2:     0x6067f23feefc - <alloc[2182bb758b4b3781]::vec::Vec<u8> as core[df12db4294e9bfd3]::io::write::Write>::write_fmt
[INFO] [stdout]    3:     0x6067f23d5716 - std[70759c8f55707aa4]::panicking::default_hook::{closure#0}
[INFO] [stdout]    4:     0x6067f23f23d9 - std[70759c8f55707aa4]::panicking::default_hook
[INFO] [stdout]    5:     0x6067f224b410 - test[9d35eded1c95d3be]::test_main_inner::<test[9d35eded1c95d3be]::test_main_static::{closure#0}>::{closure#0}
[INFO] [stdout]    6:     0x6067f23f2702 - std[70759c8f55707aa4]::panicking::panic_with_hook
[INFO] [stdout]    7:     0x6067f23d57c2 - std[70759c8f55707aa4]::panicking::panic_handler::{closure#0}
[INFO] [stdout]    8:     0x6067f23ce469 - std[70759c8f55707aa4]::sys::backtrace::__rust_end_short_backtrace::<std[70759c8f55707aa4]::panicking::panic_handler::{closure#0}, !>
[INFO] [stdout]    9:     0x6067f23d65ad - __rustc[8fa7c3cbc660c2b3]::rust_begin_unwind
[INFO] [stdout]   10:     0x6067f24109ac - core[df12db4294e9bfd3]::panicking::panic_fmt
[INFO] [stdout]   11:     0x6067f2410782 - core[df12db4294e9bfd3]::result::unwrap_failed
[INFO] [stdout]   12:     0x6067f223b798 - unifai_sdk[eb81d745d74f5515]::tools::search_tools::tests::test_search_tools_api::{closure#0}
[INFO] [stdout]   13:     0x6067f223c483 - <tokio[44fa253b86ed2c60]::runtime::scheduler::current_thread::Context>::enter::<core[df12db4294e9bfd3]::task::poll::Poll<()>, <tokio[44fa253b86ed2c60]::runtime::scheduler::current_thread::CoreGuard>::block_on<core[df12db4294e9bfd3]::pin::Pin<&mut core[df12db4294e9bfd3]::pin::Pin<&mut dyn core[df12db4294e9bfd3]::future::future::Future<Output = ()>>>>::{closure#0}::{closure#0}>
[INFO] [stdout]   14:     0x6067f2231a32 - <tokio[44fa253b86ed2c60]::runtime::context::scoped::Scoped<tokio[44fa253b86ed2c60]::runtime::scheduler::Context>>::set::<<tokio[44fa253b86ed2c60]::runtime::scheduler::current_thread::CoreGuard>::enter<<tokio[44fa253b86ed2c60]::runtime::scheduler::current_thread::CoreGuard>::block_on<core[df12db4294e9bfd3]::pin::Pin<&mut core[df12db4294e9bfd3]::pin::Pin<&mut dyn core[df12db4294e9bfd3]::future::future::Future<Output = ()>>>>::{closure#0}, core[df12db4294e9bfd3]::option::Option<()>>::{closure#0}, (alloc[2182bb758b4b3781]::boxed::Box<tokio[44fa253b86ed2c60]::runtime::scheduler::current_thread::Core>, core[df12db4294e9bfd3]::option::Option<()>)>
[INFO] [stdout]   15:     0x6067f223c196 - <tokio[44fa253b86ed2c60]::runtime::scheduler::current_thread::CurrentThread>::block_on::<core[df12db4294e9bfd3]::pin::Pin<&mut dyn core[df12db4294e9bfd3]::future::future::Future<Output = ()>>>
[INFO] [stdout]   16:     0x6067f22371d2 - <tokio[44fa253b86ed2c60]::runtime::runtime::Runtime>::block_on::<core[df12db4294e9bfd3]::pin::Pin<&mut dyn core[df12db4294e9bfd3]::future::future::Future<Output = ()>>>
[INFO] [stdout]   17:     0x6067f223bccb - unifai_sdk[eb81d745d74f5515]::tools::search_tools::tests::test_search_tools_api
[INFO] [stdout]   18:     0x6067f2231939 - <unifai_sdk[eb81d745d74f5515]::tools::search_tools::tests::test_search_tools_api::{closure#0} as core[df12db4294e9bfd3]::ops::function::FnOnce<()>>::call_once
[INFO] [stdout]   19:     0x6067f223e6fb - test[9d35eded1c95d3be]::__rust_begin_short_backtrace::<core[df12db4294e9bfd3]::result::Result<(), alloc[2182bb758b4b3781]::string::String>, fn() -> core[df12db4294e9bfd3]::result::Result<(), alloc[2182bb758b4b3781]::string::String>>
[INFO] [stdout]   20:     0x6067f224bd65 - test[9d35eded1c95d3be]::run_test::{closure#0}
[INFO] [stdout]   21:     0x6067f2245624 - std[70759c8f55707aa4]::sys::backtrace::__rust_begin_short_backtrace::<test[9d35eded1c95d3be]::run_test::{closure#1}, ()>
[INFO] [stdout]   22:     0x6067f224eec2 - <std[70759c8f55707aa4]::thread::lifecycle::spawn_unchecked<test[9d35eded1c95d3be]::run_test::{closure#1}, ()>::{closure#1} as core[df12db4294e9bfd3]::ops::function::FnOnce<()>>::call_once::{shim:vtable#0}
[INFO] [stdout]   23:     0x6067f23f98b9 - <std[70759c8f55707aa4]::sys::thread::unix::Thread>::new::thread_start
[INFO] [stdout]   24:     0x79c6b3778dfa - <unknown>
[INFO] [stdout]   25:     0x79c6b380c3d4 - clone
[INFO] [stdout]   26:                0x0 - <unknown>
[INFO] [stdout] 
[INFO] [stdout] 
[INFO] [stdout] failures:
[INFO] [stdout]     tools::call_tool::tests::test_call_tool_api
[INFO] [stdout]     tools::search_tools::tests::test_search_tools_api
[INFO] [stdout] 
[INFO] [stdout] test result: FAILED. 0 passed; 2 failed; 0 ignored; 0 measured; 0 filtered out; finished in 0.00s
[INFO] [stdout] 
[INFO] [stderr] error: test failed, to rerun pass `--lib`
[INFO] running `Command { std: "docker" "inspect" "ab233f5403b16f95dac7c1542a524f2fa79be8cda92e39aa52f0775871daf771", kill_on_drop: false }`
[INFO] running `Command { std: "docker" "rm" "-f" "ab233f5403b16f95dac7c1542a524f2fa79be8cda92e39aa52f0775871daf771", kill_on_drop: false }`
[INFO] [stdout] ab233f5403b16f95dac7c1542a524f2fa79be8cda92e39aa52f0775871daf771
