[INFO] fetching crate uni-obrv 0.1.3...
[INFO] testing uni-obrv-0.1.3 against 1.99.0-beta.8+cargoflags=--release for beta-release-1.100-2
[INFO] extracting crate uni-obrv 0.1.3 into /workspace/builds/worker-0-tc1/source
[INFO] started tweaking crates.io crate uni-obrv 0.1.3
[INFO] finished tweaking crates.io crate uni-obrv 0.1.3
[INFO] tweaked toml for crates.io crate uni-obrv 0.1.3 written to /workspace/builds/worker-0-tc1/source/Cargo.toml
[INFO] validating manifest of crates.io crate uni-obrv 0.1.3 on toolchain 1.99.0-beta.8
[INFO] running `Command { std: CARGO_HOME="/workspace/cargo-home" RUSTUP_HOME="/workspace/rustup-home" "/workspace/cargo-home/bin/cargo" "+1.99.0-beta.8" "metadata" "--manifest-path" "Cargo.toml" "--no-deps", kill_on_drop: false }`
[INFO] crate crates.io crate uni-obrv 0.1.3 already has a lockfile, it will not be regenerated
[INFO] running `Command { std: CARGO_HOME="/workspace/cargo-home" RUSTUP_HOME="/workspace/rustup-home" "/workspace/cargo-home/bin/cargo" "+1.99.0-beta.8" "fetch" "--manifest-path" "Cargo.toml", kill_on_drop: false }`
[INFO] [stderr]  Downloading crates ...
[INFO] [stderr]   Downloaded alloy v1.0.7
[INFO] [stderr]   Downloaded alloy-transport-http v1.0.7
[INFO] [stderr]   Downloaded openssl-sys v0.9.108
[INFO] [stderr]   Downloaded wasmtimer v0.4.1
[INFO] [stderr]   Downloaded alloy-transport v1.0.7
[INFO] [stderr]   Downloaded openssl v0.10.72
[INFO] [stderr]   Downloaded ruint v1.15.0
[INFO] [stderr]   Downloaded alloy-primitives v1.1.2
[INFO] [stderr]   Downloaded proptest v1.6.0
[INFO] [stderr]   Downloaded pest v2.8.0
[INFO] [stderr]   Downloaded alloy-rlp v0.3.12
[INFO] [stderr]   Downloaded alloy-rlp-derive v0.3.12
[INFO] [stderr]   Downloaded keccak-asm v0.1.4
[INFO] [stderr]   Downloaded sha3-asm v0.1.4
[INFO] [stderr]   Downloaded alloy-sol-type-parser v1.1.2
[INFO] [stderr]   Downloaded const-hex v1.14.1
[INFO] [stderr]   Downloaded alloy-sol-types v1.1.2
[INFO] [stderr]   Downloaded alloy-sol-macro v1.1.2
[INFO] [stderr]   Downloaded alloy-sol-macro-input v1.1.2
[INFO] [stderr]   Downloaded syn-solidity v1.1.2
[INFO] [stderr]   Downloaded macro-string v0.1.4
[INFO] [stderr]   Downloaded alloy-json-abi v1.1.2
[INFO] [stderr]   Downloaded alloy-sol-macro-expander v1.1.2
[INFO] [stderr]   Downloaded alloy-eip7702 v0.6.1
[INFO] [stderr]   Downloaded alloy-json-rpc v1.0.7
[INFO] [stderr]   Downloaded alloy-eip2930 v0.2.1
[INFO] [stderr]   Downloaded alloy-consensus v1.0.7
[INFO] [stderr]   Downloaded alloy-serde v1.0.7
[INFO] [stderr]   Downloaded alloy-network-primitives v1.0.7
[INFO] [stderr]   Downloaded alloy-eips v1.0.7
[INFO] [stderr]   Downloaded alloy-rpc-types v1.0.7
[INFO] [stderr]   Downloaded blst v0.3.14
[INFO] [stderr]   Downloaded alloy-rpc-types-eth v1.0.7
[INFO] [stderr]   Downloaded c-kzg v2.1.1
[INFO] [stderr]   Downloaded alloy-trie v0.8.1
[INFO] [stderr]   Downloaded nybbles v0.3.4
[INFO] [stderr]   Downloaded alloy-consensus-any v1.0.7
[INFO] [stderr]   Downloaded alloy-rpc-client v1.0.7
[INFO] [stderr]   Downloaded alloy-signer v1.0.7
[INFO] [stderr]   Downloaded alloy-network v1.0.7
[INFO] [stderr]   Downloaded alloy-rpc-types-any v1.0.7
[INFO] [stderr]   Downloaded alloy-chains v0.2.2
[INFO] [stderr]   Downloaded alloy-provider v1.0.7
[INFO] [stderr]   Downloaded alloy-core v1.1.2
[INFO] [stderr]   Downloaded alloy-dyn-abi v1.1.2
[INFO] [stderr]   Downloaded alloy-contract v1.0.7
[INFO] [stderr]   Downloaded alloy-genesis v1.0.7
[INFO] running `Command { std: "docker" "create" "-v" "/var/lib/crater-agent-workspace/builds/worker-0-tc1/source:/opt/rustwide/workdir:ro,Z" "-v" "/var/lib/crater-agent-workspace/builds/worker-0-tc1/target:/opt/rustwide/target:rw,Z" "-v" "/var/lib/crater-agent-workspace/cargo-home:/opt/rustwide/cargo-home:ro,Z" "-v" "/var/lib/crater-agent-workspace/rustup-home:/opt/rustwide/rustup-home:ro,Z" "-m" "1610612736" "--network" "none" "ghcr.io/rust-lang/crates-build-env/linux@sha256:77db811e55d90add9212f6832c23229e3de5f1c1f9905e8cb07319ea15df73ac" "sleep" "infinity", kill_on_drop: false }`
[INFO] [stdout] 86fbc340807cd8115bc4a74a16be626e5e9f2d7d5d25918bf06a0ca4d17cc7a2
[INFO] running `Command { std: "docker" "start" "86fbc340807cd8115bc4a74a16be626e5e9f2d7d5d25918bf06a0ca4d17cc7a2", kill_on_drop: false }`
[INFO] running `Command { std: "docker" "inspect" "86fbc340807cd8115bc4a74a16be626e5e9f2d7d5d25918bf06a0ca4d17cc7a2", kill_on_drop: false }`
[INFO] running `Command { std: "docker" "exec" "-e" "SOURCE_DIR=/opt/rustwide/workdir" "-e" "CARGO_HOME=/opt/rustwide/cargo-home" "-e" "RUSTUP_HOME=/opt/rustwide/rustup-home" "-e" "CARGO_TARGET_DIR=/opt/rustwide/target" "-w" "/opt/rustwide/workdir" "--user" "0:0" "86fbc340807cd8115bc4a74a16be626e5e9f2d7d5d25918bf06a0ca4d17cc7a2" "/opt/rustwide/cargo-home/bin/cargo" "+1.99.0-beta.8" "metadata" "--no-deps" "--format-version=1", kill_on_drop: false }`
[INFO] running `Command { std: "docker" "inspect" "86fbc340807cd8115bc4a74a16be626e5e9f2d7d5d25918bf06a0ca4d17cc7a2", kill_on_drop: false }`
[INFO] running `Command { std: "docker" "exec" "-e" "SOURCE_DIR=/opt/rustwide/workdir" "-e" "CARGO_HOME=/opt/rustwide/cargo-home" "-e" "RUSTUP_HOME=/opt/rustwide/rustup-home" "-e" "CARGO_TARGET_DIR=/opt/rustwide/target" "-e" "CARGO_INCREMENTAL=0" "-e" "RUST_BACKTRACE=full" "-e" "RUSTFLAGS=--cap-lints=warn" "-e" "RUSTDOCFLAGS=--cap-lints=warn" "-w" "/opt/rustwide/workdir" "--user" "0:0" "86fbc340807cd8115bc4a74a16be626e5e9f2d7d5d25918bf06a0ca4d17cc7a2" "/opt/rustwide/cargo-home/bin/cargo" "+1.99.0-beta.8" "build" "--frozen" "--message-format=json" "--release", kill_on_drop: false }`
[INFO] [stderr]    Compiling serde v1.0.219
[INFO] [stderr]    Compiling zeroize v1.8.1
[INFO] [stderr]    Compiling libc v0.2.172
[INFO] [stderr]    Compiling crunchy v0.2.3
[INFO] [stderr]    Compiling tiny-keccak v2.0.2
[INFO] [stderr]    Compiling ruint-macro v1.2.1
[INFO] [stderr]    Compiling memchr v2.7.4
[INFO] [stderr]    Compiling serde_json v1.0.140
[INFO] [stderr]    Compiling syn v2.0.101
[INFO] [stderr]    Compiling thiserror v2.0.12
[INFO] [stderr]    Compiling autocfg v1.4.0
[INFO] [stderr]    Compiling winnow v0.7.10
[INFO] [stderr]    Compiling tracing-core v0.1.33
[INFO] [stderr]    Compiling generic-array v0.14.7
[INFO] [stderr]    Compiling der v0.7.10
[INFO] [stderr]    Compiling proc-macro-error-attr2 v2.0.0
[INFO] [stderr]    Compiling hashbrown v0.15.3
[INFO] [stderr]    Compiling futures-channel v0.3.31
[INFO] [stderr]    Compiling futures-task v0.3.31
[INFO] [stderr]    Compiling parking_lot_core v0.9.10
[INFO] [stderr]    Compiling slab v0.4.9
[INFO] [stderr]    Compiling lock_api v0.4.12
[INFO] [stderr]    Compiling futures-utils-wasm v0.1.0
[INFO] [stderr]    Compiling indexmap v2.9.0
[INFO] [stderr]    Compiling getrandom v0.2.16
[INFO] [stderr]    Compiling block-buffer v0.10.4
[INFO] [stderr]    Compiling crypto-common v0.1.6
[INFO] [stderr]    Compiling rand_core v0.6.4
[INFO] [stderr]    Compiling digest v0.10.7
[INFO] [stderr]    Compiling sec1 v0.7.3
[INFO] [stderr]    Compiling spki v0.7.3
[INFO] [stderr]    Compiling hmac v0.12.1
[INFO] [stderr]    Compiling sha2 v0.10.9
[INFO] [stderr]    Compiling ff v0.13.1
[INFO] [stderr]    Compiling crypto-bigint v0.5.5
[INFO] [stderr]    Compiling signature v2.2.0
[INFO] [stderr]    Compiling rfc6979 v0.4.0
[INFO] [stderr]    Compiling group v0.13.0
[INFO] [stderr]    Compiling elliptic-curve v0.13.8
[INFO] [stderr]    Compiling ecdsa v0.16.9
[INFO] [stderr]    Compiling k256 v0.13.4
[INFO] [stderr]    Compiling synstructure v0.13.2
[INFO] [stderr]    Compiling macro-string v0.1.4
[INFO] [stderr]    Compiling syn-solidity v1.1.2
[INFO] [stderr]    Compiling proc-macro-error2 v2.0.1
[INFO] [stderr]    Compiling serde_derive v1.0.219
[INFO] [stderr]    Compiling derive_more-impl v2.0.1
[INFO] [stderr]    Compiling alloy-rlp-derive v0.3.12
[INFO] [stderr]    Compiling zerofrom-derive v0.1.6
[INFO] [stderr]    Compiling thiserror-impl v2.0.12
[INFO] [stderr]    Compiling yoke-derive v0.8.0
[INFO] [stderr]    Compiling tracing-attributes v0.1.28
[INFO] [stderr]    Compiling zerovec-derive v0.11.1
[INFO] [stderr]    Compiling displaydoc v0.2.5
[INFO] [stderr]    Compiling auto_impl v1.3.0
[INFO] [stderr]    Compiling futures-macro v0.3.31
[INFO] [stderr]    Compiling tokio-macros v2.5.0
[INFO] [stderr]    Compiling pin-project-internal v1.1.10
[INFO] [stderr]    Compiling async-stream-impl v0.3.6
[INFO] [stderr]    Compiling tokio v1.45.1
[INFO] [stderr]    Compiling strum_macros v0.27.1
[INFO] [stderr]    Compiling futures-util v0.3.31
[INFO] [stderr]    Compiling async-trait v0.1.88
[INFO] [stderr]    Compiling num_enum_derive v0.7.3
[INFO] [stderr]    Compiling async-stream v0.3.6
[INFO] [stderr]    Compiling pin-project v1.1.10
[INFO] [stderr]    Compiling zerofrom v0.1.6
[INFO] [stderr]    Compiling tracing v0.1.41
[INFO] [stderr]    Compiling yoke v0.8.0
[INFO] [stderr]    Compiling num_enum v0.7.3
[INFO] [stderr]    Compiling zerovec v0.11.2
[INFO] [stderr]    Compiling zerotrie v0.2.2
[INFO] [stderr]    Compiling strum v0.27.1
[INFO] [stderr]    Compiling tinystr v0.8.1
[INFO] [stderr]    Compiling potential_utf v0.1.2
[INFO] [stderr]    Compiling icu_locale_core v2.0.0
[INFO] [stderr]    Compiling icu_collections v2.0.0
[INFO] [stderr]    Compiling derive_more v2.0.1
[INFO] [stderr]    Compiling icu_provider v2.0.0
[INFO] [stderr]    Compiling futures-executor v0.3.31
[INFO] [stderr]    Compiling tower v0.5.2
[INFO] [stderr]    Compiling icu_properties v2.0.1
[INFO] [stderr]    Compiling futures v0.3.31
[INFO] [stderr]    Compiling tracing-futures v0.2.5
[INFO] [stderr]    Compiling const-hex v1.14.1
[INFO] [stderr]    Compiling bytes v1.10.1
[INFO] [stderr]    Compiling ruint v1.15.0
[INFO] [stderr]    Compiling alloy-sol-type-parser v1.1.2
[INFO] [stderr]    Compiling arrayvec v0.7.6
[INFO] [stderr]    Compiling smallvec v1.15.0
[INFO] [stderr]    Compiling either v1.15.0
[INFO] [stderr]    Compiling icu_normalizer v2.0.0
[INFO] [stderr]    Compiling itertools v0.14.0
[INFO] [stderr]    Compiling alloy-primitives v1.1.2
[INFO] [stderr]    Compiling nybbles v0.3.4
[INFO] [stderr]    Compiling parking_lot v0.12.3
[INFO] [stderr]    Compiling dashmap v6.1.0
[INFO] [stderr]    Compiling idna_adapter v1.2.1
[INFO] [stderr]    Compiling idna v1.0.3
[INFO] [stderr]    Compiling alloy-rlp v0.3.12
[INFO] [stderr]    Compiling tokio-util v0.7.15
[INFO] [stderr]    Compiling lru v0.13.0
[INFO] [stderr]    Compiling url v2.5.4
[INFO] [stderr]    Compiling tokio-stream v0.1.17
[INFO] [stderr]    Compiling alloy-json-abi v1.1.2
[INFO] [stderr]    Compiling alloy-sol-macro-input v1.1.2
[INFO] [stderr]    Compiling alloy-sol-macro-expander v1.1.2
[INFO] [stderr]    Compiling alloy-eip2124 v0.2.0
[INFO] [stderr]    Compiling alloy-eip2930 v0.2.1
[INFO] [stderr]    Compiling alloy-serde v1.0.7
[INFO] [stderr]    Compiling alloy-eip7702 v0.6.1
[INFO] [stderr]    Compiling alloy-trie v0.8.1
[INFO] [stderr]    Compiling alloy-signer v1.0.7
[INFO] [stderr]    Compiling alloy-chains v0.2.2
[INFO] [stderr]    Compiling alloy-eips v1.0.7
[INFO] [stderr]    Compiling alloy-sol-macro v1.1.2
[INFO] [stderr]    Compiling alloy-sol-types v1.1.2
[INFO] [stderr]    Compiling alloy-consensus v1.0.7
[INFO] [stderr]    Compiling alloy-consensus-any v1.0.7
[INFO] [stderr]    Compiling alloy-network-primitives v1.0.7
[INFO] [stderr]    Compiling alloy-json-rpc v1.0.7
[INFO] [stderr]    Compiling alloy-rpc-types-eth v1.0.7
[INFO] [stderr]    Compiling alloy-dyn-abi v1.1.2
[INFO] [stderr]    Compiling alloy-transport v1.0.7
[INFO] [stderr]    Compiling alloy-core v1.1.2
[INFO] [stderr]    Compiling alloy-rpc-client v1.0.7
[INFO] [stderr]    Compiling alloy-transport-http v1.0.7
[INFO] [stderr]    Compiling alloy-rpc-types-any v1.0.7
[INFO] [stderr]    Compiling alloy-rpc-types v1.0.7
[INFO] [stderr]    Compiling alloy-network v1.0.7
[INFO] [stderr]    Compiling alloy-provider v1.0.7
[INFO] [stderr]    Compiling alloy-contract v1.0.7
[INFO] [stderr]    Compiling alloy v1.0.7
[INFO] [stderr]    Compiling uni-obrv v0.1.3 (/opt/rustwide/workdir)
[INFO] [stderr]     Finished `release` profile [optimized] target(s) in 1m 32s
[INFO] [stderr] warning: the following packages contain code that will be rejected by a future version of Rust: proc-macro-error2 v2.0.1
[INFO] [stderr] note: to see what the problems were, use the option `--future-incompat-report`, or run `cargo report future-incompatibilities --id 1`
[INFO] running `Command { std: "docker" "inspect" "86fbc340807cd8115bc4a74a16be626e5e9f2d7d5d25918bf06a0ca4d17cc7a2", kill_on_drop: false }`
[INFO] running `Command { std: "docker" "exec" "-e" "SOURCE_DIR=/opt/rustwide/workdir" "-e" "CARGO_HOME=/opt/rustwide/cargo-home" "-e" "RUSTUP_HOME=/opt/rustwide/rustup-home" "-e" "CARGO_TARGET_DIR=/opt/rustwide/target" "-e" "CARGO_INCREMENTAL=0" "-e" "RUST_BACKTRACE=full" "-e" "RUSTFLAGS=--cap-lints=warn" "-e" "RUSTDOCFLAGS=--cap-lints=warn" "-w" "/opt/rustwide/workdir" "--user" "0:0" "86fbc340807cd8115bc4a74a16be626e5e9f2d7d5d25918bf06a0ca4d17cc7a2" "/opt/rustwide/cargo-home/bin/cargo" "+1.99.0-beta.8" "test" "--frozen" "--no-run" "--message-format=json" "--release", kill_on_drop: false }`
[INFO] [stderr]    Compiling der v0.7.10
[INFO] [stderr]    Compiling serde v1.0.219
[INFO] [stderr]    Compiling crypto-common v0.1.6
[INFO] [stderr]    Compiling crypto-bigint v0.5.5
[INFO] [stderr]    Compiling serde_json v1.0.140
[INFO] [stderr]    Compiling signal-hook-registry v1.4.5
[INFO] [stderr]    Compiling mio v1.0.4
[INFO] [stderr]    Compiling socket2 v0.5.10
[INFO] [stderr]    Compiling cc v1.2.24
[INFO] [stderr]    Compiling futures-util v0.3.31
[INFO] [stderr]    Compiling openssl v0.10.72
[INFO] [stderr]    Compiling openssl-macros v0.1.1
[INFO] [stderr]    Compiling dotenv v0.15.0
[INFO] [stderr]    Compiling digest v0.10.7
[INFO] [stderr]    Compiling hmac v0.12.1
[INFO] [stderr]    Compiling signature v2.2.0
[INFO] [stderr]    Compiling sha2 v0.10.9
[INFO] [stderr]    Compiling rfc6979 v0.4.0
[INFO] [stderr]    Compiling sec1 v0.7.3
[INFO] [stderr]    Compiling spki v0.7.3
[INFO] [stderr]    Compiling elliptic-curve v0.13.8
[INFO] [stderr]    Compiling openssl-sys v0.9.108
[INFO] [stderr]    Compiling ecdsa v0.16.9
[INFO] [stderr]    Compiling native-tls v0.2.14
[INFO] [stderr]    Compiling k256 v0.13.4
[INFO] [stderr]    Compiling futures-executor v0.3.31
[INFO] [stderr]    Compiling bytes v1.10.1
[INFO] [stderr]    Compiling smallvec v1.15.0
[INFO] [stderr]    Compiling arrayvec v0.7.6
[INFO] [stderr]    Compiling hashbrown v0.15.3
[INFO] [stderr]    Compiling const-hex v1.14.1
[INFO] [stderr]    Compiling alloy-sol-type-parser v1.1.2
[INFO] [stderr]    Compiling either v1.15.0
[INFO] [stderr]    Compiling serde_urlencoded v0.7.1
[INFO] [stderr]    Compiling futures v0.3.31
[INFO] [stderr]    Compiling tracing-futures v0.2.5
[INFO] [stderr]    Compiling parking_lot_core v0.9.10
[INFO] [stderr]    Compiling icu_normalizer v2.0.0
[INFO] [stderr]    Compiling nybbles v0.3.4
[INFO] [stderr]    Compiling itertools v0.14.0
[INFO] [stderr]    Compiling parking_lot v0.12.3
[INFO] [stderr]    Compiling dashmap v6.1.0
[INFO] [stderr]    Compiling idna_adapter v1.2.1
[INFO] [stderr]    Compiling idna v1.0.3
[INFO] [stderr]    Compiling alloy-rlp v0.3.12
[INFO] [stderr]    Compiling tokio v1.45.1
[INFO] [stderr]    Compiling http v1.3.1
[INFO] [stderr]    Compiling lru v0.13.0
[INFO] [stderr]    Compiling ruint v1.15.0
[INFO] [stderr]    Compiling url v2.5.4
[INFO] [stderr]    Compiling http-body v1.0.1
[INFO] [stderr]    Compiling http-body-util v0.1.3
[INFO] [stderr]    Compiling alloy-primitives v1.1.2
[INFO] [stderr]    Compiling alloy-json-abi v1.1.2
[INFO] [stderr]    Compiling alloy-eip2124 v0.2.0
[INFO] [stderr]    Compiling alloy-eip2930 v0.2.1
[INFO] [stderr]    Compiling alloy-eip7702 v0.6.1
[INFO] [stderr]    Compiling alloy-serde v1.0.7
[INFO] [stderr]    Compiling alloy-trie v0.8.1
[INFO] [stderr]    Compiling alloy-signer v1.0.7
[INFO] [stderr]    Compiling alloy-chains v0.2.2
[INFO] [stderr]    Compiling alloy-eips v1.0.7
[INFO] [stderr]    Compiling alloy-sol-types v1.1.2
[INFO] [stderr]    Compiling alloy-consensus v1.0.7
[INFO] [stderr]    Compiling hyper v1.6.0
[INFO] [stderr]    Compiling tower v0.5.2
[INFO] [stderr]    Compiling tokio-native-tls v0.3.1
[INFO] [stderr]    Compiling tokio-util v0.7.15
[INFO] [stderr]    Compiling alloy-network-primitives v1.0.7
[INFO] [stderr]    Compiling alloy-consensus-any v1.0.7
[INFO] [stderr]    Compiling tokio-stream v0.1.17
[INFO] [stderr]    Compiling hyper-util v0.1.12
[INFO] [stderr]    Compiling hyper-tls v0.6.0
[INFO] [stderr]    Compiling reqwest v0.12.15
[INFO] [stderr]    Compiling alloy-json-rpc v1.0.7
[INFO] [stderr]    Compiling alloy-rpc-types-eth v1.0.7
[INFO] [stderr]    Compiling alloy-dyn-abi v1.1.2
[INFO] [stderr]    Compiling alloy-transport v1.0.7
[INFO] [stderr]    Compiling alloy-core v1.1.2
[INFO] [stderr]    Compiling alloy-transport-http v1.0.7
[INFO] [stderr]    Compiling alloy-rpc-client v1.0.7
[INFO] [stderr]    Compiling alloy-rpc-types-any v1.0.7
[INFO] [stderr]    Compiling alloy-rpc-types v1.0.7
[INFO] [stderr]    Compiling alloy-network v1.0.7
[INFO] [stderr]    Compiling alloy-provider v1.0.7
[INFO] [stderr]    Compiling alloy-contract v1.0.7
[INFO] [stderr]    Compiling alloy v1.0.7
[INFO] [stderr]    Compiling uni-obrv v0.1.3 (/opt/rustwide/workdir)
[INFO] [stderr]     Finished `release` profile [optimized] target(s) in 1m 27s
[INFO] [stderr] warning: the following packages contain code that will be rejected by a future version of Rust: proc-macro-error2 v2.0.1
[INFO] [stderr] note: to see what the problems were, use the option `--future-incompat-report`, or run `cargo report future-incompatibilities --id 1`
[INFO] running `Command { std: "docker" "inspect" "86fbc340807cd8115bc4a74a16be626e5e9f2d7d5d25918bf06a0ca4d17cc7a2", kill_on_drop: false }`
[INFO] running `Command { std: "docker" "exec" "-e" "SOURCE_DIR=/opt/rustwide/workdir" "-e" "CARGO_HOME=/opt/rustwide/cargo-home" "-e" "RUSTUP_HOME=/opt/rustwide/rustup-home" "-e" "CARGO_TARGET_DIR=/opt/rustwide/target" "-e" "CARGO_INCREMENTAL=0" "-e" "RUST_BACKTRACE=full" "-e" "RUSTFLAGS=--cap-lints=warn" "-e" "RUSTDOCFLAGS=--cap-lints=warn" "-w" "/opt/rustwide/workdir" "--user" "0:0" "86fbc340807cd8115bc4a74a16be626e5e9f2d7d5d25918bf06a0ca4d17cc7a2" "/opt/rustwide/cargo-home/bin/cargo" "+1.99.0-beta.8" "test" "--frozen" "--release", kill_on_drop: false }`
[INFO] [stderr]     Finished `release` profile [optimized] target(s) in 0.37s
[INFO] [stderr] warning: the following packages contain code that will be rejected by a future version of Rust: proc-macro-error2 v2.0.1
[INFO] [stderr] note: to see what the problems were, use the option `--future-incompat-report`, or run `cargo report future-incompatibilities --id 1`
[INFO] [stderr]      Running unittests src/lib.rs (/opt/rustwide/target/release/deps/uni_obrv-0fc25e772da1a4ba)
[INFO] [stdout] 
[INFO] [stdout] running 2 tests
[INFO] [stdout] test uni_obrv::tests::test_get_tick_data_valid ... FAILED
[INFO] [stdout] test uni_obrv::tests::test_get_tick_data_invalid_pool ... FAILED
[INFO] [stdout] 
[INFO] [stdout] failures:
[INFO] [stdout] 
[INFO] [stdout] ---- uni_obrv::tests::test_get_tick_data_valid stdout ----
[INFO] [stdout] 
[INFO] [stdout] thread 'uni_obrv::tests::test_get_tick_data_valid' (4010) panicked at src/tests.rs:10:34:
[INFO] [stdout] called `Result::unwrap()` on an `Err` value: NotPresent
[INFO] [stdout] stack backtrace:
[INFO] [stdout]    0:     0x578ba9d01331 - <<std[70759c8f55707aa4]::sys::backtrace::BacktraceLock>::print::DisplayBacktrace as core[df12db4294e9bfd3]::fmt::Display>::fmt
[INFO] [stdout]    1:     0x578ba9d1776a - core[df12db4294e9bfd3]::fmt::write
[INFO] [stdout]    2:     0x578ba9d05dec - <alloc[2182bb758b4b3781]::vec::Vec<u8> as core[df12db4294e9bfd3]::io::write::Write>::write_fmt
[INFO] [stdout]    3:     0x578ba9cdc3e6 - std[70759c8f55707aa4]::panicking::default_hook::{closure#0}
[INFO] [stdout]    4:     0x578ba9cf91c9 - std[70759c8f55707aa4]::panicking::default_hook
[INFO] [stdout]    5:     0x578ba9bb5390 - test[9d35eded1c95d3be]::test_main_inner::<test[9d35eded1c95d3be]::test_main_static::{closure#0}>::{closure#0}
[INFO] [stdout]    6:     0x578ba9cf94f2 - std[70759c8f55707aa4]::panicking::panic_with_hook
[INFO] [stdout]    7:     0x578ba9cdc492 - std[70759c8f55707aa4]::panicking::panic_handler::{closure#0}
[INFO] [stdout]    8:     0x578ba9cd4ef9 - std[70759c8f55707aa4]::sys::backtrace::__rust_end_short_backtrace::<std[70759c8f55707aa4]::panicking::panic_handler::{closure#0}, !>
[INFO] [stdout]    9:     0x578ba9cdd31d - __rustc[8fa7c3cbc660c2b3]::rust_begin_unwind
[INFO] [stdout]   10:     0x578ba9d17ecc - core[df12db4294e9bfd3]::panicking::panic_fmt
[INFO] [stdout]   11:     0x578ba9d17ca2 - core[df12db4294e9bfd3]::result::unwrap_failed
[INFO] [stdout]   12:     0x578ba9b87ffd - <uni_obrv[93bccd6e5cdc93c7]::tests::RPC_URL::{closure#0} as core[df12db4294e9bfd3]::ops::function::FnOnce<()>>::call_once
[INFO] [stdout]   13:     0x578ba9ba60ad - <once_cell[a301c907d38bdff4]::imp::OnceCell<url[2c7dcc5eac5f55ac]::Url>>::initialize::<<once_cell[a301c907d38bdff4]::sync::OnceCell<url[2c7dcc5eac5f55ac]::Url>>::get_or_init<<once_cell[a301c907d38bdff4]::sync::Lazy<url[2c7dcc5eac5f55ac]::Url>>::force::{closure#0}>::{closure#0}, <once_cell[a301c907d38bdff4]::sync::OnceCell<_>>::get_or_init::Void>::{closure#0}
[INFO] [stdout]   14:     0x578ba9cc421f - once_cell[a301c907d38bdff4]::imp::initialize_or_wait
[INFO] [stdout]   15:     0x578ba9ba5412 - <once_cell[a301c907d38bdff4]::imp::OnceCell<url[2c7dcc5eac5f55ac]::Url>>::initialize::<<once_cell[a301c907d38bdff4]::sync::OnceCell<url[2c7dcc5eac5f55ac]::Url>>::get_or_init<<once_cell[a301c907d38bdff4]::sync::Lazy<url[2c7dcc5eac5f55ac]::Url>>::force::{closure#0}>::{closure#0}, <once_cell[a301c907d38bdff4]::sync::OnceCell<_>>::get_or_init::Void>
[INFO] [stdout]   16:     0x578ba9b8813b - <uni_obrv[93bccd6e5cdc93c7]::tests::PROVIDER::{closure#0} as core[df12db4294e9bfd3]::ops::function::FnOnce<()>>::call_once
[INFO] [stdout]   17:     0x578ba9ba6157 - <once_cell[a301c907d38bdff4]::imp::OnceCell<alloy_provider[3e74a3e94d0e85d6]::provider::root::RootProvider>>::initialize::<<once_cell[a301c907d38bdff4]::sync::OnceCell<alloy_provider[3e74a3e94d0e85d6]::provider::root::RootProvider>>::get_or_init<<once_cell[a301c907d38bdff4]::sync::Lazy<alloy_provider[3e74a3e94d0e85d6]::provider::root::RootProvider>>::force::{closure#0}>::{closure#0}, <once_cell[a301c907d38bdff4]::sync::OnceCell<_>>::get_or_init::Void>::{closure#0}
[INFO] [stdout]   18:     0x578ba9cc421f - once_cell[a301c907d38bdff4]::imp::initialize_or_wait
[INFO] [stdout]   19:     0x578ba9ba5462 - <once_cell[a301c907d38bdff4]::imp::OnceCell<alloy_provider[3e74a3e94d0e85d6]::provider::root::RootProvider>>::initialize::<<once_cell[a301c907d38bdff4]::sync::OnceCell<alloy_provider[3e74a3e94d0e85d6]::provider::root::RootProvider>>::get_or_init<<once_cell[a301c907d38bdff4]::sync::Lazy<alloy_provider[3e74a3e94d0e85d6]::provider::root::RootProvider>>::force::{closure#0}>::{closure#0}, <once_cell[a301c907d38bdff4]::sync::OnceCell<_>>::get_or_init::Void>
[INFO] [stdout]   20:     0x578ba9b8e090 - uni_obrv[93bccd6e5cdc93c7]::uni_obrv::tests::test_get_tick_data_valid::{closure#0}
[INFO] [stdout]   21:     0x578ba9ba4f3d - <tokio[bf26ab4b1695e672]::runtime::scheduler::current_thread::Context>::enter::<core[df12db4294e9bfd3]::task::poll::Poll<core[df12db4294e9bfd3]::result::Result<(), uni_obrv[93bccd6e5cdc93c7]::error::Error>>, <tokio[bf26ab4b1695e672]::runtime::scheduler::current_thread::CoreGuard>::block_on<core[df12db4294e9bfd3]::pin::Pin<&mut core[df12db4294e9bfd3]::pin::Pin<&mut dyn core[df12db4294e9bfd3]::future::future::Future<Output = core[df12db4294e9bfd3]::result::Result<(), uni_obrv[93bccd6e5cdc93c7]::error::Error>>>>>::{closure#0}::{closure#0}>
[INFO] [stdout]   22:     0x578ba9b97d8e - <tokio[bf26ab4b1695e672]::runtime::context::scoped::Scoped<tokio[bf26ab4b1695e672]::runtime::scheduler::Context>>::set::<<tokio[bf26ab4b1695e672]::runtime::scheduler::current_thread::CoreGuard>::enter<<tokio[bf26ab4b1695e672]::runtime::scheduler::current_thread::CoreGuard>::block_on<core[df12db4294e9bfd3]::pin::Pin<&mut core[df12db4294e9bfd3]::pin::Pin<&mut dyn core[df12db4294e9bfd3]::future::future::Future<Output = core[df12db4294e9bfd3]::result::Result<(), uni_obrv[93bccd6e5cdc93c7]::error::Error>>>>>::{closure#0}, core[df12db4294e9bfd3]::option::Option<core[df12db4294e9bfd3]::result::Result<(), uni_obrv[93bccd6e5cdc93c7]::error::Error>>>::{closure#0}, (alloc[2182bb758b4b3781]::boxed::Box<tokio[bf26ab4b1695e672]::runtime::scheduler::current_thread::Core>, core[df12db4294e9bfd3]::option::Option<core[df12db4294e9bfd3]::result::Result<(), uni_obrv[93bccd6e5cdc93c7]::error::Error>>)>
[INFO] [stdout]   23:     0x578ba9ba5525 - <tokio[bf26ab4b1695e672]::runtime::scheduler::current_thread::CoreGuard>::block_on::<core[df12db4294e9bfd3]::pin::Pin<&mut core[df12db4294e9bfd3]::pin::Pin<&mut dyn core[df12db4294e9bfd3]::future::future::Future<Output = core[df12db4294e9bfd3]::result::Result<(), uni_obrv[93bccd6e5cdc93c7]::error::Error>>>>>
[INFO] [stdout]   24:     0x578ba9b99239 - tokio[bf26ab4b1695e672]::runtime::context::runtime::enter_runtime::<<tokio[bf26ab4b1695e672]::runtime::scheduler::current_thread::CurrentThread>::block_on<core[df12db4294e9bfd3]::pin::Pin<&mut dyn core[df12db4294e9bfd3]::future::future::Future<Output = core[df12db4294e9bfd3]::result::Result<(), uni_obrv[93bccd6e5cdc93c7]::error::Error>>>>::{closure#0}, core[df12db4294e9bfd3]::result::Result<(), uni_obrv[93bccd6e5cdc93c7]::error::Error>>
[INFO] [stdout]   25:     0x578ba9b9fbda - <tokio[bf26ab4b1695e672]::runtime::runtime::Runtime>::block_on::<core[df12db4294e9bfd3]::pin::Pin<&mut dyn core[df12db4294e9bfd3]::future::future::Future<Output = core[df12db4294e9bfd3]::result::Result<(), uni_obrv[93bccd6e5cdc93c7]::error::Error>>>>
[INFO] [stdout]   26:     0x578ba9b8e811 - uni_obrv[93bccd6e5cdc93c7]::uni_obrv::tests::test_get_tick_data_valid
[INFO] [stdout]   27:     0x578ba9b97b15 - <uni_obrv[93bccd6e5cdc93c7]::uni_obrv::tests::test_get_tick_data_valid::{closure#0} as core[df12db4294e9bfd3]::ops::function::FnOnce<()>>::call_once
[INFO] [stdout]   28:     0x578ba9ba867b - test[9d35eded1c95d3be]::__rust_begin_short_backtrace::<core[df12db4294e9bfd3]::result::Result<(), alloc[2182bb758b4b3781]::string::String>, fn() -> core[df12db4294e9bfd3]::result::Result<(), alloc[2182bb758b4b3781]::string::String>>
[INFO] [stdout]   29:     0x578ba9bb5ce5 - test[9d35eded1c95d3be]::run_test::{closure#0}
[INFO] [stdout]   30:     0x578ba9baf5a4 - std[70759c8f55707aa4]::sys::backtrace::__rust_begin_short_backtrace::<test[9d35eded1c95d3be]::run_test::{closure#1}, ()>
[INFO] [stdout]   31:     0x578ba9bb8e42 - <std[70759c8f55707aa4]::thread::lifecycle::spawn_unchecked<test[9d35eded1c95d3be]::run_test::{closure#1}, ()>::{closure#1} as core[df12db4294e9bfd3]::ops::function::FnOnce<()>>::call_once::{shim:vtable#0}
[INFO] [stdout]   32:     0x578ba9d00859 - <std[70759c8f55707aa4]::sys::thread::unix::Thread>::new::thread_start
[INFO] [stdout]   33:     0x7161f37bbdfa - <unknown>
[INFO] [stdout]   34:     0x7161f384f3d4 - clone
[INFO] [stdout]   35:                0x0 - <unknown>
[INFO] [stdout] 
[INFO] [stdout] ---- uni_obrv::tests::test_get_tick_data_invalid_pool stdout ----
[INFO] [stdout] 
[INFO] [stdout] thread 'uni_obrv::tests::test_get_tick_data_invalid_pool' (4009) panicked at /opt/rustwide/cargo-home/registry/src/index.crates.io-1949cf8c6b5b557f/once_cell-1.21.3/src/lib.rs:1311:25:
[INFO] [stdout] Lazy instance has previously been poisoned
[INFO] [stdout] stack backtrace:
[INFO] [stdout]    0:     0x578ba9d01331 - <<std[70759c8f55707aa4]::sys::backtrace::BacktraceLock>::print::DisplayBacktrace as core[df12db4294e9bfd3]::fmt::Display>::fmt
[INFO] [stdout]    1:     0x578ba9d1776a - core[df12db4294e9bfd3]::fmt::write
[INFO] [stdout]    2:     0x578ba9d05dec - <alloc[2182bb758b4b3781]::vec::Vec<u8> as core[df12db4294e9bfd3]::io::write::Write>::write_fmt
[INFO] [stdout]    3:     0x578ba9cdc3e6 - std[70759c8f55707aa4]::panicking::default_hook::{closure#0}
[INFO] [stdout]    4:     0x578ba9cf91c9 - std[70759c8f55707aa4]::panicking::default_hook
[INFO] [stdout]    5:     0x578ba9bb5390 - test[9d35eded1c95d3be]::test_main_inner::<test[9d35eded1c95d3be]::test_main_static::{closure#0}>::{closure#0}
[INFO] [stdout]    6:     0x578ba9cf94f2 - std[70759c8f55707aa4]::panicking::panic_with_hook
[INFO] [stdout]    7:     0x578ba9cdc4c4 - std[70759c8f55707aa4]::panicking::panic_handler::{closure#0}
[INFO] [stdout]    8:     0x578ba9cd4ef9 - std[70759c8f55707aa4]::sys::backtrace::__rust_end_short_backtrace::<std[70759c8f55707aa4]::panicking::panic_handler::{closure#0}, !>
[INFO] [stdout]    9:     0x578ba9cdd31d - __rustc[8fa7c3cbc660c2b3]::rust_begin_unwind
[INFO] [stdout]   10:     0x578ba9d17ecc - core[df12db4294e9bfd3]::panicking::panic_fmt
[INFO] [stdout]   11:     0x578ba9ba619d - <once_cell[a301c907d38bdff4]::imp::OnceCell<alloy_provider[3e74a3e94d0e85d6]::provider::root::RootProvider>>::initialize::<<once_cell[a301c907d38bdff4]::sync::OnceCell<alloy_provider[3e74a3e94d0e85d6]::provider::root::RootProvider>>::get_or_init<<once_cell[a301c907d38bdff4]::sync::Lazy<alloy_provider[3e74a3e94d0e85d6]::provider::root::RootProvider>>::force::{closure#0}>::{closure#0}, <once_cell[a301c907d38bdff4]::sync::OnceCell<_>>::get_or_init::Void>::{closure#0}
[INFO] [stdout]   12:     0x578ba9cc421f - once_cell[a301c907d38bdff4]::imp::initialize_or_wait
[INFO] [stdout]   13:     0x578ba9ba5462 - <once_cell[a301c907d38bdff4]::imp::OnceCell<alloy_provider[3e74a3e94d0e85d6]::provider::root::RootProvider>>::initialize::<<once_cell[a301c907d38bdff4]::sync::OnceCell<alloy_provider[3e74a3e94d0e85d6]::provider::root::RootProvider>>::get_or_init<<once_cell[a301c907d38bdff4]::sync::Lazy<alloy_provider[3e74a3e94d0e85d6]::provider::root::RootProvider>>::force::{closure#0}>::{closure#0}, <once_cell[a301c907d38bdff4]::sync::OnceCell<_>>::get_or_init::Void>
[INFO] [stdout]   14:     0x578ba9b8e588 - uni_obrv[93bccd6e5cdc93c7]::uni_obrv::tests::test_get_tick_data_invalid_pool::{closure#0}
[INFO] [stdout]   15:     0x578ba9ba5113 - <tokio[bf26ab4b1695e672]::runtime::scheduler::current_thread::Context>::enter::<core[df12db4294e9bfd3]::task::poll::Poll<()>, <tokio[bf26ab4b1695e672]::runtime::scheduler::current_thread::CoreGuard>::block_on<core[df12db4294e9bfd3]::pin::Pin<&mut core[df12db4294e9bfd3]::pin::Pin<&mut dyn core[df12db4294e9bfd3]::future::future::Future<Output = ()>>>>::{closure#0}::{closure#0}>
[INFO] [stdout]   16:     0x578ba9b97f7c - <tokio[bf26ab4b1695e672]::runtime::context::scoped::Scoped<tokio[bf26ab4b1695e672]::runtime::scheduler::Context>>::set::<<tokio[bf26ab4b1695e672]::runtime::scheduler::current_thread::CoreGuard>::enter<<tokio[bf26ab4b1695e672]::runtime::scheduler::current_thread::CoreGuard>::block_on<core[df12db4294e9bfd3]::pin::Pin<&mut core[df12db4294e9bfd3]::pin::Pin<&mut dyn core[df12db4294e9bfd3]::future::future::Future<Output = ()>>>>::{closure#0}, core[df12db4294e9bfd3]::option::Option<()>>::{closure#0}, (alloc[2182bb758b4b3781]::boxed::Box<tokio[bf26ab4b1695e672]::runtime::scheduler::current_thread::Core>, core[df12db4294e9bfd3]::option::Option<()>)>
[INFO] [stdout]   17:     0x578ba9ba5777 - <tokio[bf26ab4b1695e672]::runtime::scheduler::current_thread::CoreGuard>::block_on::<core[df12db4294e9bfd3]::pin::Pin<&mut core[df12db4294e9bfd3]::pin::Pin<&mut dyn core[df12db4294e9bfd3]::future::future::Future<Output = ()>>>>
[INFO] [stdout]   18:     0x578ba9b996d7 - tokio[bf26ab4b1695e672]::runtime::context::runtime::enter_runtime::<<tokio[bf26ab4b1695e672]::runtime::scheduler::current_thread::CurrentThread>::block_on<core[df12db4294e9bfd3]::pin::Pin<&mut dyn core[df12db4294e9bfd3]::future::future::Future<Output = ()>>>::{closure#0}, ()>
[INFO] [stdout]   19:     0x578ba9b9fce5 - <tokio[bf26ab4b1695e672]::runtime::runtime::Runtime>::block_on::<core[df12db4294e9bfd3]::pin::Pin<&mut dyn core[df12db4294e9bfd3]::future::future::Future<Output = ()>>>
[INFO] [stdout]   20:     0x578ba9b8e97b - uni_obrv[93bccd6e5cdc93c7]::uni_obrv::tests::test_get_tick_data_invalid_pool
[INFO] [stdout]   21:     0x578ba9b97b39 - <uni_obrv[93bccd6e5cdc93c7]::uni_obrv::tests::test_get_tick_data_invalid_pool::{closure#0} as core[df12db4294e9bfd3]::ops::function::FnOnce<()>>::call_once
[INFO] [stdout]   22:     0x578ba9ba867b - test[9d35eded1c95d3be]::__rust_begin_short_backtrace::<core[df12db4294e9bfd3]::result::Result<(), alloc[2182bb758b4b3781]::string::String>, fn() -> core[df12db4294e9bfd3]::result::Result<(), alloc[2182bb758b4b3781]::string::String>>
[INFO] [stdout]   23:     0x578ba9bb5ce5 - test[9d35eded1c95d3be]::run_test::{closure#0}
[INFO] [stdout]   24:     0x578ba9baf5a4 - std[70759c8f55707aa4]::sys::backtrace::__rust_begin_short_backtrace::<test[9d35eded1c95d3be]::run_test::{closure#1}, ()>
[INFO] [stdout]   25:     0x578ba9bb8e42 - <std[70759c8f55707aa4]::thread::lifecycle::spawn_unchecked<test[9d35eded1c95d3be]::run_test::{closure#1}, ()>::{closure#1} as core[df12db4294e9bfd3]::ops::function::FnOnce<()>>::call_once::{shim:vtable#0}
[INFO] [stdout]   26:     0x578ba9d00859 - <std[70759c8f55707aa4]::sys::thread::unix::Thread>::new::thread_start
[INFO] [stdout]   27:     0x7161f37bbdfa - <unknown>
[INFO] [stdout]   28:     0x7161f384f3d4 - clone
[INFO] [stdout]   29:                0x0 - <unknown>
[INFO] [stdout] 
[INFO] [stdout] 
[INFO] [stdout] failures:
[INFO] [stdout]     uni_obrv::tests::test_get_tick_data_invalid_pool
[INFO] [stdout]     uni_obrv::tests::test_get_tick_data_valid
[INFO] [stdout] 
[INFO] [stdout] test result: FAILED. 0 passed; 2 failed; 0 ignored; 0 measured; 0 filtered out; finished in 0.00s
[INFO] [stdout] 
[INFO] [stderr] error: test failed, to rerun pass `--lib`
[INFO] running `Command { std: "docker" "inspect" "86fbc340807cd8115bc4a74a16be626e5e9f2d7d5d25918bf06a0ca4d17cc7a2", kill_on_drop: false }`
[INFO] running `Command { std: "docker" "rm" "-f" "86fbc340807cd8115bc4a74a16be626e5e9f2d7d5d25918bf06a0ca4d17cc7a2", kill_on_drop: false }`
[INFO] [stdout] 86fbc340807cd8115bc4a74a16be626e5e9f2d7d5d25918bf06a0ca4d17cc7a2
