[INFO] fetching crate uni-locy 4.1.1...
[INFO] testing uni-locy-4.1.1 against 1.99.0-beta.8+cargoflags=--release for beta-release-1.100-2
[INFO] extracting crate uni-locy 4.1.1 into /workspace/builds/worker-4-tc1/source
[INFO] started tweaking crates.io crate uni-locy 4.1.1
[INFO] removed 0 missing tests
[INFO] finished tweaking crates.io crate uni-locy 4.1.1
[INFO] tweaked toml for crates.io crate uni-locy 4.1.1 written to /workspace/builds/worker-4-tc1/source/Cargo.toml
[INFO] validating manifest of crates.io crate uni-locy 4.1.1 on toolchain 1.99.0-beta.8
[INFO] running `Command { std: CARGO_HOME="/workspace/cargo-home" RUSTUP_HOME="/workspace/rustup-home" "/workspace/cargo-home/bin/cargo" "+1.99.0-beta.8" "metadata" "--manifest-path" "Cargo.toml" "--no-deps", kill_on_drop: false }`
[INFO] crate crates.io crate uni-locy 4.1.1 already has a lockfile, it will not be regenerated
[INFO] running `Command { std: CARGO_HOME="/workspace/cargo-home" RUSTUP_HOME="/workspace/rustup-home" "/workspace/cargo-home/bin/cargo" "+1.99.0-beta.8" "fetch" "--manifest-path" "Cargo.toml", kill_on_drop: false }`
[INFO] [stderr]     Updating crates.io index
[INFO] [stderr]  Downloading crates ...
[INFO] [stderr]   Downloaded uni-sparse-vector v4.1.1
[INFO] [stderr]   Downloaded wasm-bindgen-macro v0.2.123
[INFO] [stderr]   Downloaded uni-common v4.1.1
[INFO] [stderr]   Downloaded wasm-bindgen-shared v0.2.123
[INFO] [stderr]   Downloaded wasm-bindgen-futures v0.4.73
[INFO] [stderr]   Downloaded uni-btic v4.1.1
[INFO] [stderr]   Downloaded wasm-bindgen v0.2.123
[INFO] [stderr]   Downloaded wasm-bindgen-macro-support v0.2.123
[INFO] [stderr]   Downloaded chacha20 v0.10.0
[INFO] [stderr]   Downloaded base256emoji v1.0.2
[INFO] [stderr]   Downloaded const-str v0.4.3
[INFO] [stderr]   Downloaded js-sys v0.3.100
[INFO] [stderr]   Downloaded data-encoding-macro v0.1.20
[INFO] [stderr]   Downloaded multibase v0.9.2
[INFO] [stderr]   Downloaded data-encoding-macro-internal v0.1.18
[INFO] [stderr]   Downloaded uni-cypher v4.1.1
[INFO] [stderr]   Downloaded object_store v0.13.2
[INFO] [stderr]   Downloaded h2 v0.4.18
[INFO] [stderr]   Downloaded match-lookup v0.1.2
[INFO] [stderr]   Downloaded arrow-schema v58.3.0
[INFO] [stderr]   Downloaded candle-nn v0.10.2
[INFO] [stderr]   Downloaded safetensors v0.7.0
[INFO] [stderr]   Downloaded web-sys v0.3.100
[INFO] [stderr]   Downloaded rand_distr v0.5.1
[INFO] [stderr]   Downloaded tokenizers v0.22.2
[INFO] [stderr]   Downloaded unicode-normalization-alignments v0.1.12
[INFO] [stderr]   Downloaded candle-core v0.10.2
[INFO] [stderr]   Downloaded zip v7.2.0
[INFO] [stderr]   Downloaded monostate-impl v0.1.18
[INFO] [stderr]   Downloaded spm_precompiled v0.1.4
[INFO] [stderr]   Downloaded rayon-cond v0.4.0
[INFO] [stderr]   Downloaded monostate v0.1.18
[INFO] [stderr]   Downloaded dary_heap v0.3.9
[INFO] [stderr]   Downloaded esaxx-rs v0.1.10
[INFO] [stderr]   Downloaded gemm-c32 v0.19.0
[INFO] [stderr]   Downloaded float8 v0.7.0
[INFO] [stderr]   Downloaded onig v6.5.3
[INFO] [stderr]   Downloaded onig_sys v69.9.3
[INFO] [stderr]   Downloaded gemm v0.19.0
[INFO] [stderr]   Downloaded gemm-common v0.19.0
[INFO] [stderr]   Downloaded pulp-wasm-simd-flag v0.1.0
[INFO] [stderr]   Downloaded gemm-f32 v0.19.0
[INFO] [stderr]   Downloaded gemm-c64 v0.19.0
[INFO] [stderr]   Downloaded pulp v0.22.2
[INFO] [stderr]   Downloaded gemm-f16 v0.19.0
[INFO] [stderr]   Downloaded gemm-f64 v0.19.0
[INFO] running `Command { std: "docker" "create" "-v" "/var/lib/crater-agent-workspace/builds/worker-4-tc1/source:/opt/rustwide/workdir:ro,Z" "-v" "/var/lib/crater-agent-workspace/builds/worker-4-tc1/target:/opt/rustwide/target:rw,Z" "-v" "/var/lib/crater-agent-workspace/cargo-home:/opt/rustwide/cargo-home:ro,Z" "-v" "/var/lib/crater-agent-workspace/rustup-home:/opt/rustwide/rustup-home:ro,Z" "-m" "1610612736" "--network" "none" "ghcr.io/rust-lang/crates-build-env/linux@sha256:77db811e55d90add9212f6832c23229e3de5f1c1f9905e8cb07319ea15df73ac" "sleep" "infinity", kill_on_drop: false }`
[INFO] [stdout] 9fc3e06be1431bac46a518785ff78110aaa4c2ac904976ac37acc001724c72fd
[INFO] running `Command { std: "docker" "start" "9fc3e06be1431bac46a518785ff78110aaa4c2ac904976ac37acc001724c72fd", kill_on_drop: false }`
[INFO] running `Command { std: "docker" "inspect" "9fc3e06be1431bac46a518785ff78110aaa4c2ac904976ac37acc001724c72fd", kill_on_drop: false }`
[INFO] running `Command { std: "docker" "exec" "-e" "SOURCE_DIR=/opt/rustwide/workdir" "-e" "CARGO_HOME=/opt/rustwide/cargo-home" "-e" "RUSTUP_HOME=/opt/rustwide/rustup-home" "-e" "CARGO_TARGET_DIR=/opt/rustwide/target" "-w" "/opt/rustwide/workdir" "--user" "0:0" "9fc3e06be1431bac46a518785ff78110aaa4c2ac904976ac37acc001724c72fd" "/opt/rustwide/cargo-home/bin/cargo" "+1.99.0-beta.8" "metadata" "--no-deps" "--format-version=1", kill_on_drop: false }`
[INFO] running `Command { std: "docker" "inspect" "9fc3e06be1431bac46a518785ff78110aaa4c2ac904976ac37acc001724c72fd", kill_on_drop: false }`
[INFO] running `Command { std: "docker" "exec" "-e" "SOURCE_DIR=/opt/rustwide/workdir" "-e" "CARGO_HOME=/opt/rustwide/cargo-home" "-e" "RUSTUP_HOME=/opt/rustwide/rustup-home" "-e" "CARGO_TARGET_DIR=/opt/rustwide/target" "-e" "CARGO_INCREMENTAL=0" "-e" "RUST_BACKTRACE=full" "-e" "RUSTFLAGS=--cap-lints=warn" "-e" "RUSTDOCFLAGS=--cap-lints=warn" "-w" "/opt/rustwide/workdir" "--user" "0:0" "9fc3e06be1431bac46a518785ff78110aaa4c2ac904976ac37acc001724c72fd" "/opt/rustwide/cargo-home/bin/cargo" "+1.99.0-beta.8" "build" "--frozen" "--message-format=json" "--release", kill_on_drop: false }`
[INFO] [stderr]    Compiling smallvec v1.15.2
[INFO] [stderr]    Compiling zerocopy v0.8.52
[INFO] [stderr]    Compiling bitflags v2.13.0
[INFO] [stderr]    Compiling crossbeam-utils v0.8.21
[INFO] [stderr]    Compiling cc v1.2.64
[INFO] [stderr]    Compiling either v1.16.0
[INFO] [stderr]    Compiling crossbeam-epoch v0.9.20
[INFO] [stderr]    Compiling memchr v2.8.2
[INFO] [stderr]    Compiling futures-core v0.3.32
[INFO] [stderr]    Compiling syn v2.0.117
[INFO] [stderr]    Compiling getrandom v0.3.4
[INFO] [stderr]    Compiling syn v3.0.6
[INFO] [stderr]    Compiling rayon-core v1.13.0
[INFO] [stderr]    Compiling socket2 v0.6.4
[INFO] [stderr]    Compiling mio v1.2.1
[INFO] [stderr]    Compiling futures-sink v0.3.32
[INFO] [stderr]    Compiling writeable v0.6.4
[INFO] [stderr]    Compiling litemap v0.8.2
[INFO] [stderr]    Compiling hashbrown v0.17.1
[INFO] [stderr]    Compiling http v1.4.2
[INFO] [stderr]    Compiling rand_core v0.9.5
[INFO] [stderr]    Compiling pulp v0.22.2
[INFO] [stderr]    Compiling icu_properties_data v2.3.0
[INFO] [stderr]    Compiling icu_normalizer_data v2.3.0
[INFO] [stderr]    Compiling parking_lot_core v0.9.12
[INFO] [stderr]    Compiling utf8_iter v1.0.4
[INFO] [stderr]    Compiling raw-cpuid v11.6.0
[INFO] [stderr]    Compiling parking_lot v0.12.5
[INFO] [stderr]    Compiling pulp-wasm-simd-flag v0.1.0
[INFO] [stderr]    Compiling zeroize v1.9.0
[INFO] [stderr]    Compiling reborrow v0.5.5
[INFO] [stderr]    Compiling percent-encoding v2.3.2
[INFO] [stderr]    Compiling dyn-stack-macros v0.1.3
[INFO] [stderr]    Compiling rustls-pki-types v1.14.1
[INFO] [stderr]    Compiling getrandom v0.2.17
[INFO] [stderr]    Compiling tracing-core v0.1.36
[INFO] [stderr]    Compiling seq-macro v0.3.6
[INFO] [stderr]    Compiling ryu v1.0.23
[INFO] [stderr]    Compiling futures-task v0.3.32
[INFO] [stderr]    Compiling httparse v1.10.1
[INFO] [stderr]    Compiling untrusted v0.9.0
[INFO] [stderr]    Compiling serde_json v1.0.150
[INFO] [stderr]    Compiling atomic-waker v1.1.2
[INFO] [stderr]    Compiling rustls v0.23.45
[INFO] [stderr]    Compiling tower-service v0.3.3
[INFO] [stderr]    Compiling http-body v1.0.1
[INFO] [stderr]    Compiling fnv v1.0.7
[INFO] [stderr]    Compiling ring v0.17.14
[INFO] [stderr]    Compiling try-lock v0.2.5
[INFO] [stderr]    Compiling want v0.3.1
[INFO] [stderr]    Compiling form_urlencoded v1.2.2
[INFO] [stderr]    Compiling indexmap v2.14.0
[INFO] [stderr]    Compiling itertools v0.14.0
[INFO] [stderr]    Compiling futures-channel v0.3.32
[INFO] [stderr]    Compiling crossbeam-deque v0.8.6
[INFO] [stderr]    Compiling pkg-config v0.3.33
[INFO] [stderr]    Compiling syn v1.0.109
[INFO] [stderr]    Compiling rustversion v1.0.22
[INFO] [stderr]    Compiling log v0.4.32
[INFO] [stderr]    Compiling sync_wrapper v1.0.2
[INFO] [stderr]    Compiling tower-layer v0.3.3
[INFO] [stderr]    Compiling ipnet v2.12.0
[INFO] [stderr]    Compiling rand_core v0.10.1
[INFO] [stderr]    Compiling getrandom v0.4.2
[INFO] [stderr]    Compiling openssl-probe v0.2.1
[INFO] [stderr]    Compiling crypto-common v0.1.7
[INFO] [stderr]    Compiling aho-corasick v1.1.4
[INFO] [stderr]    Compiling rustls-native-certs v0.8.4
[INFO] [stderr]    Compiling rayon v1.12.0
[INFO] [stderr]    Compiling onig_sys v69.9.3
[INFO] [stderr]    Compiling ahash v0.8.12
[INFO] [stderr]    Compiling cpufeatures v0.3.0
[INFO] [stderr]    Compiling esaxx-rs v0.1.10
[INFO] [stderr]    Compiling crc32fast v1.5.0
[INFO] [stderr]    Compiling data-encoding v2.11.0
[INFO] [stderr]    Compiling nom v7.1.3
[INFO] [stderr]    Compiling chacha20 v0.10.0
[INFO] [stderr]    Compiling castaway v0.2.4
[INFO] [stderr]    Compiling digest v0.10.7
[INFO] [stderr]    Compiling pest v2.8.6
[INFO] [stderr]    Compiling data-encoding-macro-internal v0.1.18
[INFO] [stderr]    Compiling regex-automata v0.4.14
[INFO] [stderr]    Compiling http-body-util v0.1.3
[INFO] [stderr]    Compiling base64 v0.13.1
[INFO] [stderr]    Compiling const-str v0.4.3
[INFO] [stderr]    Compiling allocator-api2 v0.2.21
[INFO] [stderr]    Compiling macro_rules_attribute-proc_macro v0.2.2
[INFO] [stderr]    Compiling macro_rules_attribute v0.2.2
[INFO] [stderr]    Compiling rand v0.10.1
[INFO] [stderr]    Compiling zerovec-derive v0.11.6
[INFO] [stderr]    Compiling data-encoding-macro v0.1.20
[INFO] [stderr]    Compiling hashbrown v0.16.1
[INFO] [stderr]    Compiling md-5 v0.10.6
[INFO] [stderr]    Compiling unicode-normalization-alignments v0.1.12
[INFO] [stderr]    Compiling pest_meta v2.8.6
[INFO] [stderr]    Compiling rmp v0.8.15
[INFO] [stderr]    Compiling unicode_categories v0.1.1
[INFO] [stderr]    Compiling base-x v0.2.11
[INFO] [stderr]    Compiling typed-path v0.12.3
[INFO] [stderr]    Compiling humantime v2.3.0
[INFO] [stderr]    Compiling num_cpus v1.17.0
[INFO] [stderr]    Compiling memmap2 v0.9.10
[INFO] [stderr]    Compiling rustc-hash v2.1.2
[INFO] [stderr]    Compiling synstructure v0.13.2
[INFO] [stderr]    Compiling darling_core v0.20.11
[INFO] [stderr]    Compiling byteorder v1.5.0
[INFO] [stderr]    Compiling arrow-schema v58.3.0
[INFO] [stderr]    Compiling pest_generator v2.8.6
[INFO] [stderr]    Compiling zip v7.2.0
[INFO] [stderr]    Compiling rayon-cond v0.4.0
[INFO] [stderr]    Compiling zerofrom-derive v0.1.7
[INFO] [stderr]    Compiling zerocopy-derive v0.8.52
[INFO] [stderr]    Compiling serde_derive v1.0.228
[INFO] [stderr]    Compiling yoke-derive v0.8.2
[INFO] [stderr]    Compiling bytemuck_derive v1.10.2
[INFO] [stderr]    Compiling displaydoc v0.2.6
[INFO] [stderr]    Compiling tokio-macros v2.7.0
[INFO] [stderr]    Compiling futures-macro v0.3.32
[INFO] [stderr]    Compiling tracing-attributes v0.1.31
[INFO] [stderr]    Compiling thiserror-impl v2.0.18
[INFO] [stderr]    Compiling match-lookup v0.1.2
[INFO] [stderr]    Compiling tokio v1.52.3
[INFO] [stderr]    Compiling monostate-impl v0.1.18
[INFO] [stderr]    Compiling bytemuck v1.25.0
[INFO] [stderr]    Compiling base256emoji v1.0.2
[INFO] [stderr]    Compiling zerofrom v0.1.8
[INFO] [stderr]    Compiling regex v1.12.4
[INFO] [stderr]    Compiling futures-util v0.3.32
[INFO] [stderr]    Compiling num-complex v0.4.6
[INFO] [stderr]    Compiling yoke v0.8.3
[INFO] [stderr]    Compiling dyn-stack v0.13.2
[INFO] [stderr]    Compiling monostate v0.1.18
[INFO] [stderr]    Compiling async-trait v0.1.89
[INFO] [stderr]    Compiling darling_macro v0.20.11
[INFO] [stderr]    Compiling zerovec v0.11.8
[INFO] [stderr]    Compiling zerotrie v0.2.5
[INFO] [stderr]    Compiling multibase v0.9.2
[INFO] [stderr]    Compiling darling v0.20.11
[INFO] [stderr]    Compiling tracing v0.1.44
[INFO] [stderr]    Compiling derive_builder_core v0.20.2
[INFO] [stderr]    Compiling pest_derive v2.8.6
[INFO] [stderr]    Compiling thiserror v2.0.18
[INFO] [stderr]    Compiling derive_builder_macro v0.20.2
[INFO] [stderr]    Compiling derive_builder v0.20.2
[INFO] [stderr]    Compiling tinystr v0.8.4
[INFO] [stderr]    Compiling potential_utf v0.1.5
[INFO] [stderr]    Compiling icu_collections v2.3.0
[INFO] [stderr]    Compiling icu_locale_core v2.3.0
[INFO] [stderr]    Compiling serde v1.0.228
[INFO] [stderr]    Compiling chrono v0.4.45
[INFO] [stderr]    Compiling serde_urlencoded v0.7.1
[INFO] [stderr]    Compiling spm_precompiled v0.1.4
[INFO] [stderr]    Compiling quick-xml v0.39.4
[INFO] [stderr]    Compiling dary_heap v0.3.9
[INFO] [stderr]    Compiling compact_str v0.9.1
[INFO] [stderr]    Compiling uni-sparse-vector v4.1.1
[INFO] [stderr]    Compiling safetensors v0.7.0
[INFO] [stderr]    Compiling rmp-serde v1.3.1
[INFO] [stderr]    Compiling icu_provider v2.3.1
[INFO] [stderr]    Compiling icu_properties v2.3.0
[INFO] [stderr]    Compiling icu_normalizer v2.3.0
[INFO] [stderr]    Compiling uni-btic v4.1.1
[INFO] [stderr]    Compiling idna_adapter v1.2.2
[INFO] [stderr]    Compiling idna v1.1.0
[INFO] [stderr]    Compiling url v2.5.8
[INFO] [stderr]    Compiling ppv-lite86 v0.2.21
[INFO] [stderr]    Compiling rand_chacha v0.9.0
[INFO] [stderr]    Compiling rand v0.9.4
[INFO] [stderr]    Compiling rand_distr v0.5.1
[INFO] [stderr]    Compiling ulid v1.2.1
[INFO] [stderr]    Compiling tokio-util v0.7.18
[INFO] [stderr]    Compiling tower v0.5.3
[INFO] [stderr]    Compiling rustls-webpki v0.103.15
[INFO] [stderr]    Compiling onig v6.5.3
[INFO] [stderr]    Compiling half v2.7.1
[INFO] [stderr]    Compiling tower-http v0.6.11
[INFO] [stderr]    Compiling h2 v0.4.18
[INFO] [stderr]    Compiling gemm-common v0.19.0
[INFO] [stderr]    Compiling tokenizers v0.22.2
[INFO] [stderr]    Compiling float8 v0.7.0
[INFO] [stderr]    Compiling gemm-f32 v0.19.0
[INFO] [stderr]    Compiling gemm-c64 v0.19.0
[INFO] [stderr]    Compiling gemm-f64 v0.19.0
[INFO] [stderr]    Compiling gemm-c32 v0.19.0
[INFO] [stderr]    Compiling gemm-f16 v0.19.0
[INFO] [stderr]    Compiling gemm v0.19.0
[INFO] [stderr]    Compiling hyper v1.10.1
[INFO] [stderr]    Compiling tokio-rustls v0.26.4
[INFO] [stderr]    Compiling hyper-util v0.1.20
[INFO] [stderr]    Compiling hyper-rustls v0.27.9
[INFO] [stderr]    Compiling reqwest v0.12.28
[INFO] [stderr]    Compiling candle-core v0.10.2
[INFO] [stderr]    Compiling object_store v0.13.2
[INFO] [stderr]    Compiling candle-nn v0.10.2
[INFO] [stderr]    Compiling uni-common v4.1.1
[INFO] [stderr]    Compiling uni-cypher v4.1.1
[INFO] [stderr]    Compiling uni-locy v4.1.1 (/opt/rustwide/workdir)
[INFO] [stderr]     Finished `release` profile [optimized] target(s) in 5m 39s
[INFO] running `Command { std: "docker" "inspect" "9fc3e06be1431bac46a518785ff78110aaa4c2ac904976ac37acc001724c72fd", kill_on_drop: false }`
[INFO] running `Command { std: "docker" "exec" "-e" "SOURCE_DIR=/opt/rustwide/workdir" "-e" "CARGO_HOME=/opt/rustwide/cargo-home" "-e" "RUSTUP_HOME=/opt/rustwide/rustup-home" "-e" "CARGO_TARGET_DIR=/opt/rustwide/target" "-e" "CARGO_INCREMENTAL=0" "-e" "RUST_BACKTRACE=full" "-e" "RUSTFLAGS=--cap-lints=warn" "-e" "RUSTDOCFLAGS=--cap-lints=warn" "-w" "/opt/rustwide/workdir" "--user" "0:0" "9fc3e06be1431bac46a518785ff78110aaa4c2ac904976ac37acc001724c72fd" "/opt/rustwide/cargo-home/bin/cargo" "+1.99.0-beta.8" "test" "--frozen" "--no-run" "--message-format=json" "--release", kill_on_drop: false }`
[INFO] [stderr]    Compiling uni-locy v4.1.1 (/opt/rustwide/workdir)
[INFO] [stderr]     Finished `release` profile [optimized] target(s) in 14.30s
[INFO] running `Command { std: "docker" "inspect" "9fc3e06be1431bac46a518785ff78110aaa4c2ac904976ac37acc001724c72fd", kill_on_drop: false }`
[INFO] running `Command { std: "docker" "exec" "-e" "SOURCE_DIR=/opt/rustwide/workdir" "-e" "CARGO_HOME=/opt/rustwide/cargo-home" "-e" "RUSTUP_HOME=/opt/rustwide/rustup-home" "-e" "CARGO_TARGET_DIR=/opt/rustwide/target" "-e" "CARGO_INCREMENTAL=0" "-e" "RUST_BACKTRACE=full" "-e" "RUSTFLAGS=--cap-lints=warn" "-e" "RUSTDOCFLAGS=--cap-lints=warn" "-w" "/opt/rustwide/workdir" "--user" "0:0" "9fc3e06be1431bac46a518785ff78110aaa4c2ac904976ac37acc001724c72fd" "/opt/rustwide/cargo-home/bin/cargo" "+1.99.0-beta.8" "test" "--frozen" "--release", kill_on_drop: false }`
[INFO] [stderr]     Finished `release` profile [optimized] target(s) in 0.29s
[INFO] [stderr]      Running unittests src/lib.rs (/opt/rustwide/target/release/deps/uni_locy-2aa491685d51d5eb)
[INFO] [stdout] 
[INFO] [stdout] running 156 tests
[INFO] [stdout] test calibration::tests::credal_calibrator_clamps_to_unit_interval ... ok
[INFO] [stdout] test calibration::dirichlet_tests::rejects_label_out_of_range ... ok
[INFO] [stdout] test calibration::tests::auc_known_values ... ok
[INFO] [stdout] test calibration::dirichlet_tests::rejects_empty ... ok
[INFO] [stdout] test calibration::dirichlet_tests::three_class_method_of_moments ... ok
[INFO] [stdout] test calibration::tests::credal_calibrator_emits_explicit_interval ... ok
[INFO] [stdout] test calibration::tests::isotonic_fit_is_monotone_and_improves_brier ... ok
[INFO] [stdout] test calibration::dirichlet_tests::rejects_arity_mismatch ... ok
[INFO] [stdout] test calibration::tests::log_loss_known_values ... ok
[INFO] [stdout] test calibration::tests::platt_fit_reduces_overconfidence ... ok
[INFO] [stdout] test calibration::tests::ensemble_calibrator_empty_passthrough ... ok
[INFO] [stdout] test calibration::tests::accuracy_known_values ... ok
[INFO] [stdout] test calibration::tests::debiased_ece_approaches_naive_for_large_n ... ok
[INFO] [stdout] test calibration::tests::debiased_ece_smaller_than_naive_in_small_sample ... ok
[INFO] [stdout] test calibration::tests::debiased_ece_zero_for_empty ... ok
[INFO] [stdout] test calibration::tests::brier_score_known_values ... ok
[INFO] [stdout] test calibration::tests::ece_large_for_overconfident ... ok
[INFO] [stdout] test calibration::tests::fitter_rejects_arity_mismatch ... ok
[INFO] [stdout] test compiler::stratify::tests::two_cycle_collapses_to_one_recursive_scc ... ok
[INFO] [stdout] test compiler::tests::best_by_with_declared_lattice_fold_still_rejected_under_registry_oracle ... ok
[INFO] [stdout] test compiler::tests::is_not_along_name_as_subject_is_rejected ... ok
[INFO] [stdout] test calibration::tests::sigmoid_logit_roundtrip ... ok
[INFO] [stdout] test calibration::tests::fitter_rejects_empty ... ok
[INFO] [stdout] test compiler::tests::best_by_with_registry_monotone_fold_still_compiles ... ok
[INFO] [stdout] test calibration::tests::temperature_fit_shrinks_overconfidence ... ok
[INFO] [stdout] test compiler::tests::having_without_fold_rejected ... ok
[INFO] [stdout] test compiler::tests::is_not_entirely_unbound_subject_is_rejected ... ok
[INFO] [stdout] test compiler::tests::is_not_match_bound_node_subjects_compile ... ok
[INFO] [stdout] test calibration::tests::ece_zero_for_perfectly_calibrated ... ok
[INFO] [stdout] test compiler::models::tests::llm_alias_heuristic_recognizes_common_prefixes ... ok
[INFO] [stdout] test calibration::tests::beta_fit_does_not_diverge ... ok
[INFO] [stdout] test calibration::tests::identity_passthrough ... ok
[INFO] [stdout] test calibration::dirichlet_tests::fits_uniform_when_no_variance ... ok
[INFO] [stdout] test compiler::tests::issue_265_direction_is_not_policed_outside_recursion ... ok
[INFO] [stdout] test calibration::tests::ensemble_calibrator_averages_estimators_and_reports_variance_band ... ok
[INFO] [stdout] test compiler::tests::is_not_subject_inside_parenthesized_subpattern_compiles ... ok
[INFO] [stdout] test compiler::tests::is_not_to_target_bound_by_earlier_positive_is_ref_compiles ... ok
[INFO] [stdout] test compiler::tests::is_not_relationship_variable_subject_is_rejected ... ok
[INFO] [stdout] test compiler::tests::issue_265_a_recursive_fold_without_having_warns_only_about_the_fold ... ok
[INFO] [stdout] test compiler::tests::issue_265_an_equality_require_is_rejected ... ok
[INFO] [stdout] test compiler::tests::is_not_yield_alias_of_a_node_compiles ... ok
[INFO] [stdout] test compiler::tests::issue_265_require_without_fold_is_rejected ... ok
[INFO] [stdout] test compiler::tests::issue_265_having_without_recursion_does_not_warn ... ok
[INFO] [stdout] test compiler::tests::issue_265_lower_bound_over_non_decreasing_fold_is_accepted ... ok
[INFO] [stdout] test compiler::tests::issue_265_having_on_a_self_referencing_rule_warns ... ok
[INFO] [stdout] test compiler::tests::issue_265_lower_bound_over_non_increasing_fold_is_rejected ... ok
[INFO] [stdout] test compiler::tests::is_not_yield_alias_subject_is_rejected ... ok
[INFO] [stdout] test compiler::tests::issue_265_upper_bound_over_non_decreasing_fold_is_rejected ... ok
[INFO] [stdout] test compiler::tests::phase_b_g1_uncalibrated_llm_suppressed_when_calibrated ... ok
[INFO] [stdout] test compiler::tests::is_not_subject_bound_by_earlier_positive_is_ref_compiles ... ok
[INFO] [stdout] test compiler::tests::phase_b_g1_uncalibrated_llm_warning ... ok
[INFO] [stdout] test compiler::tests::phase4_step1_multiple_commands ... ok
[INFO] [stdout] test compiler::tests::mprod_probability_domain_warning ... ok
[INFO] [stdout] test compiler::tests::phase_b_f1_fold_in_recursive_path_without_along ... ok
[INFO] [stdout] test compiler::tests::phase4_step1_query_command_extracted ... ok
[INFO] [stdout] test compiler::tests::mnor_probability_domain_warning ... ok
[INFO] [stdout] test compiler::tests::mnor_best_by_rejected ... ok
[INFO] [stdout] test compiler::tests::phase4_step1_undefined_rule_in_command ... ok
[INFO] [stdout] test compiler::tests::phase_b_model_name_collision ... ok
[INFO] [stdout] test compiler::tests::phase_b_model_arity_correct_accepted ... ok
[INFO] [stdout] test compiler::tests::positive_is_ref_with_non_node_subject_still_compiles ... ok
[INFO] [stdout] test compiler::tests::phase_b_preview_on_compiles_model ... ok
[INFO] [stdout] test compiler::tests::step1_single_non_recursive_rule ... ok
[INFO] [stdout] test compiler::tests::phase_b_f1_fires_even_when_along_present ... ok
[INFO] [stdout] test compiler::tests::step11_yield_schema_mismatch ... ok
[INFO] [stdout] test compiler::tests::step11_yield_schema_inference ... ok
[INFO] [stdout] test compiler::tests::phase_b_model_arity_mismatch_in_rule ... ok
[INFO] [stdout] test compiler::tests::issue_265_upper_bound_over_non_increasing_fold_is_accepted ... ok
[INFO] [stdout] test compiler::tests::step4_cyclic_negation ... ok
[INFO] [stdout] test compiler::tests::step5_prev_in_non_recursive ... ok
[INFO] [stdout] test compiler::tests::step12_mixed_priority ... ok
[INFO] [stdout] test compiler::tests::step7_msum_warning ... ok
[INFO] [stdout] test compiler::tests::phase_b_preview_off_rejects_create_model ... ok
[INFO] [stdout] test compiler::tests::step6_non_monotonic_in_recursion ... ok
[INFO] [stdout] test compiler::tests::phase_b_where_model_invocation_rejected ... ok
[INFO] [stdout] test compiler::tests::step8_best_by_with_monotonic_fold ... ok
[INFO] [stdout] test config::tests::resolve_rejects_topkproofs_k_zero ... ok
[INFO] [stdout] test compiler::tests::step10_wardedness_violation ... ok
[INFO] [stdout] test compiler::tests::step2_two_strata_dependency_order ... ok
[INFO] [stdout] test config::tests::resolve_rejects_topkproofs_plus_exact_probability ... ok
[INFO] [stdout] test dependency_dnf::tests::dnf_and_with_distributes ... ok
[INFO] [stdout] test dependency_dnf::tests::dnf_empty_is_zero ... ok
[INFO] [stdout] test dependency_dnf::tests::dnf_independent_clauses_match_noisy_or ... ok
[INFO] [stdout] test dependency_dnf::tests::dnf_single_empty_clause_is_one ... ok
[INFO] [stdout] test dependency_dnf::tests::rvset_empty_and_single ... ok
[INFO] [stdout] test dependency_dnf::tests::rvset_insert_outside_window_spills_to_vec ... ok
[INFO] [stdout] test dependency_dnf::tests::rvset_insert_within_window ... ok
[INFO] [stdout] test dependency_dnf::tests::rvset_subset ... ok
[INFO] [stdout] test dependency_dnf::tests::rvset_union_and_intersect ... ok
[INFO] [stdout] test names::tests::bare_reference_matches_qualified_key ... ok
[INFO] [stdout] test dependency_dnf::tests::dnf_or_with_concatenates ... ok
[INFO] [stdout] test names::tests::dotted_reference_never_falls_back_to_bare ... ok
[INFO] [stdout] test dependency_dnf::tests::dnf_single_rv_clause_returns_rv_weight ... ok
[INFO] [stdout] test compiler::tests::step3_recursive_rule_single_stratum ... ok
[INFO] [stdout] test names::tests::exact_match_always_counts ... ok
[INFO] [stdout] test names::tests::resolve_unique_prefers_an_exact_key_over_a_qualified_one ... ok
[INFO] [stdout] test names::tests::resolve_unique_refuses_ambiguity ... ok
[INFO] [stdout] test config::tests::resolve_promotes_exact_probability_to_bdd ... ok
[INFO] [stdout] test config::tests::resolve_rejects_maxmin_plus_exact ... ok
[INFO] [stdout] test names::tests::suffix_match_respects_segment_boundary ... ok
[INFO] [stdout] test neural::tests::classify_input_hash_order_independent ... ok
[INFO] [stdout] test compiler::tests::step9_undefined_rule ... ok
[INFO] [stdout] test config::tests::resolve_default_is_add_mult_prob ... ok
[INFO] [stdout] test config::tests::resolve_passes_maxmin_through ... ok
[INFO] [stdout] test config::tests::resolve_passes_topkproofs_through ... ok
[INFO] [stdout] test names::tests::resolve_unique_returns_none_when_nothing_matches ... ok
[INFO] [stdout] test dependency_dnf::tests::dnf_shared_rv_corrects_for_overlap ... ok
[INFO] [stdout] test neural::tests::mock_feature_driven ... ok
[INFO] [stdout] test neural::tests::model_invocation_cache_evicts_on_overflow ... ok
[INFO] [stdout] test neural::tests::model_invocation_cache_hit_miss ... ok
[INFO] [stdout] test prune::tests::a_cycle_between_pool_strata_terminates ... ok
[INFO] [stdout] test prune::tests::bare_seed_matches_a_module_qualified_rule ... ok
[INFO] [stdout] test prune::tests::a_negated_reference_still_seeds_retention ... ok
[INFO] [stdout] test prune::tests::ambiguous_bare_seed_retains_every_candidate ... ok
[INFO] [stdout] test prune::tests::empty_seeds_retain_nothing ... ok
[INFO] [stdout] test prune::tests::exact_name_retains_its_stratum_only ... ok
[INFO] [stdout] test prune::tests::one_rule_spanning_two_strata_retains_both ... ok
[INFO] [stdout] test prune::tests::transitive_chain_is_closed_in_pool_order ... ok
[INFO] [stdout] test result::confidence_source_tests::conformal_debug_format ... ok
[INFO] [stdout] test result::confidence_source_tests::credal_debug_format ... ok
[INFO] [stdout] test result::confidence_source_tests::ensemble_variance_debug_format ... ok
[INFO] [stdout] test neural::tests::inverse_sigmoid_endpoints ... ok
[INFO] [stdout] test result::tests::columns_returned_in_sorted_order ... ok
[INFO] [stdout] test semiring::tests::dispatch_routes_to_correct_impl ... ok
[INFO] [stdout] test neural::tests::mock_rejects_nan ... ok
[INFO] [stdout] test semiring::tests::identities_are_correct ... ok
[INFO] [stdout] test semiring::tests::max_min_prob_viterbi ... ok
[INFO] [stdout] test neural::tests::classify_logits_default_inverse_sigmoid ... ok
[INFO] [stdout] test top_k_proofs::tests::dedup_after_cartesian_in_times ... ok
[INFO] [stdout] test top_k_proofs::tests::dnf_view_corrects_for_shared_rv ... ok
[INFO] [stdout] test neural::tests::feature_value_hash_distinguishes_variants ... ok
[INFO] [stdout] test neural::tests::feature_value_vector_hash ... ok
[INFO] [stdout] test prune::tests::dotted_seed_does_not_match_a_bare_rule ... ok
[INFO] [stdout] test result::tests::abduce_result_serializes_to_json ... ok
[INFO] [stdout] test top_k_proofs::tests::negate_of_two_independent_proofs ... ok
[INFO] [stdout] test top_k_proofs::tests::one_tag_is_multiplicative_identity ... ok
[INFO] [stdout] test neural::tests::mock_constant_returns_value_per_row ... ok
[INFO] [stdout] test semiring::tests::add_mult_prob_matches_pre_refactor_noisy_or ... ok
[INFO] [stdout] test semiring::tests::max_min_prob_strict_domain_violation ... ok
[INFO] [stdout] test semiring::tests::add_mult_prob_product_underflow_safe ... ok
[INFO] [stdout] test top_k_proofs::tests::plus_dedups_identical_dependency_proofs ... ok
[INFO] [stdout] test top_k_proofs::tests::plus_emits_crossed_dependency_when_pruning_drops_shared_rv ... ok
[INFO] [stdout] test prune::tests::a_whole_stratum_expands_even_via_a_co_member ... ok
[INFO] [stdout] test top_k_proofs::tests::weight_of_zero_is_zero ... ok
[INFO] [stdout] test top_k_proofs::tests::weight_of_one_is_one ... ok
[INFO] [stdout] test top_k_proofs::tests::times_with_zero_is_zero ... ok
[INFO] [stdout] test types::tests::warning_codes_have_distinct_strings ... ok
[INFO] [stdout] test top_k_proofs::tests::weight_independent_proofs_match_noisy_or ... ok
[INFO] [stdout] test top_k_proofs::tests::weight_single_proof ... ok
[INFO] [stdout] test top_k_proofs::tests::times_cartesian_products_proofs ... ok
[INFO] [stdout] test top_k_proofs::tests::plus_retains_top_k_by_weight ... ok
[INFO] [stdout] test semiring::tests::strict_domain_violation ... ok
[INFO] [stdout] test top_k_proofs::tests::negate_collapses_to_degenerate_tag ... ok
[INFO] [stdout] test top_k_proofs::tests::empty_tag_is_additive_identity ... ok
[INFO] [stdout] test top_k_proofs::tests::kind_reports_k ... ok
[INFO] [stdout] test compiler::stratify::tests::deep_linear_chain_does_not_overflow_stack ... ok
[INFO] [stdout] 
[INFO] [stdout] test result: ok. 156 passed; 0 failed; 0 ignored; 0 measured; 0 filtered out; finished in 0.05s
[INFO] [stdout] 
[INFO] [stderr]      Running tests/integration.rs (/opt/rustwide/target/release/deps/integration-c974de05ad1d310a)
[INFO] [stdout] 
[INFO] [stdout] running 15 tests
[INFO] [stdout] test repro_isotonic_tied_preds::isotonic_tied_predictions_return_lowest_block_not_pooled_mean ... ok
[INFO] [stdout] test repro_along_prev_in_comparison::backtick_escaped_prev_is_not_refused ... ok
[INFO] [stdout] test repro_along_prev_in_comparison::prev_in_arithmetic_recursive_still_compiles ... ok
[INFO] [stdout] test repro_along_prev_in_comparison::comparisons_without_prev_still_parse ... ok
[INFO] [stdout] test repro_along_having_arity_skipped::model_arity_validated_in_yield_but_not_along ... ok
[INFO] [stdout] test repro_pathctx_list_no_dep_edge::pathctx_model_in_list_literal_drops_dependency_edge ... ok
[INFO] [stdout] test repro_along_prev_in_comparison::prev_in_arithmetic_base_case_is_still_rejected ... ok
[INFO] [stdout] test repro_along_prev_in_comparison::prev_in_comparison_base_case_is_not_silently_accepted ... ok
[INFO] [stdout] test repro_module_self_recursion_typecheck::module_qualified_self_recursion_wrongly_rejected ... ok
[INFO] [stdout] test repro_warded_parenthesized_path::genuinely_unwarded_companion_is_still_rejected ... ok
[INFO] [stdout] test repro_along_prev_in_comparison::prev_in_comparison_recursive_is_refused_not_silently_stripped ... ok
[INFO] [stdout] test repro_warded_parenthesized_path::parenthesized_companion_is_still_warded ... ok
[INFO] [stdout] test repro_warded_parenthesized_path::quantified_parenthesized_companion_is_warded ... ok
[INFO] [stdout] test repro_assume_body_outer_rule_ref::assume_body_rule_referencing_outer_rule_wrongly_undefined ... ok
[INFO] [stdout] test repro_warded_parenthesized_path::unparenthesized_companion_is_warded ... ok
[INFO] [stdout] 
[INFO] [stdout] test result: ok. 15 passed; 0 failed; 0 ignored; 0 measured; 0 filtered out; finished in 0.01s
[INFO] [stdout] 
[INFO] [stderr]    Doc-tests uni_locy
[INFO] [stdout] 
[INFO] [stdout] running 5 tests
[INFO] [stdout] test src/neural.rs - neural::CalibratedClassifier (line 272) ... ignored
[INFO] [stdout] test src/prune.rs - prune::collect_referenced_rule_names (line 51) ... FAILED
[INFO] [stdout] test src/names.rs - names::name_matches (line 36) ... ok
[INFO] [stdout] test src/names.rs - names::resolve_unique (line 67) ... ok
[INFO] [stdout] test src/prune.rs - prune::reachable_pool_strata (line 135) ... ok
[INFO] [stdout] 
[INFO] [stdout] failures:
[INFO] [stdout] 
[INFO] [stdout] ---- src/prune.rs - prune::collect_referenced_rule_names (line 51) stdout ----
[INFO] [stdout] error[E0599]: no associated function or constant named `default` found for struct `CompiledProgram` in the current scope
[INFO] [stdout]   --> src/prune.rs:56:30
[INFO] [stdout]    |
[INFO] [stdout] 56 | let empty = CompiledProgram::default();
[INFO] [stdout]    |                              ^^^^^^^ associated function or constant not found in `CompiledProgram`
[INFO] [stdout] 
[INFO] [stdout] error: aborting due to 1 previous error
[INFO] [stdout] 
[INFO] [stdout] For more information about this error, try `rustc --explain E0599`.
[INFO] [stdout] Couldn't compile the test.
[INFO] [stdout] 
[INFO] [stdout] failures:
[INFO] [stdout]     src/prune.rs - prune::collect_referenced_rule_names (line 51)
[INFO] [stdout] 
[INFO] [stdout] test result: FAILED. 3 passed; 1 failed; 1 ignored; 0 measured; 0 filtered out; finished in 0.65s
[INFO] [stdout] 
[INFO] [stdout] all doctests ran in 0.88s; merged doctests compilation took 0.22s
[INFO] [stderr] error: doctest failed, to rerun pass `--doc`
[INFO] running `Command { std: "docker" "inspect" "9fc3e06be1431bac46a518785ff78110aaa4c2ac904976ac37acc001724c72fd", kill_on_drop: false }`
[INFO] running `Command { std: "docker" "rm" "-f" "9fc3e06be1431bac46a518785ff78110aaa4c2ac904976ac37acc001724c72fd", kill_on_drop: false }`
[INFO] [stdout] 9fc3e06be1431bac46a518785ff78110aaa4c2ac904976ac37acc001724c72fd
