[INFO] fetching crate unhwp-cli 0.22.0...
[INFO] testing unhwp-cli-0.22.0 against 1.99.0-beta.8+cargoflags=--release for beta-release-1.100-2
[INFO] extracting crate unhwp-cli 0.22.0 into /workspace/builds/worker-0-tc1/source
[INFO] started tweaking crates.io crate unhwp-cli 0.22.0
[INFO] removed 0 missing tests
[INFO] finished tweaking crates.io crate unhwp-cli 0.22.0
[INFO] tweaked toml for crates.io crate unhwp-cli 0.22.0 written to /workspace/builds/worker-0-tc1/source/Cargo.toml
[INFO] validating manifest of crates.io crate unhwp-cli 0.22.0 on toolchain 1.99.0-beta.8
[INFO] running `Command { std: CARGO_HOME="/workspace/cargo-home" RUSTUP_HOME="/workspace/rustup-home" "/workspace/cargo-home/bin/cargo" "+1.99.0-beta.8" "metadata" "--manifest-path" "Cargo.toml" "--no-deps", kill_on_drop: false }`
[INFO] crate crates.io crate unhwp-cli 0.22.0 already has a lockfile, it will not be regenerated
[INFO] running `Command { std: CARGO_HOME="/workspace/cargo-home" RUSTUP_HOME="/workspace/rustup-home" "/workspace/cargo-home/bin/cargo" "+1.99.0-beta.8" "fetch" "--manifest-path" "Cargo.toml", kill_on_drop: false }`
[INFO] [stderr]     Updating crates.io index
[INFO] [stderr]  Downloading crates ...
[INFO] [stderr]   Downloaded unparser-shared v0.12.0
[INFO] [stderr]   Downloaded zipsign-api v0.2.1
[INFO] [stderr]   Downloaded zip v9.0.0
[INFO] [stderr]   Downloaded ppmd-rust v1.4.1
[INFO] [stderr]   Downloaded ureq-proto v0.6.2
[INFO] [stderr]   Downloaded lzma-rust2 v0.21.0
[INFO] [stderr]   Downloaded ureq v3.4.1
[INFO] [stderr]   Downloaded self_update v1.3.0
[INFO] [stderr]   Downloaded unhwp v0.22.0
[INFO] [stderr]   Downloaded cfb v0.15.0
[INFO] running `Command { std: "docker" "create" "-v" "/var/lib/crater-agent-workspace/builds/worker-0-tc1/source:/opt/rustwide/workdir:ro,Z" "-v" "/var/lib/crater-agent-workspace/builds/worker-0-tc1/target:/opt/rustwide/target:rw,Z" "-v" "/var/lib/crater-agent-workspace/cargo-home:/opt/rustwide/cargo-home:ro,Z" "-v" "/var/lib/crater-agent-workspace/rustup-home:/opt/rustwide/rustup-home:ro,Z" "-m" "1610612736" "--network" "none" "ghcr.io/rust-lang/crates-build-env/linux@sha256:77db811e55d90add9212f6832c23229e3de5f1c1f9905e8cb07319ea15df73ac" "sleep" "infinity", kill_on_drop: false }`
[INFO] [stdout] ae1b045d025a6282427138cc65b0dd01cfd6bb95f0b83a03a1d3b3040de07235
[INFO] running `Command { std: "docker" "start" "ae1b045d025a6282427138cc65b0dd01cfd6bb95f0b83a03a1d3b3040de07235", kill_on_drop: false }`
[INFO] running `Command { std: "docker" "inspect" "ae1b045d025a6282427138cc65b0dd01cfd6bb95f0b83a03a1d3b3040de07235", kill_on_drop: false }`
[INFO] running `Command { std: "docker" "exec" "-e" "SOURCE_DIR=/opt/rustwide/workdir" "-e" "CARGO_HOME=/opt/rustwide/cargo-home" "-e" "RUSTUP_HOME=/opt/rustwide/rustup-home" "-e" "CARGO_TARGET_DIR=/opt/rustwide/target" "-w" "/opt/rustwide/workdir" "--user" "0:0" "ae1b045d025a6282427138cc65b0dd01cfd6bb95f0b83a03a1d3b3040de07235" "/opt/rustwide/cargo-home/bin/cargo" "+1.99.0-beta.8" "metadata" "--no-deps" "--format-version=1", kill_on_drop: false }`
[INFO] running `Command { std: "docker" "inspect" "ae1b045d025a6282427138cc65b0dd01cfd6bb95f0b83a03a1d3b3040de07235", kill_on_drop: false }`
[INFO] running `Command { std: "docker" "exec" "-e" "SOURCE_DIR=/opt/rustwide/workdir" "-e" "CARGO_HOME=/opt/rustwide/cargo-home" "-e" "RUSTUP_HOME=/opt/rustwide/rustup-home" "-e" "CARGO_TARGET_DIR=/opt/rustwide/target" "-e" "CARGO_INCREMENTAL=0" "-e" "RUST_BACKTRACE=full" "-e" "RUSTFLAGS=--cap-lints=warn" "-e" "RUSTDOCFLAGS=--cap-lints=warn" "-w" "/opt/rustwide/workdir" "--user" "0:0" "ae1b045d025a6282427138cc65b0dd01cfd6bb95f0b83a03a1d3b3040de07235" "/opt/rustwide/cargo-home/bin/cargo" "+1.99.0-beta.8" "build" "--frozen" "--message-format=json" "--release", kill_on_drop: false }`
[INFO] [stderr]    Compiling find-msvc-tools v0.1.12
[INFO] [stderr]    Compiling crc32fast v1.5.1
[INFO] [stderr]    Compiling simd-adler32 v0.3.10
[INFO] [stderr]    Compiling typenum v1.20.1
[INFO] [stderr]    Compiling zlib-rs v0.6.7
[INFO] [stderr]    Compiling httparse v1.10.1
[INFO] [stderr]    Compiling getrandom v0.2.17
[INFO] [stderr]    Compiling crossbeam-utils v0.8.23
[INFO] [stderr]    Compiling bumpalo v3.20.3
[INFO] [stderr]    Compiling syn v3.0.5
[INFO] [stderr]    Compiling rustls v0.23.46
[INFO] [stderr]    Compiling crossbeam-epoch v0.9.21
[INFO] [stderr]    Compiling getrandom v0.4.3
[INFO] [stderr]    Compiling time v0.3.55
[INFO] [stderr]    Compiling pulldown-cmark v0.13.4
[INFO] [stderr]    Compiling zstd-safe v7.3.0
[INFO] [stderr]    Compiling const-oid v0.10.2
[INFO] [stderr]    Compiling base64 v0.23.1
[INFO] [stderr]    Compiling typed-path v0.12.3
[INFO] [stderr]    Compiling crossbeam-deque v0.8.8
[INFO] [stderr]    Compiling cc v1.4.5
[INFO] [stderr]    Compiling miniz_oxide v0.9.1
[INFO] [stderr]    Compiling socks v0.3.4
[INFO] [stderr]    Compiling console v0.16.4
[INFO] [stderr]    Compiling tempfile v3.27.0
[INFO] [stderr]    Compiling zopfli v0.8.3
[INFO] [stderr]    Compiling xattr v1.6.1
[INFO] [stderr]    Compiling ureq-proto v0.6.2
[INFO] [stderr]    Compiling webpki-roots v1.0.9
[INFO] [stderr]    Compiling filetime v0.2.29
[INFO] [stderr]    Compiling utf8-zero v0.8.1
[INFO] [stderr]    Compiling self_update v1.3.0
[INFO] [stderr]    Compiling cpufeatures v0.3.1
[INFO] [stderr]    Compiling unit-prefix v0.5.2
[INFO] [stderr]    Compiling tar v0.4.46
[INFO] [stderr]    Compiling indicatif v0.18.6
[INFO] [stderr]    Compiling self-replace v1.5.0
[INFO] [stderr]    Compiling urlencoding v2.1.3
[INFO] [stderr]    Compiling hybrid-array v0.4.14
[INFO] [stderr]    Compiling libbz2-rs-sys v0.2.5
[INFO] [stderr]    Compiling rayon-core v1.13.0
[INFO] [stderr]    Compiling tinyvec v1.13.2
[INFO] [stderr]    Compiling colored v3.1.1
[INFO] [stderr]    Compiling ppmd-rust v1.4.1
[INFO] [stderr]    Compiling block-buffer v0.12.1
[INFO] [stderr]    Compiling crypto-common v0.2.2
[INFO] [stderr]    Compiling bzip2 v0.6.1
[INFO] [stderr]    Compiling deflate64 v0.1.12
[INFO] [stderr]    Compiling ring v0.17.14
[INFO] [stderr]    Compiling zstd-sys v2.1.0+zstd.1.5.7
[INFO] [stderr]    Compiling either v1.18.0
[INFO] [stderr]    Compiling uuid v1.26.0
[INFO] [stderr]    Compiling rayon v1.12.0
[INFO] [stderr]    Compiling clap_builder v4.6.6
[INFO] [stderr]    Compiling pulldown-cmark-to-cmark v22.0.1
[INFO] [stderr]    Compiling cfb v0.15.0
[INFO] [stderr]    Compiling digest v0.11.3
[INFO] [stderr]    Compiling sha2 v0.11.0
[INFO] [stderr]    Compiling unicode-normalization v0.1.25
[INFO] [stderr]    Compiling lzma-rust2 v0.21.0
[INFO] [stderr]    Compiling flate2 v1.1.10
[INFO] [stderr]    Compiling serde_derive v1.0.229
[INFO] [stderr]    Compiling thiserror-impl v2.0.20
[INFO] [stderr]    Compiling clap_derive v4.6.4
[INFO] [stderr]    Compiling zip v8.6.0
[INFO] [stderr]    Compiling thiserror v2.0.20
[INFO] [stderr]    Compiling clap v4.6.6
[INFO] [stderr]    Compiling serde v1.0.229
[INFO] [stderr]    Compiling rustls-webpki v0.103.15
[INFO] [stderr]    Compiling ureq v3.4.1
[INFO] [stderr]    Compiling zstd v0.13.3
[INFO] [stderr]    Compiling zip v9.0.0
[INFO] [stderr]    Compiling unparser-shared v0.12.0
[INFO] [stderr]    Compiling unhwp v0.22.0
[INFO] [stderr]    Compiling unhwp-cli v0.22.0 (/opt/rustwide/workdir)
[INFO] [stderr]     Finished `release` profile [optimized] target(s) in 2m 00s
[INFO] running `Command { std: "docker" "inspect" "ae1b045d025a6282427138cc65b0dd01cfd6bb95f0b83a03a1d3b3040de07235", kill_on_drop: false }`
[INFO] running `Command { std: "docker" "exec" "-e" "SOURCE_DIR=/opt/rustwide/workdir" "-e" "CARGO_HOME=/opt/rustwide/cargo-home" "-e" "RUSTUP_HOME=/opt/rustwide/rustup-home" "-e" "CARGO_TARGET_DIR=/opt/rustwide/target" "-e" "CARGO_INCREMENTAL=0" "-e" "RUST_BACKTRACE=full" "-e" "RUSTFLAGS=--cap-lints=warn" "-e" "RUSTDOCFLAGS=--cap-lints=warn" "-w" "/opt/rustwide/workdir" "--user" "0:0" "ae1b045d025a6282427138cc65b0dd01cfd6bb95f0b83a03a1d3b3040de07235" "/opt/rustwide/cargo-home/bin/cargo" "+1.99.0-beta.8" "test" "--frozen" "--no-run" "--message-format=json" "--release", kill_on_drop: false }`
[INFO] [stderr]    Compiling unhwp-cli v0.22.0 (/opt/rustwide/workdir)
[INFO] [stderr]     Finished `release` profile [optimized] target(s) in 5.35s
[INFO] running `Command { std: "docker" "inspect" "ae1b045d025a6282427138cc65b0dd01cfd6bb95f0b83a03a1d3b3040de07235", kill_on_drop: false }`
[INFO] running `Command { std: "docker" "exec" "-e" "SOURCE_DIR=/opt/rustwide/workdir" "-e" "CARGO_HOME=/opt/rustwide/cargo-home" "-e" "RUSTUP_HOME=/opt/rustwide/rustup-home" "-e" "CARGO_TARGET_DIR=/opt/rustwide/target" "-e" "CARGO_INCREMENTAL=0" "-e" "RUST_BACKTRACE=full" "-e" "RUSTFLAGS=--cap-lints=warn" "-e" "RUSTDOCFLAGS=--cap-lints=warn" "-w" "/opt/rustwide/workdir" "--user" "0:0" "ae1b045d025a6282427138cc65b0dd01cfd6bb95f0b83a03a1d3b3040de07235" "/opt/rustwide/cargo-home/bin/cargo" "+1.99.0-beta.8" "test" "--frozen" "--release", kill_on_drop: false }`
[INFO] [stderr]     Finished `release` profile [optimized] target(s) in 0.24s
[INFO] [stderr]      Running unittests src/main.rs (/opt/rustwide/target/release/deps/unhwp-679f03e5e45d08bc)
[INFO] [stdout] 
[INFO] [stdout] running 4 tests
[INFO] [stdout] test tests::test_cli_parse ... ok
[INFO] [stdout] test tests::default_output_dir_lowercases_the_extension_and_handles_none ... ok
[INFO] [stdout] test tests::test_output_format_from_str ... ok
[INFO] [stdout] test tests::default_output_dirs_differ_for_inputs_differing_only_in_extension ... ok
[INFO] [stdout] 
[INFO] [stdout] test result: ok. 4 passed; 0 failed; 0 ignored; 0 measured; 0 filtered out; finished in 0.00s
[INFO] [stdout] 
[INFO] [stderr]      Running tests/cli_tables.rs (/opt/rustwide/target/release/deps/cli_tables-637e4f403c603654)
[INFO] [stdout] 
[INFO] [stdout] running 3 tests
[INFO] [stdout] test tsv_separates_fields_with_tabs ... FAILED
[INFO] [stdout] test tables_to_a_directory_are_named_for_their_section_and_place ... FAILED
[INFO] [stdout] test tables_to_stdout_are_csv ... FAILED
[INFO] [stdout] 
[INFO] [stdout] failures:
[INFO] [stdout] 
[INFO] [stdout] ---- tsv_separates_fields_with_tabs stdout ----
[INFO] [stdout] 
[INFO] [stdout] thread 'tsv_separates_fields_with_tabs' (2041) panicked at tests/cli_tables.rs:48:44:
[INFO] [stdout] the committed fixture must exist: Os { code: 2, kind: NotFound, message: "No such file or directory" }
[INFO] [stdout] stack backtrace:
[INFO] [stdout]    0:     0x5d6d30b0e201 - <<std[70759c8f55707aa4]::sys::backtrace::BacktraceLock>::print::DisplayBacktrace as core[df12db4294e9bfd3]::fmt::Display>::fmt
[INFO] [stdout]    1:     0x5d6d30b2304a - core[df12db4294e9bfd3]::fmt::write
[INFO] [stdout]    2:     0x5d6d30b129dc - <alloc[2182bb758b4b3781]::vec::Vec<u8> as core[df12db4294e9bfd3]::io::write::Write>::write_fmt
[INFO] [stdout]    3:     0x5d6d30ae8686 - std[70759c8f55707aa4]::panicking::default_hook::{closure#0}
[INFO] [stdout]    4:     0x5d6d30b05709 - std[70759c8f55707aa4]::panicking::default_hook
[INFO] [stdout]    5:     0x5d6d30aa03f0 - test[9d35eded1c95d3be]::test_main_inner::<test[9d35eded1c95d3be]::test_main_static::{closure#0}>::{closure#0}
[INFO] [stdout]    6:     0x5d6d30b058c2 - std[70759c8f55707aa4]::panicking::panic_with_hook
[INFO] [stdout]    7:     0x5d6d30ae8732 - std[70759c8f55707aa4]::panicking::panic_handler::{closure#0}
[INFO] [stdout]    8:     0x5d6d30ae1169 - std[70759c8f55707aa4]::sys::backtrace::__rust_end_short_backtrace::<std[70759c8f55707aa4]::panicking::panic_handler::{closure#0}, !>
[INFO] [stdout]    9:     0x5d6d30ae932d - __rustc[8fa7c3cbc660c2b3]::rust_begin_unwind
[INFO] [stdout]   10:     0x5d6d30b2377c - core[df12db4294e9bfd3]::panicking::panic_fmt
[INFO] [stdout]   11:     0x5d6d30b23552 - core[df12db4294e9bfd3]::result::unwrap_failed
[INFO] [stdout]   12:     0x5d6d30998139 - cli_tables[d312aa36e2eef1bf]::input
[INFO] [stdout]   13:     0x5d6d30999795 - <cli_tables[d312aa36e2eef1bf]::tsv_separates_fields_with_tabs::{closure#0} as core[df12db4294e9bfd3]::ops::function::FnOnce<()>>::call_once
[INFO] [stdout]   14:     0x5d6d30a936db - test[9d35eded1c95d3be]::__rust_begin_short_backtrace::<core[df12db4294e9bfd3]::result::Result<(), alloc[2182bb758b4b3781]::string::String>, fn() -> core[df12db4294e9bfd3]::result::Result<(), alloc[2182bb758b4b3781]::string::String>>
[INFO] [stdout]   15:     0x5d6d30aa0d45 - test[9d35eded1c95d3be]::run_test::{closure#0}
[INFO] [stdout]   16:     0x5d6d30a9a604 - std[70759c8f55707aa4]::sys::backtrace::__rust_begin_short_backtrace::<test[9d35eded1c95d3be]::run_test::{closure#1}, ()>
[INFO] [stdout]   17:     0x5d6d30aa3ea2 - <std[70759c8f55707aa4]::thread::lifecycle::spawn_unchecked<test[9d35eded1c95d3be]::run_test::{closure#1}, ()>::{closure#1} as core[df12db4294e9bfd3]::ops::function::FnOnce<()>>::call_once::{shim:vtable#0}
[INFO] [stdout]   18:     0x5d6d30b0d259 - <std[70759c8f55707aa4]::sys::thread::unix::Thread>::new::thread_start
[INFO] [stdout]   19:     0x7a13367cfdfa - <unknown>
[INFO] [stdout]   20:     0x7a13368633d4 - clone
[INFO] [stdout]   21:                0x0 - <unknown>
[INFO] [stdout] 
[INFO] [stdout] ---- tables_to_a_directory_are_named_for_their_section_and_place stdout ----
[INFO] [stdout] 
[INFO] [stdout] thread 'tables_to_a_directory_are_named_for_their_section_and_place' (2039) panicked at tests/cli_tables.rs:48:44:
[INFO] [stdout] the committed fixture must exist: Os { code: 2, kind: NotFound, message: "No such file or directory" }
[INFO] [stdout] stack backtrace:
[INFO] [stdout]    0:     0x5d6d30b0e201 - <<std[70759c8f55707aa4]::sys::backtrace::BacktraceLock>::print::DisplayBacktrace as core[df12db4294e9bfd3]::fmt::Display>::fmt
[INFO] [stdout]    1:     0x5d6d30b2304a - core[df12db4294e9bfd3]::fmt::write
[INFO] [stdout]    2:     0x5d6d30b129dc - <alloc[2182bb758b4b3781]::vec::Vec<u8> as core[df12db4294e9bfd3]::io::write::Write>::write_fmt
[INFO] [stdout]    3:     0x5d6d30ae8686 - std[70759c8f55707aa4]::panicking::default_hook::{closure#0}
[INFO] [stdout]    4:     0x5d6d30b05709 - std[70759c8f55707aa4]::panicking::default_hook
[INFO] [stdout]    5:     0x5d6d30aa03f0 - test[9d35eded1c95d3be]::test_main_inner::<test[9d35eded1c95d3be]::test_main_static::{closure#0}>::{closure#0}
[INFO] [stdout]    6:     0x5d6d30b058c2 - std[70759c8f55707aa4]::panicking::panic_with_hook
[INFO] [stdout]    7:     0x5d6d30ae8732 - std[70759c8f55707aa4]::panicking::panic_handler::{closure#0}
[INFO] [stdout]    8:     0x5d6d30ae1169 - std[70759c8f55707aa4]::sys::backtrace::__rust_end_short_backtrace::<std[70759c8f55707aa4]::panicking::panic_handler::{closure#0}, !>
[INFO] [stdout]    9:     0x5d6d30ae932d - __rustc[8fa7c3cbc660c2b3]::rust_begin_unwind
[INFO] [stdout]   10:     0x5d6d30b2377c - core[df12db4294e9bfd3]::panicking::panic_fmt
[INFO] [stdout]   11:     0x5d6d30b23552 - core[df12db4294e9bfd3]::result::unwrap_failed
[INFO] [stdout]   12:     0x5d6d30998139 - cli_tables[d312aa36e2eef1bf]::input
[INFO] [stdout]   13:     0x5d6d30999b46 - <cli_tables[d312aa36e2eef1bf]::tables_to_a_directory_are_named_for_their_section_and_place::{closure#0} as core[df12db4294e9bfd3]::ops::function::FnOnce<()>>::call_once
[INFO] [stdout]   14:     0x5d6d30a936db - test[9d35eded1c95d3be]::__rust_begin_short_backtrace::<core[df12db4294e9bfd3]::result::Result<(), alloc[2182bb758b4b3781]::string::String>, fn() -> core[df12db4294e9bfd3]::result::Result<(), alloc[2182bb758b4b3781]::string::String>>
[INFO] [stdout]   15:     0x5d6d30aa0d45 - test[9d35eded1c95d3be]::run_test::{closure#0}
[INFO] [stdout]   16:     0x5d6d30a9a604 - std[70759c8f55707aa4]::sys::backtrace::__rust_begin_short_backtrace::<test[9d35eded1c95d3be]::run_test::{closure#1}, ()>
[INFO] [stdout]   17:     0x5d6d30aa3ea2 - <std[70759c8f55707aa4]::thread::lifecycle::spawn_unchecked<test[9d35eded1c95d3be]::run_test::{closure#1}, ()>::{closure#1} as core[df12db4294e9bfd3]::ops::function::FnOnce<()>>::call_once::{shim:vtable#0}
[INFO] [stdout]   18:     0x5d6d30b0d259 - <std[70759c8f55707aa4]::sys::thread::unix::Thread>::new::thread_start
[INFO] [stdout]   19:     0x7a13367cfdfa - <unknown>
[INFO] [stdout]   20:     0x7a13368633d4 - clone
[INFO] [stdout]   21:                0x0 - <unknown>
[INFO] [stdout] 
[INFO] [stdout] ---- tables_to_stdout_are_csv stdout ----
[INFO] [stdout] 
[INFO] [stdout] thread 'tables_to_stdout_are_csv' (2040) panicked at tests/cli_tables.rs:48:44:
[INFO] [stdout] the committed fixture must exist: Os { code: 2, kind: NotFound, message: "No such file or directory" }
[INFO] [stdout] stack backtrace:
[INFO] [stdout]    0:     0x5d6d30b0e201 - <<std[70759c8f55707aa4]::sys::backtrace::BacktraceLock>::print::DisplayBacktrace as core[df12db4294e9bfd3]::fmt::Display>::fmt
[INFO] [stdout]    1:     0x5d6d30b2304a - core[df12db4294e9bfd3]::fmt::write
[INFO] [stdout]    2:     0x5d6d30b129dc - <alloc[2182bb758b4b3781]::vec::Vec<u8> as core[df12db4294e9bfd3]::io::write::Write>::write_fmt
[INFO] [stdout]    3:     0x5d6d30ae8686 - std[70759c8f55707aa4]::panicking::default_hook::{closure#0}
[INFO] [stdout]    4:     0x5d6d30b05709 - std[70759c8f55707aa4]::panicking::default_hook
[INFO] [stdout]    5:     0x5d6d30aa03f0 - test[9d35eded1c95d3be]::test_main_inner::<test[9d35eded1c95d3be]::test_main_static::{closure#0}>::{closure#0}
[INFO] [stdout]    6:     0x5d6d30b058c2 - std[70759c8f55707aa4]::panicking::panic_with_hook
[INFO] [stdout]    7:     0x5d6d30ae8732 - std[70759c8f55707aa4]::panicking::panic_handler::{closure#0}
[INFO] [stdout]    8:     0x5d6d30ae1169 - std[70759c8f55707aa4]::sys::backtrace::__rust_end_short_backtrace::<std[70759c8f55707aa4]::panicking::panic_handler::{closure#0}, !>
[INFO] [stdout]    9:     0x5d6d30ae932d - __rustc[8fa7c3cbc660c2b3]::rust_begin_unwind
[INFO] [stdout]   10:     0x5d6d30b2377c - core[df12db4294e9bfd3]::panicking::panic_fmt
[INFO] [stdout]   11:     0x5d6d30b23552 - core[df12db4294e9bfd3]::result::unwrap_failed
[INFO] [stdout]   12:     0x5d6d30998139 - cli_tables[d312aa36e2eef1bf]::input
[INFO] [stdout]   13:     0x5d6d30999386 - <cli_tables[d312aa36e2eef1bf]::tables_to_stdout_are_csv::{closure#0} as core[df12db4294e9bfd3]::ops::function::FnOnce<()>>::call_once
[INFO] [stdout]   14:     0x5d6d30a936db - test[9d35eded1c95d3be]::__rust_begin_short_backtrace::<core[df12db4294e9bfd3]::result::Result<(), alloc[2182bb758b4b3781]::string::String>, fn() -> core[df12db4294e9bfd3]::result::Result<(), alloc[2182bb758b4b3781]::string::String>>
[INFO] [stdout]   15:     0x5d6d30aa0d45 - test[9d35eded1c95d3be]::run_test::{closure#0}
[INFO] [stdout]   16:     0x5d6d30a9a604 - std[70759c8f55707aa4]::sys::backtrace::__rust_begin_short_backtrace::<test[9d35eded1c95d3be]::run_test::{closure#1}, ()>
[INFO] [stdout]   17:     0x5d6d30aa3ea2 - <std[70759c8f55707aa4]::thread::lifecycle::spawn_unchecked<test[9d35eded1c95d3be]::run_test::{closure#1}, ()>::{closure#1} as core[df12db4294e9bfd3]::ops::function::FnOnce<()>>::call_once::{shim:vtable#0}
[INFO] [stdout]   18:     0x5d6d30b0d259 - <std[70759c8f55707aa4]::sys::thread::unix::Thread>::new::thread_start
[INFO] [stdout]   19:     0x7a13367cfdfa - <unknown>
[INFO] [stdout]   20:     0x7a13368633d4 - clone
[INFO] [stdout]   21:                0x0 - <unknown>
[INFO] [stdout] 
[INFO] [stdout] 
[INFO] [stdout] failures:
[INFO] [stdout]     tables_to_a_directory_are_named_for_their_section_and_place
[INFO] [stdout]     tables_to_stdout_are_csv
[INFO] [stdout]     tsv_separates_fields_with_tabs
[INFO] [stdout] 
[INFO] [stdout] test result: FAILED. 0 passed; 3 failed; 0 ignored; 0 measured; 0 filtered out; finished in 0.00s
[INFO] [stdout] 
[INFO] [stderr] error: test failed, to rerun pass `--test cli_tables`
[INFO] running `Command { std: "docker" "inspect" "ae1b045d025a6282427138cc65b0dd01cfd6bb95f0b83a03a1d3b3040de07235", kill_on_drop: false }`
[INFO] running `Command { std: "docker" "rm" "-f" "ae1b045d025a6282427138cc65b0dd01cfd6bb95f0b83a03a1d3b3040de07235", kill_on_drop: false }`
[INFO] [stdout] ae1b045d025a6282427138cc65b0dd01cfd6bb95f0b83a03a1d3b3040de07235
