[INFO] fetching crate undocx 0.5.2...
[INFO] testing undocx-0.5.2 against 1.99.0-beta.8+cargoflags=--release for beta-release-1.100-2
[INFO] extracting crate undocx 0.5.2 into /workspace/builds/worker-6-tc1/source
[INFO] started tweaking crates.io crate undocx 0.5.2
[INFO] removed 0 missing tests
[INFO] finished tweaking crates.io crate undocx 0.5.2
[INFO] tweaked toml for crates.io crate undocx 0.5.2 written to /workspace/builds/worker-6-tc1/source/Cargo.toml
[INFO] validating manifest of crates.io crate undocx 0.5.2 on toolchain 1.99.0-beta.8
[INFO] running `Command { std: CARGO_HOME="/workspace/cargo-home" RUSTUP_HOME="/workspace/rustup-home" "/workspace/cargo-home/bin/cargo" "+1.99.0-beta.8" "metadata" "--manifest-path" "Cargo.toml" "--no-deps", kill_on_drop: false }`
[INFO] crate crates.io crate undocx 0.5.2 already has a lockfile, it will not be regenerated
[INFO] running `Command { std: CARGO_HOME="/workspace/cargo-home" RUSTUP_HOME="/workspace/rustup-home" "/workspace/cargo-home/bin/cargo" "+1.99.0-beta.8" "fetch" "--manifest-path" "Cargo.toml", kill_on_drop: false }`
[INFO] [stderr]     Updating crates.io index
[INFO] [stderr]     Blocking waiting for file lock on package cache
[INFO] [stderr]  Downloading crates ...
[INFO] [stderr]   Downloaded zip v4.6.1
[INFO] [stderr]   Downloaded hard-xml v1.41.0
[INFO] [stderr]   Downloaded deflate64 v0.1.10
[INFO] [stderr]   Downloaded pyo3-macros v0.23.5
[INFO] [stderr]   Downloaded pyo3-macros-backend v0.23.5
[INFO] [stderr]   Downloaded hard-xml-derive v1.41.0
[INFO] [stderr]   Downloaded jetscii v0.5.3
[INFO] [stderr]   Downloaded pyo3-build-config v0.23.5
[INFO] [stderr]   Downloaded pyo3-ffi v0.23.5
[INFO] [stderr]   Downloaded zlib-rs v0.5.5
[INFO] [stderr]   Downloaded pyo3 v0.23.5
[INFO] [stderr]   Downloaded rs-docx v0.2.0
[INFO] running `Command { std: "docker" "create" "-v" "/var/lib/crater-agent-workspace/builds/worker-6-tc1/source:/opt/rustwide/workdir:ro,Z" "-v" "/var/lib/crater-agent-workspace/builds/worker-6-tc1/target:/opt/rustwide/target:rw,Z" "-v" "/var/lib/crater-agent-workspace/cargo-home:/opt/rustwide/cargo-home:ro,Z" "-v" "/var/lib/crater-agent-workspace/rustup-home:/opt/rustwide/rustup-home:ro,Z" "-m" "1610612736" "--network" "none" "ghcr.io/rust-lang/crates-build-env/linux@sha256:77db811e55d90add9212f6832c23229e3de5f1c1f9905e8cb07319ea15df73ac" "sleep" "infinity", kill_on_drop: false }`
[INFO] [stdout] 0e172bde487a14749d1f9e4e080ddf1360297a429ebb86e3ee9ba16c12b2a0c0
[INFO] running `Command { std: "docker" "start" "0e172bde487a14749d1f9e4e080ddf1360297a429ebb86e3ee9ba16c12b2a0c0", kill_on_drop: false }`
[INFO] running `Command { std: "docker" "inspect" "0e172bde487a14749d1f9e4e080ddf1360297a429ebb86e3ee9ba16c12b2a0c0", kill_on_drop: false }`
[INFO] running `Command { std: "docker" "exec" "-e" "SOURCE_DIR=/opt/rustwide/workdir" "-e" "CARGO_HOME=/opt/rustwide/cargo-home" "-e" "RUSTUP_HOME=/opt/rustwide/rustup-home" "-e" "CARGO_TARGET_DIR=/opt/rustwide/target" "-w" "/opt/rustwide/workdir" "--user" "0:0" "0e172bde487a14749d1f9e4e080ddf1360297a429ebb86e3ee9ba16c12b2a0c0" "/opt/rustwide/cargo-home/bin/cargo" "+1.99.0-beta.8" "metadata" "--no-deps" "--format-version=1", kill_on_drop: false }`
[INFO] running `Command { std: "docker" "inspect" "0e172bde487a14749d1f9e4e080ddf1360297a429ebb86e3ee9ba16c12b2a0c0", kill_on_drop: false }`
[INFO] running `Command { std: "docker" "exec" "-e" "SOURCE_DIR=/opt/rustwide/workdir" "-e" "CARGO_HOME=/opt/rustwide/cargo-home" "-e" "RUSTUP_HOME=/opt/rustwide/rustup-home" "-e" "CARGO_TARGET_DIR=/opt/rustwide/target" "-e" "CARGO_INCREMENTAL=0" "-e" "RUST_BACKTRACE=full" "-e" "RUSTFLAGS=--cap-lints=warn" "-e" "RUSTDOCFLAGS=--cap-lints=warn" "-w" "/opt/rustwide/workdir" "--user" "0:0" "0e172bde487a14749d1f9e4e080ddf1360297a429ebb86e3ee9ba16c12b2a0c0" "/opt/rustwide/cargo-home/bin/cargo" "+1.99.0-beta.8" "build" "--frozen" "--message-format=json" "--release", kill_on_drop: false }`
[INFO] [stderr]    Compiling proc-macro2 v1.0.106
[INFO] [stderr]    Compiling simd-adler32 v0.3.8
[INFO] [stderr]    Compiling zstd-sys v2.0.16+zstd.1.5.7
[INFO] [stderr]    Compiling syn v1.0.109
[INFO] [stderr]    Compiling bzip2-sys v0.1.13+1.0.8
[INFO] [stderr]    Compiling lzma-sys v0.1.20
[INFO] [stderr]    Compiling digest v0.10.7
[INFO] [stderr]    Compiling jetscii v0.5.3
[INFO] [stderr]    Compiling bumpalo v3.19.1
[INFO] [stderr]    Compiling zstd-safe v7.2.4
[INFO] [stderr]    Compiling miniz_oxide v0.8.9
[INFO] [stderr]    Compiling zlib-rs v0.5.5
[INFO] [stderr]    Compiling inout v0.1.4
[INFO] [stderr]    Compiling getrandom v0.3.4
[INFO] [stderr]    Compiling zopfli v0.8.3
[INFO] [stderr]    Compiling quote v1.0.44
[INFO] [stderr]    Compiling bitflags v2.10.0
[INFO] [stderr]    Compiling anstream v0.6.21
[INFO] [stderr]    Compiling syn v2.0.114
[INFO] [stderr]    Compiling cipher v0.4.4
[INFO] [stderr]    Compiling crc v3.4.0
[INFO] [stderr]    Compiling hmac v0.12.1
[INFO] [stderr]    Compiling convert_case v0.4.0
[INFO] [stderr]    Compiling clap_lex v0.7.7
[INFO] [stderr]    Compiling time-core v0.1.7
[INFO] [stderr]    Compiling xmlparser v0.13.6
[INFO] [stderr]    Compiling zip v2.4.2
[INFO] [stderr]    Compiling time v0.3.45
[INFO] [stderr]    Compiling lzma-rs v0.3.0
[INFO] [stderr]    Compiling clap_builder v4.5.54
[INFO] [stderr]    Compiling pbkdf2 v0.12.2
[INFO] [stderr]    Compiling xz2 v0.1.7
[INFO] [stderr]    Compiling bzip2 v0.5.2
[INFO] [stderr]    Compiling aes v0.8.4
[INFO] [stderr]    Compiling sha1 v0.10.6
[INFO] [stderr]    Compiling deflate64 v0.1.10
[INFO] [stderr]    Compiling hard-xml-derive v1.41.0
[INFO] [stderr]    Compiling flate2 v1.1.8
[INFO] [stderr]    Compiling zip v4.6.1
[INFO] [stderr]    Compiling hard-xml v1.41.0
[INFO] [stderr]    Compiling zeroize_derive v1.4.3
[INFO] [stderr]    Compiling thiserror-impl v1.0.69
[INFO] [stderr]    Compiling thiserror-impl v2.0.18
[INFO] [stderr]    Compiling clap_derive v4.5.49
[INFO] [stderr]    Compiling derive_more v0.99.20
[INFO] [stderr]    Compiling zeroize v1.8.2
[INFO] [stderr]    Compiling displaydoc v0.2.5
[INFO] [stderr]    Compiling thiserror v1.0.69
[INFO] [stderr]    Compiling thiserror v2.0.18
[INFO] [stderr]    Compiling clap v4.5.54
[INFO] [stderr]    Compiling rs-docx v0.2.0
[INFO] [stderr]    Compiling zstd v0.13.3
[INFO] [stderr]    Compiling undocx v0.5.2 (/opt/rustwide/workdir)
[INFO] [stderr]     Finished `release` profile [optimized] target(s) in 2m 33s
[INFO] running `Command { std: "docker" "inspect" "0e172bde487a14749d1f9e4e080ddf1360297a429ebb86e3ee9ba16c12b2a0c0", kill_on_drop: false }`
[INFO] running `Command { std: "docker" "exec" "-e" "SOURCE_DIR=/opt/rustwide/workdir" "-e" "CARGO_HOME=/opt/rustwide/cargo-home" "-e" "RUSTUP_HOME=/opt/rustwide/rustup-home" "-e" "CARGO_TARGET_DIR=/opt/rustwide/target" "-e" "CARGO_INCREMENTAL=0" "-e" "RUST_BACKTRACE=full" "-e" "RUSTFLAGS=--cap-lints=warn" "-e" "RUSTDOCFLAGS=--cap-lints=warn" "-w" "/opt/rustwide/workdir" "--user" "0:0" "0e172bde487a14749d1f9e4e080ddf1360297a429ebb86e3ee9ba16c12b2a0c0" "/opt/rustwide/cargo-home/bin/cargo" "+1.99.0-beta.8" "test" "--frozen" "--no-run" "--message-format=json" "--release", kill_on_drop: false }`
[INFO] [stderr]    Compiling undocx v0.5.2 (/opt/rustwide/workdir)
[INFO] [stderr]     Finished `release` profile [optimized] target(s) in 1m 00s
[INFO] running `Command { std: "docker" "inspect" "0e172bde487a14749d1f9e4e080ddf1360297a429ebb86e3ee9ba16c12b2a0c0", kill_on_drop: false }`
[INFO] running `Command { std: "docker" "exec" "-e" "SOURCE_DIR=/opt/rustwide/workdir" "-e" "CARGO_HOME=/opt/rustwide/cargo-home" "-e" "RUSTUP_HOME=/opt/rustwide/rustup-home" "-e" "CARGO_TARGET_DIR=/opt/rustwide/target" "-e" "CARGO_INCREMENTAL=0" "-e" "RUST_BACKTRACE=full" "-e" "RUSTFLAGS=--cap-lints=warn" "-e" "RUSTDOCFLAGS=--cap-lints=warn" "-w" "/opt/rustwide/workdir" "--user" "0:0" "0e172bde487a14749d1f9e4e080ddf1360297a429ebb86e3ee9ba16c12b2a0c0" "/opt/rustwide/cargo-home/bin/cargo" "+1.99.0-beta.8" "test" "--frozen" "--release", kill_on_drop: false }`
[INFO] [stderr]     Finished `release` profile [optimized] target(s) in 0.13s
[INFO] [stderr]      Running unittests src/lib.rs (/opt/rustwide/target/release/deps/undocx-eb798948e7b827ea)
[INFO] [stdout] 
[INFO] [stdout] running 118 tests
[INFO] [stdout] test converter::image::tests::test_archive_opened_once_path_variant ... ok
[INFO] [stdout] test adapters::docx::extractor::tests::test_consecutive_monospace_paragraphs_grouped_into_code_block ... ok
[INFO] [stdout] test converter::image::tests::test_missing_image_returns_error ... ok
[INFO] [stdout] test converter::image::tests::test_multiple_images_from_same_archive ... ok
[INFO] [stdout] test adapters::docx::extractor::tests::test_code_paragraphs_separated_by_normal_are_separate_blocks ... ok
[INFO] [stdout] test converter::numbering::tests::test_bullet_unicode_characters_normalized_to_dash ... ok
[INFO] [stdout] test adapters::docx::extractor::tests::test_consecutive_code_paragraphs_grouped_into_code_block ... ok
[INFO] [stdout] test converter::numbering::tests::test_format_circle_1 ... ok
[INFO] [stdout] test converter::numbering::tests::test_format_circle_21 ... ok
[INFO] [stdout] test converter::numbering::tests::test_format_circle_20 ... ok
[INFO] [stdout] test converter::numbering::tests::test_format_ganada_overflow ... ok
[INFO] [stdout] test converter::numbering::tests::test_format_geonodeo ... ok
[INFO] [stdout] test converter::numbering::tests::test_format_num_bullet ... ok
[INFO] [stdout] test converter::numbering::tests::test_counter_with_start_zero_increments ... ok
[INFO] [stdout] test converter::numbering::tests::test_format_chosung ... ok
[INFO] [stdout] test converter::numbering::tests::test_format_circle_overflow ... ok
[INFO] [stdout] test converter::numbering::tests::test_format_num_decimal_zero ... ok
[INFO] [stdout] test adapters::docx::extractor::tests::test_single_code_paragraph_still_produces_code_block ... ok
[INFO] [stdout] test converter::numbering::tests::test_format_ganada ... ok
[INFO] [stdout] test converter::numbering::tests::test_format_num_none ... ok
[INFO] [stdout] test converter::numbering::tests::test_format_num_unknown ... ok
[INFO] [stdout] test converter::numbering::tests::test_format_num_decimal ... ok
[INFO] [stdout] test converter::numbering::tests::test_format_num_lower_letter_overflow ... ok
[INFO] [stdout] test converter::numbering::tests::test_format_num_lower_letter_z ... ok
[INFO] [stdout] test converter::numbering::tests::test_format_num_lower_letter ... ok
[INFO] [stdout] test converter::numbering::tests::test_format_num_upper_roman ... ok
[INFO] [stdout] test converter::numbering::tests::test_lvl_override_style_change ... ok
[INFO] [stdout] test converter::paragraph::tests::test_adjacent_anchors ... ok
[INFO] [stdout] test converter::paragraph::tests::test_anchor_placement_header ... ok
[INFO] [stdout] test converter::numbering::tests::test_to_roman_1 ... ok
[INFO] [stdout] test converter::numbering::tests::test_to_roman_zero ... ok
[INFO] [stdout] test converter::numbering::tests::test_to_roman_4 ... ok
[INFO] [stdout] test converter::numbering::tests::test_to_roman_9 ... ok
[INFO] [stdout] test converter::paragraph::tests::test_bold_and_underline_combined ... ok
[INFO] [stdout] test converter::paragraph::tests::test_bold_italic_text ... ok
[INFO] [stdout] test converter::numbering::tests::test_format_num_upper_letter ... ok
[INFO] [stdout] test converter::numbering::tests::test_format_num_lower_roman ... ok
[INFO] [stdout] test converter::paragraph::tests::test_bold_text ... ok
[INFO] [stdout] test converter::paragraph::tests::test_center_alignment ... ok
[INFO] [stdout] test converter::paragraph::tests::test_consolas_font_produces_inline_code ... ok
[INFO] [stdout] test converter::paragraph::tests::test_empty_run_produces_empty ... ok
[INFO] [stdout] test converter::paragraph::tests::test_format_safely_empty_string ... ok
[INFO] [stdout] test converter::paragraph::tests::test_format_safely_multiline ... ok
[INFO] [stdout] test converter::paragraph::tests::test_format_safely_single_line ... ok
[INFO] [stdout] test converter::paragraph::tests::test_extended_run_content_is_preserved ... ok
[INFO] [stdout] test converter::paragraph::tests::test_format_safely_whitespace_only ... ok
[INFO] [stdout] test converter::paragraph::tests::test_format_safely_with_outer_spaces ... ok
[INFO] [stdout] test converter::paragraph::tests::test_deep_list_indentation_not_clamped ... ok
[INFO] [stdout] test converter::paragraph::tests::test_empty_paragraph_produces_empty ... ok
[INFO] [stdout] test converter::paragraph::tests::test_field_code_within_single_run_preserves_visible_text ... ok
[INFO] [stdout] test converter::paragraph::tests::test_heading1 ... ok
[INFO] [stdout] test converter::paragraph::tests::test_deletion_produces_strikethrough ... ok
[INFO] [stdout] test converter::paragraph::tests::test_heading2 ... ok
[INFO] [stdout] test converter::paragraph::tests::test_duplicate_comment_references_reuse_definition ... ok
[INFO] [stdout] test converter::paragraph::tests::test_duplicate_footnote_references_reuse_index ... ok
[INFO] [stdout] test converter::paragraph::tests::test_heading6 ... ok
[INFO] [stdout] test converter::paragraph::tests::test_heading_empty_text_produces_empty ... ok
[INFO] [stdout] test converter::paragraph::tests::test_heading_ignores_alignment ... ok
[INFO] [stdout] test converter::paragraph::tests::test_heading3 ... ok
[INFO] [stdout] test converter::paragraph::tests::test_hyperlink_anchor ... ok
[INFO] [stdout] test converter::paragraph::tests::test_heading_strips_bold_formatting ... ok
[INFO] [stdout] test converter::paragraph::tests::test_hyperlink_empty_text ... ok
[INFO] [stdout] test converter::paragraph::tests::test_hyperlink_italic_matches_paragraph_italic ... ok
[INFO] [stdout] test converter::paragraph::tests::test_inline_anchor_escapes_html_special_chars ... ok
[INFO] [stdout] test converter::paragraph::tests::test_insertion_produces_ins_tag ... ok
[INFO] [stdout] test converter::paragraph::tests::test_hyperlink_external ... ok
[INFO] [stdout] test converter::paragraph::tests::test_italic_text ... ok
[INFO] [stdout] test converter::paragraph::tests::test_intense_quote_style_produces_blockquote ... ok
[INFO] [stdout] test converter::paragraph::tests::test_line_break_in_run ... ok
[INFO] [stdout] test converter::paragraph::tests::test_right_alignment ... ok
[INFO] [stdout] test converter::paragraph::tests::test_strikethrough_text_markdown ... ok
[INFO] [stdout] test converter::paragraph::tests::test_subscript_text ... ok
[INFO] [stdout] test converter::paragraph::tests::test_monospace_font_produces_inline_code ... ok
[INFO] [stdout] test converter::paragraph::tests::test_non_breaking_hyphen ... ok
[INFO] [stdout] test converter::paragraph::tests::test_page_break_in_run ... ok
[INFO] [stdout] test converter::paragraph::tests::test_superscript_text ... ok
[INFO] [stdout] test converter::paragraph::tests::test_tab_in_run ... ok
[INFO] [stdout] test converter::paragraph::tests::test_sym_element_hex_decode ... ok
[INFO] [stdout] test converter::paragraph::tests::test_title_style ... ok
[INFO] [stdout] test converter::paragraph::tests::test_toc_anchor_link ... ok
[INFO] [stdout] test converter::paragraph::tests::test_plain_text_no_formatting ... ok
[INFO] [stdout] test converter::paragraph::tests::test_subtitle_style ... ok
[INFO] [stdout] test converter::paragraph::tests::test_preserve_whitespace_option ... ok
[INFO] [stdout] test converter::paragraph::tests::test_strikethrough_text_html ... ok
[INFO] [stdout] test converter::paragraph::tests::test_quote_style_produces_blockquote ... ok
[INFO] [stdout] test converter::run::tests::test_bold_run ... ok
[INFO] [stdout] test converter::run::tests::test_italic_run ... ok
[INFO] [stdout] test converter::paragraph::tests::test_toc_anchor_target ... ok
[INFO] [stdout] test converter::paragraph::tests::test_underline_text ... ok
[INFO] [stdout] test converter::styles::tests::test_style_chain_cycle_para_terminates ... ok
[INFO] [stdout] test converter::run::tests::test_monospace_font_run_produces_code ... ok
[INFO] [stdout] test converter::run::tests::test_plain_text_run ... ok
[INFO] [stdout] test converter::paragraph::tests::test_whitespace_preserved_outside_markers ... ok
[INFO] [stdout] test converter::table::tests::test_nested_table ... ok
[INFO] [stdout] test converter::run::tests::test_subscript_run ... ok
[INFO] [stdout] test converter::table::tests::test_simple_2x2_table ... ok
[INFO] [stdout] test converter::run::tests::test_sym_character ... ok
[INFO] [stdout] test converter::table::tests::test_table_row_sdt_with_table_cell_is_rendered ... ok
[INFO] [stdout] test converter::tests::test_convert_content_body_run_is_rendered ... ok
[INFO] [stdout] test converter::table::tests::test_table_cell_monospace_not_wrapped_in_backticks ... ok
[INFO] [stdout] test converter::table::tests::test_table_cell_with_line_break ... ok
[INFO] [stdout] test converter::table::tests::test_table_with_empty_cell ... ok
[INFO] [stdout] test converter::table::tests::test_vmerge_continuation_on_merged_left_column_increments_master_rowspan ... ok
[INFO] [stdout] test converter::tests::test_reference_registration_deduplicates_ids ... ok
[INFO] [stdout] test converter::tests::test_with_components_respects_strict_reference_validation ... ok
[INFO] [stdout] test converter::tests::test_with_components_strict_validation_fails_for_missing_comment ... ok
[INFO] [stdout] test converter::tests::test_with_components_strict_validation_fails_for_missing_endnote ... ok
[INFO] [stdout] test converter::tests::test_with_components_uses_custom_extractor_and_renderer ... ok
[INFO] [stdout] test render::escape::tests::test_escape_html_attr ... ok
[INFO] [stdout] test render::escape::tests::test_escape_markdown_link_destination ... ok
[INFO] [stdout] test converter::run::tests::test_superscript_run ... ok
[INFO] [stdout] test render::markdown::tests::test_renderer_appends_references ... ok
[INFO] [stdout] test converter::tests::test_with_components_convert_bytes_uses_custom_pipeline ... ok
[INFO] [stdout] test converter::tests::test_convert_content_body_table_cell_is_rendered ... ok
[INFO] [stdout] test converter::table::tests::test_table_with_horizontal_merge ... ok
[INFO] [stdout] test converter::tests::test_convert_content_sdt_with_bookmark ... ok
[INFO] [stdout] test render::escape::tests::test_escape_markdown_link_text ... ok
[INFO] [stdout] test converter::styles::tests::test_style_chain_cycle_terminates ... ok
[INFO] [stderr]      Running unittests src/main.rs (/opt/rustwide/target/release/deps/undocx-bdc3362a73e0f49b)
[INFO] [stdout] 
[INFO] [stdout] test result: ok. 118 passed; 0 failed; 0 ignored; 0 measured; 0 filtered out; finished in 0.03s
[INFO] [stdout] 
[INFO] [stdout] 
[INFO] [stderr]      Running tests/generated_regression_test.rs (/opt/rustwide/target/release/deps/generated_regression_test-b8658c11820002d2)
[INFO] [stdout] running 0 tests
[INFO] [stdout] 
[INFO] [stdout] test result: ok. 0 passed; 0 failed; 0 ignored; 0 measured; 0 filtered out; finished in 0.00s
[INFO] [stdout] 
[INFO] [stdout] 
[INFO] [stdout] running 2 tests
[INFO] [stdout] test generated_docx_duplicate_note_comment_references_regression ... ok
[INFO] [stderr]      Running tests/golden_snapshot_test.rs (/opt/rustwide/target/release/deps/golden_snapshot_test-88cbd18b3af12905)
[INFO] [stdout] test generated_docx_deep_list_indentation_regression ... ok
[INFO] [stdout] 
[INFO] [stdout] test result: ok. 2 passed; 0 failed; 0 ignored; 0 measured; 0 filtered out; finished in 0.00s
[INFO] [stdout] 
[INFO] [stdout] 
[INFO] [stdout] running 2 tests
[INFO] [stdout] test golden_snapshot_duplicate_note_comment_output ... ok
[INFO] [stdout] test golden_snapshot_deep_list_output ... ok
[INFO] [stdout] 
[INFO] [stdout] test result: ok. 2 passed; 0 failed; 0 ignored; 0 measured; 0 filtered out; finished in 0.01s
[INFO] [stdout] 
[INFO] [stderr]      Running tests/integration_test.rs (/opt/rustwide/target/release/deps/integration_test-4b617264e95a6740)
[INFO] [stdout] 
[INFO] [stdout] running 2 tests
[INFO] [stdout] test verify_markdown_conversion ... FAILED
[INFO] [stdout] test test_cli_help ... ok
[INFO] [stdout] 
[INFO] [stdout] failures:
[INFO] [stdout] 
[INFO] [stdout] ---- verify_markdown_conversion stdout ----
[INFO] [stdout] 
[INFO] [stdout] thread 'verify_markdown_conversion' (1613) panicked at tests/integration_test.rs:22:32:
[INFO] [stdout] Failed to create output directory: Os { code: 30, kind: ReadOnlyFilesystem, message: "Read-only file system" }
[INFO] [stdout] stack backtrace:
[INFO] [stdout]    0:     0x5f4f1d43b051 - <<std[70759c8f55707aa4]::sys::backtrace::BacktraceLock>::print::DisplayBacktrace as core[df12db4294e9bfd3]::fmt::Display>::fmt
[INFO] [stdout]    1:     0x5f4f1d4517ba - core[df12db4294e9bfd3]::fmt::write
[INFO] [stderr] error: test failed, to rerun pass `--test integration_test`
[INFO] [stdout]    2:     0x5f4f1d43f8ec - <alloc[2182bb758b4b3781]::vec::Vec<u8> as core[df12db4294e9bfd3]::io::write::Write>::write_fmt
[INFO] [stdout]    3:     0x5f4f1d416426 - std[70759c8f55707aa4]::panicking::default_hook::{closure#0}
[INFO] [stdout]    4:     0x5f4f1d4333b9 - std[70759c8f55707aa4]::panicking::default_hook
[INFO] [stdout]    5:     0x5f4f1d215b40 - test[9d35eded1c95d3be]::test_main_inner::<test[9d35eded1c95d3be]::test_main_static::{closure#0}>::{closure#0}
[INFO] [stdout]    6:     0x5f4f1d433572 - std[70759c8f55707aa4]::panicking::panic_with_hook
[INFO] [stdout]    7:     0x5f4f1d4164d2 - std[70759c8f55707aa4]::panicking::panic_handler::{closure#0}
[INFO] [stdout]    8:     0x5f4f1d40f099 - std[70759c8f55707aa4]::sys::backtrace::__rust_end_short_backtrace::<std[70759c8f55707aa4]::panicking::panic_handler::{closure#0}, !>
[INFO] [stdout]    9:     0x5f4f1d4170cd - __rustc[8fa7c3cbc660c2b3]::rust_begin_unwind
[INFO] [stdout]   10:     0x5f4f1d451eec - core[df12db4294e9bfd3]::panicking::panic_fmt
[INFO] [stdout]   11:     0x5f4f1d451cc2 - core[df12db4294e9bfd3]::result::unwrap_failed
[INFO] [stdout]   12:     0x5f4f1d1fc10b - <integration_test[30857d8ee0831b62]::verify_markdown_conversion::{closure#0} as core[df12db4294e9bfd3]::ops::function::FnOnce<()>>::call_once
[INFO] [stdout]   13:     0x5f4f1d208e2b - test[9d35eded1c95d3be]::__rust_begin_short_backtrace::<core[df12db4294e9bfd3]::result::Result<(), alloc[2182bb758b4b3781]::string::String>, fn() -> core[df12db4294e9bfd3]::result::Result<(), alloc[2182bb758b4b3781]::string::String>>
[INFO] [stdout]   14:     0x5f4f1d216495 - test[9d35eded1c95d3be]::run_test::{closure#0}
[INFO] [stdout]   15:     0x5f4f1d20fd54 - std[70759c8f55707aa4]::sys::backtrace::__rust_begin_short_backtrace::<test[9d35eded1c95d3be]::run_test::{closure#1}, ()>
[INFO] [stdout]   16:     0x5f4f1d2195f2 - <std[70759c8f55707aa4]::thread::lifecycle::spawn_unchecked<test[9d35eded1c95d3be]::run_test::{closure#1}, ()>::{closure#1} as core[df12db4294e9bfd3]::ops::function::FnOnce<()>>::call_once::{shim:vtable#0}
[INFO] [stdout]   17:     0x5f4f1d43a739 - <std[70759c8f55707aa4]::sys::thread::unix::Thread>::new::thread_start
[INFO] [stdout]   18:     0x789954c76dfa - <unknown>
[INFO] [stdout]   19:     0x789954d0a3d4 - clone
[INFO] [stdout]   20:                0x0 - <unknown>
[INFO] [stdout] 
[INFO] [stdout] 
[INFO] [stdout] failures:
[INFO] [stdout]     verify_markdown_conversion
[INFO] [stdout] 
[INFO] [stdout] test result: FAILED. 1 passed; 1 failed; 0 ignored; 0 measured; 0 filtered out; finished in 0.01s
[INFO] [stdout] 
[INFO] running `Command { std: "docker" "inspect" "0e172bde487a14749d1f9e4e080ddf1360297a429ebb86e3ee9ba16c12b2a0c0", kill_on_drop: false }`
[INFO] running `Command { std: "docker" "rm" "-f" "0e172bde487a14749d1f9e4e080ddf1360297a429ebb86e3ee9ba16c12b2a0c0", kill_on_drop: false }`
[INFO] [stdout] 0e172bde487a14749d1f9e4e080ddf1360297a429ebb86e3ee9ba16c12b2a0c0
