[INFO] fetching crate uncertain-rs 0.2.0...
[INFO] testing uncertain-rs-0.2.0 against 1.100.0-beta.1+cargoflags=--release for beta-release-1.100-2
[INFO] extracting crate uncertain-rs 0.2.0 into /workspace/builds/worker-6-tc2/source
[INFO] removed /workspace/builds/worker-6-tc2/source/.cargo/config.toml
[INFO] started tweaking crates.io crate uncertain-rs 0.2.0
[INFO] removed 0 missing examples
[INFO] removed 0 missing tests
[INFO] finished tweaking crates.io crate uncertain-rs 0.2.0
[INFO] tweaked toml for crates.io crate uncertain-rs 0.2.0 written to /workspace/builds/worker-6-tc2/source/Cargo.toml
[INFO] validating manifest of crates.io crate uncertain-rs 0.2.0 on toolchain 1.100.0-beta.1
[INFO] running `Command { std: CARGO_HOME="/workspace/cargo-home" RUSTUP_HOME="/workspace/rustup-home" "/workspace/cargo-home/bin/cargo" "+1.100.0-beta.1" "metadata" "--manifest-path" "Cargo.toml" "--no-deps", kill_on_drop: false }`
[INFO] crate crates.io crate uncertain-rs 0.2.0 already has a lockfile, it will not be regenerated
[INFO] running `Command { std: CARGO_HOME="/workspace/cargo-home" RUSTUP_HOME="/workspace/rustup-home" "/workspace/cargo-home/bin/cargo" "+1.100.0-beta.1" "fetch" "--manifest-path" "Cargo.toml", kill_on_drop: false }`
[INFO] [stderr] warning: `package.homepage` is redundant with `package.repository`
[INFO] [stderr]   --> Cargo.toml:59:12
[INFO] [stderr]    |
[INFO] [stderr] 59 | homepage = "https://github.com/minikin/uncertain-rs"
[INFO] [stderr]    |            ^^^^^^^^^^^^^^^^^^^^^^^^^^^^^^^^^^^^^^^^^
[INFO] [stderr] ...
[INFO] [stderr] 64 | repository = "https://github.com/minikin/uncertain-rs"
[INFO] [stderr]    |              -----------------------------------------
[INFO] [stderr]    |
[INFO] [stderr]    = note: `cargo::redundant_homepage` is set to `warn` by default
[INFO] [stderr] help: consider removing `package.homepage`
[INFO] [stderr] warning: `uncertain-rs` (manifest) generated 1 warning
[INFO] running `Command { std: "docker" "create" "-v" "/var/lib/crater-agent-workspace/builds/worker-6-tc2/source:/opt/rustwide/workdir:ro,Z" "-v" "/var/lib/crater-agent-workspace/builds/worker-6-tc2/target:/opt/rustwide/target:rw,Z" "-v" "/var/lib/crater-agent-workspace/cargo-home:/opt/rustwide/cargo-home:ro,Z" "-v" "/var/lib/crater-agent-workspace/rustup-home:/opt/rustwide/rustup-home:ro,Z" "-m" "1610612736" "--network" "none" "ghcr.io/rust-lang/crates-build-env/linux@sha256:77db811e55d90add9212f6832c23229e3de5f1c1f9905e8cb07319ea15df73ac" "sleep" "infinity", kill_on_drop: false }`
[INFO] [stdout] 3a4af04e9a2a51ea14add125ea792ab19dd96dfcbda7b226526b70470e31a2d8
[INFO] running `Command { std: "docker" "start" "3a4af04e9a2a51ea14add125ea792ab19dd96dfcbda7b226526b70470e31a2d8", kill_on_drop: false }`
[INFO] running `Command { std: "docker" "inspect" "3a4af04e9a2a51ea14add125ea792ab19dd96dfcbda7b226526b70470e31a2d8", kill_on_drop: false }`
[INFO] running `Command { std: "docker" "exec" "-e" "SOURCE_DIR=/opt/rustwide/workdir" "-e" "CARGO_HOME=/opt/rustwide/cargo-home" "-e" "RUSTUP_HOME=/opt/rustwide/rustup-home" "-e" "CARGO_TARGET_DIR=/opt/rustwide/target" "-w" "/opt/rustwide/workdir" "--user" "0:0" "3a4af04e9a2a51ea14add125ea792ab19dd96dfcbda7b226526b70470e31a2d8" "/opt/rustwide/cargo-home/bin/cargo" "+1.100.0-beta.1" "metadata" "--no-deps" "--format-version=1", kill_on_drop: false }`
[INFO] running `Command { std: "docker" "inspect" "3a4af04e9a2a51ea14add125ea792ab19dd96dfcbda7b226526b70470e31a2d8", kill_on_drop: false }`
[INFO] running `Command { std: "docker" "exec" "-e" "SOURCE_DIR=/opt/rustwide/workdir" "-e" "CARGO_HOME=/opt/rustwide/cargo-home" "-e" "RUSTUP_HOME=/opt/rustwide/rustup-home" "-e" "CARGO_TARGET_DIR=/opt/rustwide/target" "-e" "CARGO_INCREMENTAL=0" "-e" "RUST_BACKTRACE=full" "-e" "RUSTFLAGS=--cap-lints=warn" "-e" "RUSTDOCFLAGS=--cap-lints=warn" "-w" "/opt/rustwide/workdir" "--user" "0:0" "3a4af04e9a2a51ea14add125ea792ab19dd96dfcbda7b226526b70470e31a2d8" "/opt/rustwide/cargo-home/bin/cargo" "+1.100.0-beta.1" "build" "--frozen" "--message-format=json" "--release", kill_on_drop: false }`
[INFO] [stderr] warning: `package.homepage` is redundant with `package.repository`
[INFO] [stderr]   --> Cargo.toml:59:12
[INFO] [stderr]    |
[INFO] [stderr] 59 | homepage = "https://github.com/minikin/uncertain-rs"
[INFO] [stderr]    |            ^^^^^^^^^^^^^^^^^^^^^^^^^^^^^^^^^^^^^^^^^
[INFO] [stderr] ...
[INFO] [stderr] 64 | repository = "https://github.com/minikin/uncertain-rs"
[INFO] [stderr]    |              -----------------------------------------
[INFO] [stderr]    |
[INFO] [stderr]    = note: `cargo::redundant_homepage` is set to `warn` by default
[INFO] [stderr] help: consider removing `package.homepage`
[INFO] [stderr] warning: `uncertain-rs` (manifest) generated 1 warning
[INFO] [stderr]    Compiling uuid v1.18.1
[INFO] [stderr]    Compiling uncertain-rs v0.2.0 (/opt/rustwide/workdir)
[INFO] [stderr]     Finished `release` profile [optimized] target(s) in 2.94s
[INFO] running `Command { std: "docker" "inspect" "3a4af04e9a2a51ea14add125ea792ab19dd96dfcbda7b226526b70470e31a2d8", kill_on_drop: false }`
[INFO] running `Command { std: "docker" "exec" "-e" "SOURCE_DIR=/opt/rustwide/workdir" "-e" "CARGO_HOME=/opt/rustwide/cargo-home" "-e" "RUSTUP_HOME=/opt/rustwide/rustup-home" "-e" "CARGO_TARGET_DIR=/opt/rustwide/target" "-e" "CARGO_INCREMENTAL=0" "-e" "RUST_BACKTRACE=full" "-e" "RUSTFLAGS=--cap-lints=warn" "-e" "RUSTDOCFLAGS=--cap-lints=warn" "-w" "/opt/rustwide/workdir" "--user" "0:0" "3a4af04e9a2a51ea14add125ea792ab19dd96dfcbda7b226526b70470e31a2d8" "/opt/rustwide/cargo-home/bin/cargo" "+1.100.0-beta.1" "test" "--frozen" "--no-run" "--message-format=json" "--release", kill_on_drop: false }`
[INFO] [stderr] warning: `package.homepage` is redundant with `package.repository`
[INFO] [stderr]   --> Cargo.toml:59:12
[INFO] [stderr]    |
[INFO] [stderr] 59 | homepage = "https://github.com/minikin/uncertain-rs"
[INFO] [stderr]    |            ^^^^^^^^^^^^^^^^^^^^^^^^^^^^^^^^^^^^^^^^^
[INFO] [stderr] ...
[INFO] [stderr] 64 | repository = "https://github.com/minikin/uncertain-rs"
[INFO] [stderr]    |              -----------------------------------------
[INFO] [stderr]    |
[INFO] [stderr]    = note: `cargo::redundant_homepage` is set to `warn` by default
[INFO] [stderr] help: consider removing `package.homepage`
[INFO] [stderr] warning: `uncertain-rs` (manifest) generated 1 warning
[INFO] [stderr]    Compiling proc-macro2 v1.0.95
[INFO] [stderr]    Compiling serde v1.0.219
[INFO] [stderr]    Compiling rayon-core v1.12.1
[INFO] [stderr]    Compiling half v2.6.0
[INFO] [stderr]    Compiling regex-syntax v0.8.5
[INFO] [stderr]    Compiling anstyle v1.0.11
[INFO] [stderr]    Compiling clap_lex v0.7.5
[INFO] [stderr]    Compiling criterion-plot v0.6.0
[INFO] [stderr]    Compiling approx v0.5.1
[INFO] [stderr]    Compiling clap_builder v4.5.43
[INFO] [stderr]    Compiling ciborium-ll v0.2.2
[INFO] [stderr]    Compiling quote v1.0.40
[INFO] [stderr]    Compiling rayon v1.10.0
[INFO] [stderr]    Compiling syn v2.0.104
[INFO] [stderr]    Compiling regex-automata v0.4.9
[INFO] [stderr]    Compiling clap v4.5.43
[INFO] [stderr]    Compiling serde_derive v1.0.219
[INFO] [stderr]    Compiling regex v1.11.1
[INFO] [stderr]    Compiling serde_json v1.0.142
[INFO] [stderr]    Compiling ciborium v0.2.2
[INFO] [stderr]    Compiling tinytemplate v1.2.1
[INFO] [stderr]    Compiling criterion v0.7.0
[INFO] [stderr]    Compiling uncertain-rs v0.2.0 (/opt/rustwide/workdir)
[INFO] [stderr]     Finished `release` profile [optimized] target(s) in 1m 21s
[INFO] running `Command { std: "docker" "inspect" "3a4af04e9a2a51ea14add125ea792ab19dd96dfcbda7b226526b70470e31a2d8", kill_on_drop: false }`
[INFO] running `Command { std: "docker" "exec" "-e" "SOURCE_DIR=/opt/rustwide/workdir" "-e" "CARGO_HOME=/opt/rustwide/cargo-home" "-e" "RUSTUP_HOME=/opt/rustwide/rustup-home" "-e" "CARGO_TARGET_DIR=/opt/rustwide/target" "-e" "CARGO_INCREMENTAL=0" "-e" "RUST_BACKTRACE=full" "-e" "RUSTFLAGS=--cap-lints=warn" "-e" "RUSTDOCFLAGS=--cap-lints=warn" "-w" "/opt/rustwide/workdir" "--user" "0:0" "3a4af04e9a2a51ea14add125ea792ab19dd96dfcbda7b226526b70470e31a2d8" "/opt/rustwide/cargo-home/bin/cargo" "+1.100.0-beta.1" "test" "--frozen" "--release", kill_on_drop: false }`
[INFO] [stderr] warning: `package.homepage` is redundant with `package.repository`
[INFO] [stderr]   --> Cargo.toml:59:12
[INFO] [stderr]    |
[INFO] [stderr] 59 | homepage = "https://github.com/minikin/uncertain-rs"
[INFO] [stderr]    |            ^^^^^^^^^^^^^^^^^^^^^^^^^^^^^^^^^^^^^^^^^
[INFO] [stderr] ...
[INFO] [stderr] 64 | repository = "https://github.com/minikin/uncertain-rs"
[INFO] [stderr]    |              -----------------------------------------
[INFO] [stderr]    |
[INFO] [stderr]    = note: `cargo::redundant_homepage` is set to `warn` by default
[INFO] [stderr] help: consider removing `package.homepage`
[INFO] [stderr] warning: `uncertain-rs` (manifest) generated 1 warning
[INFO] [stderr]     Finished `release` profile [optimized] target(s) in 0.12s
[INFO] [stderr]      Running unittests src/lib.rs (/opt/rustwide/target/release/build/uncertain-rs/dd967bde1d9790c3/out/uncertain_rs-dd967bde1d9790c3)
[INFO] [stdout] 
[INFO] [stdout] running 184 tests
[INFO] [stdout] test cache::tests::test_distribution_cache ... ok
[INFO] [stdout] test cache::tests::test_statistics_cache_all_methods ... ok
[INFO] [stdout] test cache::tests::test_distribution_cache_default ... ok
[INFO] [stdout] test cache::tests::test_ttl_cache_default ... ok
[INFO] [stdout] test computation::tests::test_binary_operations_division ... ok
[INFO] [stdout] test cache::tests::test_cache_clear ... ok
[INFO] [stdout] test cache::tests::test_distribution_cache_clear_and_cleanup ... ok
[INFO] [stdout] test cache::tests::test_distribution_cache_all_methods ... ok
[INFO] [stdout] test computation::tests::test_binary_operations_multiplication ... ok
[INFO] [stdout] test cache::tests::test_cache_key_precision_handling ... ok
[INFO] [stdout] test cache::tests::test_statistics_cache_clear_and_cleanup ... ok
[INFO] [stdout] test cache::tests::test_ttl_cache_is_empty ... ok
[INFO] [stdout] test cache::tests::test_statistics_cache_default ... ok
[INFO] [stdout] test cache::tests::test_global_cache_functions ... ok
[INFO] [stdout] test computation::tests::test_computation_node_evaluation ... ok
[INFO] [stdout] test computation::tests::test_binary_operations_subtraction ... ok
[INFO] [stdout] test computation::tests::test_bool_conditional_evaluation ... ok
[INFO] [stdout] test computation::tests::test_bool_unary_operation ... ok
[INFO] [stdout] test computation::tests::test_common_subexpression_elimination_complex ... ok
[INFO] [stdout] test computation::tests::test_computation_graph_metrics ... ok
[INFO] [stdout] test computation::tests::test_constant_folding_conditional ... ok
[INFO] [stdout] test computation::tests::test_conditional_node ... ok
[INFO] [stdout] test computation::tests::test_constant_folding ... ok
[INFO] [stdout] test computation::tests::test_conditional_evaluation_false_branch ... ok
[INFO] [stdout] test computation::tests::test_graph_visualizer_dot_conditional ... ok
[INFO] [stdout] test computation::tests::test_constant_folding_unary ... ok
[INFO] [stdout] test computation::tests::test_graph_visualizer_dot_output ... ok
[INFO] [stdout] test cache::tests::test_ttl_cache_get_or_compute ... ok
[INFO] [stdout] test computation::tests::test_evaluate_arithmetic_panic_on_conditional - should panic ... ok
[INFO] [stdout] test computation::tests::test_graph_optimizer ... ok
[INFO] [stdout] test computation::tests::test_evaluate_conditional_with_arithmetic ... ok
[INFO] [stdout] test computation::tests::test_identity_operation_elimination ... ok
[INFO] [stdout] test computation::tests::test_nested_conditional_depth ... ok
[INFO] [stdout] test computation::tests::test_graph_visualizer_print_tree ... ok
[INFO] [stdout] test computation::tests::test_complex_computation_graph ... ok
[INFO] [stdout] test computation::tests::test_evaluate_bool_panic_on_binary_op - should panic ... ok
[INFO] [stdout] test computation::tests::test_evaluate_panic_on_conditional - should panic ... ok
[INFO] [stdout] test computation::tests::test_graph_visualizer_dot_unary_op ... ok
[INFO] [stdout] test computation::tests::test_profile_stats_debug ... ok
[INFO] [stdout] test computation::tests::test_profiler_default ... ok
[INFO] [stdout] test computation::tests::test_profiler_get_stats_nonexistent ... ok
[INFO] [stdout] test computation::tests::test_evaluate_panic_on_binary_op - should panic ... ok
[INFO] [stdout] test cache::tests::test_ttl_cache_concurrent_access ... ok
[INFO] [stdout] test computation::tests::test_sample_context_different_types ... ok
[INFO] [stdout] test computation::tests::test_sample_context_memoization ... ok
[INFO] [stdout] test computation::tests::test_sample_context_default ... ok
[INFO] [stdout] test cache::tests::test_statistics_cache ... ok
[INFO] [stdout] test computation::tests::test_common_subexpression_elimination ... ok
[INFO] [stdout] test computation::tests::test_sample_context_clear ... ok
[INFO] [stdout] test computation::tests::test_shared_variable_memoization ... ok
[INFO] [stdout] test computation::tests::test_unary_filter_operation ... ok
[INFO] [stdout] test computation::tests::test_unary_map_operation ... ok
[INFO] [stdout] test distributions::tests::test_bernoulli_edge_cases ... ok
[INFO] [stdout] test distributions::tests::test_bernoulli_distribution ... ok
[INFO] [stdout] test distributions::tests::test_binomial_distribution ... ok
[INFO] [stdout] test distributions::tests::test_categorical_empty_probabilities ... ok
[INFO] [stdout] test distributions::tests::test_exponential_distribution ... ok
[INFO] [stdout] test distributions::tests::test_empirical_empty_data ... ok
[INFO] [stdout] test distributions::tests::test_categorical ... ok
[INFO] [stdout] test distributions::tests::test_beta_distribution ... ok
[INFO] [stdout] test distributions::tests::test_mixture_empty_components ... ok
[INFO] [stdout] test distributions::tests::test_exponential_edge_cases ... ok
[INFO] [stdout] test distributions::tests::test_mixture_mismatched_weights ... ok
[INFO] [stdout] test distributions::tests::test_gamma_distribution ... ok
[INFO] [stdout] test distributions::tests::test_geometric_distribution ... ok
[INFO] [stdout] test distributions::tests::test_mixture_distribution ... ok
[INFO] [stdout] test distributions::tests::test_mixture_single_component ... ok
[INFO] [stdout] test distributions::tests::test_log_normal_distribution ... ok
[INFO] [stdout] test distributions::tests::test_binomial_edge_cases ... ok
[INFO] [stdout] test distributions::tests::test_mixture_uniform_weights ... ok
[INFO] [stdout] test distributions::tests::test_poisson_distribution ... ok
[INFO] [stdout] test distributions::tests::test_uniform_edge_cases ... ok
[INFO] [stdout] test distributions::tests::test_uniform_distribution ... ok
[INFO] [stdout] test hypothesis::tests::test_bayesian_update ... ok
[INFO] [stdout] test hypothesis::tests::test_find_most_likely ... ok
[INFO] [stdout] test hypothesis::tests::test_multiple_hypothesis_testing ... ok
[INFO] [stdout] test hypothesis::tests::test_hypothesis_testing_with_known_probability ... ok
[INFO] [stdout] test distributions::tests::test_normal_distribution_edge_cases ... ok
[INFO] [stdout] test hypothesis::tests::test_implicit_conditional ... ok
[INFO] [stdout] test distributions::tests::test_point_mass ... ok
[INFO] [stdout] test hypothesis::tests::test_probability_exceeds ... ok
[INFO] [stdout] test hypothesis::tests::test_evidence_based_conditionals ... ok
[INFO] [stdout] test hypothesis::tests::test_sprt_efficiency ... ok
[INFO] [stdout] test distributions::tests::test_empirical_distribution ... ok
[INFO] [stdout] test operations::arithmetic::tests::test_complex_expression ... ok
[INFO] [stdout] test operations::arithmetic::tests::test_scalar_addition ... ok
[INFO] [stdout] test operations::arithmetic::tests::test_mathematical_functions ... ok
[INFO] [stdout] test operations::arithmetic::tests::test_multiplication ... ok
[INFO] [stdout] test distributions::tests::test_normal_distribution ... ok
[INFO] [stdout] test computation::tests::test_profiler_multiple_executions ... ok
[INFO] [stdout] test operations::comparison::tests::test_comparison_returns_uncertain_bool ... ok
[INFO] [stdout] test distributions::tests::test_categorical_with_unnormalized_probabilities ... ok
[INFO] [stdout] test operations::comparison::tests::test_within_range ... ok
[INFO] [stdout] test computation::tests::test_profiler ... ok
[INFO] [stdout] test operations::arithmetic::tests::test_addition ... ok
[INFO] [stdout] test operations::logical::tests::test_complex_logical_expression ... ok
[INFO] [stdout] test operations::comparison::tests::test_approximate_equality ... ok
[INFO] [stdout] test operations::logical::tests::test_logical_or ... ok
[INFO] [stdout] test operations::logical::tests::test_operator_overloading ... ok
[INFO] [stdout] test operations::comparison::tests::test_comparison_with_uncertainty ... ok
[INFO] [stdout] test operations::logical::tests::test_implication ... ok
[INFO] [stdout] test operations::logical::tests::test_shared_variable_semantics ... ok
[INFO] [stdout] test statistics::tests::test_adaptive_lazy_stats_convergence ... ok
[INFO] [stdout] test operations::logical::tests::test_logical_not ... ok
[INFO] [stdout] test operations::comparison::tests::test_uncertain_vs_uncertain_comparison ... ok
[INFO] [stdout] test statistics::tests::test_cdf ... ok
[INFO] [stdout] test operations::logical::tests::test_if_then_else ... ok
[INFO] [stdout] test statistics::tests::test_confidence_interval ... ok
[INFO] [stdout] test statistics::tests::test_adaptive_lazy_stats_early_convergence ... ok
[INFO] [stdout] test statistics::tests::test_cdf_extremes ... ok
[INFO] [stdout] test statistics::tests::test_caching_behavior ... ok
[INFO] [stdout] test operations::logical::tests::test_logical_and ... ok
[INFO] [stdout] test statistics::tests::test_expected_value ... ok
[INFO] [stdout] test statistics::tests::test_histogram_empty ... ok
[INFO] [stdout] test statistics::tests::test_entropy_maximum ... ok
[INFO] [stdout] test statistics::tests::test_histogram_with_different_types ... ok
[INFO] [stdout] test statistics::tests::test_compute_stats_batch ... ok
[INFO] [stdout] test statistics::tests::test_correlation_independent ... ok
[INFO] [stdout] test statistics::tests::test_correlation_zero_variance ... ok
[INFO] [stdout] test statistics::tests::test_confidence_interval_different_levels ... ok
[INFO] [stdout] test statistics::tests::test_histogram_bernoulli ... ok
[INFO] [stdout] test statistics::tests::test_entropy ... ok
[INFO] [stdout] test statistics::tests::test_correlation_negative ... ok
[INFO] [stdout] test statistics::tests::test_entropy_deterministic ... ok
[INFO] [stdout] test statistics::tests::test_correlation_positive ... ok
[INFO] [stdout] test statistics::tests::test_interquartile_range ... ok
[INFO] [stdout] test statistics::tests::test_log_likelihood_zero_pdf ... ok
[INFO] [stdout] test statistics::tests::test_mode_integers ... ok
[INFO] [stdout] test statistics::tests::test_kurtosis_zero_std_dev ... ok
[INFO] [stdout] test statistics::tests::test_mode_tie_handling ... ok
[INFO] [stdout] test statistics::tests::test_log_likelihood ... ok
[INFO] [stdout] test statistics::tests::test_lazy_stats_basic ... ok
[INFO] [stdout] test statistics::tests::test_lazy_stats_debug_and_clone ... ok
[INFO] [stdout] test statistics::tests::test_pdf_kde ... ok
[INFO] [stdout] test statistics::tests::test_lazy_stats_with_quantiles ... ok
[INFO] [stdout] test statistics::tests::test_large_sample_counts ... ok
[INFO] [stdout] test statistics::tests::test_kurtosis_normal ... ok
[INFO] [stdout] test statistics::tests::test_lazy_stats_sample_reuse ... ok
[INFO] [stdout] test statistics::tests::test_progressive_stats_basic ... ok
[INFO] [stdout] test statistics::tests::test_progressive_stats_default ... ok
[INFO] [stdout] test statistics::tests::test_progressive_stats_edge_cases ... ok
[INFO] [stdout] test statistics::tests::test_quantile_extremes ... ok
[INFO] [stdout] test statistics::tests::test_skewness_zero_std_dev ... ok
[INFO] [stdout] test statistics::tests::test_median_absolute_deviation ... ok
[INFO] [stdout] test statistics::tests::test_progressive_stats_variance ... ok
[INFO] [stdout] test statistics::tests::test_statistical_consistency ... ok
[INFO] [stdout] test statistics::tests::test_mode_categorical ... ok
[INFO] [stdout] test statistics::tests::test_variance_standalone ... ok
[INFO] [stdout] test statistics::tests::test_quantile ... ok
[INFO] [stdout] test statistics::tests::test_mode_empty_samples ... ok
[INFO] [stdout] test statistics::tests::test_skewness_normal ... ok
[INFO] [stdout] test statistics::tests::test_standard_deviation ... ok
[INFO] [stdout] test uncertain::tests::test_debug_formatting ... ok
[INFO] [stdout] test uncertain::tests::test_filter ... ok
[INFO] [stdout] test statistics::tests::test_variance_zero ... ok
[INFO] [stdout] test uncertain::tests::test_clone ... ok
[INFO] [stdout] test uncertain::tests::test_eq_value_method_api ... ok
[INFO] [stdout] test uncertain::tests::test_gt_method_api ... ok
[INFO] [stdout] test uncertain::tests::test_filter_rejection_sampling ... ok
[INFO] [stdout] test uncertain::tests::test_le_method_api ... ok
[INFO] [stdout] test uncertain::tests::test_ge_method_api ... ok
[INFO] [stdout] test uncertain::tests::test_greater_than ... ok
[INFO] [stdout] test uncertain::tests::test_map ... ok
[INFO] [stdout] test uncertain::tests::test_ne_value_method_api ... ok
[INFO] [stdout] test uncertain::tests::test_map_type_conversion ... ok
[INFO] [stdout] test uncertain::tests::test_partial_eq ... ok
[INFO] [stdout] test uncertain::tests::test_samples_iterator ... ok
[INFO] [stdout] test uncertain::tests::test_sample ... ok
[INFO] [stdout] test uncertain::tests::test_take_samples ... ok
[INFO] [stdout] test uncertain::tests::test_take_samples_empty ... ok
[INFO] [stdout] test uncertain::tests::test_partial_ord_equal ... ok
[INFO] [stdout] test uncertain::tests::test_partial_ord ... ok
[INFO] [stdout] test uncertain::tests::test_with_random_sampler ... ok
[INFO] [stdout] test uncertain::tests::test_readme_example_api ... ok
[INFO] [stdout] test uncertain::tests::test_flat_map ... ok
[INFO] [stdout] test uncertain::tests::test_less_than_false ... ok
[INFO] [stdout] test uncertain::tests::test_flat_map_chain ... ok
[INFO] [stdout] test uncertain::tests::test_new_uncertain ... ok
[INFO] [stdout] test uncertain::tests::test_greater_than_false ... ok
[INFO] [stdout] test uncertain::tests::test_map_preserves_uncertainty ... ok
[INFO] [stdout] test uncertain::tests::test_less_than ... ok
[INFO] [stdout] test cache::tests::test_cache_cleanup ... ok
[INFO] [stdout] test cache::tests::test_ttl_cache_basic ... ok
[INFO] [stderr]      Running tests/cache_optimization_tests.rs (/opt/rustwide/target/release/build/uncertain-rs/3f0d84b9c17f8e85/out/cache_optimization_tests-3f0d84b9c17f8e85)
[INFO] [stdout] test uncertain::tests::test_lt_method_api ... ok
[INFO] [stdout] 
[INFO] [stdout] test result: ok. 184 passed; 0 failed; 0 ignored; 0 measured; 0 filtered out; finished in 0.25s
[INFO] [stdout] 
[INFO] [stdout] 
[INFO] [stdout] running 11 tests
[INFO] [stdout] test test_graph_optimizer_subexpression_elimination ... ok
[INFO] [stdout] test test_caching_strategy_conservative ... ok
[INFO] [stdout] test test_adaptive_sampling_convergence ... ok
[INFO] [stdout] test test_structural_hash_consistency ... ok
[INFO] [stdout] test test_improved_cache_hit_rates_with_quantization ... ok
[INFO] [stdout] test test_caching_strategy_adaptive ... ok
[INFO] [stdout] test test_computation_graph_complexity_metric ... ok
[INFO] [stdout] test test_complex_computation_graph_performance ... ok
[INFO] [stdout] test test_cache_statistics_tracking ... ok
[INFO] [stdout] test test_cache_performance_report ... ok
[INFO] [stdout] test test_different_precision_cache_hits ... FAILED
[INFO] [stdout] 
[INFO] [stdout] failures:
[INFO] [stdout] 
[INFO] [stdout] ---- test_different_precision_cache_hits stdout ----
[INFO] [stdout] 
[INFO] [stdout] thread 'test_different_precision_cache_hits' (1114) panicked at tests/cache_optimization_tests.rs:244:5:
[INFO] [stdout] Should have cache hits due to quantization
[INFO] [stdout] stack backtrace:
[INFO] [stdout]    0:     0x60df472d5f21 - <<std[617be2ca0a6fd877]::sys::backtrace::BacktraceLock>::print::DisplayBacktrace as core[a373ad73a504971]::fmt::Display>::fmt
[INFO] [stdout]    1:     0x60df472ea54a - core[a373ad73a504971]::fmt::write
[INFO] [stdout]    2:     0x60df472da13c - <alloc[2e1b2a31b91974c5]::vec::Vec<u8> as core[a373ad73a504971]::io::write::Write>::write_fmt
[INFO] [stdout]    3:     0x60df472b2366 - std[617be2ca0a6fd877]::panicking::default_hook::{closure#0}
[INFO] [stdout]    4:     0x60df472ce599 - std[617be2ca0a6fd877]::panicking::default_hook
[INFO] [stdout]    5:     0x60df47263410 - test[aada8e7e76ba119b]::test_main_inner::{closure#0}
[INFO] [stdout]    6:     0x60df472ce752 - std[617be2ca0a6fd877]::panicking::panic_with_hook
[INFO] [stdout]    7:     0x60df472b2444 - std[617be2ca0a6fd877]::panicking::panic_handler::{closure#0}
[INFO] [stdout]    8:     0x60df472ab129 - std[617be2ca0a6fd877]::sys::backtrace::__rust_end_short_backtrace::<std[617be2ca0a6fd877]::panicking::panic_handler::{closure#0}, !>
[INFO] [stdout]    9:     0x60df472b301d - __rustc[ea4f61d10b84890b]::rust_begin_unwind
[INFO] [stdout]   10:     0x60df472eac7c - core[a373ad73a504971]::panicking::panic_fmt
[INFO] [stdout]   11:     0x60df4724ee72 - <cache_optimization_tests[63ae33c776c854bc]::test_different_precision_cache_hits::{closure#0} as core[a373ad73a504971]::ops::function::FnOnce<()>>::call_once
[INFO] [stdout]   12:     0x60df4725685b - test[aada8e7e76ba119b]::__rust_begin_short_backtrace::<core[a373ad73a504971]::result::Result<(), alloc[2e1b2a31b91974c5]::string::String>, fn() -> core[a373ad73a504971]::result::Result<(), alloc[2e1b2a31b91974c5]::string::String>>
[INFO] [stdout]   13:     0x60df47263a35 - test[aada8e7e76ba119b]::run_test::{closure#0}
[INFO] [stdout]   14:     0x60df4725d324 - std[617be2ca0a6fd877]::sys::backtrace::__rust_begin_short_backtrace::<test[aada8e7e76ba119b]::run_test::{closure#1}, ()>
[INFO] [stdout]   15:     0x60df47266ac2 - <std[617be2ca0a6fd877]::thread::lifecycle::spawn_unchecked<test[aada8e7e76ba119b]::run_test::{closure#1}, ()>::{closure#1} as core[a373ad73a504971]::ops::function::FnOnce<()>>::call_once::{shim:vtable#0}
[INFO] [stdout]   16:     0x60df472d577f - <std[617be2ca0a6fd877]::sys::thread::unix::Thread>::new::thread_start
[INFO] [stdout]   17:     0x7e15aeda2dfa - <unknown>
[INFO] [stdout]   18:     0x7e15aee363d4 - clone
[INFO] [stdout]   19:                0x0 - <unknown>
[INFO] [stdout] 
[INFO] [stdout] 
[INFO] [stdout] failures:
[INFO] [stdout]     test_different_precision_cache_hits
[INFO] [stdout] 
[INFO] [stdout] test result: FAILED. 10 passed; 1 failed; 0 ignored; 0 measured; 0 filtered out; finished in 0.02s
[INFO] [stdout] 
[INFO] [stderr] error: test failed, to rerun pass `--test cache_optimization_tests`
[INFO] running `Command { std: "docker" "inspect" "3a4af04e9a2a51ea14add125ea792ab19dd96dfcbda7b226526b70470e31a2d8", kill_on_drop: false }`
[INFO] running `Command { std: "docker" "rm" "-f" "3a4af04e9a2a51ea14add125ea792ab19dd96dfcbda7b226526b70470e31a2d8", kill_on_drop: false }`
[INFO] [stdout] 3a4af04e9a2a51ea14add125ea792ab19dd96dfcbda7b226526b70470e31a2d8
