[INFO] fetching crate unc-primitives-core 0.12.2...
[INFO] testing unc-primitives-core-0.12.2 against 1.100.0-beta.1+cargoflags=--release for beta-release-1.100-2
[INFO] extracting crate unc-primitives-core 0.12.2 into /workspace/builds/worker-3-tc2/source
[INFO] started tweaking crates.io crate unc-primitives-core 0.12.2
[INFO] finished tweaking crates.io crate unc-primitives-core 0.12.2
[INFO] tweaked toml for crates.io crate unc-primitives-core 0.12.2 written to /workspace/builds/worker-3-tc2/source/Cargo.toml
[INFO] validating manifest of crates.io crate unc-primitives-core 0.12.2 on toolchain 1.100.0-beta.1
[INFO] running `Command { std: CARGO_HOME="/workspace/cargo-home" RUSTUP_HOME="/workspace/rustup-home" "/workspace/cargo-home/bin/cargo" "+1.100.0-beta.1" "metadata" "--manifest-path" "Cargo.toml" "--no-deps", kill_on_drop: false }`
[INFO] running `Command { std: CARGO_HOME="/workspace/cargo-home" RUSTUP_HOME="/workspace/rustup-home" "/workspace/cargo-home/bin/cargo" "+1.100.0-beta.1" "generate-lockfile" "--manifest-path" "Cargo.toml", kill_on_drop: false }`
[INFO] [stderr]     Updating crates.io index
[INFO] [stderr]      Locking 142 packages to highest compatible versions
[INFO] [stderr]       Adding base64 v0.21.7 (available: v0.23.1)
[INFO] [stderr]       Adding bs58 v0.4.0 (available: v0.5.1)
[INFO] [stderr]       Adding derive_more v0.99.20 (available: v2.1.1)
[INFO] [stderr]       Adding enum-map v2.7.3 (available: v3.1.0)
[INFO] [stderr]       Adding generic-array v0.14.7 (available: v0.14.9)
[INFO] [stderr]       Adding num-rational v0.3.2 (available: v0.4.2)
[INFO] [stderr]       Adding psm v0.1.24 (available: v0.1.32)
[INFO] [stderr]       Adding sha2 v0.10.9 (available: v0.11.1)
[INFO] [stderr]       Adding strum v0.24.1 (available: v0.28.0)
[INFO] [stderr]       Adding thiserror v1.0.69 (available: v2.0.21)
[INFO] running `Command { std: CARGO_HOME="/workspace/cargo-home" RUSTUP_HOME="/workspace/rustup-home" "/workspace/cargo-home/bin/cargo" "+1.100.0-beta.1" "fetch" "--manifest-path" "Cargo.toml", kill_on_drop: false }`
[INFO] running `Command { std: "docker" "create" "-v" "/var/lib/crater-agent-workspace/builds/worker-3-tc2/source:/opt/rustwide/workdir:ro,Z" "-v" "/var/lib/crater-agent-workspace/builds/worker-3-tc2/target:/opt/rustwide/target:rw,Z" "-v" "/var/lib/crater-agent-workspace/cargo-home:/opt/rustwide/cargo-home:ro,Z" "-v" "/var/lib/crater-agent-workspace/rustup-home:/opt/rustwide/rustup-home:ro,Z" "-m" "1610612736" "--network" "none" "ghcr.io/rust-lang/crates-build-env/linux@sha256:77db811e55d90add9212f6832c23229e3de5f1c1f9905e8cb07319ea15df73ac" "sleep" "infinity", kill_on_drop: false }`
[INFO] [stdout] bea0d21fd2672e8ab91dfbde1ef31bd53ee92f38f1c68a5bdcf6aa70b196fd4a
[INFO] running `Command { std: "docker" "start" "bea0d21fd2672e8ab91dfbde1ef31bd53ee92f38f1c68a5bdcf6aa70b196fd4a", kill_on_drop: false }`
[INFO] running `Command { std: "docker" "inspect" "bea0d21fd2672e8ab91dfbde1ef31bd53ee92f38f1c68a5bdcf6aa70b196fd4a", kill_on_drop: false }`
[INFO] running `Command { std: "docker" "exec" "-e" "SOURCE_DIR=/opt/rustwide/workdir" "-e" "CARGO_HOME=/opt/rustwide/cargo-home" "-e" "RUSTUP_HOME=/opt/rustwide/rustup-home" "-e" "CARGO_TARGET_DIR=/opt/rustwide/target" "-w" "/opt/rustwide/workdir" "--user" "0:0" "bea0d21fd2672e8ab91dfbde1ef31bd53ee92f38f1c68a5bdcf6aa70b196fd4a" "/opt/rustwide/cargo-home/bin/cargo" "+1.100.0-beta.1" "metadata" "--no-deps" "--format-version=1", kill_on_drop: false }`
[INFO] running `Command { std: "docker" "inspect" "bea0d21fd2672e8ab91dfbde1ef31bd53ee92f38f1c68a5bdcf6aa70b196fd4a", kill_on_drop: false }`
[INFO] running `Command { std: "docker" "exec" "-e" "SOURCE_DIR=/opt/rustwide/workdir" "-e" "CARGO_HOME=/opt/rustwide/cargo-home" "-e" "RUSTUP_HOME=/opt/rustwide/rustup-home" "-e" "CARGO_TARGET_DIR=/opt/rustwide/target" "-e" "CARGO_INCREMENTAL=0" "-e" "RUST_BACKTRACE=full" "-e" "RUSTFLAGS=--cap-lints=warn" "-e" "RUSTDOCFLAGS=--cap-lints=warn" "-w" "/opt/rustwide/workdir" "--user" "0:0" "bea0d21fd2672e8ab91dfbde1ef31bd53ee92f38f1c68a5bdcf6aa70b196fd4a" "/opt/rustwide/cargo-home/bin/cargo" "+1.100.0-beta.1" "build" "--frozen" "--message-format=json" "--release", kill_on_drop: false }`
[INFO] [stderr]    Compiling serde_core v1.0.229
[INFO] [stderr]    Compiling equivalent v1.0.3
[INFO] [stderr]    Compiling toml_datetime v1.1.2+spec-1.1.0
[INFO] [stderr]    Compiling toml_parser v1.1.5+spec-1.1.0
[INFO] [stderr]    Compiling num-traits v0.2.19
[INFO] [stderr]    Compiling syn v3.0.9
[INFO] [stderr]    Compiling syn v2.0.119
[INFO] [stderr]    Compiling syn v1.0.109
[INFO] [stderr]    Compiling indexmap v2.14.2
[INFO] [stderr]    Compiling serde v1.0.229
[INFO] [stderr]    Compiling borsh v1.8.1
[INFO] [stderr]    Compiling num-bigint v0.3.3
[INFO] [stderr]    Compiling once_cell v1.21.4
[INFO] [stderr]    Compiling num-rational v0.3.2
[INFO] [stderr]    Compiling heck v0.4.1
[INFO] [stderr]    Compiling base64 v0.23.1
[INFO] [stderr]    Compiling convert_case v0.4.0
[INFO] [stderr]    Compiling toml_edit v0.25.17+spec-1.1.0
[INFO] [stderr]    Compiling num-integer v0.1.47
[INFO] [stderr]    Compiling sha2 v0.10.9
[INFO] [stderr]    Compiling base64 v0.21.7
[INFO] [stderr]    Compiling proc-macro-crate v3.5.0
[INFO] [stderr]    Compiling bs58 v0.4.0
[INFO] [stderr]    Compiling enum-map-derive v0.17.0
[INFO] [stderr]    Compiling thiserror-impl v1.0.69
[INFO] [stderr]    Compiling derive_more v0.99.20
[INFO] [stderr]    Compiling enum-map v2.7.3
[INFO] [stderr]    Compiling strum_macros v0.24.3
[INFO] [stderr]    Compiling thiserror v1.0.69
[INFO] [stderr]    Compiling darling_core v0.24.1
[INFO] [stderr]    Compiling strum v0.24.1
[INFO] [stderr]    Compiling serde_derive v1.0.229
[INFO] [stderr]    Compiling borsh-derive v1.8.1
[INFO] [stderr]    Compiling derive_arbitrary v1.5.0
[INFO] [stderr]    Compiling serde_repr v0.1.21
[INFO] [stderr]    Compiling arbitrary v1.5.0
[INFO] [stderr]    Compiling darling_macro v0.24.1
[INFO] [stderr]    Compiling darling v0.24.1
[INFO] [stderr]    Compiling serde_with_macros v3.24.0
[INFO] [stderr]    Compiling serde_with v3.24.0
[INFO] [stderr]    Compiling unc-account-id v0.7.2
[INFO] [stderr]    Compiling unc-primitives-core v0.12.2 (/opt/rustwide/workdir)
[INFO] [stderr] warning: unused dependency `serde_with`
[INFO] [stderr]   --> Cargo.toml:32:15
[INFO] [stderr]    |
[INFO] [stderr] 32 | [dependencies.serde_with]
[INFO] [stderr]    |               ^^^^^^^^^^^
[INFO] [stderr]    |
[INFO] [stderr]    = note: `cargo::unused_dependencies` is set to `warn` by default
[INFO] [stderr] help: consider removing the dependency on `serde_with`
[INFO] [stderr] warning: unused dependency `strum`
[INFO] [stderr]   --> Cargo.toml:39:15
[INFO] [stderr]    |
[INFO] [stderr] 39 | [dependencies.strum]
[INFO] [stderr]    |               ^^^^^^
[INFO] [stderr]    |
[INFO] [stderr] help: consider removing the dependency on `strum`
[INFO] [stderr] warning: `unc-primitives-core` (manifest) generated 2 warnings
[INFO] [stderr]     Finished `release` profile [optimized] target(s) in 49.13s
[INFO] running `Command { std: "docker" "inspect" "bea0d21fd2672e8ab91dfbde1ef31bd53ee92f38f1c68a5bdcf6aa70b196fd4a", kill_on_drop: false }`
[INFO] running `Command { std: "docker" "exec" "-e" "SOURCE_DIR=/opt/rustwide/workdir" "-e" "CARGO_HOME=/opt/rustwide/cargo-home" "-e" "RUSTUP_HOME=/opt/rustwide/rustup-home" "-e" "CARGO_TARGET_DIR=/opt/rustwide/target" "-e" "CARGO_INCREMENTAL=0" "-e" "RUST_BACKTRACE=full" "-e" "RUSTFLAGS=--cap-lints=warn" "-e" "RUSTDOCFLAGS=--cap-lints=warn" "-w" "/opt/rustwide/workdir" "--user" "0:0" "bea0d21fd2672e8ab91dfbde1ef31bd53ee92f38f1c68a5bdcf6aa70b196fd4a" "/opt/rustwide/cargo-home/bin/cargo" "+1.100.0-beta.1" "test" "--frozen" "--no-run" "--message-format=json" "--release", kill_on_drop: false }`
[INFO] [stderr]    Compiling libc v0.2.191
[INFO] [stderr]    Compiling psm v0.1.24
[INFO] [stderr]    Compiling stacker v0.1.25
[INFO] [stderr]    Compiling cfg-if v1.0.5
[INFO] [stderr]    Compiling ucd-trie v0.1.7
[INFO] [stderr]    Compiling memchr v2.8.3
[INFO] [stderr]    Compiling getrandom v0.4.3
[INFO] [stderr]    Compiling rustix v1.1.5
[INFO] [stderr]    Compiling linux-raw-sys v0.12.1
[INFO] [stderr]    Compiling serde_json v1.0.154
[INFO] [stderr]    Compiling console v0.16.6
[INFO] [stderr]    Compiling similar v2.7.0
[INFO] [stderr]    Compiling pest v2.9.4
[INFO] [stderr]    Compiling pest_meta v2.9.4
[INFO] [stderr]    Compiling tempfile v3.27.0
[INFO] [stderr]    Compiling pest_generator v2.9.4
[INFO] [stderr]    Compiling pest_derive v2.9.4
[INFO] [stderr]    Compiling insta v1.49.0
[INFO] [stderr]    Compiling unc-primitives-core v0.12.2 (/opt/rustwide/workdir)
[INFO] [stdout] warning: struct `Struct` is never constructed
[INFO] [stdout]    --> src/hash.rs:242:12
[INFO] [stdout]     |
[INFO] [stdout] 242 |     struct Struct {
[INFO] [stdout]     |            ^^^^^^
[INFO] [stdout]     |
[INFO] [stdout]     = note: `-D dead-code` implied by `-D warnings`
[INFO] [stdout]     = help: to override `-D warnings` add `#[expect(dead_code)]` or `#[allow(dead_code)]`
[INFO] [stdout]     = note: the `dead_code` lint ignores `-D warnings`
[INFO] [stdout] 
[INFO] [stdout] 
[INFO] [stderr] warning: unused dependency `serde_with`
[INFO] [stderr]   --> Cargo.toml:32:15
[INFO] [stderr]    |
[INFO] [stderr] 32 | [dependencies.serde_with]
[INFO] [stderr]    |               ^^^^^^^^^^^
[INFO] [stderr]    |
[INFO] [stderr]    = note: `cargo::unused_dependencies` is set to `warn` by default
[INFO] [stderr] help: consider removing the dependency on `serde_with`
[INFO] [stderr] warning: unused dependency `strum`
[INFO] [stderr]   --> Cargo.toml:39:15
[INFO] [stderr]    |
[INFO] [stderr] 39 | [dependencies.strum]
[INFO] [stderr]    |               ^^^^^^
[INFO] [stderr]    |
[INFO] [stderr] help: consider removing the dependency on `strum`
[INFO] [stderr] warning: `unc-primitives-core` (manifest) generated 2 warnings
[INFO] [stderr]     Finished `release` profile [optimized] target(s) in 41.30s
[INFO] running `Command { std: "docker" "inspect" "bea0d21fd2672e8ab91dfbde1ef31bd53ee92f38f1c68a5bdcf6aa70b196fd4a", kill_on_drop: false }`
[INFO] running `Command { std: "docker" "exec" "-e" "SOURCE_DIR=/opt/rustwide/workdir" "-e" "CARGO_HOME=/opt/rustwide/cargo-home" "-e" "RUSTUP_HOME=/opt/rustwide/rustup-home" "-e" "CARGO_TARGET_DIR=/opt/rustwide/target" "-e" "CARGO_INCREMENTAL=0" "-e" "RUST_BACKTRACE=full" "-e" "RUSTFLAGS=--cap-lints=warn" "-e" "RUSTDOCFLAGS=--cap-lints=warn" "-w" "/opt/rustwide/workdir" "--user" "0:0" "bea0d21fd2672e8ab91dfbde1ef31bd53ee92f38f1c68a5bdcf6aa70b196fd4a" "/opt/rustwide/cargo-home/bin/cargo" "+1.100.0-beta.1" "test" "--frozen" "--release", kill_on_drop: false }`
[INFO] [stderr] warning: struct `Struct` is never constructed
[INFO] [stderr]    --> src/hash.rs:242:12
[INFO] [stderr]     |
[INFO] [stderr] 242 |     struct Struct {
[INFO] [stderr]     |            ^^^^^^
[INFO] [stderr]     |
[INFO] [stderr]     = note: `-D dead-code` implied by `-D warnings`
[INFO] [stderr]     = help: to override `-D warnings` add `#[expect(dead_code)]` or `#[allow(dead_code)]`
[INFO] [stderr]     = note: the `dead_code` lint ignores `-D warnings`
[INFO] [stderr] 
[INFO] [stderr] warning: `unc-primitives-core` (lib test) generated 1 warning
[INFO] [stderr] warning: unused dependency `serde_with`
[INFO] [stderr]   --> Cargo.toml:32:15
[INFO] [stderr]    |
[INFO] [stderr] 32 | [dependencies.serde_with]
[INFO] [stderr]    |               ^^^^^^^^^^^
[INFO] [stderr]    |
[INFO] [stderr]    = note: `cargo::unused_dependencies` is set to `warn` by default
[INFO] [stderr] help: consider removing the dependency on `serde_with`
[INFO] [stderr] warning: unused dependency `strum`
[INFO] [stderr]   --> Cargo.toml:39:15
[INFO] [stderr]    |
[INFO] [stderr] 39 | [dependencies.strum]
[INFO] [stderr]    |               ^^^^^^
[INFO] [stderr]    |
[INFO] [stderr] help: consider removing the dependency on `strum`
[INFO] [stderr] warning: `unc-primitives-core` (manifest) generated 2 warnings
[INFO] [stderr]     Finished `release` profile [optimized] target(s) in 0.16s
[INFO] [stderr]      Running unittests src/lib.rs (/opt/rustwide/target/release/build/unc-primitives-core/2b6ac3a74f1ea2f7/out/unc_primitives_core-2b6ac3a74f1ea2f7)
[INFO] [stdout] 
[INFO] [stdout] running 9 tests
[INFO] [stdout] test hash::tests::test_from_str_failures ... ok
[INFO] [stdout] test serialize::test_option_u128_dec_format ... ok
[INFO] [stdout] test serialize::test_u128_dec_format ... ok
[INFO] [stdout] test hash::tests::test_hash_borsh ... ok
[INFO] [stdout] test account::tests::test_account_serialization ... FAILED
[INFO] [stdout] test hash::tests::test_serde_deserialise_failures ... ok
[INFO] [stdout] test account::tests::test_account_deserialization ... ok
[INFO] [stdout] test serialize::test_u64_dec_format ... ok
[INFO] [stdout] test hash::tests::test_base58_successes ... ok
[INFO] [stdout] 
[INFO] [stdout] failures:
[INFO] [stdout] 
[INFO] [stdout] ---- account::tests::test_account_serialization stdout ----
[INFO] [stdout] 
[INFO] [stdout] thread 'account::tests::test_account_serialization' (1358) panicked at src/account.rs:262:9:
[INFO] [stdout] assertion `left == right` failed
[INFO] [stdout]   left: "51yGzZ3b7PTqFmeePvWGcFjkNRz1QCCXGJ13TKx81Bk7"
[INFO] [stdout]  right: "EVk5UaxBe8LQ8r8iD5EAxVBs6TJcMDKqyH7PBuho6bBJ"
[INFO] [stdout] stack backtrace:
[INFO] [stdout]    0:     0x5988d7528211 - <<std[617be2ca0a6fd877]::sys::backtrace::BacktraceLock>::print::DisplayBacktrace as core[a373ad73a504971]::fmt::Display>::fmt
[INFO] [stdout]    1:     0x5988d753cf4a - core[a373ad73a504971]::fmt::write
[INFO] [stdout]    2:     0x5988d752c42c - <alloc[2e1b2a31b91974c5]::vec::Vec<u8> as core[a373ad73a504971]::io::write::Write>::write_fmt
[INFO] [stdout]    3:     0x5988d7504676 - std[617be2ca0a6fd877]::panicking::default_hook::{closure#0}
[INFO] [stdout]    4:     0x5988d75208a9 - std[617be2ca0a6fd877]::panicking::default_hook
[INFO] [stdout]    5:     0x5988d74b99c0 - test[aada8e7e76ba119b]::test_main_inner::{closure#0}
[INFO] [stdout]    6:     0x5988d7520a62 - std[617be2ca0a6fd877]::panicking::panic_with_hook
[INFO] [stdout]    7:     0x5988d7504722 - std[617be2ca0a6fd877]::panicking::panic_handler::{closure#0}
[INFO] [stdout]    8:     0x5988d74fd439 - std[617be2ca0a6fd877]::sys::backtrace::__rust_end_short_backtrace::<std[617be2ca0a6fd877]::panicking::panic_handler::{closure#0}, !>
[INFO] [stdout]    9:     0x5988d750532d - __rustc[ea4f61d10b84890b]::rust_begin_unwind
[INFO] [stdout]   10:     0x5988d753d67c - core[a373ad73a504971]::panicking::panic_fmt
[INFO] [stdout]   11:     0x5988d753d593 - core[a373ad73a504971]::panicking::assert_failed_inner
[INFO] [stdout]   12:     0x5988d74a2a04 - core[a373ad73a504971]::panicking::assert_failed::<alloc[2e1b2a31b91974c5]::string::String, &str>
[INFO] [stdout]   13:     0x5988d74a359a - <unc_primitives_core[7891733fa0a21d]::account::tests::test_account_serialization::{closure#0} as core[a373ad73a504971]::ops::function::FnOnce<()>>::call_once
[INFO] [stdout]   14:     0x5988d74ace0b - test[aada8e7e76ba119b]::__rust_begin_short_backtrace::<core[a373ad73a504971]::result::Result<(), alloc[2e1b2a31b91974c5]::string::String>, fn() -> core[a373ad73a504971]::result::Result<(), alloc[2e1b2a31b91974c5]::string::String>>
[INFO] [stdout]   15:     0x5988d74b9fe5 - test[aada8e7e76ba119b]::run_test::{closure#0}
[INFO] [stdout]   16:     0x5988d74b38d4 - std[617be2ca0a6fd877]::sys::backtrace::__rust_begin_short_backtrace::<test[aada8e7e76ba119b]::run_test::{closure#1}, ()>
[INFO] [stdout]   17:     0x5988d74bd072 - <std[617be2ca0a6fd877]::thread::lifecycle::spawn_unchecked<test[aada8e7e76ba119b]::run_test::{closure#1}, ()>::{closure#1} as core[a373ad73a504971]::ops::function::FnOnce<()>>::call_once::{shim:vtable#0}
[INFO] [stdout]   18:     0x5988d7527a6f - <std[617be2ca0a6fd877]::sys::thread::unix::Thread>::new::thread_start
[INFO] [stdout]   19:     0x794e069c6dfa - <unknown>
[INFO] [stdout]   20:     0x794e06a5a3d4 - clone
[INFO] [stdout]   21:                0x0 - <unknown>
[INFO] [stdout] 
[INFO] [stdout] 
[INFO] [stdout] failures:
[INFO] [stdout]     account::tests::test_account_serialization
[INFO] [stdout] 
[INFO] [stdout] test result: FAILED. 8 passed; 1 failed; 0 ignored; 0 measured; 0 filtered out; finished in 0.00s
[INFO] [stdout] 
[INFO] [stderr] error: test failed, to rerun pass `--lib`
[INFO] running `Command { std: "docker" "inspect" "bea0d21fd2672e8ab91dfbde1ef31bd53ee92f38f1c68a5bdcf6aa70b196fd4a", kill_on_drop: false }`
[INFO] running `Command { std: "docker" "rm" "-f" "bea0d21fd2672e8ab91dfbde1ef31bd53ee92f38f1c68a5bdcf6aa70b196fd4a", kill_on_drop: false }`
[INFO] [stdout] bea0d21fd2672e8ab91dfbde1ef31bd53ee92f38f1c68a5bdcf6aa70b196fd4a
