[INFO] fetching crate umacro-lib 0.1.0...
[INFO] testing umacro-lib-0.1.0 against 1.100.0-beta.1+cargoflags=--release for beta-release-1.100-2
[INFO] extracting crate umacro-lib 0.1.0 into /workspace/builds/worker-7-tc2/source
[INFO] started tweaking crates.io crate umacro-lib 0.1.0
[INFO] finished tweaking crates.io crate umacro-lib 0.1.0
[INFO] tweaked toml for crates.io crate umacro-lib 0.1.0 written to /workspace/builds/worker-7-tc2/source/Cargo.toml
[INFO] validating manifest of crates.io crate umacro-lib 0.1.0 on toolchain 1.100.0-beta.1
[INFO] running `Command { std: CARGO_HOME="/workspace/cargo-home" RUSTUP_HOME="/workspace/rustup-home" "/workspace/cargo-home/bin/cargo" "+1.100.0-beta.1" "metadata" "--manifest-path" "Cargo.toml" "--no-deps", kill_on_drop: false }`
[INFO] running `Command { std: CARGO_HOME="/workspace/cargo-home" RUSTUP_HOME="/workspace/rustup-home" "/workspace/cargo-home/bin/cargo" "+1.100.0-beta.1" "generate-lockfile" "--manifest-path" "Cargo.toml", kill_on_drop: false }`
[INFO] [stderr]     Updating crates.io index
[INFO] [stderr]      Locking 17 packages to highest compatible versions
[INFO] running `Command { std: CARGO_HOME="/workspace/cargo-home" RUSTUP_HOME="/workspace/rustup-home" "/workspace/cargo-home/bin/cargo" "+1.100.0-beta.1" "fetch" "--manifest-path" "Cargo.toml", kill_on_drop: false }`
[INFO] [stderr] warning: `package.homepage` is redundant with `package.repository`
[INFO] [stderr]   --> Cargo.toml:16:12
[INFO] [stderr]    |
[INFO] [stderr] 16 | homepage = "https://github.com/eminfedar/umacro-lib"
[INFO] [stderr]    |            ^^^^^^^^^^^^^^^^^^^^^^^^^^^^^^^^^^^^^^^^^
[INFO] [stderr] ...
[INFO] [stderr] 21 | repository = "https://github.com/eminfedar/umacro-lib"
[INFO] [stderr]    |              -----------------------------------------
[INFO] [stderr]    |
[INFO] [stderr]    = note: `cargo::redundant_homepage` is set to `warn` by default
[INFO] [stderr] help: consider removing `package.homepage`
[INFO] [stderr] warning: `umacro-lib` (manifest) generated 1 warning
[INFO] [stderr]     Blocking waiting for file lock on package cache
[INFO] [stderr]     Blocking waiting for file lock on package cache
[INFO] running `Command { std: "docker" "create" "-v" "/var/lib/crater-agent-workspace/builds/worker-7-tc2/source:/opt/rustwide/workdir:ro,Z" "-v" "/var/lib/crater-agent-workspace/builds/worker-7-tc2/target:/opt/rustwide/target:rw,Z" "-v" "/var/lib/crater-agent-workspace/cargo-home:/opt/rustwide/cargo-home:ro,Z" "-v" "/var/lib/crater-agent-workspace/rustup-home:/opt/rustwide/rustup-home:ro,Z" "-m" "1610612736" "--network" "none" "ghcr.io/rust-lang/crates-build-env/linux@sha256:77db811e55d90add9212f6832c23229e3de5f1c1f9905e8cb07319ea15df73ac" "sleep" "infinity", kill_on_drop: false }`
[INFO] [stdout] e36871face8c9bbdf4815eb8f5f91ae60816509e41beeb884b1876ff3e3885bd
[INFO] running `Command { std: "docker" "start" "e36871face8c9bbdf4815eb8f5f91ae60816509e41beeb884b1876ff3e3885bd", kill_on_drop: false }`
[INFO] running `Command { std: "docker" "inspect" "e36871face8c9bbdf4815eb8f5f91ae60816509e41beeb884b1876ff3e3885bd", kill_on_drop: false }`
[INFO] running `Command { std: "docker" "exec" "-e" "SOURCE_DIR=/opt/rustwide/workdir" "-e" "CARGO_HOME=/opt/rustwide/cargo-home" "-e" "RUSTUP_HOME=/opt/rustwide/rustup-home" "-e" "CARGO_TARGET_DIR=/opt/rustwide/target" "-w" "/opt/rustwide/workdir" "--user" "0:0" "e36871face8c9bbdf4815eb8f5f91ae60816509e41beeb884b1876ff3e3885bd" "/opt/rustwide/cargo-home/bin/cargo" "+1.100.0-beta.1" "metadata" "--no-deps" "--format-version=1", kill_on_drop: false }`
[INFO] running `Command { std: "docker" "inspect" "e36871face8c9bbdf4815eb8f5f91ae60816509e41beeb884b1876ff3e3885bd", kill_on_drop: false }`
[INFO] running `Command { std: "docker" "exec" "-e" "SOURCE_DIR=/opt/rustwide/workdir" "-e" "CARGO_HOME=/opt/rustwide/cargo-home" "-e" "RUSTUP_HOME=/opt/rustwide/rustup-home" "-e" "CARGO_TARGET_DIR=/opt/rustwide/target" "-e" "CARGO_INCREMENTAL=0" "-e" "RUST_BACKTRACE=full" "-e" "RUSTFLAGS=--cap-lints=warn" "-e" "RUSTDOCFLAGS=--cap-lints=warn" "-w" "/opt/rustwide/workdir" "--user" "0:0" "e36871face8c9bbdf4815eb8f5f91ae60816509e41beeb884b1876ff3e3885bd" "/opt/rustwide/cargo-home/bin/cargo" "+1.100.0-beta.1" "build" "--frozen" "--message-format=json" "--release", kill_on_drop: false }`
[INFO] [stderr] warning: `package.homepage` is redundant with `package.repository`
[INFO] [stderr]   --> Cargo.toml:16:12
[INFO] [stderr]    |
[INFO] [stderr] 16 | homepage = "https://github.com/eminfedar/umacro-lib"
[INFO] [stderr]    |            ^^^^^^^^^^^^^^^^^^^^^^^^^^^^^^^^^^^^^^^^^
[INFO] [stderr] ...
[INFO] [stderr] 21 | repository = "https://github.com/eminfedar/umacro-lib"
[INFO] [stderr]    |              -----------------------------------------
[INFO] [stderr]    |
[INFO] [stderr]    = note: `cargo::redundant_homepage` is set to `warn` by default
[INFO] [stderr] help: consider removing `package.homepage`
[INFO] [stderr] warning: `umacro-lib` (manifest) generated 1 warning
[INFO] [stderr]    Compiling nix v0.10.0
[INFO] [stderr]    Compiling void v1.0.2
[INFO] [stderr]    Compiling ioctl-sys v0.5.2
[INFO] [stderr]    Compiling libudev-sys v0.1.4
[INFO] [stderr]    Compiling custom_derive v0.1.7
[INFO] [stderr]    Compiling enum_derive v0.1.7
[INFO] [stderr]    Compiling bytes v0.4.12
[INFO] [stderr]    Compiling uinput-sys v0.1.7
[INFO] [stderr]    Compiling libudev v0.2.0
[INFO] [stderr]    Compiling uinput v0.1.3
[INFO] [stderr]    Compiling umacro-lib v0.1.0 (/opt/rustwide/workdir)
[INFO] [stdout] warning: use of deprecated module `std::i32`: all constants in this module replaced by associated constants on the type
[INFO] [stdout]  --> src/lib.rs:2:11
[INFO] [stdout]   |
[INFO] [stdout] 2 | use std::{i32, thread};
[INFO] [stdout]   |           ^^^
[INFO] [stdout]   |
[INFO] [stdout]   = note: `#[warn(deprecated)]` on by default
[INFO] [stdout] 
[INFO] [stdout] 
[INFO] [stderr]     Finished `release` profile [optimized] target(s) in 7.92s
[INFO] running `Command { std: "docker" "inspect" "e36871face8c9bbdf4815eb8f5f91ae60816509e41beeb884b1876ff3e3885bd", kill_on_drop: false }`
[INFO] running `Command { std: "docker" "exec" "-e" "SOURCE_DIR=/opt/rustwide/workdir" "-e" "CARGO_HOME=/opt/rustwide/cargo-home" "-e" "RUSTUP_HOME=/opt/rustwide/rustup-home" "-e" "CARGO_TARGET_DIR=/opt/rustwide/target" "-e" "CARGO_INCREMENTAL=0" "-e" "RUST_BACKTRACE=full" "-e" "RUSTFLAGS=--cap-lints=warn" "-e" "RUSTDOCFLAGS=--cap-lints=warn" "-w" "/opt/rustwide/workdir" "--user" "0:0" "e36871face8c9bbdf4815eb8f5f91ae60816509e41beeb884b1876ff3e3885bd" "/opt/rustwide/cargo-home/bin/cargo" "+1.100.0-beta.1" "test" "--frozen" "--no-run" "--message-format=json" "--release", kill_on_drop: false }`
[INFO] [stderr] warning: `package.homepage` is redundant with `package.repository`
[INFO] [stderr]   --> Cargo.toml:16:12
[INFO] [stderr]    |
[INFO] [stderr] 16 | homepage = "https://github.com/eminfedar/umacro-lib"
[INFO] [stderr]    |            ^^^^^^^^^^^^^^^^^^^^^^^^^^^^^^^^^^^^^^^^^
[INFO] [stderr] ...
[INFO] [stderr] 21 | repository = "https://github.com/eminfedar/umacro-lib"
[INFO] [stderr]    |              -----------------------------------------
[INFO] [stderr]    |
[INFO] [stderr]    = note: `cargo::redundant_homepage` is set to `warn` by default
[INFO] [stderr] help: consider removing `package.homepage`
[INFO] [stderr] warning: `umacro-lib` (manifest) generated 1 warning
[INFO] [stdout] warning: use of deprecated module `std::i32`: all constants in this module replaced by associated constants on the type
[INFO] [stdout]  --> src/lib.rs:2:11
[INFO] [stdout]   |
[INFO] [stdout] 2 | use std::{i32, thread};
[INFO] [stdout]   |           ^^^
[INFO] [stdout]   |
[INFO] [stdout]   = note: `#[warn(deprecated)]` on by default
[INFO] [stdout] 
[INFO] [stdout] 
[INFO] [stderr]    Compiling umacro-lib v0.1.0 (/opt/rustwide/workdir)
[INFO] [stdout] warning: use of deprecated module `std::i32`: all constants in this module replaced by associated constants on the type
[INFO] [stdout]  --> src/lib.rs:2:11
[INFO] [stdout]   |
[INFO] [stdout] 2 | use std::{i32, thread};
[INFO] [stdout]   |           ^^^
[INFO] [stdout]   |
[INFO] [stdout]   = note: `#[warn(deprecated)]` on by default
[INFO] [stdout] 
[INFO] [stdout] 
[INFO] [stdout] warning: unused variable: `i`
[INFO] [stdout]    --> src/lib.rs:198:13
[INFO] [stdout]     |
[INFO] [stdout] 198 |         for i in 0..3 {
[INFO] [stdout]     |             ^ help: if this is intentional, prefix it with an underscore: `_i`
[INFO] [stdout]     |
[INFO] [stdout]     = note: `#[warn(unused_variables)]` (part of `#[warn(unused)]`) on by default
[INFO] [stdout] 
[INFO] [stdout] 
[INFO] [stderr]     Finished `release` profile [optimized] target(s) in 0.98s
[INFO] running `Command { std: "docker" "inspect" "e36871face8c9bbdf4815eb8f5f91ae60816509e41beeb884b1876ff3e3885bd", kill_on_drop: false }`
[INFO] running `Command { std: "docker" "exec" "-e" "SOURCE_DIR=/opt/rustwide/workdir" "-e" "CARGO_HOME=/opt/rustwide/cargo-home" "-e" "RUSTUP_HOME=/opt/rustwide/rustup-home" "-e" "CARGO_TARGET_DIR=/opt/rustwide/target" "-e" "CARGO_INCREMENTAL=0" "-e" "RUST_BACKTRACE=full" "-e" "RUSTFLAGS=--cap-lints=warn" "-e" "RUSTDOCFLAGS=--cap-lints=warn" "-w" "/opt/rustwide/workdir" "--user" "0:0" "e36871face8c9bbdf4815eb8f5f91ae60816509e41beeb884b1876ff3e3885bd" "/opt/rustwide/cargo-home/bin/cargo" "+1.100.0-beta.1" "test" "--frozen" "--release", kill_on_drop: false }`
[INFO] [stderr] warning: `package.homepage` is redundant with `package.repository`
[INFO] [stderr]   --> Cargo.toml:16:12
[INFO] [stderr]    |
[INFO] [stderr] 16 | homepage = "https://github.com/eminfedar/umacro-lib"
[INFO] [stderr]    |            ^^^^^^^^^^^^^^^^^^^^^^^^^^^^^^^^^^^^^^^^^
[INFO] [stderr] ...
[INFO] [stderr] 21 | repository = "https://github.com/eminfedar/umacro-lib"
[INFO] [stderr]    |              -----------------------------------------
[INFO] [stderr]    |
[INFO] [stderr]    = note: `cargo::redundant_homepage` is set to `warn` by default
[INFO] [stderr] help: consider removing `package.homepage`
[INFO] [stderr] warning: `umacro-lib` (manifest) generated 1 warning
[INFO] [stderr] warning: use of deprecated module `std::i32`: all constants in this module replaced by associated constants on the type
[INFO] [stderr]  --> src/lib.rs:2:11
[INFO] [stderr]   |
[INFO] [stderr] 2 | use std::{i32, thread};
[INFO] [stderr]   |           ^^^
[INFO] [stderr]   |
[INFO] [stderr]   = note: `#[warn(deprecated)]` on by default
[INFO] [stderr] 
[INFO] [stderr] warning: `umacro-lib` (lib) generated 1 warning
[INFO] [stderr] warning: unused variable: `i`
[INFO] [stderr]    --> src/lib.rs:198:13
[INFO] [stderr]     |
[INFO] [stderr] 198 |         for i in 0..3 {
[INFO] [stderr]     |             ^ help: if this is intentional, prefix it with an underscore: `_i`
[INFO] [stderr]     |
[INFO] [stderr]     = note: `#[warn(unused_variables)]` (part of `#[warn(unused)]`) on by default
[INFO] [stderr] 
[INFO] [stderr] warning: `umacro-lib` (lib test) generated 2 warnings (1 duplicate) (run `cargo fix --lib -p umacro-lib --tests` to apply 1 suggestion)
[INFO] [stderr]     Finished `release` profile [optimized] target(s) in 0.07s
[INFO] [stderr]      Running unittests src/lib.rs (/opt/rustwide/target/release/build/umacro-lib/767d3e67da62c072/out/umacro_lib-767d3e67da62c072)
[INFO] [stdout] 
[INFO] [stdout] running 5 tests
[INFO] [stdout] test tests::key_write ... FAILED
[INFO] [stderr] error: test failed, to rerun pass `--lib`
[INFO] [stdout] test tests::mouse_relative ... FAILED
[INFO] [stdout] test tests::mouse_click ... FAILED
[INFO] [stdout] test tests::key_click ... FAILED
[INFO] [stdout] test tests::mouse_absolute ... FAILED
[INFO] [stdout] 
[INFO] [stdout] failures:
[INFO] [stdout] 
[INFO] [stdout] ---- tests::key_write stdout ----
[INFO] [stdout] 
[INFO] [stdout] thread 'tests::key_write' (316) panicked at src/lib.rs:173:10:
[INFO] [stdout] called `Result::unwrap()` on an `Err` value: Nix(Sys(ENOENT))
[INFO] [stdout] stack backtrace:
[INFO] [stdout]    0:     0x6307ca2970e1 - <<std[617be2ca0a6fd877]::sys::backtrace::BacktraceLock>::print::DisplayBacktrace as core[a373ad73a504971]::fmt::Display>::fmt
[INFO] [stdout]    1:     0x6307ca2ab0ea - core[a373ad73a504971]::fmt::write
[INFO] [stdout]    2:     0x6307ca29b2fc - <alloc[2e1b2a31b91974c5]::vec::Vec<u8> as core[a373ad73a504971]::io::write::Write>::write_fmt
[INFO] [stdout]    3:     0x6307ca273406 - std[617be2ca0a6fd877]::panicking::default_hook::{closure#0}
[INFO] [stdout]    4:     0x6307ca28f639 - std[617be2ca0a6fd877]::panicking::default_hook
[INFO] [stdout]    5:     0x6307ca22b1b0 - test[aada8e7e76ba119b]::test_main_inner::{closure#0}
[INFO] [stdout]    6:     0x6307ca28f7f2 - std[617be2ca0a6fd877]::panicking::panic_with_hook
[INFO] [stdout]    7:     0x6307ca2734b2 - std[617be2ca0a6fd877]::panicking::panic_handler::{closure#0}
[INFO] [stdout]    8:     0x6307ca26c1c9 - std[617be2ca0a6fd877]::sys::backtrace::__rust_end_short_backtrace::<std[617be2ca0a6fd877]::panicking::panic_handler::{closure#0}, !>
[INFO] [stdout]    9:     0x6307ca2740bd - __rustc[ea4f61d10b84890b]::rust_begin_unwind
[INFO] [stdout]   10:     0x6307ca2ab81c - core[a373ad73a504971]::panicking::panic_fmt
[INFO] [stdout]   11:     0x6307ca2ab5f2 - core[a373ad73a504971]::result::unwrap_failed
[INFO] [stdout]   12:     0x6307ca21c63d - umacro_lib[f70aabfd23d4c02b]::create_virtual_device
[INFO] [stdout]   13:     0x6307ca21e3e2 - <umacro_lib[f70aabfd23d4c02b]::tests::key_write::{closure#0} as core[a373ad73a504971]::ops::function::FnOnce<()>>::call_once
[INFO] [stdout]   14:     0x6307ca21e5fb - test[aada8e7e76ba119b]::__rust_begin_short_backtrace::<core[a373ad73a504971]::result::Result<(), alloc[2e1b2a31b91974c5]::string::String>, fn() -> core[a373ad73a504971]::result::Result<(), alloc[2e1b2a31b91974c5]::string::String>>
[INFO] [stdout]   15:     0x6307ca22b7d5 - test[aada8e7e76ba119b]::run_test::{closure#0}
[INFO] [stdout]   16:     0x6307ca2250c4 - std[617be2ca0a6fd877]::sys::backtrace::__rust_begin_short_backtrace::<test[aada8e7e76ba119b]::run_test::{closure#1}, ()>
[INFO] [stdout]   17:     0x6307ca22e862 - <std[617be2ca0a6fd877]::thread::lifecycle::spawn_unchecked<test[aada8e7e76ba119b]::run_test::{closure#1}, ()>::{closure#1} as core[a373ad73a504971]::ops::function::FnOnce<()>>::call_once::{shim:vtable#0}
[INFO] [stdout]   18:     0x6307ca29693f - <std[617be2ca0a6fd877]::sys::thread::unix::Thread>::new::thread_start
[INFO] [stdout]   19:     0x758c8d98bdfa - <unknown>
[INFO] [stdout]   20:     0x758c8da1f3d4 - clone
[INFO] [stdout]   21:                0x0 - <unknown>
[INFO] [stdout] 
[INFO] [stdout] ---- tests::mouse_relative stdout ----
[INFO] [stdout] 
[INFO] [stdout] thread 'tests::mouse_relative' (319) panicked at src/lib.rs:173:10:
[INFO] [stdout] called `Result::unwrap()` on an `Err` value: Nix(Sys(ENOENT))
[INFO] [stdout] stack backtrace:
[INFO] [stdout]    0:     0x6307ca2970e1 - <<std[617be2ca0a6fd877]::sys::backtrace::BacktraceLock>::print::DisplayBacktrace as core[a373ad73a504971]::fmt::Display>::fmt
[INFO] [stdout]    1:     0x6307ca2ab0ea - core[a373ad73a504971]::fmt::write
[INFO] [stdout]    2:     0x6307ca29b2fc - <alloc[2e1b2a31b91974c5]::vec::Vec<u8> as core[a373ad73a504971]::io::write::Write>::write_fmt
[INFO] [stdout]    3:     0x6307ca273406 - std[617be2ca0a6fd877]::panicking::default_hook::{closure#0}
[INFO] [stdout]    4:     0x6307ca28f639 - std[617be2ca0a6fd877]::panicking::default_hook
[INFO] [stdout]    5:     0x6307ca22b1b0 - test[aada8e7e76ba119b]::test_main_inner::{closure#0}
[INFO] [stdout]    6:     0x6307ca28f7f2 - std[617be2ca0a6fd877]::panicking::panic_with_hook
[INFO] [stdout]    7:     0x6307ca2734b2 - std[617be2ca0a6fd877]::panicking::panic_handler::{closure#0}
[INFO] [stdout]    8:     0x6307ca26c1c9 - std[617be2ca0a6fd877]::sys::backtrace::__rust_end_short_backtrace::<std[617be2ca0a6fd877]::panicking::panic_handler::{closure#0}, !>
[INFO] [stdout]    9:     0x6307ca2740bd - __rustc[ea4f61d10b84890b]::rust_begin_unwind
[INFO] [stdout]   10:     0x6307ca2ab81c - core[a373ad73a504971]::panicking::panic_fmt
[INFO] [stdout]   11:     0x6307ca2ab5f2 - core[a373ad73a504971]::result::unwrap_failed
[INFO] [stdout]   12:     0x6307ca21c63d - umacro_lib[f70aabfd23d4c02b]::create_virtual_device
[INFO] [stdout]   13:     0x6307ca21dee2 - <umacro_lib[f70aabfd23d4c02b]::tests::mouse_relative::{closure#0} as core[a373ad73a504971]::ops::function::FnOnce<()>>::call_once
[INFO] [stdout]   14:     0x6307ca21e5fb - test[aada8e7e76ba119b]::__rust_begin_short_backtrace::<core[a373ad73a504971]::result::Result<(), alloc[2e1b2a31b91974c5]::string::String>, fn() -> core[a373ad73a504971]::result::Result<(), alloc[2e1b2a31b91974c5]::string::String>>
[INFO] [stdout]   15:     0x6307ca22b7d5 - test[aada8e7e76ba119b]::run_test::{closure#0}
[INFO] [stdout]   16:     0x6307ca2250c4 - std[617be2ca0a6fd877]::sys::backtrace::__rust_begin_short_backtrace::<test[aada8e7e76ba119b]::run_test::{closure#1}, ()>
[INFO] [stdout]   17:     0x6307ca22e862 - <std[617be2ca0a6fd877]::thread::lifecycle::spawn_unchecked<test[aada8e7e76ba119b]::run_test::{closure#1}, ()>::{closure#1} as core[a373ad73a504971]::ops::function::FnOnce<()>>::call_once::{shim:vtable#0}
[INFO] [stdout]   18:     0x6307ca29693f - <std[617be2ca0a6fd877]::sys::thread::unix::Thread>::new::thread_start
[INFO] [stdout]   19:     0x758c8d98bdfa - <unknown>
[INFO] [stdout]   20:     0x758c8da1f3d4 - clone
[INFO] [stdout]   21:                0x0 - <unknown>
[INFO] [stdout] 
[INFO] [stdout] ---- tests::mouse_click stdout ----
[INFO] [stdout] 
[INFO] [stdout] thread 'tests::mouse_click' (318) panicked at src/lib.rs:173:10:
[INFO] [stdout] called `Result::unwrap()` on an `Err` value: Nix(Sys(ENOENT))
[INFO] [stdout] stack backtrace:
[INFO] [stdout]    0:     0x6307ca2970e1 - <<std[617be2ca0a6fd877]::sys::backtrace::BacktraceLock>::print::DisplayBacktrace as core[a373ad73a504971]::fmt::Display>::fmt
[INFO] [stdout]    1:     0x6307ca2ab0ea - core[a373ad73a504971]::fmt::write
[INFO] [stdout]    2:     0x6307ca29b2fc - <alloc[2e1b2a31b91974c5]::vec::Vec<u8> as core[a373ad73a504971]::io::write::Write>::write_fmt
[INFO] [stdout]    3:     0x6307ca273406 - std[617be2ca0a6fd877]::panicking::default_hook::{closure#0}
[INFO] [stdout]    4:     0x6307ca28f639 - std[617be2ca0a6fd877]::panicking::default_hook
[INFO] [stdout]    5:     0x6307ca22b1b0 - test[aada8e7e76ba119b]::test_main_inner::{closure#0}
[INFO] [stdout]    6:     0x6307ca28f7f2 - std[617be2ca0a6fd877]::panicking::panic_with_hook
[INFO] [stdout]    7:     0x6307ca2734b2 - std[617be2ca0a6fd877]::panicking::panic_handler::{closure#0}
[INFO] [stdout]    8:     0x6307ca26c1c9 - std[617be2ca0a6fd877]::sys::backtrace::__rust_end_short_backtrace::<std[617be2ca0a6fd877]::panicking::panic_handler::{closure#0}, !>
[INFO] [stdout]    9:     0x6307ca2740bd - __rustc[ea4f61d10b84890b]::rust_begin_unwind
[INFO] [stdout]   10:     0x6307ca2ab81c - core[a373ad73a504971]::panicking::panic_fmt
[INFO] [stdout]   11:     0x6307ca2ab5f2 - core[a373ad73a504971]::result::unwrap_failed
[INFO] [stdout]   12:     0x6307ca21c63d - umacro_lib[f70aabfd23d4c02b]::create_virtual_device
[INFO] [stdout]   13:     0x6307ca21da52 - <umacro_lib[f70aabfd23d4c02b]::tests::mouse_click::{closure#0} as core[a373ad73a504971]::ops::function::FnOnce<()>>::call_once
[INFO] [stdout]   14:     0x6307ca21e5fb - test[aada8e7e76ba119b]::__rust_begin_short_backtrace::<core[a373ad73a504971]::result::Result<(), alloc[2e1b2a31b91974c5]::string::String>, fn() -> core[a373ad73a504971]::result::Result<(), alloc[2e1b2a31b91974c5]::string::String>>
[INFO] [stdout]   15:     0x6307ca22b7d5 - test[aada8e7e76ba119b]::run_test::{closure#0}
[INFO] [stdout]   16:     0x6307ca2250c4 - std[617be2ca0a6fd877]::sys::backtrace::__rust_begin_short_backtrace::<test[aada8e7e76ba119b]::run_test::{closure#1}, ()>
[INFO] [stdout]   17:     0x6307ca22e862 - <std[617be2ca0a6fd877]::thread::lifecycle::spawn_unchecked<test[aada8e7e76ba119b]::run_test::{closure#1}, ()>::{closure#1} as core[a373ad73a504971]::ops::function::FnOnce<()>>::call_once::{shim:vtable#0}
[INFO] [stdout]   18:     0x6307ca29693f - <std[617be2ca0a6fd877]::sys::thread::unix::Thread>::new::thread_start
[INFO] [stdout]   19:     0x758c8d98bdfa - <unknown>
[INFO] [stdout]   20:     0x758c8da1f3d4 - clone
[INFO] [stdout]   21:                0x0 - <unknown>
[INFO] [stdout] 
[INFO] [stdout] ---- tests::key_click stdout ----
[INFO] [stdout] 
[INFO] [stdout] thread 'tests::key_click' (315) panicked at src/lib.rs:173:10:
[INFO] [stdout] called `Result::unwrap()` on an `Err` value: Nix(Sys(ENOENT))
[INFO] [stdout] stack backtrace:
[INFO] [stdout]    0:     0x6307ca2970e1 - <<std[617be2ca0a6fd877]::sys::backtrace::BacktraceLock>::print::DisplayBacktrace as core[a373ad73a504971]::fmt::Display>::fmt
[INFO] [stdout]    1:     0x6307ca2ab0ea - core[a373ad73a504971]::fmt::write
[INFO] [stdout]    2:     0x6307ca29b2fc - <alloc[2e1b2a31b91974c5]::vec::Vec<u8> as core[a373ad73a504971]::io::write::Write>::write_fmt
[INFO] [stdout]    3:     0x6307ca273406 - std[617be2ca0a6fd877]::panicking::default_hook::{closure#0}
[INFO] [stdout]    4:     0x6307ca28f639 - std[617be2ca0a6fd877]::panicking::default_hook
[INFO] [stdout]    5:     0x6307ca22b1b0 - test[aada8e7e76ba119b]::test_main_inner::{closure#0}
[INFO] [stdout]    6:     0x6307ca28f7f2 - std[617be2ca0a6fd877]::panicking::panic_with_hook
[INFO] [stdout]    7:     0x6307ca2734b2 - std[617be2ca0a6fd877]::panicking::panic_handler::{closure#0}
[INFO] [stdout]    8:     0x6307ca26c1c9 - std[617be2ca0a6fd877]::sys::backtrace::__rust_end_short_backtrace::<std[617be2ca0a6fd877]::panicking::panic_handler::{closure#0}, !>
[INFO] [stdout]    9:     0x6307ca2740bd - __rustc[ea4f61d10b84890b]::rust_begin_unwind
[INFO] [stdout]   10:     0x6307ca2ab81c - core[a373ad73a504971]::panicking::panic_fmt
[INFO] [stdout]   11:     0x6307ca2ab5f2 - core[a373ad73a504971]::result::unwrap_failed
[INFO] [stdout]   12:     0x6307ca21c63d - umacro_lib[f70aabfd23d4c02b]::create_virtual_device
[INFO] [stdout]   13:     0x6307ca21e1c2 - <umacro_lib[f70aabfd23d4c02b]::tests::key_click::{closure#0} as core[a373ad73a504971]::ops::function::FnOnce<()>>::call_once
[INFO] [stdout]   14:     0x6307ca21e5fb - test[aada8e7e76ba119b]::__rust_begin_short_backtrace::<core[a373ad73a504971]::result::Result<(), alloc[2e1b2a31b91974c5]::string::String>, fn() -> core[a373ad73a504971]::result::Result<(), alloc[2e1b2a31b91974c5]::string::String>>
[INFO] [stdout]   15:     0x6307ca22b7d5 - test[aada8e7e76ba119b]::run_test::{closure#0}
[INFO] [stdout]   16:     0x6307ca2250c4 - std[617be2ca0a6fd877]::sys::backtrace::__rust_begin_short_backtrace::<test[aada8e7e76ba119b]::run_test::{closure#1}, ()>
[INFO] [stdout]   17:     0x6307ca22e862 - <std[617be2ca0a6fd877]::thread::lifecycle::spawn_unchecked<test[aada8e7e76ba119b]::run_test::{closure#1}, ()>::{closure#1} as core[a373ad73a504971]::ops::function::FnOnce<()>>::call_once::{shim:vtable#0}
[INFO] [stdout]   18:     0x6307ca29693f - <std[617be2ca0a6fd877]::sys::thread::unix::Thread>::new::thread_start
[INFO] [stdout]   19:     0x758c8d98bdfa - <unknown>
[INFO] [stdout]   20:     0x758c8da1f3d4 - clone
[INFO] [stdout]   21:                0x0 - <unknown>
[INFO] [stdout] 
[INFO] [stdout] ---- tests::mouse_absolute stdout ----
[INFO] [stdout] 
[INFO] [stdout] thread 'tests::mouse_absolute' (317) panicked at src/lib.rs:173:10:
[INFO] [stdout] called `Result::unwrap()` on an `Err` value: Nix(Sys(ENOENT))
[INFO] [stdout] stack backtrace:
[INFO] [stdout]    0:     0x6307ca2970e1 - <<std[617be2ca0a6fd877]::sys::backtrace::BacktraceLock>::print::DisplayBacktrace as core[a373ad73a504971]::fmt::Display>::fmt
[INFO] [stdout]    1:     0x6307ca2ab0ea - core[a373ad73a504971]::fmt::write
[INFO] [stdout]    2:     0x6307ca29b2fc - <alloc[2e1b2a31b91974c5]::vec::Vec<u8> as core[a373ad73a504971]::io::write::Write>::write_fmt
[INFO] [stdout]    3:     0x6307ca273406 - std[617be2ca0a6fd877]::panicking::default_hook::{closure#0}
[INFO] [stdout]    4:     0x6307ca28f639 - std[617be2ca0a6fd877]::panicking::default_hook
[INFO] [stdout]    5:     0x6307ca22b1b0 - test[aada8e7e76ba119b]::test_main_inner::{closure#0}
[INFO] [stdout]    6:     0x6307ca28f7f2 - std[617be2ca0a6fd877]::panicking::panic_with_hook
[INFO] [stdout]    7:     0x6307ca2734b2 - std[617be2ca0a6fd877]::panicking::panic_handler::{closure#0}
[INFO] [stdout]    8:     0x6307ca26c1c9 - std[617be2ca0a6fd877]::sys::backtrace::__rust_end_short_backtrace::<std[617be2ca0a6fd877]::panicking::panic_handler::{closure#0}, !>
[INFO] [stdout]    9:     0x6307ca2740bd - __rustc[ea4f61d10b84890b]::rust_begin_unwind
[INFO] [stdout]   10:     0x6307ca2ab81c - core[a373ad73a504971]::panicking::panic_fmt
[INFO] [stdout]   11:     0x6307ca2ab5f2 - core[a373ad73a504971]::result::unwrap_failed
[INFO] [stdout]   12:     0x6307ca21c63d - umacro_lib[f70aabfd23d4c02b]::create_virtual_device
[INFO] [stdout]   13:     0x6307ca21dc42 - <umacro_lib[f70aabfd23d4c02b]::tests::mouse_absolute::{closure#0} as core[a373ad73a504971]::ops::function::FnOnce<()>>::call_once
[INFO] [stdout]   14:     0x6307ca21e5fb - test[aada8e7e76ba119b]::__rust_begin_short_backtrace::<core[a373ad73a504971]::result::Result<(), alloc[2e1b2a31b91974c5]::string::String>, fn() -> core[a373ad73a504971]::result::Result<(), alloc[2e1b2a31b91974c5]::string::String>>
[INFO] [stdout]   15:     0x6307ca22b7d5 - test[aada8e7e76ba119b]::run_test::{closure#0}
[INFO] [stdout]   16:     0x6307ca2250c4 - std[617be2ca0a6fd877]::sys::backtrace::__rust_begin_short_backtrace::<test[aada8e7e76ba119b]::run_test::{closure#1}, ()>
[INFO] [stdout]   17:     0x6307ca22e862 - <std[617be2ca0a6fd877]::thread::lifecycle::spawn_unchecked<test[aada8e7e76ba119b]::run_test::{closure#1}, ()>::{closure#1} as core[a373ad73a504971]::ops::function::FnOnce<()>>::call_once::{shim:vtable#0}
[INFO] [stdout]   18:     0x6307ca29693f - <std[617be2ca0a6fd877]::sys::thread::unix::Thread>::new::thread_start
[INFO] [stdout]   19:     0x758c8d98bdfa - <unknown>
[INFO] [stdout]   20:     0x758c8da1f3d4 - clone
[INFO] [stdout]   21:                0x0 - <unknown>
[INFO] [stdout] 
[INFO] [stdout] 
[INFO] [stdout] failures:
[INFO] [stdout]     tests::key_click
[INFO] [stdout]     tests::key_write
[INFO] [stdout]     tests::mouse_absolute
[INFO] [stdout]     tests::mouse_click
[INFO] [stdout]     tests::mouse_relative
[INFO] [stdout] 
[INFO] [stdout] test result: FAILED. 0 passed; 5 failed; 0 ignored; 0 measured; 0 filtered out; finished in 0.01s
[INFO] [stdout] 
[INFO] running `Command { std: "docker" "inspect" "e36871face8c9bbdf4815eb8f5f91ae60816509e41beeb884b1876ff3e3885bd", kill_on_drop: false }`
[INFO] running `Command { std: "docker" "rm" "-f" "e36871face8c9bbdf4815eb8f5f91ae60816509e41beeb884b1876ff3e3885bd", kill_on_drop: false }`
[INFO] [stdout] e36871face8c9bbdf4815eb8f5f91ae60816509e41beeb884b1876ff3e3885bd
