[INFO] fetching crate uls-parser 0.1.4...
[INFO] testing uls-parser-0.1.4 against 1.100.0-beta.1+cargoflags=--release for beta-release-1.100-2
[INFO] extracting crate uls-parser 0.1.4 into /workspace/builds/worker-2-tc2/source
[INFO] started tweaking crates.io crate uls-parser 0.1.4
[INFO] removed 0 missing tests
[INFO] finished tweaking crates.io crate uls-parser 0.1.4
[INFO] tweaked toml for crates.io crate uls-parser 0.1.4 written to /workspace/builds/worker-2-tc2/source/Cargo.toml
[INFO] validating manifest of crates.io crate uls-parser 0.1.4 on toolchain 1.100.0-beta.1
[INFO] running `Command { std: CARGO_HOME="/workspace/cargo-home" RUSTUP_HOME="/workspace/rustup-home" "/workspace/cargo-home/bin/cargo" "+1.100.0-beta.1" "metadata" "--manifest-path" "Cargo.toml" "--no-deps", kill_on_drop: false }`
[INFO] crate crates.io crate uls-parser 0.1.4 already has a lockfile, it will not be regenerated
[INFO] running `Command { std: CARGO_HOME="/workspace/cargo-home" RUSTUP_HOME="/workspace/rustup-home" "/workspace/cargo-home/bin/cargo" "+1.100.0-beta.1" "fetch" "--manifest-path" "Cargo.toml", kill_on_drop: false }`
[INFO] running `Command { std: "docker" "create" "-v" "/var/lib/crater-agent-workspace/builds/worker-2-tc2/source:/opt/rustwide/workdir:ro,Z" "-v" "/var/lib/crater-agent-workspace/builds/worker-2-tc2/target:/opt/rustwide/target:rw,Z" "-v" "/var/lib/crater-agent-workspace/cargo-home:/opt/rustwide/cargo-home:ro,Z" "-v" "/var/lib/crater-agent-workspace/rustup-home:/opt/rustwide/rustup-home:ro,Z" "-m" "1610612736" "--network" "none" "ghcr.io/rust-lang/crates-build-env/linux@sha256:77db811e55d90add9212f6832c23229e3de5f1c1f9905e8cb07319ea15df73ac" "sleep" "infinity", kill_on_drop: false }`
[INFO] [stdout] 1cad4cbdf33227ee4ebd20004efb4a88c7d9513db619851a48705ba3139b789f
[INFO] running `Command { std: "docker" "start" "1cad4cbdf33227ee4ebd20004efb4a88c7d9513db619851a48705ba3139b789f", kill_on_drop: false }`
[INFO] running `Command { std: "docker" "inspect" "1cad4cbdf33227ee4ebd20004efb4a88c7d9513db619851a48705ba3139b789f", kill_on_drop: false }`
[INFO] running `Command { std: "docker" "exec" "-e" "SOURCE_DIR=/opt/rustwide/workdir" "-e" "CARGO_HOME=/opt/rustwide/cargo-home" "-e" "RUSTUP_HOME=/opt/rustwide/rustup-home" "-e" "CARGO_TARGET_DIR=/opt/rustwide/target" "-w" "/opt/rustwide/workdir" "--user" "0:0" "1cad4cbdf33227ee4ebd20004efb4a88c7d9513db619851a48705ba3139b789f" "/opt/rustwide/cargo-home/bin/cargo" "+1.100.0-beta.1" "metadata" "--no-deps" "--format-version=1", kill_on_drop: false }`
[INFO] running `Command { std: "docker" "inspect" "1cad4cbdf33227ee4ebd20004efb4a88c7d9513db619851a48705ba3139b789f", kill_on_drop: false }`
[INFO] running `Command { std: "docker" "exec" "-e" "SOURCE_DIR=/opt/rustwide/workdir" "-e" "CARGO_HOME=/opt/rustwide/cargo-home" "-e" "RUSTUP_HOME=/opt/rustwide/rustup-home" "-e" "CARGO_TARGET_DIR=/opt/rustwide/target" "-e" "CARGO_INCREMENTAL=0" "-e" "RUST_BACKTRACE=full" "-e" "RUSTFLAGS=--cap-lints=warn" "-e" "RUSTDOCFLAGS=--cap-lints=warn" "-w" "/opt/rustwide/workdir" "--user" "0:0" "1cad4cbdf33227ee4ebd20004efb4a88c7d9513db619851a48705ba3139b789f" "/opt/rustwide/cargo-home/bin/cargo" "+1.100.0-beta.1" "build" "--frozen" "--message-format=json" "--release", kill_on_drop: false }`
[INFO] [stderr]    Compiling hybrid-array v0.4.12
[INFO] [stderr]    Compiling zeroize v1.8.2
[INFO] [stderr]    Compiling const-oid v0.10.2
[INFO] [stderr]    Compiling siphasher v1.0.3
[INFO] [stderr]    Compiling libc v0.2.186
[INFO] [stderr]    Compiling serde_core v1.0.228
[INFO] [stderr]    Compiling zstd-safe v7.2.4
[INFO] [stderr]    Compiling crc32fast v1.5.0
[INFO] [stderr]    Compiling getrandom v0.4.2
[INFO] [stderr]    Compiling fastrand v2.4.1
[INFO] [stderr]    Compiling memchr v2.8.1
[INFO] [stderr]    Compiling syn v2.0.117
[INFO] [stderr]    Compiling deranged v0.5.8
[INFO] [stderr]    Compiling cpubits v0.1.1
[INFO] [stderr]    Compiling log v0.4.32
[INFO] [stderr]    Compiling simd-adler32 v0.3.9
[INFO] [stderr]    Compiling zlib-rs v0.6.3
[INFO] [stderr]    Compiling phf_shared v0.13.1
[INFO] [stderr]    Compiling libbz2-rs-sys v0.2.5
[INFO] [stderr]    Compiling time-core v0.1.8
[INFO] [stderr]    Compiling bumpalo v3.20.3
[INFO] [stderr]    Compiling typed-path v0.12.3
[INFO] [stderr]    Compiling ppmd-rust v1.4.0
[INFO] [stderr]    Compiling deflate64 v0.1.12
[INFO] [stderr]    Compiling constant_time_eq v0.4.2
[INFO] [stderr]    Compiling phf_generator v0.13.1
[INFO] [stderr]    Compiling zopfli v0.8.3
[INFO] [stderr]    Compiling crypto-common v0.2.2
[INFO] [stderr]    Compiling block-buffer v0.12.0
[INFO] [stderr]    Compiling inout v0.2.2
[INFO] [stderr]    Compiling bzip2 v0.6.1
[INFO] [stderr]    Compiling jobserver v0.1.34
[INFO] [stderr]    Compiling cc v1.2.63
[INFO] [stderr]    Compiling digest v0.11.3
[INFO] [stderr]    Compiling cipher v0.5.2
[INFO] [stderr]    Compiling time v0.3.47
[INFO] [stderr]    Compiling hmac v0.13.0
[INFO] [stderr]    Compiling sha2 v0.11.0
[INFO] [stderr]    Compiling aes v0.9.1
[INFO] [stderr]    Compiling sha1 v0.11.0
[INFO] [stderr]    Compiling pbkdf2 v0.13.0
[INFO] [stderr]    Compiling lzma-rust2 v0.16.4
[INFO] [stderr]    Compiling zstd-sys v2.0.16+zstd.1.5.7
[INFO] [stderr]    Compiling flate2 v1.1.9
[INFO] [stderr]    Compiling serde_json v1.0.150
[INFO] [stderr]    Compiling serde_derive v1.0.228
[INFO] [stderr]    Compiling thiserror-impl v2.0.18
[INFO] [stderr]    Compiling tracing-attributes v0.1.31
[INFO] [stderr]    Compiling phf_macros v0.13.1
[INFO] [stderr]    Compiling phf v0.13.1
[INFO] [stderr]    Compiling tracing v0.1.44
[INFO] [stderr]    Compiling thiserror v2.0.18
[INFO] [stderr]    Compiling serde v1.0.228
[INFO] [stderr]    Compiling chrono v0.4.45
[INFO] [stderr]    Compiling uls-core v0.1.4
[INFO] [stderr]    Compiling zstd v0.13.3
[INFO] [stderr]    Compiling zip v8.6.0
[INFO] [stderr]    Compiling uls-parser v0.1.4 (/opt/rustwide/workdir)
[INFO] [stderr] warning: unused dependency `tracing`
[INFO] [stderr]   --> Cargo.toml:22:15
[INFO] [stderr]    |
[INFO] [stderr] 22 | [dependencies.tracing]
[INFO] [stderr]    |               ^^^^^^^^
[INFO] [stderr]    |
[INFO] [stderr]    = note: `cargo::unused_dependencies` is set to `warn` by default
[INFO] [stderr] help: consider removing the dependency on `tracing`
[INFO] [stderr] warning: `uls-parser` (manifest) generated 1 warning
[INFO] [stderr]     Finished `release` profile [optimized] target(s) in 51.73s
[INFO] running `Command { std: "docker" "inspect" "1cad4cbdf33227ee4ebd20004efb4a88c7d9513db619851a48705ba3139b789f", kill_on_drop: false }`
[INFO] running `Command { std: "docker" "exec" "-e" "SOURCE_DIR=/opt/rustwide/workdir" "-e" "CARGO_HOME=/opt/rustwide/cargo-home" "-e" "RUSTUP_HOME=/opt/rustwide/rustup-home" "-e" "CARGO_TARGET_DIR=/opt/rustwide/target" "-e" "CARGO_INCREMENTAL=0" "-e" "RUST_BACKTRACE=full" "-e" "RUSTFLAGS=--cap-lints=warn" "-e" "RUSTDOCFLAGS=--cap-lints=warn" "-w" "/opt/rustwide/workdir" "--user" "0:0" "1cad4cbdf33227ee4ebd20004efb4a88c7d9513db619851a48705ba3139b789f" "/opt/rustwide/cargo-home/bin/cargo" "+1.100.0-beta.1" "test" "--frozen" "--no-run" "--message-format=json" "--release", kill_on_drop: false }`
[INFO] [stderr]    Compiling zerocopy v0.8.50
[INFO] [stderr]    Compiling memchr v2.8.1
[INFO] [stderr]    Compiling crossbeam-epoch v0.9.20
[INFO] [stderr]    Compiling serde_derive v1.0.228
[INFO] [stderr]    Compiling zerocopy-derive v0.8.50
[INFO] [stderr]    Compiling getrandom v0.4.2
[INFO] [stderr]    Compiling getrandom v0.3.4
[INFO] [stderr]    Compiling rustix v1.1.4
[INFO] [stderr]    Compiling serde_json v1.0.150
[INFO] [stderr]    Compiling derive_more-impl v2.1.1
[INFO] [stderr]    Compiling toml_datetime v1.1.1+spec-1.1.0
[INFO] [stderr]    Compiling either v1.16.0
[INFO] [stderr]    Compiling bitflags v2.13.0
[INFO] [stderr]    Compiling regex-syntax v0.8.10
[INFO] [stderr]    Compiling alloca v0.4.0
[INFO] [stderr]    Compiling rand_core v0.9.5
[INFO] [stderr]    Compiling toml_edit v0.25.12+spec-1.1.0
[INFO] [stderr]    Compiling thiserror-impl v2.0.18
[INFO] [stderr]    Compiling proc-macro-error-attr3 v3.0.2
[INFO] [stderr]    Compiling rstest_macros v0.26.1
[INFO] [stderr]    Compiling gungraun-macros v0.9.1
[INFO] [stderr]    Compiling crossbeam-deque v0.8.6
[INFO] [stderr]    Compiling fastrand v2.4.1
[INFO] [stderr]    Compiling clap_builder v4.6.0
[INFO] [stderr]    Compiling proc-macro-error3 v3.0.2
[INFO] [stderr]    Compiling aho-corasick v1.1.4
[INFO] [stderr]    Compiling rayon-core v1.13.0
[INFO] [stderr]    Compiling itertools v0.13.0
[INFO] [stderr]    Compiling phf_macros v0.13.1
[INFO] [stderr]    Compiling tracing-attributes v0.1.31
[INFO] [stderr]    Compiling derive_more v2.1.1
[INFO] [stderr]    Compiling wait-timeout v0.2.1
[INFO] [stderr]    Compiling proc-macro-crate v3.5.0
[INFO] [stderr]    Compiling thiserror v2.0.18
[INFO] [stderr]    Compiling futures-macro v0.3.32
[INFO] [stderr]    Compiling bit-vec v0.8.0
[INFO] [stderr]    Compiling unty-next v0.1.1
[INFO] [stderr]    Compiling quick-error v1.2.3
[INFO] [stderr]    Compiling gungraun v0.19.2
[INFO] [stderr]    Compiling futures-core v0.3.32
[INFO] [stderr]    Compiling relative-path v1.9.3
[INFO] [stderr]    Compiling zip v8.6.0
[INFO] [stderr]    Compiling bit-set v0.8.0
[INFO] [stderr]    Compiling phf v0.13.1
[INFO] [stderr]    Compiling rayon v1.12.0
[INFO] [stderr]    Compiling futures-util v0.3.32
[INFO] [stderr]    Compiling plotters v0.3.7
[INFO] [stderr]    Compiling rand_xorshift v0.4.0
[INFO] [stderr]    Compiling rand v0.9.4
[INFO] [stderr]    Compiling tracing v0.1.44
[INFO] [stderr]    Compiling regex-automata v0.4.14
[INFO] [stderr]    Compiling page_size v0.6.0
[INFO] [stderr]    Compiling unarray v0.1.4
[INFO] [stderr]    Compiling futures-timer v3.0.4
[INFO] [stderr]    Compiling tempfile v3.27.0
[INFO] [stderr]    Compiling rusty-fork v0.3.1
[INFO] [stderr]    Compiling clap v4.6.1
[INFO] [stderr]    Compiling criterion-plot v0.8.2
[INFO] [stderr]    Compiling serde v1.0.228
[INFO] [stderr]    Compiling chrono v0.4.45
[INFO] [stderr]    Compiling bincode-next v2.1.0
[INFO] [stderr]    Compiling gungraun-runner v0.19.2
[INFO] [stderr]    Compiling regex v1.12.3
[INFO] [stderr]    Compiling tinytemplate v1.2.1
[INFO] [stderr]    Compiling uls-core v0.1.4
[INFO] [stderr]    Compiling half v2.7.1
[INFO] [stderr]    Compiling ppv-lite86 v0.2.21
[INFO] [stderr]    Compiling ciborium-ll v0.2.2
[INFO] [stderr]    Compiling ciborium v0.2.2
[INFO] [stderr]    Compiling rand_chacha v0.9.0
[INFO] [stderr]    Compiling proptest v1.11.0
[INFO] [stderr]    Compiling criterion v0.8.2
[INFO] [stderr]    Compiling rstest v0.26.1
[INFO] [stderr]    Compiling uls-parser v0.1.4 (/opt/rustwide/workdir)
[INFO] [stderr] warning: unused dependency `tracing`
[INFO] [stderr]   --> Cargo.toml:22:15
[INFO] [stderr]    |
[INFO] [stderr] 22 | [dependencies.tracing]
[INFO] [stderr]    |               ^^^^^^^^
[INFO] [stderr]    |
[INFO] [stderr]    = note: `cargo::unused_dependencies` is set to `warn` by default
[INFO] [stderr] help: consider removing the dependency on `tracing`
[INFO] [stderr] warning: `uls-parser` (manifest) generated 1 warning
[INFO] [stderr]     Finished `release` profile [optimized] target(s) in 1m 13s
[INFO] running `Command { std: "docker" "inspect" "1cad4cbdf33227ee4ebd20004efb4a88c7d9513db619851a48705ba3139b789f", kill_on_drop: false }`
[INFO] running `Command { std: "docker" "exec" "-e" "SOURCE_DIR=/opt/rustwide/workdir" "-e" "CARGO_HOME=/opt/rustwide/cargo-home" "-e" "RUSTUP_HOME=/opt/rustwide/rustup-home" "-e" "CARGO_TARGET_DIR=/opt/rustwide/target" "-e" "CARGO_INCREMENTAL=0" "-e" "RUST_BACKTRACE=full" "-e" "RUSTFLAGS=--cap-lints=warn" "-e" "RUSTDOCFLAGS=--cap-lints=warn" "-w" "/opt/rustwide/workdir" "--user" "0:0" "1cad4cbdf33227ee4ebd20004efb4a88c7d9513db619851a48705ba3139b789f" "/opt/rustwide/cargo-home/bin/cargo" "+1.100.0-beta.1" "test" "--frozen" "--release", kill_on_drop: false }`
[INFO] [stderr] warning: unused dependency `tracing`
[INFO] [stderr]   --> Cargo.toml:22:15
[INFO] [stderr]    |
[INFO] [stderr] 22 | [dependencies.tracing]
[INFO] [stderr]    |               ^^^^^^^^
[INFO] [stderr]    |
[INFO] [stderr]    = note: `cargo::unused_dependencies` is set to `warn` by default
[INFO] [stderr] help: consider removing the dependency on `tracing`
[INFO] [stderr] warning: `uls-parser` (manifest) generated 1 warning
[INFO] [stderr]     Finished `release` profile [optimized] target(s) in 0.30s
[INFO] [stderr]      Running unittests src/lib.rs (/opt/rustwide/target/release/build/uls-parser/ca6d47762e8b0d28/out/uls_parser-ca6d47762e8b0d28)
[INFO] [stdout] 
[INFO] [stdout] running 39 tests
[INFO] [stdout] test archive::tests::test_list_dat_files_mixed_case ... ok
[INFO] [stdout] test dat::tests::test_append_continuation_strips_pipes_and_trims ... ok
[INFO] [stdout] test dat::tests::test_continuation_handling ... ok
[INFO] [stdout] test archive::tests::test_list_dat_files ... ok
[INFO] [stdout] test archive::tests::test_process_dat_early_termination ... ok
[INFO] [stdout] test archive::tests::test_zip_error_to_parse_error ... ok
[INFO] [stdout] test archive::tests::test_stream_dat ... ok
[INFO] [stdout] test dat::tests::test_field_out_of_bounds_returns_empty ... ok
[INFO] [stdout] test dat::tests::test_from_line_embedded_empty_fields ... ok
[INFO] [stdout] test dat::tests::test_from_line_empty_string_is_single_empty_field ... ok
[INFO] [stdout] test dat::tests::test_from_line_trailing_pipe_yields_trailing_empty_field ... ok
[INFO] [stdout] test dat::tests::test_is_continuation_line ... ok
[INFO] [stdout] test dat::tests::test_open_nonexistent_file_errors ... ok
[INFO] [stdout] test dat::tests::test_parse_file_round_trip_from_temp ... ok
[INFO] [stdout] test dat::tests::test_is_valid_record_type ... ok
[INFO] [stdout] test dat::tests::test_parse_simple_line ... ok
[INFO] [stdout] test dat::tests::test_reader_line_number_tracks_raw_lines ... ok
[INFO] [stdout] test archive::tests::test_get_file_creation_date ... ok
[INFO] [stdout] test archive::tests::test_file_size_not_found ... ok
[INFO] [stdout] test archive::tests::test_list_all_files ... ok
[INFO] [stdout] test dat::tests::test_reader_orphan_continuation_at_start_is_skipped ... ok
[INFO] [stdout] test dat::tests::test_reader_returns_final_pending_record_at_eof ... ok
[INFO] [stdout] test dat::tests::test_reader_skips_blank_lines_between_records ... ok
[INFO] [stdout] test dat::tests::test_to_record_amateur_type ... ok
[INFO] [stdout] test archive::tests::test_get_file_creation_date_no_counts_file ... ok
[INFO] [stdout] test archive::tests::test_stream_dat_case_insensitive ... ok
[INFO] [stdout] test archive::tests::test_stream_dat_not_found ... ok
[INFO] [stdout] test dat::tests::test_append_continuation_to_last_nonempty_field ... ok
[INFO] [stdout] test dat::tests::test_append_continuation_no_separator_when_target_empty ... ok
[INFO] [stdout] test dat::tests::test_parse_file_propagates_unknown_record_error ... ok
[INFO] [stdout] test dat::tests::test_field_refs_mirrors_fields ... ok
[INFO] [stdout] test archive::tests::test_zip_error_io_conversion ... ok
[INFO] [stdout] test archive::tests::test_file_size ... ok
[INFO] [stdout] test dat::tests::test_parse_line_matches_from_line ... ok
[INFO] [stdout] test dat::tests::test_to_record_known_type_header ... ok
[INFO] [stdout] test dat::tests::test_to_record_large_record_heap_path ... ok
[INFO] [stdout] test dat::tests::test_to_record_valid_recordtype_but_unmapped_is_raw ... ok
[INFO] [stdout] test dat::tests::test_to_record_unknown_type_errors ... ok
[INFO] [stdout] test dat::tests::test_reader_handles_crlf_line_endings ... ok
[INFO] [stdout] 
[INFO] [stdout] test result: ok. 39 passed; 0 failed; 0 ignored; 0 measured; 0 filtered out; finished in 0.03s
[INFO] [stdout] 
[INFO] [stderr]      Running tests/archive_fixtures.rs (/opt/rustwide/target/release/build/uls-parser/e7f88cee002f2530/out/archive_fixtures-e7f88cee002f2530)
[INFO] [stdout] 
[INFO] [stdout] running 11 tests
[INFO] [stdout] test test_get_file_creation_date_counts_without_date_line ... ok
[INFO] [stdout] test test_process_dat_streaming_visits_every_record ... FAILED
[INFO] [stdout] test test_open_nonexistent_path_errors_io ... ok
[INFO] [stdout] test test_count_all_records_matches_fixture_lines ... FAILED
[INFO] [stdout] test test_open_truncated_zip_errors_zip ... FAILED
[INFO] [stdout] test test_count_all_records_gmrs_fixture ... FAILED
[INFO] [stdout] test test_process_dat_streaming_missing_file_is_parse_error ... FAILED
[INFO] [stdout] test test_file_size_matches_uncompressed_fixture_bytes ... FAILED
[INFO] [stdout] test test_stats_reports_counts_and_nonzero_size ... FAILED
[INFO] [stdout] test test_open_non_zip_file_errors_zip ... ok
[INFO] [stdout] test test_open_fixture_zip_lists_dat_files ... FAILED
[INFO] [stdout] 
[INFO] [stdout] failures:
[INFO] [stdout] 
[INFO] [stdout] ---- test_process_dat_streaming_visits_every_record stdout ----
[INFO] [stdout] 
[INFO] [stdout] thread 'test_process_dat_streaming_visits_every_record' (2836) panicked at tests/archive_fixtures.rs:37:45:
[INFO] [stdout] called `Result::unwrap()` on an `Err` value: Os { code: 2, kind: NotFound, message: "No such file or directory" }
[INFO] [stdout] stack backtrace:
[INFO] [stdout]    0:     0x614c6274bf61 - <<std[617be2ca0a6fd877]::sys::backtrace::BacktraceLock>::print::DisplayBacktrace as core[a373ad73a504971]::fmt::Display>::fmt
[INFO] [stdout]    1:     0x614c6276147a - core[a373ad73a504971]::fmt::write
[INFO] [stdout]    2:     0x614c627505ac - <alloc[2e1b2a31b91974c5]::vec::Vec<u8> as core[a373ad73a504971]::io::write::Write>::write_fmt
[INFO] [stdout]    3:     0x614c62726a26 - std[617be2ca0a6fd877]::panicking::default_hook::{closure#0}
[INFO] [stdout]    4:     0x614c627439b9 - std[617be2ca0a6fd877]::panicking::default_hook
[INFO] [stdout]    5:     0x614c625c8f40 - test[aada8e7e76ba119b]::test_main_inner::{closure#0}
[INFO] [stdout]    6:     0x614c62743b72 - std[617be2ca0a6fd877]::panicking::panic_with_hook
[INFO] [stdout]    7:     0x614c62726ad2 - std[617be2ca0a6fd877]::panicking::panic_handler::{closure#0}
[INFO] [stdout]    8:     0x614c6271f499 - std[617be2ca0a6fd877]::sys::backtrace::__rust_end_short_backtrace::<std[617be2ca0a6fd877]::panicking::panic_handler::{closure#0}, !>
[INFO] [stdout]    9:     0x614c627276dd - __rustc[ea4f61d10b84890b]::rust_begin_unwind
[INFO] [stdout]   10:     0x614c62761bac - core[a373ad73a504971]::panicking::panic_fmt
[INFO] [stdout]   11:     0x614c62761982 - core[a373ad73a504971]::result::unwrap_failed
[INFO] [stdout]   12:     0x614c6257cb3d - archive_fixtures[3c09ba82e48f0ec5]::create_fixture_zip
[INFO] [stdout]   13:     0x614c6257fde7 - <archive_fixtures[3c09ba82e48f0ec5]::test_process_dat_streaming_visits_every_record::{closure#0} as core[a373ad73a504971]::ops::function::FnOnce<()>>::call_once
[INFO] [stdout]   14:     0x614c625bc38b - test[aada8e7e76ba119b]::__rust_begin_short_backtrace::<core[a373ad73a504971]::result::Result<(), alloc[2e1b2a31b91974c5]::string::String>, fn() -> core[a373ad73a504971]::result::Result<(), alloc[2e1b2a31b91974c5]::string::String>>
[INFO] [stdout]   15:     0x614c625c9565 - test[aada8e7e76ba119b]::run_test::{closure#0}
[INFO] [stdout]   16:     0x614c625c2e54 - std[617be2ca0a6fd877]::sys::backtrace::__rust_begin_short_backtrace::<test[aada8e7e76ba119b]::run_test::{closure#1}, ()>
[INFO] [stdout]   17:     0x614c625cc5f2 - <std[617be2ca0a6fd877]::thread::lifecycle::spawn_unchecked<test[aada8e7e76ba119b]::run_test::{closure#1}, ()>::{closure#1} as core[a373ad73a504971]::ops::function::FnOnce<()>>::call_once::{shim:vtable#0}
[INFO] [stdout]   18:     0x614c6274b4af - <std[617be2ca0a6fd877]::sys::thread::unix::Thread>::new::thread_start
[INFO] [stdout]   19:     0x7016379b3dfa - <unknown>
[INFO] [stdout]   20:     0x701637a473d4 - clone
[INFO] [stdout]   21:                0x0 - <unknown>
[INFO] [stdout] 
[INFO] [stdout] ---- test_count_all_records_matches_fixture_lines stdout ----
[INFO] [stdout] 
[INFO] [stdout] thread 'test_count_all_records_matches_fixture_lines' (2828) panicked at tests/archive_fixtures.rs:37:45:
[INFO] [stdout] called `Result::unwrap()` on an `Err` value: Os { code: 2, kind: NotFound, message: "No such file or directory" }
[INFO] [stdout] stack backtrace:
[INFO] [stdout]    0:     0x614c6274bf61 - <<std[617be2ca0a6fd877]::sys::backtrace::BacktraceLock>::print::DisplayBacktrace as core[a373ad73a504971]::fmt::Display>::fmt
[INFO] [stdout]    1:     0x614c6276147a - core[a373ad73a504971]::fmt::write
[INFO] [stdout]    2:     0x614c627505ac - <alloc[2e1b2a31b91974c5]::vec::Vec<u8> as core[a373ad73a504971]::io::write::Write>::write_fmt
[INFO] [stdout]    3:     0x614c62726a26 - std[617be2ca0a6fd877]::panicking::default_hook::{closure#0}
[INFO] [stdout]    4:     0x614c627439b9 - std[617be2ca0a6fd877]::panicking::default_hook
[INFO] [stdout]    5:     0x614c625c8f40 - test[aada8e7e76ba119b]::test_main_inner::{closure#0}
[INFO] [stdout]    6:     0x614c62743b72 - std[617be2ca0a6fd877]::panicking::panic_with_hook
[INFO] [stdout]    7:     0x614c62726ad2 - std[617be2ca0a6fd877]::panicking::panic_handler::{closure#0}
[INFO] [stdout]    8:     0x614c6271f499 - std[617be2ca0a6fd877]::sys::backtrace::__rust_end_short_backtrace::<std[617be2ca0a6fd877]::panicking::panic_handler::{closure#0}, !>
[INFO] [stdout]    9:     0x614c627276dd - __rustc[ea4f61d10b84890b]::rust_begin_unwind
[INFO] [stdout]   10:     0x614c62761bac - core[a373ad73a504971]::panicking::panic_fmt
[INFO] [stdout]   11:     0x614c62761982 - core[a373ad73a504971]::result::unwrap_failed
[INFO] [stdout]   12:     0x614c6257cb3d - archive_fixtures[3c09ba82e48f0ec5]::create_fixture_zip
[INFO] [stdout]   13:     0x614c6257edca - <archive_fixtures[3c09ba82e48f0ec5]::test_count_all_records_matches_fixture_lines::{closure#0} as core[a373ad73a504971]::ops::function::FnOnce<()>>::call_once
[INFO] [stdout]   14:     0x614c625bc38b - test[aada8e7e76ba119b]::__rust_begin_short_backtrace::<core[a373ad73a504971]::result::Result<(), alloc[2e1b2a31b91974c5]::string::String>, fn() -> core[a373ad73a504971]::result::Result<(), alloc[2e1b2a31b91974c5]::string::String>>
[INFO] [stdout]   15:     0x614c625c9565 - test[aada8e7e76ba119b]::run_test::{closure#0}
[INFO] [stdout]   16:     0x614c625c2e54 - std[617be2ca0a6fd877]::sys::backtrace::__rust_begin_short_backtrace::<test[aada8e7e76ba119b]::run_test::{closure#1}, ()>
[INFO] [stdout]   17:     0x614c625cc5f2 - <std[617be2ca0a6fd877]::thread::lifecycle::spawn_unchecked<test[aada8e7e76ba119b]::run_test::{closure#1}, ()>::{closure#1} as core[a373ad73a504971]::ops::function::FnOnce<()>>::call_once::{shim:vtable#0}
[INFO] [stdout]   18:     0x614c6274b4af - <std[617be2ca0a6fd877]::sys::thread::unix::Thread>::new::thread_start
[INFO] [stderr] error: test failed, to rerun pass `--test archive_fixtures`
[INFO] [stdout]   19:     0x7016379b3dfa - <unknown>
[INFO] [stdout]   20:     0x701637a473d4 - clone
[INFO] [stdout]   21:                0x0 - <unknown>
[INFO] [stdout] 
[INFO] [stdout] ---- test_open_truncated_zip_errors_zip stdout ----
[INFO] [stdout] 
[INFO] [stdout] thread 'test_open_truncated_zip_errors_zip' (2834) panicked at tests/archive_fixtures.rs:37:45:
[INFO] [stdout] called `Result::unwrap()` on an `Err` value: Os { code: 2, kind: NotFound, message: "No such file or directory" }
[INFO] [stdout] stack backtrace:
[INFO] [stdout]    0:     0x614c6274bf61 - <<std[617be2ca0a6fd877]::sys::backtrace::BacktraceLock>::print::DisplayBacktrace as core[a373ad73a504971]::fmt::Display>::fmt
[INFO] [stdout]    1:     0x614c6276147a - core[a373ad73a504971]::fmt::write
[INFO] [stdout]    2:     0x614c627505ac - <alloc[2e1b2a31b91974c5]::vec::Vec<u8> as core[a373ad73a504971]::io::write::Write>::write_fmt
[INFO] [stdout]    3:     0x614c62726a26 - std[617be2ca0a6fd877]::panicking::default_hook::{closure#0}
[INFO] [stdout]    4:     0x614c627439b9 - std[617be2ca0a6fd877]::panicking::default_hook
[INFO] [stdout]    5:     0x614c625c8f40 - test[aada8e7e76ba119b]::test_main_inner::{closure#0}
[INFO] [stdout]    6:     0x614c62743b72 - std[617be2ca0a6fd877]::panicking::panic_with_hook
[INFO] [stdout]    7:     0x614c62726ad2 - std[617be2ca0a6fd877]::panicking::panic_handler::{closure#0}
[INFO] [stdout]    8:     0x614c6271f499 - std[617be2ca0a6fd877]::sys::backtrace::__rust_end_short_backtrace::<std[617be2ca0a6fd877]::panicking::panic_handler::{closure#0}, !>
[INFO] [stdout]    9:     0x614c627276dd - __rustc[ea4f61d10b84890b]::rust_begin_unwind
[INFO] [stdout]   10:     0x614c62761bac - core[a373ad73a504971]::panicking::panic_fmt
[INFO] [stdout]   11:     0x614c62761982 - core[a373ad73a504971]::result::unwrap_failed
[INFO] [stdout]   12:     0x614c6257cb3d - archive_fixtures[3c09ba82e48f0ec5]::create_fixture_zip
[INFO] [stdout]   13:     0x614c6257d58c - <archive_fixtures[3c09ba82e48f0ec5]::test_open_truncated_zip_errors_zip::{closure#0} as core[a373ad73a504971]::ops::function::FnOnce<()>>::call_once
[INFO] [stdout]   14:     0x614c625bc38b - test[aada8e7e76ba119b]::__rust_begin_short_backtrace::<core[a373ad73a504971]::result::Result<(), alloc[2e1b2a31b91974c5]::string::String>, fn() -> core[a373ad73a504971]::result::Result<(), alloc[2e1b2a31b91974c5]::string::String>>
[INFO] [stdout]   15:     0x614c625c9565 - test[aada8e7e76ba119b]::run_test::{closure#0}
[INFO] [stdout]   16:     0x614c625c2e54 - std[617be2ca0a6fd877]::sys::backtrace::__rust_begin_short_backtrace::<test[aada8e7e76ba119b]::run_test::{closure#1}, ()>
[INFO] [stdout]   17:     0x614c625cc5f2 - <std[617be2ca0a6fd877]::thread::lifecycle::spawn_unchecked<test[aada8e7e76ba119b]::run_test::{closure#1}, ()>::{closure#1} as core[a373ad73a504971]::ops::function::FnOnce<()>>::call_once::{shim:vtable#0}
[INFO] [stdout]   18:     0x614c6274b4af - <std[617be2ca0a6fd877]::sys::thread::unix::Thread>::new::thread_start
[INFO] [stdout]   19:     0x7016379b3dfa - <unknown>
[INFO] [stdout]   20:     0x701637a473d4 - clone
[INFO] [stdout]   21:                0x0 - <unknown>
[INFO] [stdout] 
[INFO] [stdout] ---- test_count_all_records_gmrs_fixture stdout ----
[INFO] [stdout] 
[INFO] [stdout] thread 'test_count_all_records_gmrs_fixture' (2827) panicked at tests/archive_fixtures.rs:37:45:
[INFO] [stdout] called `Result::unwrap()` on an `Err` value: Os { code: 2, kind: NotFound, message: "No such file or directory" }
[INFO] [stdout] stack backtrace:
[INFO] [stdout]    0:     0x614c6274bf61 - <<std[617be2ca0a6fd877]::sys::backtrace::BacktraceLock>::print::DisplayBacktrace as core[a373ad73a504971]::fmt::Display>::fmt
[INFO] [stdout]    1:     0x614c6276147a - core[a373ad73a504971]::fmt::write
[INFO] [stdout]    2:     0x614c627505ac - <alloc[2e1b2a31b91974c5]::vec::Vec<u8> as core[a373ad73a504971]::io::write::Write>::write_fmt
[INFO] [stdout]    3:     0x614c62726a26 - std[617be2ca0a6fd877]::panicking::default_hook::{closure#0}
[INFO] [stdout]    4:     0x614c627439b9 - std[617be2ca0a6fd877]::panicking::default_hook
[INFO] [stdout]    5:     0x614c625c8f40 - test[aada8e7e76ba119b]::test_main_inner::{closure#0}
[INFO] [stdout]    6:     0x614c62743b72 - std[617be2ca0a6fd877]::panicking::panic_with_hook
[INFO] [stdout]    7:     0x614c62726ad2 - std[617be2ca0a6fd877]::panicking::panic_handler::{closure#0}
[INFO] [stdout]    8:     0x614c6271f499 - std[617be2ca0a6fd877]::sys::backtrace::__rust_end_short_backtrace::<std[617be2ca0a6fd877]::panicking::panic_handler::{closure#0}, !>
[INFO] [stdout]    9:     0x614c627276dd - __rustc[ea4f61d10b84890b]::rust_begin_unwind
[INFO] [stdout]   10:     0x614c62761bac - core[a373ad73a504971]::panicking::panic_fmt
[INFO] [stdout]   11:     0x614c62761982 - core[a373ad73a504971]::result::unwrap_failed
[INFO] [stdout]   12:     0x614c6257cb3d - archive_fixtures[3c09ba82e48f0ec5]::create_fixture_zip
[INFO] [stdout]   13:     0x614c6257d98e - <archive_fixtures[3c09ba82e48f0ec5]::test_count_all_records_gmrs_fixture::{closure#0} as core[a373ad73a504971]::ops::function::FnOnce<()>>::call_once
[INFO] [stdout]   14:     0x614c625bc38b - test[aada8e7e76ba119b]::__rust_begin_short_backtrace::<core[a373ad73a504971]::result::Result<(), alloc[2e1b2a31b91974c5]::string::String>, fn() -> core[a373ad73a504971]::result::Result<(), alloc[2e1b2a31b91974c5]::string::String>>
[INFO] [stdout]   15:     0x614c625c9565 - test[aada8e7e76ba119b]::run_test::{closure#0}
[INFO] [stdout]   16:     0x614c625c2e54 - std[617be2ca0a6fd877]::sys::backtrace::__rust_begin_short_backtrace::<test[aada8e7e76ba119b]::run_test::{closure#1}, ()>
[INFO] [stdout]   17:     0x614c625cc5f2 - <std[617be2ca0a6fd877]::thread::lifecycle::spawn_unchecked<test[aada8e7e76ba119b]::run_test::{closure#1}, ()>::{closure#1} as core[a373ad73a504971]::ops::function::FnOnce<()>>::call_once::{shim:vtable#0}
[INFO] [stdout]   18:     0x614c6274b4af - <std[617be2ca0a6fd877]::sys::thread::unix::Thread>::new::thread_start
[INFO] [stdout]   19:     0x7016379b3dfa - <unknown>
[INFO] [stdout]   20:     0x701637a473d4 - clone
[INFO] [stdout]   21:                0x0 - <unknown>
[INFO] [stdout] 
[INFO] [stdout] ---- test_process_dat_streaming_missing_file_is_parse_error stdout ----
[INFO] [stdout] 
[INFO] [stdout] thread 'test_process_dat_streaming_missing_file_is_parse_error' (2835) panicked at tests/archive_fixtures.rs:37:45:
[INFO] [stdout] called `Result::unwrap()` on an `Err` value: Os { code: 2, kind: NotFound, message: "No such file or directory" }
[INFO] [stdout] stack backtrace:
[INFO] [stdout]    0:     0x614c6274bf61 - <<std[617be2ca0a6fd877]::sys::backtrace::BacktraceLock>::print::DisplayBacktrace as core[a373ad73a504971]::fmt::Display>::fmt
[INFO] [stdout]    1:     0x614c6276147a - core[a373ad73a504971]::fmt::write
[INFO] [stdout]    2:     0x614c627505ac - <alloc[2e1b2a31b91974c5]::vec::Vec<u8> as core[a373ad73a504971]::io::write::Write>::write_fmt
[INFO] [stdout]    3:     0x614c62726a26 - std[617be2ca0a6fd877]::panicking::default_hook::{closure#0}
[INFO] [stdout]    4:     0x614c627439b9 - std[617be2ca0a6fd877]::panicking::default_hook
[INFO] [stdout]    5:     0x614c625c8f40 - test[aada8e7e76ba119b]::test_main_inner::{closure#0}
[INFO] [stdout]    6:     0x614c62743b72 - std[617be2ca0a6fd877]::panicking::panic_with_hook
[INFO] [stdout]    7:     0x614c62726ad2 - std[617be2ca0a6fd877]::panicking::panic_handler::{closure#0}
[INFO] [stdout]    8:     0x614c6271f499 - std[617be2ca0a6fd877]::sys::backtrace::__rust_end_short_backtrace::<std[617be2ca0a6fd877]::panicking::panic_handler::{closure#0}, !>
[INFO] [stdout]    9:     0x614c627276dd - __rustc[ea4f61d10b84890b]::rust_begin_unwind
[INFO] [stdout]   10:     0x614c62761bac - core[a373ad73a504971]::panicking::panic_fmt
[INFO] [stdout]   11:     0x614c62761982 - core[a373ad73a504971]::result::unwrap_failed
[INFO] [stdout]   12:     0x614c6257cb3d - archive_fixtures[3c09ba82e48f0ec5]::create_fixture_zip
[INFO] [stdout]   13:     0x614c62580ecb - <archive_fixtures[3c09ba82e48f0ec5]::test_process_dat_streaming_missing_file_is_parse_error::{closure#0} as core[a373ad73a504971]::ops::function::FnOnce<()>>::call_once
[INFO] [stdout]   14:     0x614c625bc38b - test[aada8e7e76ba119b]::__rust_begin_short_backtrace::<core[a373ad73a504971]::result::Result<(), alloc[2e1b2a31b91974c5]::string::String>, fn() -> core[a373ad73a504971]::result::Result<(), alloc[2e1b2a31b91974c5]::string::String>>
[INFO] [stdout]   15:     0x614c625c9565 - test[aada8e7e76ba119b]::run_test::{closure#0}
[INFO] [stdout]   16:     0x614c625c2e54 - std[617be2ca0a6fd877]::sys::backtrace::__rust_begin_short_backtrace::<test[aada8e7e76ba119b]::run_test::{closure#1}, ()>
[INFO] [stdout]   17:     0x614c625cc5f2 - <std[617be2ca0a6fd877]::thread::lifecycle::spawn_unchecked<test[aada8e7e76ba119b]::run_test::{closure#1}, ()>::{closure#1} as core[a373ad73a504971]::ops::function::FnOnce<()>>::call_once::{shim:vtable#0}
[INFO] [stdout]   18:     0x614c6274b4af - <std[617be2ca0a6fd877]::sys::thread::unix::Thread>::new::thread_start
[INFO] [stdout]   19:     0x7016379b3dfa - <unknown>
[INFO] [stdout]   20:     0x701637a473d4 - clone
[INFO] [stdout]   21:                0x0 - <unknown>
[INFO] [stdout] 
[INFO] [stdout] ---- test_file_size_matches_uncompressed_fixture_bytes stdout ----
[INFO] [stdout] 
[INFO] [stdout] thread 'test_file_size_matches_uncompressed_fixture_bytes' (2829) panicked at tests/archive_fixtures.rs:37:45:
[INFO] [stdout] called `Result::unwrap()` on an `Err` value: Os { code: 2, kind: NotFound, message: "No such file or directory" }
[INFO] [stdout] stack backtrace:
[INFO] [stdout]    0:     0x614c6274bf61 - <<std[617be2ca0a6fd877]::sys::backtrace::BacktraceLock>::print::DisplayBacktrace as core[a373ad73a504971]::fmt::Display>::fmt
[INFO] [stdout]    1:     0x614c6276147a - core[a373ad73a504971]::fmt::write
[INFO] [stdout]    2:     0x614c627505ac - <alloc[2e1b2a31b91974c5]::vec::Vec<u8> as core[a373ad73a504971]::io::write::Write>::write_fmt
[INFO] [stdout]    3:     0x614c62726a26 - std[617be2ca0a6fd877]::panicking::default_hook::{closure#0}
[INFO] [stdout]    4:     0x614c627439b9 - std[617be2ca0a6fd877]::panicking::default_hook
[INFO] [stdout]    5:     0x614c625c8f40 - test[aada8e7e76ba119b]::test_main_inner::{closure#0}
[INFO] [stdout]    6:     0x614c62743b72 - std[617be2ca0a6fd877]::panicking::panic_with_hook
[INFO] [stdout]    7:     0x614c62726ad2 - std[617be2ca0a6fd877]::panicking::panic_handler::{closure#0}
[INFO] [stdout]    8:     0x614c6271f499 - std[617be2ca0a6fd877]::sys::backtrace::__rust_end_short_backtrace::<std[617be2ca0a6fd877]::panicking::panic_handler::{closure#0}, !>
[INFO] [stdout]    9:     0x614c627276dd - __rustc[ea4f61d10b84890b]::rust_begin_unwind
[INFO] [stdout]   10:     0x614c62761bac - core[a373ad73a504971]::panicking::panic_fmt
[INFO] [stdout]   11:     0x614c62761982 - core[a373ad73a504971]::result::unwrap_failed
[INFO] [stdout]   12:     0x614c6257cb3d - archive_fixtures[3c09ba82e48f0ec5]::create_fixture_zip
[INFO] [stdout]   13:     0x614c625803d6 - <archive_fixtures[3c09ba82e48f0ec5]::test_file_size_matches_uncompressed_fixture_bytes::{closure#0} as core[a373ad73a504971]::ops::function::FnOnce<()>>::call_once
[INFO] [stdout]   14:     0x614c625bc38b - test[aada8e7e76ba119b]::__rust_begin_short_backtrace::<core[a373ad73a504971]::result::Result<(), alloc[2e1b2a31b91974c5]::string::String>, fn() -> core[a373ad73a504971]::result::Result<(), alloc[2e1b2a31b91974c5]::string::String>>
[INFO] [stdout]   15:     0x614c625c9565 - test[aada8e7e76ba119b]::run_test::{closure#0}
[INFO] [stdout]   16:     0x614c625c2e54 - std[617be2ca0a6fd877]::sys::backtrace::__rust_begin_short_backtrace::<test[aada8e7e76ba119b]::run_test::{closure#1}, ()>
[INFO] [stdout]   17:     0x614c625cc5f2 - <std[617be2ca0a6fd877]::thread::lifecycle::spawn_unchecked<test[aada8e7e76ba119b]::run_test::{closure#1}, ()>::{closure#1} as core[a373ad73a504971]::ops::function::FnOnce<()>>::call_once::{shim:vtable#0}
[INFO] [stdout]   18:     0x614c6274b4af - <std[617be2ca0a6fd877]::sys::thread::unix::Thread>::new::thread_start
[INFO] [stdout]   19:     0x7016379b3dfa - <unknown>
[INFO] [stdout]   20:     0x701637a473d4 - clone
[INFO] [stdout]   21:                0x0 - <unknown>
[INFO] [stdout] 
[INFO] [stdout] ---- test_stats_reports_counts_and_nonzero_size stdout ----
[INFO] [stdout] 
[INFO] [stdout] thread 'test_stats_reports_counts_and_nonzero_size' (2837) panicked at tests/archive_fixtures.rs:37:45:
[INFO] [stdout] called `Result::unwrap()` on an `Err` value: Os { code: 2, kind: NotFound, message: "No such file or directory" }
[INFO] [stdout] stack backtrace:
[INFO] [stdout]    0:     0x614c6274bf61 - <<std[617be2ca0a6fd877]::sys::backtrace::BacktraceLock>::print::DisplayBacktrace as core[a373ad73a504971]::fmt::Display>::fmt
[INFO] [stdout]    1:     0x614c6276147a - core[a373ad73a504971]::fmt::write
[INFO] [stdout]    2:     0x614c627505ac - <alloc[2e1b2a31b91974c5]::vec::Vec<u8> as core[a373ad73a504971]::io::write::Write>::write_fmt
[INFO] [stdout]    3:     0x614c62726a26 - std[617be2ca0a6fd877]::panicking::default_hook::{closure#0}
[INFO] [stdout]    4:     0x614c627439b9 - std[617be2ca0a6fd877]::panicking::default_hook
[INFO] [stdout]    5:     0x614c625c8f40 - test[aada8e7e76ba119b]::test_main_inner::{closure#0}
[INFO] [stdout]    6:     0x614c62743b72 - std[617be2ca0a6fd877]::panicking::panic_with_hook
[INFO] [stdout]    7:     0x614c62726ad2 - std[617be2ca0a6fd877]::panicking::panic_handler::{closure#0}
[INFO] [stdout]    8:     0x614c6271f499 - std[617be2ca0a6fd877]::sys::backtrace::__rust_end_short_backtrace::<std[617be2ca0a6fd877]::panicking::panic_handler::{closure#0}, !>
[INFO] [stdout]    9:     0x614c627276dd - __rustc[ea4f61d10b84890b]::rust_begin_unwind
[INFO] [stdout]   10:     0x614c62761bac - core[a373ad73a504971]::panicking::panic_fmt
[INFO] [stdout]   11:     0x614c62761982 - core[a373ad73a504971]::result::unwrap_failed
[INFO] [stdout]   12:     0x614c6257cb3d - archive_fixtures[3c09ba82e48f0ec5]::create_fixture_zip
[INFO] [stdout]   13:     0x614c6257e7c5 - <archive_fixtures[3c09ba82e48f0ec5]::test_stats_reports_counts_and_nonzero_size::{closure#0} as core[a373ad73a504971]::ops::function::FnOnce<()>>::call_once
[INFO] [stdout]   14:     0x614c625bc38b - test[aada8e7e76ba119b]::__rust_begin_short_backtrace::<core[a373ad73a504971]::result::Result<(), alloc[2e1b2a31b91974c5]::string::String>, fn() -> core[a373ad73a504971]::result::Result<(), alloc[2e1b2a31b91974c5]::string::String>>
[INFO] [stdout]   15:     0x614c625c9565 - test[aada8e7e76ba119b]::run_test::{closure#0}
[INFO] [stdout]   16:     0x614c625c2e54 - std[617be2ca0a6fd877]::sys::backtrace::__rust_begin_short_backtrace::<test[aada8e7e76ba119b]::run_test::{closure#1}, ()>
[INFO] [stdout]   17:     0x614c625cc5f2 - <std[617be2ca0a6fd877]::thread::lifecycle::spawn_unchecked<test[aada8e7e76ba119b]::run_test::{closure#1}, ()>::{closure#1} as core[a373ad73a504971]::ops::function::FnOnce<()>>::call_once::{shim:vtable#0}
[INFO] [stdout]   18:     0x614c6274b4af - <std[617be2ca0a6fd877]::sys::thread::unix::Thread>::new::thread_start
[INFO] [stdout]   19:     0x7016379b3dfa - <unknown>
[INFO] [stdout]   20:     0x701637a473d4 - clone
[INFO] [stdout]   21:                0x0 - <unknown>
[INFO] [stdout] 
[INFO] [stdout] ---- test_open_fixture_zip_lists_dat_files stdout ----
[INFO] [stdout] 
[INFO] [stdout] thread 'test_open_fixture_zip_lists_dat_files' (2831) panicked at tests/archive_fixtures.rs:37:45:
[INFO] [stdout] called `Result::unwrap()` on an `Err` value: Os { code: 2, kind: NotFound, message: "No such file or directory" }
[INFO] [stdout] stack backtrace:
[INFO] [stdout]    0:     0x614c6274bf61 - <<std[617be2ca0a6fd877]::sys::backtrace::BacktraceLock>::print::DisplayBacktrace as core[a373ad73a504971]::fmt::Display>::fmt
[INFO] [stdout]    1:     0x614c6276147a - core[a373ad73a504971]::fmt::write
[INFO] [stdout]    2:     0x614c627505ac - <alloc[2e1b2a31b91974c5]::vec::Vec<u8> as core[a373ad73a504971]::io::write::Write>::write_fmt
[INFO] [stdout]    3:     0x614c62726a26 - std[617be2ca0a6fd877]::panicking::default_hook::{closure#0}
[INFO] [stdout]    4:     0x614c627439b9 - std[617be2ca0a6fd877]::panicking::default_hook
[INFO] [stdout]    5:     0x614c625c8f40 - test[aada8e7e76ba119b]::test_main_inner::{closure#0}
[INFO] [stdout]    6:     0x614c62743b72 - std[617be2ca0a6fd877]::panicking::panic_with_hook
[INFO] [stdout]    7:     0x614c62726ad2 - std[617be2ca0a6fd877]::panicking::panic_handler::{closure#0}
[INFO] [stdout]    8:     0x614c6271f499 - std[617be2ca0a6fd877]::sys::backtrace::__rust_end_short_backtrace::<std[617be2ca0a6fd877]::panicking::panic_handler::{closure#0}, !>
[INFO] [stdout]    9:     0x614c627276dd - __rustc[ea4f61d10b84890b]::rust_begin_unwind
[INFO] [stdout]   10:     0x614c62761bac - core[a373ad73a504971]::panicking::panic_fmt
[INFO] [stdout]   11:     0x614c62761982 - core[a373ad73a504971]::result::unwrap_failed
[INFO] [stdout]   12:     0x614c6257cb3d - archive_fixtures[3c09ba82e48f0ec5]::create_fixture_zip
[INFO] [stdout]   13:     0x614c6257e1cf - <archive_fixtures[3c09ba82e48f0ec5]::test_open_fixture_zip_lists_dat_files::{closure#0} as core[a373ad73a504971]::ops::function::FnOnce<()>>::call_once
[INFO] [stdout]   14:     0x614c625bc38b - test[aada8e7e76ba119b]::__rust_begin_short_backtrace::<core[a373ad73a504971]::result::Result<(), alloc[2e1b2a31b91974c5]::string::String>, fn() -> core[a373ad73a504971]::result::Result<(), alloc[2e1b2a31b91974c5]::string::String>>
[INFO] [stdout]   15:     0x614c625c9565 - test[aada8e7e76ba119b]::run_test::{closure#0}
[INFO] [stdout]   16:     0x614c625c2e54 - std[617be2ca0a6fd877]::sys::backtrace::__rust_begin_short_backtrace::<test[aada8e7e76ba119b]::run_test::{closure#1}, ()>
[INFO] [stdout]   17:     0x614c625cc5f2 - <std[617be2ca0a6fd877]::thread::lifecycle::spawn_unchecked<test[aada8e7e76ba119b]::run_test::{closure#1}, ()>::{closure#1} as core[a373ad73a504971]::ops::function::FnOnce<()>>::call_once::{shim:vtable#0}
[INFO] [stdout]   18:     0x614c6274b4af - <std[617be2ca0a6fd877]::sys::thread::unix::Thread>::new::thread_start
[INFO] [stdout]   19:     0x7016379b3dfa - <unknown>
[INFO] [stdout]   20:     0x701637a473d4 - clone
[INFO] [stdout]   21:                0x0 - <unknown>
[INFO] [stdout] 
[INFO] [stdout] 
[INFO] [stdout] failures:
[INFO] [stdout]     test_count_all_records_gmrs_fixture
[INFO] [stdout]     test_count_all_records_matches_fixture_lines
[INFO] [stdout]     test_file_size_matches_uncompressed_fixture_bytes
[INFO] [stdout]     test_open_fixture_zip_lists_dat_files
[INFO] [stdout]     test_open_truncated_zip_errors_zip
[INFO] [stdout]     test_process_dat_streaming_missing_file_is_parse_error
[INFO] [stdout]     test_process_dat_streaming_visits_every_record
[INFO] [stdout]     test_stats_reports_counts_and_nonzero_size
[INFO] [stdout] 
[INFO] [stdout] test result: FAILED. 3 passed; 8 failed; 0 ignored; 0 measured; 0 filtered out; finished in 0.01s
[INFO] [stdout] 
[INFO] running `Command { std: "docker" "inspect" "1cad4cbdf33227ee4ebd20004efb4a88c7d9513db619851a48705ba3139b789f", kill_on_drop: false }`
[INFO] running `Command { std: "docker" "rm" "-f" "1cad4cbdf33227ee4ebd20004efb4a88c7d9513db619851a48705ba3139b789f", kill_on_drop: false }`
[INFO] [stdout] 1cad4cbdf33227ee4ebd20004efb4a88c7d9513db619851a48705ba3139b789f
