[INFO] fetching crate uls-db 0.2.2...
[INFO] testing uls-db-0.2.2 against 1.99.0-beta.8+cargoflags=--release for beta-release-1.100-2
[INFO] extracting crate uls-db 0.2.2 into /workspace/builds/worker-3-tc1/source
[INFO] started tweaking crates.io crate uls-db 0.2.2
[INFO] removed 0 missing tests
[INFO] finished tweaking crates.io crate uls-db 0.2.2
[INFO] tweaked toml for crates.io crate uls-db 0.2.2 written to /workspace/builds/worker-3-tc1/source/Cargo.toml
[INFO] validating manifest of crates.io crate uls-db 0.2.2 on toolchain 1.99.0-beta.8
[INFO] running `Command { std: CARGO_HOME="/workspace/cargo-home" RUSTUP_HOME="/workspace/rustup-home" "/workspace/cargo-home/bin/cargo" "+1.99.0-beta.8" "metadata" "--manifest-path" "Cargo.toml" "--no-deps", kill_on_drop: false }`
[INFO] crate crates.io crate uls-db 0.2.2 already has a lockfile, it will not be regenerated
[INFO] running `Command { std: CARGO_HOME="/workspace/cargo-home" RUSTUP_HOME="/workspace/rustup-home" "/workspace/cargo-home/bin/cargo" "+1.99.0-beta.8" "fetch" "--manifest-path" "Cargo.toml", kill_on_drop: false }`
[INFO] [stderr]     Updating crates.io index
[INFO] [stderr]  Downloading crates ...
[INFO] [stderr]   Downloaded r2d2_sqlite v0.32.0
[INFO] [stderr]   Downloaded uls-core v0.1.4
[INFO] [stderr]   Downloaded uls-parser v0.1.4
[INFO] [stderr]   Downloaded pbkdf2 v0.13.0
[INFO] [stderr]   Downloaded lzma-rust2 v0.16.4
[INFO] running `Command { std: "docker" "create" "-v" "/var/lib/crater-agent-workspace/builds/worker-3-tc1/source:/opt/rustwide/workdir:ro,Z" "-v" "/var/lib/crater-agent-workspace/builds/worker-3-tc1/target:/opt/rustwide/target:rw,Z" "-v" "/var/lib/crater-agent-workspace/cargo-home:/opt/rustwide/cargo-home:ro,Z" "-v" "/var/lib/crater-agent-workspace/rustup-home:/opt/rustwide/rustup-home:ro,Z" "-m" "1610612736" "--network" "none" "ghcr.io/rust-lang/crates-build-env/linux@sha256:77db811e55d90add9212f6832c23229e3de5f1c1f9905e8cb07319ea15df73ac" "sleep" "infinity", kill_on_drop: false }`
[INFO] [stdout] 6ce86f03d8f5a0998752627f762dfa4cc27edfa20722e30e3291a2870784070b
[INFO] running `Command { std: "docker" "start" "6ce86f03d8f5a0998752627f762dfa4cc27edfa20722e30e3291a2870784070b", kill_on_drop: false }`
[INFO] running `Command { std: "docker" "inspect" "6ce86f03d8f5a0998752627f762dfa4cc27edfa20722e30e3291a2870784070b", kill_on_drop: false }`
[INFO] running `Command { std: "docker" "exec" "-e" "SOURCE_DIR=/opt/rustwide/workdir" "-e" "CARGO_HOME=/opt/rustwide/cargo-home" "-e" "RUSTUP_HOME=/opt/rustwide/rustup-home" "-e" "CARGO_TARGET_DIR=/opt/rustwide/target" "-w" "/opt/rustwide/workdir" "--user" "0:0" "6ce86f03d8f5a0998752627f762dfa4cc27edfa20722e30e3291a2870784070b" "/opt/rustwide/cargo-home/bin/cargo" "+1.99.0-beta.8" "metadata" "--no-deps" "--format-version=1", kill_on_drop: false }`
[INFO] running `Command { std: "docker" "inspect" "6ce86f03d8f5a0998752627f762dfa4cc27edfa20722e30e3291a2870784070b", kill_on_drop: false }`
[INFO] running `Command { std: "docker" "exec" "-e" "SOURCE_DIR=/opt/rustwide/workdir" "-e" "CARGO_HOME=/opt/rustwide/cargo-home" "-e" "RUSTUP_HOME=/opt/rustwide/rustup-home" "-e" "CARGO_TARGET_DIR=/opt/rustwide/target" "-e" "CARGO_INCREMENTAL=0" "-e" "RUST_BACKTRACE=full" "-e" "RUSTFLAGS=--cap-lints=warn" "-e" "RUSTDOCFLAGS=--cap-lints=warn" "-w" "/opt/rustwide/workdir" "--user" "0:0" "6ce86f03d8f5a0998752627f762dfa4cc27edfa20722e30e3291a2870784070b" "/opt/rustwide/cargo-home/bin/cargo" "+1.99.0-beta.8" "build" "--frozen" "--message-format=json" "--release", kill_on_drop: false }`
[INFO] [stderr]    Compiling libc v0.2.186
[INFO] [stderr]    Compiling hybrid-array v0.4.12
[INFO] [stderr]    Compiling log v0.4.32
[INFO] [stderr]    Compiling zstd-safe v7.2.4
[INFO] [stderr]    Compiling phf_shared v0.13.1
[INFO] [stderr]    Compiling hashbrown v0.16.1
[INFO] [stderr]    Compiling thiserror-impl v2.0.18
[INFO] [stderr]    Compiling simd-adler32 v0.3.9
[INFO] [stderr]    Compiling zlib-rs v0.6.3
[INFO] [stderr]    Compiling bumpalo v3.20.3
[INFO] [stderr]    Compiling phf_generator v0.13.1
[INFO] [stderr]    Compiling libbz2-rs-sys v0.2.5
[INFO] [stderr]    Compiling chrono v0.4.45
[INFO] [stderr]    Compiling zopfli v0.8.3
[INFO] [stderr]    Compiling crypto-common v0.2.2
[INFO] [stderr]    Compiling block-buffer v0.12.0
[INFO] [stderr]    Compiling jobserver v0.1.34
[INFO] [stderr]    Compiling inout v0.2.2
[INFO] [stderr]    Compiling bzip2 v0.6.1
[INFO] [stderr]    Compiling thiserror v2.0.18
[INFO] [stderr]    Compiling cc v1.2.63
[INFO] [stderr]    Compiling hashlink v0.11.1
[INFO] [stderr]    Compiling phf_macros v0.13.1
[INFO] [stderr]    Compiling digest v0.11.3
[INFO] [stderr]    Compiling sha2 v0.11.0
[INFO] [stderr]    Compiling hmac v0.13.0
[INFO] [stderr]    Compiling cipher v0.5.2
[INFO] [stderr]    Compiling pbkdf2 v0.13.0
[INFO] [stderr]    Compiling aes v0.9.1
[INFO] [stderr]    Compiling sha1 v0.11.0
[INFO] [stderr]    Compiling lzma-rust2 v0.16.4
[INFO] [stderr]    Compiling time v0.3.47
[INFO] [stderr]    Compiling zstd-sys v2.0.16+zstd.1.5.7
[INFO] [stderr]    Compiling libsqlite3-sys v0.36.0
[INFO] [stderr]    Compiling flate2 v1.1.9
[INFO] [stderr]    Compiling serde_json v1.0.150
[INFO] [stderr]    Compiling scheduled-thread-pool v0.2.7
[INFO] [stderr]    Compiling fallible-streaming-iterator v0.1.9
[INFO] [stderr]    Compiling fallible-iterator v0.3.0
[INFO] [stderr]    Compiling typed-path v0.12.3
[INFO] [stderr]    Compiling ppmd-rust v1.4.0
[INFO] [stderr]    Compiling deflate64 v0.1.12
[INFO] [stderr]    Compiling constant_time_eq v0.4.2
[INFO] [stderr]    Compiling dirs-sys v0.5.0
[INFO] [stderr]    Compiling tracing v0.1.44
[INFO] [stderr]    Compiling uls-core v0.1.4
[INFO] [stderr]    Compiling r2d2 v0.8.10
[INFO] [stderr]    Compiling phf v0.13.1
[INFO] [stderr]    Compiling uuid v1.23.2
[INFO] [stderr]    Compiling dirs v6.0.0
[INFO] [stderr]    Compiling zstd v0.13.3
[INFO] [stderr]    Compiling zip v8.6.0
[INFO] [stderr]    Compiling uls-parser v0.1.4
[INFO] [stderr]    Compiling rusqlite v0.38.0
[INFO] [stderr]    Compiling r2d2_sqlite v0.32.0
[INFO] [stderr]    Compiling uls-db v0.2.2 (/opt/rustwide/workdir)
[INFO] [stderr]     Finished `release` profile [optimized] target(s) in 3m 08s
[INFO] running `Command { std: "docker" "inspect" "6ce86f03d8f5a0998752627f762dfa4cc27edfa20722e30e3291a2870784070b", kill_on_drop: false }`
[INFO] running `Command { std: "docker" "exec" "-e" "SOURCE_DIR=/opt/rustwide/workdir" "-e" "CARGO_HOME=/opt/rustwide/cargo-home" "-e" "RUSTUP_HOME=/opt/rustwide/rustup-home" "-e" "CARGO_TARGET_DIR=/opt/rustwide/target" "-e" "CARGO_INCREMENTAL=0" "-e" "RUST_BACKTRACE=full" "-e" "RUSTFLAGS=--cap-lints=warn" "-e" "RUSTDOCFLAGS=--cap-lints=warn" "-w" "/opt/rustwide/workdir" "--user" "0:0" "6ce86f03d8f5a0998752627f762dfa4cc27edfa20722e30e3291a2870784070b" "/opt/rustwide/cargo-home/bin/cargo" "+1.99.0-beta.8" "test" "--frozen" "--no-run" "--message-format=json" "--release", kill_on_drop: false }`
[INFO] [stderr]    Compiling syn v2.0.117
[INFO] [stderr]    Compiling serde_json v1.0.150
[INFO] [stderr]    Compiling winnow v1.0.3
[INFO] [stderr]    Compiling aho-corasick v1.1.4
[INFO] [stderr]    Compiling regex-syntax v0.8.10
[INFO] [stderr]    Compiling rstest_macros v0.26.1
[INFO] [stderr]    Compiling alloca v0.4.0
[INFO] [stderr]    Compiling rusqlite v0.38.0
[INFO] [stderr]    Compiling relative-path v1.9.3
[INFO] [stderr]    Compiling glob v0.3.3
[INFO] [stderr]    Compiling rayon v1.12.0
[INFO] [stderr]    Compiling tempfile v3.27.0
[INFO] [stderr]    Compiling toml_parser v1.1.2+spec-1.1.0
[INFO] [stderr]    Compiling r2d2_sqlite v0.32.0
[INFO] [stderr]    Compiling toml_edit v0.25.12+spec-1.1.0
[INFO] [stderr]    Compiling regex-automata v0.4.14
[INFO] [stderr]    Compiling proc-macro-crate v3.5.0
[INFO] [stderr]    Compiling serde_derive v1.0.228
[INFO] [stderr]    Compiling zerocopy-derive v0.8.50
[INFO] [stderr]    Compiling thiserror-impl v2.0.18
[INFO] [stderr]    Compiling tracing-attributes v0.1.31
[INFO] [stderr]    Compiling phf_macros v0.13.1
[INFO] [stderr]    Compiling futures-macro v0.3.32
[INFO] [stderr]    Compiling regex v1.12.3
[INFO] [stderr]    Compiling phf v0.13.1
[INFO] [stderr]    Compiling futures-util v0.3.32
[INFO] [stderr]    Compiling thiserror v2.0.18
[INFO] [stderr]    Compiling tracing v0.1.44
[INFO] [stderr]    Compiling zerocopy v0.8.50
[INFO] [stderr]    Compiling serde v1.0.228
[INFO] [stderr]    Compiling chrono v0.4.45
[INFO] [stderr]    Compiling tinytemplate v1.2.1
[INFO] [stderr]    Compiling rstest v0.26.1
[INFO] [stderr]    Compiling uls-core v0.1.4
[INFO] [stderr]    Compiling half v2.7.1
[INFO] [stderr]    Compiling ciborium-ll v0.2.2
[INFO] [stderr]    Compiling ciborium v0.2.2
[INFO] [stderr]    Compiling criterion v0.8.2
[INFO] [stderr]    Compiling uls-parser v0.1.4
[INFO] [stderr]    Compiling uls-db v0.2.2 (/opt/rustwide/workdir)
[INFO] [stderr]     Finished `release` profile [optimized] target(s) in 1m 56s
[INFO] running `Command { std: "docker" "inspect" "6ce86f03d8f5a0998752627f762dfa4cc27edfa20722e30e3291a2870784070b", kill_on_drop: false }`
[INFO] running `Command { std: "docker" "exec" "-e" "SOURCE_DIR=/opt/rustwide/workdir" "-e" "CARGO_HOME=/opt/rustwide/cargo-home" "-e" "RUSTUP_HOME=/opt/rustwide/rustup-home" "-e" "CARGO_TARGET_DIR=/opt/rustwide/target" "-e" "CARGO_INCREMENTAL=0" "-e" "RUST_BACKTRACE=full" "-e" "RUSTFLAGS=--cap-lints=warn" "-e" "RUSTDOCFLAGS=--cap-lints=warn" "-w" "/opt/rustwide/workdir" "--user" "0:0" "6ce86f03d8f5a0998752627f762dfa4cc27edfa20722e30e3291a2870784070b" "/opt/rustwide/cargo-home/bin/cargo" "+1.99.0-beta.8" "test" "--frozen" "--release", kill_on_drop: false }`
[INFO] [stderr]     Finished `release` profile [optimized] target(s) in 0.22s
[INFO] [stderr]      Running unittests src/lib.rs (/opt/rustwide/target/release/deps/uls_db-d65c3e2b7a48f8be)
[INFO] [stdout] 
[INFO] [stdout] running 110 tests
[INFO] [stdout] test bulk_inserter::tests::test_bulk_insert_multiple_records ... ok
[INFO] [stdout] test bulk_inserter::tests::test_insert_amateur_stores_optional_fields ... ok
[INFO] [stdout] test bulk_inserter::tests::test_insert_amateur ... ok
[INFO] [stdout] test bulk_inserter::tests::test_insert_comment ... ok
[INFO] [stdout] test bulk_inserter::tests::test_insert_entity ... ok
[INFO] [stdout] test bulk_inserter::tests::test_bulk_inserter_new ... ok
[INFO] [stdout] test bulk_inserter::tests::test_insert_entity_stores_address_and_frn ... ok
[INFO] [stdout] test config::tests::test_builder_pattern ... ok
[INFO] [stdout] test config::tests::test_default_config ... ok
[INFO] [stdout] test bulk_inserter::tests::test_insert_replace_behavior ... ok
[INFO] [stdout] test config::tests::test_default_db_path_ends_with_uls_db ... ok
[INFO] [stdout] test bulk_inserter::tests::test_insert_entity_replace_updates_in_place ... ok
[INFO] [stdout] test config::tests::test_in_memory_config ... ok
[INFO] [stdout] test config::tests::test_with_cache_size_mb ... ok
[INFO] [stdout] test bulk_inserter::tests::test_insert_unsupported_record ... ok
[INFO] [stdout] test freshness::tests::test_age_days_none_when_unknown ... ok
[INFO] [stdout] test config::tests::test_default_config_path_is_uls_db ... ok
[INFO] [stdout] test config::tests::test_with_max_connections ... ok
[INFO] [stdout] test freshness::tests::test_age_display_formatting ... ok
[INFO] [stdout] test freshness::tests::test_age_display_minutes_for_very_recent ... ok
[INFO] [stdout] test bulk_inserter::tests::test_insert_header ... ok
[INFO] [stdout] test freshness::tests::test_freshness_from_old_timestamp ... ok
[INFO] [stdout] test freshness::tests::test_freshness_from_recent_timestamp ... ok
[INFO] [stdout] test freshness::tests::test_freshness_unknown ... ok
[INFO] [stdout] test freshness::tests::test_freshness_unknown_constructor ... ok
[INFO] [stdout] test freshness::tests::test_freshness_from_fcc_format ... ok
[INFO] [stdout] test freshness::tests::test_parse_fcc_datetime ... ok
[INFO] [stdout] test bulk_inserter::tests::test_insert_history ... ok
[INFO] [stdout] test freshness::tests::test_parse_fcc_datetime_bad_time_component ... ok
[INFO] [stdout] test freshness::tests::test_from_timestamp_rfc3339 ... ok
[INFO] [stdout] test freshness::tests::test_from_timestamp_unparseable_is_stale ... ok
[INFO] [stdout] test bulk_inserter::tests::test_insert_special_condition ... ok
[INFO] [stdout] test freshness::tests::test_staleness_config_with_auto_update ... ok
[INFO] [stdout] test freshness::tests::test_staleness_config_with_threshold ... ok
[INFO] [stdout] test bulk_inserter::tests::test_insert_header_encodes_status_and_service ... ok
[INFO] [stdout] test freshness::tests::test_has_missing_patches ... ok
[INFO] [stdout] test freshness::tests::test_parse_fcc_datetime_invalid ... ok
[INFO] [stdout] test freshness::tests::test_staleness_config_defaults ... ok
[INFO] [stdout] test freshness::tests::test_needs_weekly_update_tracks_last_weekly_date ... ok
[INFO] [stdout] test freshness::tests::test_staleness_config_no_warnings ... ok
[INFO] [stdout] test importer::tests::test_import_mode_default_is_full ... ok
[INFO] [stdout] test importer::tests::test_import_mode_should_import_file ... ok
[INFO] [stdout] test importer::tests::test_import_mode_should_import_full ... ok
[INFO] [stdout] test importer::tests::test_import_mode_should_import_minimal ... ok
[INFO] [stdout] test importer::tests::test_import_mode_should_import_selective ... ok
[INFO] [stdout] test importer::tests::test_import_stats_is_successful ... ok
[INFO] [stdout] test importer::tests::test_import_stats_rate ... ok
[INFO] [stdout] test importer::tests::test_import_stats_rate_zero_duration ... ok
[INFO] [stdout] test importer::tests::test_import_stats_default ... ok
[INFO] [stdout] test importer::tests::test_import_zip_with_mode_full ... ok
[INFO] [stdout] test models::tests::test_display_name_without_middle_initial ... ok
[INFO] [stdout] test models::tests::test_field_names ... ok
[INFO] [stdout] test models::tests::test_get_field_basic ... ok
[INFO] [stdout] test models::tests::test_get_field_cancellation_date_with_value ... ok
[INFO] [stdout] test models::tests::test_get_field_entity_name_alias ... ok
[INFO] [stdout] test models::tests::test_get_field_expiration_alias ... ok
[INFO] [stdout] test models::tests::test_get_field_license_status_alias ... ok
[INFO] [stdout] test models::tests::test_get_field_location_empty ... ok
[INFO] [stdout] test models::tests::test_get_field_location_partial ... ok
[INFO] [stdout] test models::tests::test_get_field_no_operator_class ... ok
[INFO] [stdout] test models::tests::test_is_active ... ok
[INFO] [stdout] test importer::tests::test_import_zip_nonexistent_file ... ok
[INFO] [stdout] test importer::tests::test_importer_new ... ok
[INFO] [stdout] test models::tests::test_operator_class_description ... ok
[INFO] [stdout] test models::tests::test_operator_class_all_variants ... ok
[INFO] [stdout] test models::tests::test_license_display_name ... ok
[INFO] [stdout] test models::tests::test_status_description_all_variants ... ok
[INFO] [stdout] test repository::tests::test_count_by_service_empty ... ok
[INFO] [stdout] test repository::tests::test_case_insensitive_lookup ... ok
[INFO] [stdout] test repository::tests::test_count_by_service ... ok
[INFO] [stdout] test repository::tests::test_etag_operations ... ok
[INFO] [stdout] test repository::tests::test_get_imported_count ... ok
[INFO] [stdout] test repository::tests::test_get_imported_types ... ok
[INFO] [stdout] test importer::tests::test_import_zip_with_mode_selective ... ok
[INFO] [stdout] test importer::tests::test_import_zip_with_mode_minimal ... ok
[INFO] [stdout] test repository::tests::test_insert_amateur ... ok
[INFO] [stdout] test repository::tests::test_insert_and_query ... ok
[INFO] [stdout] test repository::tests::test_import_status_lifecycle ... ok
[INFO] [stdout] test repository::tests::test_insert_comment ... ok
[INFO] [stdout] test repository::tests::test_get_licenses_by_frn ... ok
[INFO] [stdout] test repository::tests::test_insert_unsupported_record_type ... ok
[INFO] [stdout] test repository::tests::test_insert_entity ... ok
[INFO] [stdout] test repository::tests::test_get_licenses_by_frn_not_found ... ok
[INFO] [stdout] test repository::tests::test_insert_history ... ok
[INFO] [stdout] test repository::tests::test_insert_special_condition ... ok
[INFO] [stdout] test repository::tests::test_lookup_prefers_active_over_cancelled ... ok
[INFO] [stdout] test importer::tests::test_import_zip_with_progress_callback ... ok
[INFO] [stdout] test repository::tests::test_license_not_found ... ok
[INFO] [stdout] test repository::tests::test_open_database ... ok
[INFO] [stdout] test repository::tests::test_lookup_returns_cancelled_when_no_active ... ok
[INFO] [stdout] test repository::tests::test_lookup_prefers_most_recent_inactive_record ... ok
[INFO] [stdout] test repository::tests::test_stats ... ok
[INFO] [stdout] test repository::tests::test_transaction ... ok
[INFO] [stdout] test schema::tests::test_create_tables_makes_all_expected_tables ... ok
[INFO] [stdout] test repository::tests::test_transaction_rollback ... ok
[INFO] [stdout] test repository::tests::test_set_last_updated ... ok
[INFO] [stdout] test schema::tests::test_get_version_uninitialized ... ok
[INFO] [stdout] test schema::tests::test_get_version_after_create_tables ... ok
[INFO] [stdout] test schema::tests::test_metadata ... ok
[INFO] [stdout] test schema::tests::test_create_schema ... ok
[INFO] [stdout] test schema::tests::test_migrate_current_version_is_noop ... ok
[INFO] [stdout] test schema::tests::test_migrate_uninitialized_is_noop ... ok
[INFO] [stdout] test schema::tests::test_migrate_from_v4_adds_applied_patches_and_bumps_version ... ok
[INFO] [stdout] test schema::tests::test_drop_and_recreate_indexes ... ok
[INFO] [stdout] test schema::tests::test_set_metadata_overwrites_existing ... ok
[INFO] [stdout] test schema::tests::test_unique_constraints ... ok
[INFO] [stdout] test repository::tests::test_open_database_with_path ... ok
[INFO] [stdout] test importer::tests::test_import_zip_verifies_data ... ok
[INFO] [stdout] test importer::tests::test_import_zip_basic ... ok
[INFO] [stdout] test repository::tests::test_pool_pragma_settings_on_all_connections ... ok
[INFO] [stdout] 
[INFO] [stdout] test result: ok. 110 passed; 0 failed; 0 ignored; 0 measured; 0 filtered out; finished in 0.34s
[INFO] [stdout] 
[INFO] [stderr]      Running tests/fixture_integration.rs (/opt/rustwide/target/release/deps/fixture_integration-441527393cbd9305)
[INFO] [stdout] 
[INFO] [stdout] running 9 tests
[INFO] [stdout] test test_callsign_formats_are_correct ... FAILED
[INFO] [stdout] test test_amateur_fixture_entity_data ... FAILED
[INFO] [stdout] test test_amateur_fixture_import_minimal ... FAILED
[INFO] [stdout] test test_combined_amateur_and_gmrs_import ... FAILED
[INFO] [stdout] test test_gmrs_fixture_query_callsigns ... FAILED
[INFO] [stdout] test test_service_counts_after_import ... FAILED
[INFO] [stdout] test test_amateur_fixture_query_callsigns ... FAILED
[INFO] [stdout] test test_gmrs_fixture_import ... FAILED
[INFO] [stdout] test test_amateur_fixture_import_full ... FAILED
[INFO] [stdout] 
[INFO] [stdout] failures:
[INFO] [stdout] 
[INFO] [stdout] ---- test_callsign_formats_are_correct stdout ----
[INFO] [stdout] 
[INFO] [stdout] thread 'test_callsign_formats_are_correct' (2186) panicked at tests/fixture_integration.rs:64:37:
[INFO] [stdout] HD.dat should exist: Os { code: 2, kind: NotFound, message: "No such file or directory" }
[INFO] [stdout] stack backtrace:
[INFO] [stdout]    0:     0x5751c92eeb01 - <<std[70759c8f55707aa4]::sys::backtrace::BacktraceLock>::print::DisplayBacktrace as core[df12db4294e9bfd3]::fmt::Display>::fmt
[INFO] [stdout]    1:     0x5751c930504a - core[df12db4294e9bfd3]::fmt::write
[INFO] [stdout]    2:     0x5751c92f349c - <alloc[2182bb758b4b3781]::vec::Vec<u8> as core[df12db4294e9bfd3]::io::write::Write>::write_fmt
[INFO] [stdout]    3:     0x5751c92c93d6 - std[70759c8f55707aa4]::panicking::default_hook::{closure#0}
[INFO] [stdout]    4:     0x5751c92e6429 - std[70759c8f55707aa4]::panicking::default_hook
[INFO] [stdout]    5:     0x5751c8f86840 - test[9d35eded1c95d3be]::test_main_inner::<test[9d35eded1c95d3be]::test_main_static::{closure#0}>::{closure#0}
[INFO] [stdout]    6:     0x5751c92e65e2 - std[70759c8f55707aa4]::panicking::panic_with_hook
[INFO] [stdout]    7:     0x5751c92c9482 - std[70759c8f55707aa4]::panicking::panic_handler::{closure#0}
[INFO] [stdout]    8:     0x5751c92c1e89 - std[70759c8f55707aa4]::sys::backtrace::__rust_end_short_backtrace::<std[70759c8f55707aa4]::panicking::panic_handler::{closure#0}, !>
[INFO] [stdout]    9:     0x5751c92ca07d - __rustc[8fa7c3cbc660c2b3]::rust_begin_unwind
[INFO] [stdout]   10:     0x5751c93057ac - core[df12db4294e9bfd3]::panicking::panic_fmt
[INFO] [stdout]   11:     0x5751c9305582 - core[df12db4294e9bfd3]::result::unwrap_failed
[INFO] [stdout]   12:     0x5751c8f5918e - fixture_integration[1c2731e09931a56]::get_fixture_callsigns
[INFO] [stdout]   13:     0x5751c8f5a507 - <fixture_integration[1c2731e09931a56]::test_callsign_formats_are_correct::{closure#0} as core[df12db4294e9bfd3]::ops::function::FnOnce<()>>::call_once
[INFO] [stdout]   14:     0x5751c8f79b2b - test[9d35eded1c95d3be]::__rust_begin_short_backtrace::<core[df12db4294e9bfd3]::result::Result<(), alloc[2182bb758b4b3781]::string::String>, fn() -> core[df12db4294e9bfd3]::result::Result<(), alloc[2182bb758b4b3781]::string::String>>
[INFO] [stdout]   15:     0x5751c8f87195 - test[9d35eded1c95d3be]::run_test::{closure#0}
[INFO] [stdout]   16:     0x5751c8f80a54 - std[70759c8f55707aa4]::sys::backtrace::__rust_begin_short_backtrace::<test[9d35eded1c95d3be]::run_test::{closure#1}, ()>
[INFO] [stdout]   17:     0x5751c8f8a2f2 - <std[70759c8f55707aa4]::thread::lifecycle::spawn_unchecked<test[9d35eded1c95d3be]::run_test::{closure#1}, ()>::{closure#1} as core[df12db4294e9bfd3]::ops::function::FnOnce<()>>::call_once::{shim:vtable#0}
[INFO] [stdout]   18:     0x5751c92ee089 - <std[70759c8f55707aa4]::sys::thread::unix::Thread>::new::thread_start
[INFO] [stdout]   19:     0x7d849ccbcdfa - <unknown>
[INFO] [stdout]   20:     0x7d849cd503d4 - clone
[INFO] [stdout]   21:                0x0 - <unknown>
[INFO] [stdout] 
[INFO] [stdout] ---- test_amateur_fixture_entity_data stdout ----
[INFO] [stdout] 
[INFO] [stdout] thread 'test_amateur_fixture_entity_data' (2177) panicked at tests/fixture_integration.rs:45:45:
[INFO] [stdout] called `Result::unwrap()` on an `Err` value: Os { code: 2, kind: NotFound, message: "No such file or directory" }
[INFO] [stdout] stack backtrace:
[INFO] [stdout]    0:     0x5751c92eeb01 - <<std[70759c8f55707aa4]::sys::backtrace::BacktraceLock>::print::DisplayBacktrace as core[df12db4294e9bfd3]::fmt::Display>::fmt
[INFO] [stdout]    1:     0x5751c930504a - core[df12db4294e9bfd3]::fmt::write
[INFO] [stdout]    2:     0x5751c92f349c - <alloc[2182bb758b4b3781]::vec::Vec<u8> as core[df12db4294e9bfd3]::io::write::Write>::write_fmt
[INFO] [stdout]    3:     0x5751c92c93d6 - std[70759c8f55707aa4]::panicking::default_hook::{closure#0}
[INFO] [stdout]    4:     0x5751c92e6429 - std[70759c8f55707aa4]::panicking::default_hook
[INFO] [stdout]    5:     0x5751c8f86840 - test[9d35eded1c95d3be]::test_main_inner::<test[9d35eded1c95d3be]::test_main_static::{closure#0}>::{closure#0}
[INFO] [stdout]    6:     0x5751c92e65e2 - std[70759c8f55707aa4]::panicking::panic_with_hook
[INFO] [stdout]    7:     0x5751c92c9482 - std[70759c8f55707aa4]::panicking::panic_handler::{closure#0}
[INFO] [stdout]    8:     0x5751c92c1e89 - std[70759c8f55707aa4]::sys::backtrace::__rust_end_short_backtrace::<std[70759c8f55707aa4]::panicking::panic_handler::{closure#0}, !>
[INFO] [stdout]    9:     0x5751c92ca07d - __rustc[8fa7c3cbc660c2b3]::rust_begin_unwind
[INFO] [stdout]   10:     0x5751c93057ac - core[df12db4294e9bfd3]::panicking::panic_fmt
[INFO] [stdout]   11:     0x5751c9305582 - core[df12db4294e9bfd3]::result::unwrap_failed
[INFO] [stdout]   12:     0x5751c8f5893d - fixture_integration[1c2731e09931a56]::create_fixture_zip
[INFO] [stdout]   13:     0x5751c8f5997e - <fixture_integration[1c2731e09931a56]::test_amateur_fixture_entity_data::{closure#0} as core[df12db4294e9bfd3]::ops::function::FnOnce<()>>::call_once
[INFO] [stdout]   14:     0x5751c8f79b2b - test[9d35eded1c95d3be]::__rust_begin_short_backtrace::<core[df12db4294e9bfd3]::result::Result<(), alloc[2182bb758b4b3781]::string::String>, fn() -> core[df12db4294e9bfd3]::result::Result<(), alloc[2182bb758b4b3781]::string::String>>
[INFO] [stdout]   15:     0x5751c8f87195 - test[9d35eded1c95d3be]::run_test::{closure#0}
[INFO] [stdout]   16:     0x5751c8f80a54 - std[70759c8f55707aa4]::sys::backtrace::__rust_begin_short_backtrace::<test[9d35eded1c95d3be]::run_test::{closure#1}, ()>
[INFO] [stdout]   17:     0x5751c8f8a2f2 - <std[70759c8f55707aa4]::thread::lifecycle::spawn_unchecked<test[9d35eded1c95d3be]::run_test::{closure#1}, ()>::{closure#1} as core[df12db4294e9bfd3]::ops::function::FnOnce<()>>::call_once::{shim:vtable#0}
[INFO] [stdout]   18:     0x5751c92ee089 - <std[70759c8f55707aa4]::sys::thread::unix::Thread>::new::thread_start
[INFO] [stdout]   19:     0x7d849ccbcdfa - <unknown>
[INFO] [stdout]   20:     0x7d849cd503d4 - clone
[INFO] [stdout]   21:                0x0 - <unknown>
[INFO] [stdout] 
[INFO] [stdout] ---- test_amateur_fixture_import_minimal stdout ----
[INFO] [stdout] 
[INFO] [stdout] thread 'test_amateur_fixture_import_minimal' (2179) panicked at tests/fixture_integration.rs:45:45:
[INFO] [stdout] called `Result::unwrap()` on an `Err` value: Os { code: 2, kind: NotFound, message: "No such file or directory" }
[INFO] [stdout] stack backtrace:
[INFO] [stdout]    0:     0x5751c92eeb01 - <<std[70759c8f55707aa4]::sys::backtrace::BacktraceLock>::print::DisplayBacktrace as core[df12db4294e9bfd3]::fmt::Display>::fmt
[INFO] [stdout]    1:     0x5751c930504a - core[df12db4294e9bfd3]::fmt::write
[INFO] [stdout]    2:     0x5751c92f349c - <alloc[2182bb758b4b3781]::vec::Vec<u8> as core[df12db4294e9bfd3]::io::write::Write>::write_fmt
[INFO] [stdout]    3:     0x5751c92c93d6 - std[70759c8f55707aa4]::panicking::default_hook::{closure#0}
[INFO] [stdout]    4:     0x5751c92e6429 - std[70759c8f55707aa4]::panicking::default_hook
[INFO] [stdout]    5:     0x5751c8f86840 - test[9d35eded1c95d3be]::test_main_inner::<test[9d35eded1c95d3be]::test_main_static::{closure#0}>::{closure#0}
[INFO] [stdout]    6:     0x5751c92e65e2 - std[70759c8f55707aa4]::panicking::panic_with_hook
[INFO] [stdout]    7:     0x5751c92c9482 - std[70759c8f55707aa4]::panicking::panic_handler::{closure#0}
[INFO] [stdout]    8:     0x5751c92c1e89 - std[70759c8f55707aa4]::sys::backtrace::__rust_end_short_backtrace::<std[70759c8f55707aa4]::panicking::panic_handler::{closure#0}, !>
[INFO] [stdout]    9:     0x5751c92ca07d - __rustc[8fa7c3cbc660c2b3]::rust_begin_unwind
[INFO] [stdout]   10:     0x5751c93057ac - core[df12db4294e9bfd3]::panicking::panic_fmt
[INFO] [stdout]   11:     0x5751c9305582 - core[df12db4294e9bfd3]::result::unwrap_failed
[INFO] [stdout]   12:     0x5751c8f5893d - fixture_integration[1c2731e09931a56]::create_fixture_zip
[INFO] [stdout]   13:     0x5751c8f5b43f - <fixture_integration[1c2731e09931a56]::test_amateur_fixture_import_minimal::{closure#0} as core[df12db4294e9bfd3]::ops::function::FnOnce<()>>::call_once
[INFO] [stdout]   14:     0x5751c8f79b2b - test[9d35eded1c95d3be]::__rust_begin_short_backtrace::<core[df12db4294e9bfd3]::result::Result<(), alloc[2182bb758b4b3781]::string::String>, fn() -> core[df12db4294e9bfd3]::result::Result<(), alloc[2182bb758b4b3781]::string::String>>
[INFO] [stdout]   15:     0x5751c8f87195 - test[9d35eded1c95d3be]::run_test::{closure#0}
[INFO] [stdout]   16:     0x5751c8f80a54 - std[70759c8f55707aa4]::sys::backtrace::__rust_begin_short_backtrace::<test[9d35eded1c95d3be]::run_test::{closure#1}, ()>
[INFO] [stdout]   17:     0x5751c8f8a2f2 - <std[70759c8f55707aa4]::thread::lifecycle::spawn_unchecked<test[9d35eded1c95d3be]::run_test::{closure#1}, ()>::{closure#1} as core[df12db4294e9bfd3]::ops::function::FnOnce<()>>::call_once::{shim:vtable#0}
[INFO] [stdout]   18:     0x5751c92ee089 - <std[70759c8f55707aa4]::sys::thread::unix::Thread>::new::thread_start
[INFO] [stdout]   19:     0x7d849ccbcdfa - <unknown>
[INFO] [stdout]   20:     0x7d849cd503d4 - clone
[INFO] [stdout]   21:                0x0 - <unknown>
[INFO] [stdout] 
[INFO] [stdout] ---- test_combined_amateur_and_gmrs_import stdout ----
[INFO] [stdout] 
[INFO] [stdout] thread 'test_combined_amateur_and_gmrs_import' (2187) panicked at tests/fixture_integration.rs:45:45:
[INFO] [stdout] called `Result::unwrap()` on an `Err` value: Os { code: 2, kind: NotFound, message: "No such file or directory" }
[INFO] [stdout] stack backtrace:
[INFO] [stdout]    0:     0x5751c92eeb01 - <<std[70759c8f55707aa4]::sys::backtrace::BacktraceLock>::print::DisplayBacktrace as core[df12db4294e9bfd3]::fmt::Display>::fmt
[INFO] [stdout]    1:     0x5751c930504a - core[df12db4294e9bfd3]::fmt::write
[INFO] [stdout]    2:     0x5751c92f349c - <alloc[2182bb758b4b3781]::vec::Vec<u8> as core[df12db4294e9bfd3]::io::write::Write>::write_fmt
[INFO] [stdout]    3:     0x5751c92c93d6 - std[70759c8f55707aa4]::panicking::default_hook::{closure#0}
[INFO] [stdout]    4:     0x5751c92e6429 - std[70759c8f55707aa4]::panicking::default_hook
[INFO] [stdout]    5:     0x5751c8f86840 - test[9d35eded1c95d3be]::test_main_inner::<test[9d35eded1c95d3be]::test_main_static::{closure#0}>::{closure#0}
[INFO] [stdout]    6:     0x5751c92e65e2 - std[70759c8f55707aa4]::panicking::panic_with_hook
[INFO] [stdout]    7:     0x5751c92c9482 - std[70759c8f55707aa4]::panicking::panic_handler::{closure#0}
[INFO] [stdout]    8:     0x5751c92c1e89 - std[70759c8f55707aa4]::sys::backtrace::__rust_end_short_backtrace::<std[70759c8f55707aa4]::panicking::panic_handler::{closure#0}, !>
[INFO] [stdout]    9:     0x5751c92ca07d - __rustc[8fa7c3cbc660c2b3]::rust_begin_unwind
[INFO] [stdout]   10:     0x5751c93057ac - core[df12db4294e9bfd3]::panicking::panic_fmt
[INFO] [stdout]   11:     0x5751c9305582 - core[df12db4294e9bfd3]::result::unwrap_failed
[INFO] [stdout]   12:     0x5751c8f5893d - fixture_integration[1c2731e09931a56]::create_fixture_zip
[INFO] [stdout]   13:     0x5751c8f5c14e - <fixture_integration[1c2731e09931a56]::test_combined_amateur_and_gmrs_import::{closure#0} as core[df12db4294e9bfd3]::ops::function::FnOnce<()>>::call_once
[INFO] [stdout]   14:     0x5751c8f79b2b - test[9d35eded1c95d3be]::__rust_begin_short_backtrace::<core[df12db4294e9bfd3]::result::Result<(), alloc[2182bb758b4b3781]::string::String>, fn() -> core[df12db4294e9bfd3]::result::Result<(), alloc[2182bb758b4b3781]::string::String>>
[INFO] [stdout]   15:     0x5751c8f87195 - test[9d35eded1c95d3be]::run_test::{closure#0}
[INFO] [stdout]   16:     0x5751c8f80a54 - std[70759c8f55707aa4]::sys::backtrace::__rust_begin_short_backtrace::<test[9d35eded1c95d3be]::run_test::{closure#1}, ()>
[INFO] [stdout]   17:     0x5751c8f8a2f2 - <std[70759c8f55707aa4]::thread::lifecycle::spawn_unchecked<test[9d35eded1c95d3be]::run_test::{closure#1}, ()>::{closure#1} as core[df12db4294e9bfd3]::ops::function::FnOnce<()>>::call_once::{shim:vtable#0}
[INFO] [stdout]   18:     0x5751c92ee089 - <std[70759c8f55707aa4]::sys::thread::unix::Thread>::new::thread_start
[INFO] [stdout]   19:     0x7d849ccbcdfa - <unknown>
[INFO] [stdout]   20:     0x7d849cd503d4 - clone
[INFO] [stdout]   21:                0x0 - <unknown>
[INFO] [stdout] 
[INFO] [stdout] ---- test_gmrs_fixture_query_callsigns stdout ----
[INFO] [stdout] 
[INFO] [stdout] thread 'test_gmrs_fixture_query_callsigns' (2189) panicked at tests/fixture_integration.rs:45:45:
[INFO] [stdout] called `Result::unwrap()` on an `Err` value: Os { code: 2, kind: NotFound, message: "No such file or directory" }
[INFO] [stdout] stack backtrace:
[INFO] [stdout]    0:     0x5751c92eeb01 - <<std[70759c8f55707aa4]::sys::backtrace::BacktraceLock>::print::DisplayBacktrace as core[df12db4294e9bfd3]::fmt::Display>::fmt
[INFO] [stdout]    1:     0x5751c930504a - core[df12db4294e9bfd3]::fmt::write
[INFO] [stdout]    2:     0x5751c92f349c - <alloc[2182bb758b4b3781]::vec::Vec<u8> as core[df12db4294e9bfd3]::io::write::Write>::write_fmt
[INFO] [stdout]    3:     0x5751c92c93d6 - std[70759c8f55707aa4]::panicking::default_hook::{closure#0}
[INFO] [stdout]    4:     0x5751c92e6429 - std[70759c8f55707aa4]::panicking::default_hook
[INFO] [stdout]    5:     0x5751c8f86840 - test[9d35eded1c95d3be]::test_main_inner::<test[9d35eded1c95d3be]::test_main_static::{closure#0}>::{closure#0}
[INFO] [stdout]    6:     0x5751c92e65e2 - std[70759c8f55707aa4]::panicking::panic_with_hook
[INFO] [stdout]    7:     0x5751c92c9482 - std[70759c8f55707aa4]::panicking::panic_handler::{closure#0}
[INFO] [stdout]    8:     0x5751c92c1e89 - std[70759c8f55707aa4]::sys::backtrace::__rust_end_short_backtrace::<std[70759c8f55707aa4]::panicking::panic_handler::{closure#0}, !>
[INFO] [stdout]    9:     0x5751c92ca07d - __rustc[8fa7c3cbc660c2b3]::rust_begin_unwind
[INFO] [stdout]   10:     0x5751c93057ac - core[df12db4294e9bfd3]::panicking::panic_fmt
[INFO] [stdout]   11:     0x5751c9305582 - core[df12db4294e9bfd3]::result::unwrap_failed
[INFO] [stdout]   12:     0x5751c8f5893d - fixture_integration[1c2731e09931a56]::create_fixture_zip
[INFO] [stdout]   13:     0x5751c8f5aab0 - <fixture_integration[1c2731e09931a56]::test_gmrs_fixture_query_callsigns::{closure#0} as core[df12db4294e9bfd3]::ops::function::FnOnce<()>>::call_once
[INFO] [stdout]   14:     0x5751c8f79b2b - test[9d35eded1c95d3be]::__rust_begin_short_backtrace::<core[df12db4294e9bfd3]::result::Result<(), alloc[2182bb758b4b3781]::string::String>, fn() -> core[df12db4294e9bfd3]::result::Result<(), alloc[2182bb758b4b3781]::string::String>>
[INFO] [stdout]   15:     0x5751c8f87195 - test[9d35eded1c95d3be]::run_test::{closure#0}
[INFO] [stdout]   16:     0x5751c8f80a54 - std[70759c8f55707aa4]::sys::backtrace::__rust_begin_short_backtrace::<test[9d35eded1c95d3be]::run_test::{closure#1}, ()>
[INFO] [stdout]   17:     0x5751c8f8a2f2 - <std[70759c8f55707aa4]::thread::lifecycle::spawn_unchecked<test[9d35eded1c95d3be]::run_test::{closure#1}, ()>::{closure#1} as core[df12db4294e9bfd3]::ops::function::FnOnce<()>>::call_once::{shim:vtable#0}
[INFO] [stdout]   18:     0x5751c92ee089 - <std[70759c8f55707aa4]::sys::thread::unix::Thread>::new::thread_start
[INFO] [stdout]   19:     0x7d849ccbcdfa - <unknown>
[INFO] [stdout]   20:     0x7d849cd503d4 - clone
[INFO] [stdout]   21:                0x0 - <unknown>
[INFO] [stdout] 
[INFO] [stdout] ---- test_service_counts_after_import stdout ----
[INFO] [stdout] 
[INFO] [stdout] thread 'test_service_counts_after_import' (2203) panicked at tests/fixture_integration.rs:45:45:
[INFO] [stdout] called `Result::unwrap()` on an `Err` value: Os { code: 2, kind: NotFound, message: "No such file or directory" }
[INFO] [stdout] stack backtrace:
[INFO] [stdout]    0:     0x5751c92eeb01 - <<std[70759c8f55707aa4]::sys::backtrace::BacktraceLock>::print::DisplayBacktrace as core[df12db4294e9bfd3]::fmt::Display>::fmt
[INFO] [stdout]    1:     0x5751c930504a - core[df12db4294e9bfd3]::fmt::write
[INFO] [stdout]    2:     0x5751c92f349c - <alloc[2182bb758b4b3781]::vec::Vec<u8> as core[df12db4294e9bfd3]::io::write::Write>::write_fmt
[INFO] [stdout]    3:     0x5751c92c93d6 - std[70759c8f55707aa4]::panicking::default_hook::{closure#0}
[INFO] [stdout]    4:     0x5751c92e6429 - std[70759c8f55707aa4]::panicking::default_hook
[INFO] [stdout]    5:     0x5751c8f86840 - test[9d35eded1c95d3be]::test_main_inner::<test[9d35eded1c95d3be]::test_main_static::{closure#0}>::{closure#0}
[INFO] [stdout]    6:     0x5751c92e65e2 - std[70759c8f55707aa4]::panicking::panic_with_hook
[INFO] [stdout]    7:     0x5751c92c9482 - std[70759c8f55707aa4]::panicking::panic_handler::{closure#0}
[INFO] [stdout]    8:     0x5751c92c1e89 - std[70759c8f55707aa4]::sys::backtrace::__rust_end_short_backtrace::<std[70759c8f55707aa4]::panicking::panic_handler::{closure#0}, !>
[INFO] [stdout]    9:     0x5751c92ca07d - __rustc[8fa7c3cbc660c2b3]::rust_begin_unwind
[INFO] [stdout]   10:     0x5751c93057ac - core[df12db4294e9bfd3]::panicking::panic_fmt
[INFO] [stdout]   11:     0x5751c9305582 - core[df12db4294e9bfd3]::result::unwrap_failed
[INFO] [stdout]   12:     0x5751c8f5893d - fixture_integration[1c2731e09931a56]::create_fixture_zip
[INFO] [stdout]   13:     0x5751c8f5a110 - <fixture_integration[1c2731e09931a56]::test_service_counts_after_import::{closure#0} as core[df12db4294e9bfd3]::ops::function::FnOnce<()>>::call_once
[INFO] [stdout]   14:     0x5751c8f79b2b - test[9d35eded1c95d3be]::__rust_begin_short_backtrace::<core[df12db4294e9bfd3]::result::Result<(), alloc[2182bb758b4b3781]::string::String>, fn() -> core[df12db4294e9bfd3]::result::Result<(), alloc[2182bb758b4b3781]::string::String>>
[INFO] [stdout]   15:     0x5751c8f87195 - test[9d35eded1c95d3be]::run_test::{closure#0}
[INFO] [stdout]   16:     0x5751c8f80a54 - std[70759c8f55707aa4]::sys::backtrace::__rust_begin_short_backtrace::<test[9d35eded1c95d3be]::run_test::{closure#1}, ()>
[INFO] [stdout]   17:     0x5751c8f8a2f2 - <std[70759c8f55707aa4]::thread::lifecycle::spawn_unchecked<test[9d35eded1c95d3be]::run_test::{closure#1}, ()>::{closure#1} as core[df12db4294e9bfd3]::ops::function::FnOnce<()>>::call_once::{shim:vtable#0}
[INFO] [stdout]   18:     0x5751c92ee089 - <std[70759c8f55707aa4]::sys::thread::unix::Thread>::new::thread_start
[INFO] [stdout]   19:     0x7d849ccbcdfa - <unknown>
[INFO] [stdout]   20:     0x7d849cd503d4 - clone
[INFO] [stdout]   21:                0x0 - <unknown>
[INFO] [stdout] 
[INFO] [stdout] ---- test_amateur_fixture_query_callsigns stdout ----
[INFO] [stdout] 
[INFO] [stdout] thread 'test_amateur_fixture_query_callsigns' (2180) panicked at tests/fixture_integration.rs:45:45:
[INFO] [stdout] called `Result::unwrap()` on an `Err` value: Os { code: 2, kind: NotFound, message: "No such file or directory" }
[INFO] [stdout] stack backtrace:
[INFO] [stdout]    0:     0x5751c92eeb01 - <<std[70759c8f55707aa4]::sys::backtrace::BacktraceLock>::print::DisplayBacktrace as core[df12db4294e9bfd3]::fmt::Display>::fmt
[INFO] [stdout]    1:     0x5751c930504a - core[df12db4294e9bfd3]::fmt::write
[INFO] [stdout]    2:     0x5751c92f349c - <alloc[2182bb758b4b3781]::vec::Vec<u8> as core[df12db4294e9bfd3]::io::write::Write>::write_fmt
[INFO] [stdout]    3:     0x5751c92c93d6 - std[70759c8f55707aa4]::panicking::default_hook::{closure#0}
[INFO] [stdout]    4:     0x5751c92e6429 - std[70759c8f55707aa4]::panicking::default_hook
[INFO] [stdout]    5:     0x5751c8f86840 - test[9d35eded1c95d3be]::test_main_inner::<test[9d35eded1c95d3be]::test_main_static::{closure#0}>::{closure#0}
[INFO] [stdout]    6:     0x5751c92e65e2 - std[70759c8f55707aa4]::panicking::panic_with_hook
[INFO] [stdout]    7:     0x5751c92c9482 - std[70759c8f55707aa4]::panicking::panic_handler::{closure#0}
[INFO] [stdout]    8:     0x5751c92c1e89 - std[70759c8f55707aa4]::sys::backtrace::__rust_end_short_backtrace::<std[70759c8f55707aa4]::panicking::panic_handler::{closure#0}, !>
[INFO] [stdout]    9:     0x5751c92ca07d - __rustc[8fa7c3cbc660c2b3]::rust_begin_unwind
[INFO] [stdout]   10:     0x5751c93057ac - core[df12db4294e9bfd3]::panicking::panic_fmt
[INFO] [stdout]   11:     0x5751c9305582 - core[df12db4294e9bfd3]::result::unwrap_failed
[INFO] [stdout]   12:     0x5751c8f5893d - fixture_integration[1c2731e09931a56]::create_fixture_zip
[INFO] [stdout]   13:     0x5751c8f5b7a0 - <fixture_integration[1c2731e09931a56]::test_amateur_fixture_query_callsigns::{closure#0} as core[df12db4294e9bfd3]::ops::function::FnOnce<()>>::call_once
[INFO] [stdout]   14:     0x5751c8f79b2b - test[9d35eded1c95d3be]::__rust_begin_short_backtrace::<core[df12db4294e9bfd3]::result::Result<(), alloc[2182bb758b4b3781]::string::String>, fn() -> core[df12db4294e9bfd3]::result::Result<(), alloc[2182bb758b4b3781]::string::String>>
[INFO] [stdout]   15:     0x5751c8f87195 - test[9d35eded1c95d3be]::run_test::{closure#0}
[INFO] [stdout]   16:     0x5751c8f80a54 - std[70759c8f55707aa4]::sys::backtrace::__rust_begin_short_backtrace::<test[9d35eded1c95d3be]::run_test::{closure#1}, ()>
[INFO] [stdout]   17:     0x5751c8f8a2f2 - <std[70759c8f55707aa4]::thread::lifecycle::spawn_unchecked<test[9d35eded1c95d3be]::run_test::{closure#1}, ()>::{closure#1} as core[df12db4294e9bfd3]::ops::function::FnOnce<()>>::call_once::{shim:vtable#0}
[INFO] [stdout]   18:     0x5751c92ee089 - <std[70759c8f55707aa4]::sys::thread::unix::Thread>::new::thread_start
[INFO] [stdout]   19:     0x7d849ccbcdfa - <unknown>
[INFO] [stdout]   20:     0x7d849cd503d4 - clone
[INFO] [stdout]   21:                0x0 - <unknown>
[INFO] [stdout] 
[INFO] [stdout] ---- test_gmrs_fixture_import stdout ----
[INFO] [stdout] 
[INFO] [stdout] thread 'test_gmrs_fixture_import' (2188) panicked at tests/fixture_integration.rs:45:45:
[INFO] [stdout] called `Result::unwrap()` on an `Err` value: Os { code: 2, kind: NotFound, message: "No such file or directory" }
[INFO] [stdout] stack backtrace:
[INFO] [stdout]    0:     0x5751c92eeb01 - <<std[70759c8f55707aa4]::sys::backtrace::BacktraceLock>::print::DisplayBacktrace as core[df12db4294e9bfd3]::fmt::Display>::fmt
[INFO] [stdout]    1:     0x5751c930504a - core[df12db4294e9bfd3]::fmt::write
[INFO] [stdout]    2:     0x5751c92f349c - <alloc[2182bb758b4b3781]::vec::Vec<u8> as core[df12db4294e9bfd3]::io::write::Write>::write_fmt
[INFO] [stdout]    3:     0x5751c92c93d6 - std[70759c8f55707aa4]::panicking::default_hook::{closure#0}
[INFO] [stdout]    4:     0x5751c92e6429 - std[70759c8f55707aa4]::panicking::default_hook
[INFO] [stdout]    5:     0x5751c8f86840 - test[9d35eded1c95d3be]::test_main_inner::<test[9d35eded1c95d3be]::test_main_static::{closure#0}>::{closure#0}
[INFO] [stdout]    6:     0x5751c92e65e2 - std[70759c8f55707aa4]::panicking::panic_with_hook
[INFO] [stdout]    7:     0x5751c92c9482 - std[70759c8f55707aa4]::panicking::panic_handler::{closure#0}
[INFO] [stdout]    8:     0x5751c92c1e89 - std[70759c8f55707aa4]::sys::backtrace::__rust_end_short_backtrace::<std[70759c8f55707aa4]::panicking::panic_handler::{closure#0}, !>
[INFO] [stdout]    9:     0x5751c92ca07d - __rustc[8fa7c3cbc660c2b3]::rust_begin_unwind
[INFO] [stdout]   10:     0x5751c93057ac - core[df12db4294e9bfd3]::panicking::panic_fmt
[INFO] [stdout]   11:     0x5751c9305582 - core[df12db4294e9bfd3]::result::unwrap_failed
[INFO] [stdout]   12:     0x5751c8f5893d - fixture_integration[1c2731e09931a56]::create_fixture_zip
[INFO] [stdout]   13:     0x5751c8f596b1 - <fixture_integration[1c2731e09931a56]::test_gmrs_fixture_import::{closure#0} as core[df12db4294e9bfd3]::ops::function::FnOnce<()>>::call_once
[INFO] [stdout]   14:     0x5751c8f79b2b - test[9d35eded1c95d3be]::__rust_begin_short_backtrace::<core[df12db4294e9bfd3]::result::Result<(), alloc[2182bb758b4b3781]::string::String>, fn() -> core[df12db4294e9bfd3]::result::Result<(), alloc[2182bb758b4b3781]::string::String>>
[INFO] [stdout]   15:     0x5751c8f87195 - test[9d35eded1c95d3be]::run_test::{closure#0}
[INFO] [stdout]   16:     0x5751c8f80a54 - std[70759c8f55707aa4]::sys::backtrace::__rust_begin_short_backtrace::<test[9d35eded1c95d3be]::run_test::{closure#1}, ()>
[INFO] [stdout]   17:     0x5751c8f8a2f2 - <std[70759c8f55707aa4]::thread::lifecycle::spawn_unchecked<test[9d35eded1c95d3be]::run_test::{closure#1}, ()>::{closure#1} as core[df12db4294e9bfd3]::ops::function::FnOnce<()>>::call_once::{shim:vtable#0}
[INFO] [stdout]   18:     0x5751c92ee089 - <std[70759c8f55707aa4]::sys::thread::unix::Thread>::new::thread_start
[INFO] [stdout]   19:     0x7d849ccbcdfa - <unknown>
[INFO] [stdout]   20:     0x7d849cd503d4 - clone
[INFO] [stdout]   21:                0x0 - <unknown>
[INFO] [stdout] 
[INFO] [stdout] ---- test_amateur_fixture_import_full stdout ----
[INFO] [stdout] 
[INFO] [stdout] thread 'test_amateur_fixture_import_full' (2178) panicked at tests/fixture_integration.rs:45:45:
[INFO] [stdout] called `Result::unwrap()` on an `Err` value: Os { code: 2, kind: NotFound, message: "No such file or directory" }
[INFO] [stdout] stack backtrace:
[INFO] [stdout]    0:     0x5751c92eeb01 - <<std[70759c8f55707aa4]::sys::backtrace::BacktraceLock>::print::DisplayBacktrace as core[df12db4294e9bfd3]::fmt::Display>::fmt
[INFO] [stdout]    1:     0x5751c930504a - core[df12db4294e9bfd3]::fmt::write
[INFO] [stdout]    2:     0x5751c92f349c - <alloc[2182bb758b4b3781]::vec::Vec<u8> as core[df12db4294e9bfd3]::io::write::Write>::write_fmt
[INFO] [stdout]    3:     0x5751c92c93d6 - std[70759c8f55707aa4]::panicking::default_hook::{closure#0}
[INFO] [stdout]    4:     0x5751c92e6429 - std[70759c8f55707aa4]::panicking::default_hook
[INFO] [stdout]    5:     0x5751c8f86840 - test[9d35eded1c95d3be]::test_main_inner::<test[9d35eded1c95d3be]::test_main_static::{closure#0}>::{closure#0}
[INFO] [stdout]    6:     0x5751c92e65e2 - std[70759c8f55707aa4]::panicking::panic_with_hook
[INFO] [stdout]    7:     0x5751c92c9482 - std[70759c8f55707aa4]::panicking::panic_handler::{closure#0}
[INFO] [stdout]    8:     0x5751c92c1e89 - std[70759c8f55707aa4]::sys::backtrace::__rust_end_short_backtrace::<std[70759c8f55707aa4]::panicking::panic_handler::{closure#0}, !>
[INFO] [stdout]    9:     0x5751c92ca07d - __rustc[8fa7c3cbc660c2b3]::rust_begin_unwind
[INFO] [stdout]   10:     0x5751c93057ac - core[df12db4294e9bfd3]::panicking::panic_fmt
[INFO] [stdout]   11:     0x5751c9305582 - core[df12db4294e9bfd3]::result::unwrap_failed
[INFO] [stdout]   12:     0x5751c8f5893d - fixture_integration[1c2731e09931a56]::create_fixture_zip
[INFO] [stdout]   13:     0x5751c8f59dbf - <fixture_integration[1c2731e09931a56]::test_amateur_fixture_import_full::{closure#0} as core[df12db4294e9bfd3]::ops::function::FnOnce<()>>::call_once
[INFO] [stdout]   14:     0x5751c8f79b2b - test[9d35eded1c95d3be]::__rust_begin_short_backtrace::<core[df12db4294e9bfd3]::result::Result<(), alloc[2182bb758b4b3781]::string::String>, fn() -> core[df12db4294e9bfd3]::result::Result<(), alloc[2182bb758b4b3781]::string::String>>
[INFO] [stdout]   15:     0x5751c8f87195 - test[9d35eded1c95d3be]::run_test::{closure#0}
[INFO] [stdout]   16:     0x5751c8f80a54 - std[70759c8f55707aa4]::sys::backtrace::__rust_begin_short_backtrace::<test[9d35eded1c95d3be]::run_test::{closure#1}, ()>
[INFO] [stdout]   17:     0x5751c8f8a2f2 - <std[70759c8f55707aa4]::thread::lifecycle::spawn_unchecked<test[9d35eded1c95d3be]::run_test::{closure#1}, ()>::{closure#1} as core[df12db4294e9bfd3]::ops::function::FnOnce<()>>::call_once::{shim:vtable#0}
[INFO] [stdout]   18:     0x5751c92ee089 - <std[70759c8f55707aa4]::sys::thread::unix::Thread>::new::thread_start
[INFO] [stdout]   19:     0x7d849ccbcdfa - <unknown>
[INFO] [stdout]   20:     0x7d849cd503d4 - clone
[INFO] [stdout]   21:                0x0 - <unknown>
[INFO] [stdout] 
[INFO] [stdout] 
[INFO] [stdout] failures:
[INFO] [stdout]     test_amateur_fixture_entity_data
[INFO] [stdout]     test_amateur_fixture_import_full
[INFO] [stdout]     test_amateur_fixture_import_minimal
[INFO] [stdout]     test_amateur_fixture_query_callsigns
[INFO] [stdout]     test_callsign_formats_are_correct
[INFO] [stdout]     test_combined_amateur_and_gmrs_import
[INFO] [stdout]     test_gmrs_fixture_import
[INFO] [stdout]     test_gmrs_fixture_query_callsigns
[INFO] [stdout]     test_service_counts_after_import
[INFO] [stdout] 
[INFO] [stdout] test result: FAILED. 0 passed; 9 failed; 0 ignored; 0 measured; 0 filtered out; finished in 0.07s
[INFO] [stdout] 
[INFO] [stderr] error: test failed, to rerun pass `--test fixture_integration`
[INFO] running `Command { std: "docker" "inspect" "6ce86f03d8f5a0998752627f762dfa4cc27edfa20722e30e3291a2870784070b", kill_on_drop: false }`
[INFO] running `Command { std: "docker" "rm" "-f" "6ce86f03d8f5a0998752627f762dfa4cc27edfa20722e30e3291a2870784070b", kill_on_drop: false }`
[INFO] [stdout] 6ce86f03d8f5a0998752627f762dfa4cc27edfa20722e30e3291a2870784070b
