[INFO] fetching crate uiicons 0.1.3...
[INFO] testing uiicons-0.1.3 against 1.99.0-beta.8+cargoflags=--release for beta-release-1.100-2
[INFO] extracting crate uiicons 0.1.3 into /workspace/builds/worker-6-tc1/source
[INFO] started tweaking crates.io crate uiicons 0.1.3
[INFO] finished tweaking crates.io crate uiicons 0.1.3
[INFO] tweaked toml for crates.io crate uiicons 0.1.3 written to /workspace/builds/worker-6-tc1/source/Cargo.toml
[INFO] validating manifest of crates.io crate uiicons 0.1.3 on toolchain 1.99.0-beta.8
[INFO] running `Command { std: CARGO_HOME="/workspace/cargo-home" RUSTUP_HOME="/workspace/rustup-home" "/workspace/cargo-home/bin/cargo" "+1.99.0-beta.8" "metadata" "--manifest-path" "Cargo.toml" "--no-deps", kill_on_drop: false }`
[INFO] crate crates.io crate uiicons 0.1.3 already has a lockfile, it will not be regenerated
[INFO] running `Command { std: CARGO_HOME="/workspace/cargo-home" RUSTUP_HOME="/workspace/rustup-home" "/workspace/cargo-home/bin/cargo" "+1.99.0-beta.8" "fetch" "--manifest-path" "Cargo.toml", kill_on_drop: false }`
[INFO] [stderr]     Updating crates.io index
[INFO] [stderr]  Downloading crates ...
[INFO] [stderr]   Downloaded constant_time_eq v0.6.1
[INFO] [stderr]   Downloaded speedy v0.8.7
[INFO] [stderr]   Downloaded speedy-derive v0.8.7
[INFO] [stderr]   Downloaded zstd-safe v8.1.0
[INFO] [stderr]   Downloaded schemars_derive v1.2.3
[INFO] [stderr]   Downloaded zstd v0.14.2
[INFO] [stderr]   Downloaded zip v9.0.2
[INFO] [stderr]   Downloaded jwalk v0.9.0
[INFO] [stderr]   Downloaded lzma-rust2 v0.21.0
[INFO] [stderr]   Downloaded git2 v0.21.0
[INFO] [stderr]   Downloaded libgit2-sys v0.18.8+1.9.7
[INFO] running `Command { std: "docker" "create" "-v" "/var/lib/crater-agent-workspace/builds/worker-6-tc1/source:/opt/rustwide/workdir:ro,Z" "-v" "/var/lib/crater-agent-workspace/builds/worker-6-tc1/target:/opt/rustwide/target:rw,Z" "-v" "/var/lib/crater-agent-workspace/cargo-home:/opt/rustwide/cargo-home:ro,Z" "-v" "/var/lib/crater-agent-workspace/rustup-home:/opt/rustwide/rustup-home:ro,Z" "-m" "1610612736" "--network" "none" "ghcr.io/rust-lang/crates-build-env/linux@sha256:77db811e55d90add9212f6832c23229e3de5f1c1f9905e8cb07319ea15df73ac" "sleep" "infinity", kill_on_drop: false }`
[INFO] [stdout] 277e61db254f4a00121a20dda3b745eb00bc8c6cc5de7a60fef5819b72a52edb
[INFO] running `Command { std: "docker" "start" "277e61db254f4a00121a20dda3b745eb00bc8c6cc5de7a60fef5819b72a52edb", kill_on_drop: false }`
[INFO] running `Command { std: "docker" "inspect" "277e61db254f4a00121a20dda3b745eb00bc8c6cc5de7a60fef5819b72a52edb", kill_on_drop: false }`
[INFO] running `Command { std: "docker" "exec" "-e" "SOURCE_DIR=/opt/rustwide/workdir" "-e" "CARGO_HOME=/opt/rustwide/cargo-home" "-e" "RUSTUP_HOME=/opt/rustwide/rustup-home" "-e" "CARGO_TARGET_DIR=/opt/rustwide/target" "-w" "/opt/rustwide/workdir" "--user" "0:0" "277e61db254f4a00121a20dda3b745eb00bc8c6cc5de7a60fef5819b72a52edb" "/opt/rustwide/cargo-home/bin/cargo" "+1.99.0-beta.8" "metadata" "--no-deps" "--format-version=1", kill_on_drop: false }`
[INFO] running `Command { std: "docker" "inspect" "277e61db254f4a00121a20dda3b745eb00bc8c6cc5de7a60fef5819b72a52edb", kill_on_drop: false }`
[INFO] running `Command { std: "docker" "exec" "-e" "SOURCE_DIR=/opt/rustwide/workdir" "-e" "CARGO_HOME=/opt/rustwide/cargo-home" "-e" "RUSTUP_HOME=/opt/rustwide/rustup-home" "-e" "CARGO_TARGET_DIR=/opt/rustwide/target" "-e" "CARGO_INCREMENTAL=0" "-e" "RUST_BACKTRACE=full" "-e" "RUSTFLAGS=--cap-lints=warn" "-e" "RUSTDOCFLAGS=--cap-lints=warn" "-w" "/opt/rustwide/workdir" "--user" "0:0" "277e61db254f4a00121a20dda3b745eb00bc8c6cc5de7a60fef5819b72a52edb" "/opt/rustwide/cargo-home/bin/cargo" "+1.99.0-beta.8" "build" "--frozen" "--message-format=json" "--release", kill_on_drop: false }`
[INFO] [stderr]    Compiling either v1.17.0
[INFO] [stderr]    Compiling syn v2.0.119
[INFO] [stderr]    Compiling syn v3.0.3
[INFO] [stderr]    Compiling rayon v1.12.0
[INFO] [stderr]    Compiling thiserror-impl v2.0.21
[INFO] [stderr]    Compiling speedy-derive v0.8.7
[INFO] [stderr]    Compiling thiserror v2.0.21
[INFO] [stderr]    Compiling speedy v0.8.7
[INFO] [stderr]    Compiling uiicons v0.1.3 (/opt/rustwide/workdir)
[INFO] [stderr]     Finished `release` profile [optimized] target(s) in 8.66s
[INFO] running `Command { std: "docker" "inspect" "277e61db254f4a00121a20dda3b745eb00bc8c6cc5de7a60fef5819b72a52edb", kill_on_drop: false }`
[INFO] running `Command { std: "docker" "exec" "-e" "SOURCE_DIR=/opt/rustwide/workdir" "-e" "CARGO_HOME=/opt/rustwide/cargo-home" "-e" "RUSTUP_HOME=/opt/rustwide/rustup-home" "-e" "CARGO_TARGET_DIR=/opt/rustwide/target" "-e" "CARGO_INCREMENTAL=0" "-e" "RUST_BACKTRACE=full" "-e" "RUSTFLAGS=--cap-lints=warn" "-e" "RUSTDOCFLAGS=--cap-lints=warn" "-w" "/opt/rustwide/workdir" "--user" "0:0" "277e61db254f4a00121a20dda3b745eb00bc8c6cc5de7a60fef5819b72a52edb" "/opt/rustwide/cargo-home/bin/cargo" "+1.99.0-beta.8" "test" "--frozen" "--no-run" "--message-format=json" "--release", kill_on_drop: false }`
[INFO] [stderr]    Compiling uiicons v0.1.3 (/opt/rustwide/workdir)
[INFO] [stderr]     Finished `release` profile [optimized] target(s) in 0.35s
[INFO] running `Command { std: "docker" "inspect" "277e61db254f4a00121a20dda3b745eb00bc8c6cc5de7a60fef5819b72a52edb", kill_on_drop: false }`
[INFO] running `Command { std: "docker" "exec" "-e" "SOURCE_DIR=/opt/rustwide/workdir" "-e" "CARGO_HOME=/opt/rustwide/cargo-home" "-e" "RUSTUP_HOME=/opt/rustwide/rustup-home" "-e" "CARGO_TARGET_DIR=/opt/rustwide/target" "-e" "CARGO_INCREMENTAL=0" "-e" "RUST_BACKTRACE=full" "-e" "RUSTFLAGS=--cap-lints=warn" "-e" "RUSTDOCFLAGS=--cap-lints=warn" "-w" "/opt/rustwide/workdir" "--user" "0:0" "277e61db254f4a00121a20dda3b745eb00bc8c6cc5de7a60fef5819b72a52edb" "/opt/rustwide/cargo-home/bin/cargo" "+1.99.0-beta.8" "test" "--frozen" "--release", kill_on_drop: false }`
[INFO] [stderr]     Finished `release` profile [optimized] target(s) in 0.10s
[INFO] [stderr]      Running unittests src/lib.rs (/opt/rustwide/target/release/deps/uiicons-0e36b91e05352ae7)
[INFO] [stdout] 
[INFO] [stderr]    Doc-tests uiicons
[INFO] [stdout] running 0 tests
[INFO] [stdout] 
[INFO] [stdout] test result: ok. 0 passed; 0 failed; 0 ignored; 0 measured; 0 filtered out; finished in 0.00s
[INFO] [stdout] 
[INFO] [stdout] 
[INFO] [stdout] running 2 tests
[INFO] [stdout] test src/lib.rs - (line 14) - compile ... FAILED
[INFO] [stdout] test src/lib.rs - (line 19) - compile ... FAILED
[INFO] [stderr] error: doctest failed, to rerun pass `--doc`
[INFO] [stdout] 
[INFO] [stdout] failures:
[INFO] [stdout] 
[INFO] [stdout] ---- src/lib.rs - (line 14) stdout ----
[INFO] [stdout] error[E0425]: cannot find function `build` in crate `uiicons`
[INFO] [stdout]   --> src/lib.rs:16:10
[INFO] [stdout]    |
[INFO] [stdout] 16 | uiicons::build().unwrap();
[INFO] [stdout]    |          ^^^^^ not found in `uiicons`
[INFO] [stdout]    |
[INFO] [stdout] note: found an item that was configured out
[INFO] [stdout]   --> src/lib.rs:29:5
[INFO] [stdout]    |
[INFO] [stdout] 28 | #[cfg(feature = "build")]
[INFO] [stdout]    |       ----------------- the item is gated behind the `build` feature
[INFO] [stdout] 29 | mod build;
[INFO] [stdout]    |     ^^^^^
[INFO] [stdout] note: found an item that was configured out
[INFO] [stdout]   --> src/lib.rs:31:17
[INFO] [stdout]    |
[INFO] [stdout] 30 | #[cfg(feature = "build")]
[INFO] [stdout]    |       ----------------- the item is gated behind the `build` feature
[INFO] [stdout] 31 | pub use build::{build, Error as BuildError};
[INFO] [stdout]    |                 ^^^^^
[INFO] [stdout] 
[INFO] [stdout] error: aborting due to 1 previous error
[INFO] [stdout] 
[INFO] [stdout] For more information about this error, try `rustc --explain E0425`.
[INFO] [stdout] Couldn't compile the test.
[INFO] [stdout] ---- src/lib.rs - (line 19) stdout ----
[INFO] [stdout] error[E0425]: cannot find function `embeded_js` in crate `uiicons`
[INFO] [stdout]   --> src/lib.rs:22:25
[INFO] [stdout]    |
[INFO] [stdout] 22 | let js_bytes = uiicons::embeded_js();
[INFO] [stdout]    |                         ^^^^^^^^^^ not found in `uiicons`
[INFO] [stdout]    |
[INFO] [stdout] note: found an item that was configured out
[INFO] [stdout]   --> src/lib.rs:57:14
[INFO] [stdout]    |
[INFO] [stdout] 54 | #[cfg(feature = "js")]
[INFO] [stdout]    |       -------------- the item is gated behind the `js` feature
[INFO] [stdout] ...
[INFO] [stdout] 57 | macro_rules! embeded_js {
[INFO] [stdout]    |              ^^^^^^^^^^
[INFO] [stdout] 
[INFO] [stdout] error[E0423]: cannot find function `embeded_icons` in crate `uiicons`
[INFO] [stdout]   --> src/lib.rs:24:22
[INFO] [stdout]    |
[INFO] [stdout] 24 | let icons = uiicons::embeded_icons();
[INFO] [stdout]    |             ---------^^^^^^^^^^^^^
[INFO] [stdout]    |             |
[INFO] [stdout]    |             not found in `uiicons`
[INFO] [stdout]    |
[INFO] [stdout]    = note: a macro named `uiicons::embeded_icons` exists in another namespace
[INFO] [stdout] help: use `!` to invoke the macro
[INFO] [stdout]    |
[INFO] [stdout] 24 | let icons = uiicons::embeded_icons!();
[INFO] [stdout]    |                                   +
[INFO] [stdout] 
[INFO] [stdout] error: aborting due to 2 previous errors
[INFO] [stdout] 
[INFO] [stdout] Some errors have detailed explanations: E0423, E0425.
[INFO] [stdout] For more information about an error, try `rustc --explain E0423`.
[INFO] [stdout] Couldn't compile the test.
[INFO] [stdout] 
[INFO] [stdout] failures:
[INFO] [stdout]     src/lib.rs - (line 14)
[INFO] [stdout]     src/lib.rs - (line 19)
[INFO] [stdout] 
[INFO] [stdout] test result: FAILED. 0 passed; 2 failed; 0 ignored; 0 measured; 0 filtered out; finished in 0.14s
[INFO] [stdout] 
[INFO] running `Command { std: "docker" "inspect" "277e61db254f4a00121a20dda3b745eb00bc8c6cc5de7a60fef5819b72a52edb", kill_on_drop: false }`
[INFO] running `Command { std: "docker" "rm" "-f" "277e61db254f4a00121a20dda3b745eb00bc8c6cc5de7a60fef5819b72a52edb", kill_on_drop: false }`
[INFO] [stdout] 277e61db254f4a00121a20dda3b745eb00bc8c6cc5de7a60fef5819b72a52edb
