[INFO] fetching crate uhyve 0.10.0...
[INFO] testing uhyve-0.10.0 against 1.100.0-beta.1+cargoflags=--release for beta-release-1.100-2
[INFO] extracting crate uhyve 0.10.0 into /workspace/builds/worker-4-tc2/source
[INFO] started tweaking crates.io crate uhyve 0.10.0
[INFO] finished tweaking crates.io crate uhyve 0.10.0
[INFO] tweaked toml for crates.io crate uhyve 0.10.0 written to /workspace/builds/worker-4-tc2/source/Cargo.toml
[INFO] validating manifest of crates.io crate uhyve 0.10.0 on toolchain 1.100.0-beta.1
[INFO] running `Command { std: CARGO_HOME="/workspace/cargo-home" RUSTUP_HOME="/workspace/rustup-home" "/workspace/cargo-home/bin/cargo" "+1.100.0-beta.1" "metadata" "--manifest-path" "Cargo.toml" "--no-deps", kill_on_drop: false }`
[INFO] crate crates.io crate uhyve 0.10.0 already has a lockfile, it will not be regenerated
[INFO] running `Command { std: CARGO_HOME="/workspace/cargo-home" RUSTUP_HOME="/workspace/rustup-home" "/workspace/cargo-home/bin/cargo" "+1.100.0-beta.1" "fetch" "--manifest-path" "Cargo.toml", kill_on_drop: false }`
[INFO] running `Command { std: "docker" "create" "-v" "/var/lib/crater-agent-workspace/builds/worker-4-tc2/source:/opt/rustwide/workdir:ro,Z" "-v" "/var/lib/crater-agent-workspace/builds/worker-4-tc2/target:/opt/rustwide/target:rw,Z" "-v" "/var/lib/crater-agent-workspace/cargo-home:/opt/rustwide/cargo-home:ro,Z" "-v" "/var/lib/crater-agent-workspace/rustup-home:/opt/rustwide/rustup-home:ro,Z" "-m" "1610612736" "--network" "none" "ghcr.io/rust-lang/crates-build-env/linux@sha256:77db811e55d90add9212f6832c23229e3de5f1c1f9905e8cb07319ea15df73ac" "sleep" "infinity", kill_on_drop: false }`
[INFO] [stdout] 20b7b4e5b300ac60e09d8bc28f7d8a4f342e4587b28a7bc447abbd332ab77fe6
[INFO] running `Command { std: "docker" "start" "20b7b4e5b300ac60e09d8bc28f7d8a4f342e4587b28a7bc447abbd332ab77fe6", kill_on_drop: false }`
[INFO] running `Command { std: "docker" "inspect" "20b7b4e5b300ac60e09d8bc28f7d8a4f342e4587b28a7bc447abbd332ab77fe6", kill_on_drop: false }`
[INFO] running `Command { std: "docker" "exec" "-e" "SOURCE_DIR=/opt/rustwide/workdir" "-e" "CARGO_HOME=/opt/rustwide/cargo-home" "-e" "RUSTUP_HOME=/opt/rustwide/rustup-home" "-e" "CARGO_TARGET_DIR=/opt/rustwide/target" "-w" "/opt/rustwide/workdir" "--user" "0:0" "20b7b4e5b300ac60e09d8bc28f7d8a4f342e4587b28a7bc447abbd332ab77fe6" "/opt/rustwide/cargo-home/bin/cargo" "+1.100.0-beta.1" "metadata" "--no-deps" "--format-version=1", kill_on_drop: false }`
[INFO] running `Command { std: "docker" "inspect" "20b7b4e5b300ac60e09d8bc28f7d8a4f342e4587b28a7bc447abbd332ab77fe6", kill_on_drop: false }`
[INFO] running `Command { std: "docker" "exec" "-e" "SOURCE_DIR=/opt/rustwide/workdir" "-e" "CARGO_HOME=/opt/rustwide/cargo-home" "-e" "RUSTUP_HOME=/opt/rustwide/rustup-home" "-e" "CARGO_TARGET_DIR=/opt/rustwide/target" "-e" "CARGO_INCREMENTAL=0" "-e" "RUST_BACKTRACE=full" "-e" "RUSTFLAGS=--cap-lints=warn" "-e" "RUSTDOCFLAGS=--cap-lints=warn" "-w" "/opt/rustwide/workdir" "--user" "0:0" "20b7b4e5b300ac60e09d8bc28f7d8a4f342e4587b28a7bc447abbd332ab77fe6" "/opt/rustwide/cargo-home/bin/cargo" "+1.100.0-beta.1" "build" "--frozen" "--message-format=json" "--release", kill_on_drop: false }`
[INFO] [stderr]    Compiling rustix v1.1.4
[INFO] [stderr]    Compiling const_fn v0.4.12
[INFO] [stderr]    Compiling crossbeam-utils v0.8.23
[INFO] [stderr]    Compiling syn v2.0.119
[INFO] [stderr]    Compiling bit_field v0.10.3
[INFO] [stderr]    Compiling linux-raw-sys v0.12.1
[INFO] [stderr]    Compiling rust_decimal v1.43.0
[INFO] [stderr]    Compiling x86 v0.52.0
[INFO] [stderr]    Compiling getrandom v0.4.3
[INFO] [stderr]    Compiling vmm-sys-util v0.15.0
[INFO] [stderr]    Compiling proc-macro-error-attr2 v2.0.0
[INFO] [stderr]    Compiling raw-cpuid v10.7.0
[INFO] [stderr]    Compiling volatile v0.4.6
[INFO] [stderr]    Compiling futures-core v0.3.34
[INFO] [stderr]    Compiling align-address v0.4.0
[INFO] [stderr]    Compiling arrayvec v0.7.8
[INFO] [stderr]    Compiling chacha20 v0.10.2
[INFO] [stderr]    Compiling nix v0.31.3
[INFO] [stderr]    Compiling toml_parser v1.1.3+spec-1.1.0
[INFO] [stderr]    Compiling serde v1.0.229
[INFO] [stderr]    Compiling serde_spanned v1.1.1
[INFO] [stderr]    Compiling toml_datetime v1.1.1+spec-1.1.0
[INFO] [stderr]    Compiling event-listener v5.4.2
[INFO] [stderr]    Compiling async-io v2.6.0
[INFO] [stderr]    Compiling plain v0.2.3
[INFO] [stderr]    Compiling kvm-ioctls v0.25.0
[INFO] [stderr]    Compiling scroll v0.13.0
[INFO] [stderr]    Compiling zerocopy v0.8.57
[INFO] [stderr]    Compiling managed v0.8.0
[INFO] [stderr]    Compiling futures-io v0.3.34
[INFO] [stderr]    Compiling utf8-width v0.1.9
[INFO] [stderr]    Compiling jiff-core v0.1.1
[INFO] [stderr]    Compiling clap_derive v4.6.4
[INFO] [stderr]    Compiling gdbstub v0.7.10
[INFO] [stderr]    Compiling x86_64 v0.15.5
[INFO] [stderr]    Compiling concurrent-queue v2.5.0
[INFO] [stderr]    Compiling kvm-bindings v0.14.1
[INFO] [stderr]    Compiling toml v1.1.6+spec-1.1.0
[INFO] [stderr]    Compiling goblin v0.10.7
[INFO] [stderr]    Compiling time v0.3.55
[INFO] [stderr]    Compiling clap_builder v4.6.6
[INFO] [stderr]    Compiling byte-unit v5.2.6
[INFO] [stderr]    Compiling futures-lite v2.6.1
[INFO] [stderr]    Compiling event-listener-strategy v0.5.4
[INFO] [stderr]    Compiling rand v0.10.2
[INFO] [stderr]    Compiling crc32fast v1.5.2
[INFO] [stderr]    Compiling vm-memory v0.18.0
[INFO] [stderr]    Compiling tar-no-std v0.5.0
[INFO] [stderr]    Compiling num_cpus v1.17.0
[INFO] [stderr]    Compiling virtio-bindings v0.2.7
[INFO] [stderr]    Compiling hermit-abi v0.5.3
[INFO] [stderr]    Compiling jiff v0.2.37
[INFO] [stderr]    Compiling const_parse v1.0.0
[INFO] [stderr]    Compiling core_affinity v0.8.3
[INFO] [stderr]    Compiling hermit-entry v0.10.11
[INFO] [stderr]    Compiling gdbstub_arch v0.3.3
[INFO] [stderr]    Compiling flate2 v1.1.10
[INFO] [stderr]    Compiling uuid v1.26.1
[INFO] [stderr]    Compiling virtio-queue v0.18.0
[INFO] [stderr]    Compiling memory_addresses v0.4.0
[INFO] [stderr]    Compiling async-channel v2.5.0
[INFO] [stderr]    Compiling nohash v0.2.0
[INFO] [stderr]    Compiling vm-fdt v0.3.0
[INFO] [stderr]    Compiling shell-words v1.1.1
[INFO] [stderr]    Compiling clean-path v0.2.1
[INFO] [stderr]    Compiling proc-macro-error2 v2.0.1
[INFO] [stderr]    Compiling clap v4.6.6
[INFO] [stderr]    Compiling num_enum_derive v0.7.6
[INFO] [stderr]    Compiling enumflags2_derive v0.7.12
[INFO] [stderr]    Compiling merge_derive v0.2.0
[INFO] [stderr]    Compiling zerocopy-derive v0.8.57
[INFO] [stderr]    Compiling merge v0.2.0
[INFO] [stderr]    Compiling enumflags2 v0.7.12
[INFO] [stderr]    Compiling num_enum v0.7.6
[INFO] [stderr]    Compiling landlock v0.4.7
[INFO] [stderr]    Compiling uhyve-interface v0.3.0
[INFO] [stderr]    Compiling polling v3.11.0
[INFO] [stderr]    Compiling tempfile v3.27.0
[INFO] [stderr]    Compiling env_logger v0.11.11
[INFO] [stderr]    Compiling uhyve v0.10.0 (/opt/rustwide/workdir)
[INFO] [stderr]     Finished `release` profile [optimized] target(s) in 59.32s
[INFO] [stderr] warning: the following packages contain code that will be rejected by a future version of Rust: proc-macro-error2 v2.0.1
[INFO] [stderr] note: to see what the problems were, use the option `--future-incompat-report`, or run `cargo report future-incompatibilities --id 3`
[INFO] running `Command { std: "docker" "inspect" "20b7b4e5b300ac60e09d8bc28f7d8a4f342e4587b28a7bc447abbd332ab77fe6", kill_on_drop: false }`
[INFO] running `Command { std: "docker" "exec" "-e" "SOURCE_DIR=/opt/rustwide/workdir" "-e" "CARGO_HOME=/opt/rustwide/cargo-home" "-e" "RUSTUP_HOME=/opt/rustwide/rustup-home" "-e" "CARGO_TARGET_DIR=/opt/rustwide/target" "-e" "CARGO_INCREMENTAL=0" "-e" "RUST_BACKTRACE=full" "-e" "RUSTFLAGS=--cap-lints=warn" "-e" "RUSTDOCFLAGS=--cap-lints=warn" "-w" "/opt/rustwide/workdir" "--user" "0:0" "20b7b4e5b300ac60e09d8bc28f7d8a4f342e4587b28a7bc447abbd332ab77fe6" "/opt/rustwide/cargo-home/bin/cargo" "+1.100.0-beta.1" "test" "--frozen" "--no-run" "--message-format=json" "--release", kill_on_drop: false }`
[INFO] [stderr]    Compiling zerocopy v0.8.57
[INFO] [stderr]    Compiling regex-syntax v0.8.11
[INFO] [stderr]    Compiling cc v1.4.6
[INFO] [stderr]    Compiling concurrent-queue v2.5.0
[INFO] [stderr]    Compiling serde_json v1.0.151
[INFO] [stderr]    Compiling itertools v0.13.0
[INFO] [stderr]    Compiling rayon v1.12.0
[INFO] [stderr]    Compiling plotters v0.3.7
[INFO] [stderr]    Compiling page_size v0.6.0
[INFO] [stderr]    Compiling async-io v2.6.0
[INFO] [stderr]    Compiling async-channel v2.5.0
[INFO] [stderr]    Compiling tinytemplate v1.2.1
[INFO] [stderr]    Compiling alloca v0.4.0
[INFO] [stderr]    Compiling regex-automata v0.4.18
[INFO] [stderr]    Compiling criterion-plot v0.8.2
[INFO] [stderr]    Compiling half v2.7.1
[INFO] [stderr]    Compiling ciborium-ll v0.2.2
[INFO] [stderr]    Compiling ciborium v0.2.2
[INFO] [stderr]    Compiling regex v1.13.1
[INFO] [stderr]    Compiling env_filter v2.0.0
[INFO] [stderr]    Compiling criterion v0.8.2
[INFO] [stderr]    Compiling env_logger v0.11.11
[INFO] [stderr]    Compiling uhyve v0.10.0 (/opt/rustwide/workdir)
[INFO] [stderr]     Finished `release` profile [optimized] target(s) in 53.12s
[INFO] [stderr] warning: the following packages contain code that will be rejected by a future version of Rust: proc-macro-error2 v2.0.1
[INFO] [stderr] note: to see what the problems were, use the option `--future-incompat-report`, or run `cargo report future-incompatibilities --id 3`
[INFO] running `Command { std: "docker" "inspect" "20b7b4e5b300ac60e09d8bc28f7d8a4f342e4587b28a7bc447abbd332ab77fe6", kill_on_drop: false }`
[INFO] running `Command { std: "docker" "exec" "-e" "SOURCE_DIR=/opt/rustwide/workdir" "-e" "CARGO_HOME=/opt/rustwide/cargo-home" "-e" "RUSTUP_HOME=/opt/rustwide/rustup-home" "-e" "CARGO_TARGET_DIR=/opt/rustwide/target" "-e" "CARGO_INCREMENTAL=0" "-e" "RUST_BACKTRACE=full" "-e" "RUSTFLAGS=--cap-lints=warn" "-e" "RUSTDOCFLAGS=--cap-lints=warn" "-w" "/opt/rustwide/workdir" "--user" "0:0" "20b7b4e5b300ac60e09d8bc28f7d8a4f342e4587b28a7bc447abbd332ab77fe6" "/opt/rustwide/cargo-home/bin/cargo" "+1.100.0-beta.1" "test" "--frozen" "--release", kill_on_drop: false }`
[INFO] [stderr]     Finished `release` profile [optimized] target(s) in 0.21s
[INFO] [stderr] warning: the following packages contain code that will be rejected by a future version of Rust: proc-macro-error2 v2.0.1
[INFO] [stderr] note: to see what the problems were, use the option `--future-incompat-report`, or run `cargo report future-incompatibilities --id 3`
[INFO] [stderr]      Running unittests src/lib.rs (/opt/rustwide/target/release/build/uhyve/0dd8d740308280de/out/uhyvelib-0dd8d740308280de)
[INFO] [stdout] 
[INFO] [stdout] running 17 tests
[INFO] [stdout] test params::tests::test_file_sandbox_mode ... ok
[INFO] [stdout] test isolation::filemap::tests::test_uhyvefilemap ... FAILED
[INFO] [stdout] test arch::x86_64::tests::test_virt_to_phys ... ok
[INFO] [stdout] test isolation::filemap::tests::test_uhyveiomode_input ... ok
[INFO] [stdout] test hypercall::by_fd::tests::test_read_internal_on_virtual00 ... ok
[INFO] [stdout] test isolation::landlock::tests::test_landlock_strict_mode ... ok
[INFO] [stdout] test isolation::test_split_guest_and_host_path ... ok
[INFO] [stdout] test mem::tests::test_mmap_memory_readwrite ... ok
[INFO] [stdout] test paging::tests::test_bump_frame_allocator ... ok
[INFO] [stdout] test isolation::landlock::tests::test_get_file_or_parent ... ok
[INFO] [stdout] test arch::x86_64::paging::tests::test_pagetable_initialization ... ok
[INFO] [stdout] test isolation::filemap::tests::test_uhyvefilemap_directory ... FAILED
[INFO] [stdout] test mem_layout::tests::test_generate_guest_start_address ... ok
[INFO] [stdout] test params::tests::test_env_vars ... ok
[INFO] [stdout] test isolation::tempdir::tests::test_create_with_dir_path ... ok
[INFO] [stdout] test isolation::tempdir::tests::test_create_without_dir_path ... ok
[INFO] [stderr] error: test failed, to rerun pass `--lib`
[INFO] [stdout] test stats::tests::test_stats ... ok
[INFO] [stdout] 
[INFO] [stdout] failures:
[INFO] [stdout] 
[INFO] [stdout] ---- isolation::filemap::tests::test_uhyvefilemap stdout ----
[INFO] [stdout] 
[INFO] [stdout] thread 'isolation::filemap::tests::test_uhyvefilemap' (2107) panicked at src/isolation/filemap/tests.rs:12:5:
[INFO] [stdout] assertion failed: fixture_path.is_dir()
[INFO] [stdout] stack backtrace:
[INFO] [stdout]    0:     0x56dcc07a9cf1 - <<std[617be2ca0a6fd877]::sys::backtrace::BacktraceLock>::print::DisplayBacktrace as core[a373ad73a504971]::fmt::Display>::fmt
[INFO] [stdout]    1:     0x56dcc07c1b9a - core[a373ad73a504971]::fmt::write
[INFO] [stdout]    2:     0x56dcc07af9dc - <alloc[2e1b2a31b91974c5]::vec::Vec<u8> as core[a373ad73a504971]::io::write::Write>::write_fmt
[INFO] [stdout]    3:     0x56dcc0784276 - std[617be2ca0a6fd877]::panicking::default_hook::{closure#0}
[INFO] [stdout]    4:     0x56dcc07a1179 - std[617be2ca0a6fd877]::panicking::default_hook
[INFO] [stdout]    5:     0x56dcc0738f40 - test[aada8e7e76ba119b]::test_main_inner::{closure#0}
[INFO] [stdout]    6:     0x56dcc07a1332 - std[617be2ca0a6fd877]::panicking::panic_with_hook
[INFO] [stdout]    7:     0x56dcc0784354 - std[617be2ca0a6fd877]::panicking::panic_handler::{closure#0}
[INFO] [stdout]    8:     0x56dcc077cf19 - std[617be2ca0a6fd877]::sys::backtrace::__rust_end_short_backtrace::<std[617be2ca0a6fd877]::panicking::panic_handler::{closure#0}, !>
[INFO] [stdout]    9:     0x56dcc0784f2d - __rustc[ea4f61d10b84890b]::rust_begin_unwind
[INFO] [stdout]   10:     0x56dcc07c237c - core[a373ad73a504971]::panicking::panic_fmt
[INFO] [stdout]   11:     0x56dcc07c2342 - core[a373ad73a504971]::panicking::panic
[INFO] [stdout]   12:     0x56dcc06472b5 - <uhyvelib[8864ade8c8727a1f]::isolation::filemap::tests::test_uhyvefilemap::{closure#0} as core[a373ad73a504971]::ops::function::FnOnce<()>>::call_once
[INFO] [stdout]   13:     0x56dcc072c38b - test[aada8e7e76ba119b]::__rust_begin_short_backtrace::<core[a373ad73a504971]::result::Result<(), alloc[2e1b2a31b91974c5]::string::String>, fn() -> core[a373ad73a504971]::result::Result<(), alloc[2e1b2a31b91974c5]::string::String>>
[INFO] [stdout]   14:     0x56dcc0739565 - test[aada8e7e76ba119b]::run_test::{closure#0}
[INFO] [stdout]   15:     0x56dcc0732e54 - std[617be2ca0a6fd877]::sys::backtrace::__rust_begin_short_backtrace::<test[aada8e7e76ba119b]::run_test::{closure#1}, ()>
[INFO] [stdout]   16:     0x56dcc073c5f2 - <std[617be2ca0a6fd877]::thread::lifecycle::spawn_unchecked<test[aada8e7e76ba119b]::run_test::{closure#1}, ()>::{closure#1} as core[a373ad73a504971]::ops::function::FnOnce<()>>::call_once::{shim:vtable#0}
[INFO] [stdout]   17:     0x56dcc07a954f - <std[617be2ca0a6fd877]::sys::thread::unix::Thread>::new::thread_start
[INFO] [stdout]   18:     0x74a1b4213dfa - <unknown>
[INFO] [stdout]   19:     0x74a1b42a73d4 - clone
[INFO] [stdout]   20:                0x0 - <unknown>
[INFO] [stdout] 
[INFO] [stdout] ---- isolation::filemap::tests::test_uhyvefilemap_directory stdout ----
[INFO] [stdout] 
[INFO] [stdout] thread 'isolation::filemap::tests::test_uhyvefilemap_directory' (2108) panicked at src/isolation/filemap/tests.rs:89:5:
[INFO] [stdout] assertion failed: fixture_path.is_dir()
[INFO] [stdout] stack backtrace:
[INFO] [stdout]    0:     0x56dcc07a9cf1 - <<std[617be2ca0a6fd877]::sys::backtrace::BacktraceLock>::print::DisplayBacktrace as core[a373ad73a504971]::fmt::Display>::fmt
[INFO] [stdout]    1:     0x56dcc07c1b9a - core[a373ad73a504971]::fmt::write
[INFO] [stdout]    2:     0x56dcc07af9dc - <alloc[2e1b2a31b91974c5]::vec::Vec<u8> as core[a373ad73a504971]::io::write::Write>::write_fmt
[INFO] [stdout]    3:     0x56dcc0784276 - std[617be2ca0a6fd877]::panicking::default_hook::{closure#0}
[INFO] [stdout]    4:     0x56dcc07a1179 - std[617be2ca0a6fd877]::panicking::default_hook
[INFO] [stdout]    5:     0x56dcc0738f40 - test[aada8e7e76ba119b]::test_main_inner::{closure#0}
[INFO] [stdout]    6:     0x56dcc07a1332 - std[617be2ca0a6fd877]::panicking::panic_with_hook
[INFO] [stdout]    7:     0x56dcc0784354 - std[617be2ca0a6fd877]::panicking::panic_handler::{closure#0}
[INFO] [stdout]    8:     0x56dcc077cf19 - std[617be2ca0a6fd877]::sys::backtrace::__rust_end_short_backtrace::<std[617be2ca0a6fd877]::panicking::panic_handler::{closure#0}, !>
[INFO] [stdout]    9:     0x56dcc0784f2d - __rustc[ea4f61d10b84890b]::rust_begin_unwind
[INFO] [stdout]   10:     0x56dcc07c237c - core[a373ad73a504971]::panicking::panic_fmt
[INFO] [stdout]   11:     0x56dcc07c2342 - core[a373ad73a504971]::panicking::panic
[INFO] [stdout]   12:     0x56dcc0648e00 - <uhyvelib[8864ade8c8727a1f]::isolation::filemap::tests::test_uhyvefilemap_directory::{closure#0} as core[a373ad73a504971]::ops::function::FnOnce<()>>::call_once
[INFO] [stdout]   13:     0x56dcc072c38b - test[aada8e7e76ba119b]::__rust_begin_short_backtrace::<core[a373ad73a504971]::result::Result<(), alloc[2e1b2a31b91974c5]::string::String>, fn() -> core[a373ad73a504971]::result::Result<(), alloc[2e1b2a31b91974c5]::string::String>>
[INFO] [stdout]   14:     0x56dcc0739565 - test[aada8e7e76ba119b]::run_test::{closure#0}
[INFO] [stdout]   15:     0x56dcc0732e54 - std[617be2ca0a6fd877]::sys::backtrace::__rust_begin_short_backtrace::<test[aada8e7e76ba119b]::run_test::{closure#1}, ()>
[INFO] [stdout]   16:     0x56dcc073c5f2 - <std[617be2ca0a6fd877]::thread::lifecycle::spawn_unchecked<test[aada8e7e76ba119b]::run_test::{closure#1}, ()>::{closure#1} as core[a373ad73a504971]::ops::function::FnOnce<()>>::call_once::{shim:vtable#0}
[INFO] [stdout]   17:     0x56dcc07a954f - <std[617be2ca0a6fd877]::sys::thread::unix::Thread>::new::thread_start
[INFO] [stdout]   18:     0x74a1b4213dfa - <unknown>
[INFO] [stdout]   19:     0x74a1b42a73d4 - clone
[INFO] [stdout]   20:                0x0 - <unknown>
[INFO] [stdout] 
[INFO] [stdout] 
[INFO] [stdout] failures:
[INFO] [stdout]     isolation::filemap::tests::test_uhyvefilemap
[INFO] [stdout]     isolation::filemap::tests::test_uhyvefilemap_directory
[INFO] [stdout] 
[INFO] [stdout] test result: FAILED. 15 passed; 2 failed; 0 ignored; 0 measured; 0 filtered out; finished in 0.02s
[INFO] [stdout] 
[INFO] running `Command { std: "docker" "inspect" "20b7b4e5b300ac60e09d8bc28f7d8a4f342e4587b28a7bc447abbd332ab77fe6", kill_on_drop: false }`
[INFO] running `Command { std: "docker" "rm" "-f" "20b7b4e5b300ac60e09d8bc28f7d8a4f342e4587b28a7bc447abbd332ab77fe6", kill_on_drop: false }`
[INFO] [stdout] 20b7b4e5b300ac60e09d8bc28f7d8a4f342e4587b28a7bc447abbd332ab77fe6
