[INFO] fetching crate uguid 2.2.1...
[INFO] testing uguid-2.2.1 against 1.99.0-beta.8+cargoflags=--release for beta-release-1.100-2
[INFO] extracting crate uguid 2.2.1 into /workspace/builds/worker-7-tc1/source
[INFO] started tweaking crates.io crate uguid 2.2.1
[INFO] removed 0 missing examples
[INFO] removed 0 missing tests
[INFO] finished tweaking crates.io crate uguid 2.2.1
[INFO] tweaked toml for crates.io crate uguid 2.2.1 written to /workspace/builds/worker-7-tc1/source/Cargo.toml
[INFO] validating manifest of crates.io crate uguid 2.2.1 on toolchain 1.99.0-beta.8
[INFO] running `Command { std: CARGO_HOME="/workspace/cargo-home" RUSTUP_HOME="/workspace/rustup-home" "/workspace/cargo-home/bin/cargo" "+1.99.0-beta.8" "metadata" "--manifest-path" "Cargo.toml" "--no-deps", kill_on_drop: false }`
[INFO] crate crates.io crate uguid 2.2.1 already has a lockfile, it will not be regenerated
[INFO] running `Command { std: CARGO_HOME="/workspace/cargo-home" RUSTUP_HOME="/workspace/rustup-home" "/workspace/cargo-home/bin/cargo" "+1.99.0-beta.8" "fetch" "--manifest-path" "Cargo.toml", kill_on_drop: false }`
[INFO] [stderr]     Blocking waiting for file lock on package cache
[INFO] [stderr]     Blocking waiting for file lock on package cache
[INFO] [stderr]  Downloading crates ...
[INFO] [stderr]   Downloaded trybuild v1.0.104
[INFO] running `Command { std: "docker" "create" "-v" "/var/lib/crater-agent-workspace/builds/worker-7-tc1/source:/opt/rustwide/workdir:ro,Z" "-v" "/var/lib/crater-agent-workspace/builds/worker-7-tc1/target:/opt/rustwide/target:rw,Z" "-v" "/var/lib/crater-agent-workspace/cargo-home:/opt/rustwide/cargo-home:ro,Z" "-v" "/var/lib/crater-agent-workspace/rustup-home:/opt/rustwide/rustup-home:ro,Z" "-m" "1610612736" "--network" "none" "ghcr.io/rust-lang/crates-build-env/linux@sha256:77db811e55d90add9212f6832c23229e3de5f1c1f9905e8cb07319ea15df73ac" "sleep" "infinity", kill_on_drop: false }`
[INFO] [stdout] 537cf1c366f6da9b486ad57e9f691a30558a7fa558f213da013b6e61003e7821
[INFO] running `Command { std: "docker" "start" "537cf1c366f6da9b486ad57e9f691a30558a7fa558f213da013b6e61003e7821", kill_on_drop: false }`
[INFO] running `Command { std: "docker" "inspect" "537cf1c366f6da9b486ad57e9f691a30558a7fa558f213da013b6e61003e7821", kill_on_drop: false }`
[INFO] running `Command { std: "docker" "exec" "-e" "SOURCE_DIR=/opt/rustwide/workdir" "-e" "CARGO_HOME=/opt/rustwide/cargo-home" "-e" "RUSTUP_HOME=/opt/rustwide/rustup-home" "-e" "CARGO_TARGET_DIR=/opt/rustwide/target" "-w" "/opt/rustwide/workdir" "--user" "0:0" "537cf1c366f6da9b486ad57e9f691a30558a7fa558f213da013b6e61003e7821" "/opt/rustwide/cargo-home/bin/cargo" "+1.99.0-beta.8" "metadata" "--no-deps" "--format-version=1", kill_on_drop: false }`
[INFO] running `Command { std: "docker" "inspect" "537cf1c366f6da9b486ad57e9f691a30558a7fa558f213da013b6e61003e7821", kill_on_drop: false }`
[INFO] running `Command { std: "docker" "exec" "-e" "SOURCE_DIR=/opt/rustwide/workdir" "-e" "CARGO_HOME=/opt/rustwide/cargo-home" "-e" "RUSTUP_HOME=/opt/rustwide/rustup-home" "-e" "CARGO_TARGET_DIR=/opt/rustwide/target" "-e" "CARGO_INCREMENTAL=0" "-e" "RUST_BACKTRACE=full" "-e" "RUSTFLAGS=--cap-lints=warn" "-e" "RUSTDOCFLAGS=--cap-lints=warn" "-w" "/opt/rustwide/workdir" "--user" "0:0" "537cf1c366f6da9b486ad57e9f691a30558a7fa558f213da013b6e61003e7821" "/opt/rustwide/cargo-home/bin/cargo" "+1.99.0-beta.8" "build" "--frozen" "--message-format=json" "--release", kill_on_drop: false }`
[INFO] [stderr]    Compiling uguid v2.2.1 (/opt/rustwide/workdir)
[INFO] [stderr]     Finished `release` profile [optimized] target(s) in 0.39s
[INFO] running `Command { std: "docker" "inspect" "537cf1c366f6da9b486ad57e9f691a30558a7fa558f213da013b6e61003e7821", kill_on_drop: false }`
[INFO] running `Command { std: "docker" "exec" "-e" "SOURCE_DIR=/opt/rustwide/workdir" "-e" "CARGO_HOME=/opt/rustwide/cargo-home" "-e" "RUSTUP_HOME=/opt/rustwide/rustup-home" "-e" "CARGO_TARGET_DIR=/opt/rustwide/target" "-e" "CARGO_INCREMENTAL=0" "-e" "RUST_BACKTRACE=full" "-e" "RUSTFLAGS=--cap-lints=warn" "-e" "RUSTDOCFLAGS=--cap-lints=warn" "-w" "/opt/rustwide/workdir" "--user" "0:0" "537cf1c366f6da9b486ad57e9f691a30558a7fa558f213da013b6e61003e7821" "/opt/rustwide/cargo-home/bin/cargo" "+1.99.0-beta.8" "test" "--frozen" "--no-run" "--message-format=json" "--release", kill_on_drop: false }`
[INFO] [stderr]    Compiling proc-macro2 v1.0.94
[INFO] [stderr]    Compiling winnow v0.7.4
[INFO] [stderr]    Compiling target-triple v0.1.4
[INFO] [stderr]    Compiling glob v0.3.2
[INFO] [stderr]    Compiling serde_spanned v0.6.8
[INFO] [stderr]    Compiling toml_datetime v0.6.8
[INFO] [stderr]    Compiling serde_json v1.0.140
[INFO] [stderr]    Compiling serde_test v1.0.177
[INFO] [stderr]    Compiling quote v1.0.40
[INFO] [stderr]    Compiling syn v2.0.100
[INFO] [stderr]    Compiling toml_edit v0.22.24
[INFO] [stderr]    Compiling serde_derive v1.0.219
[INFO] [stderr]    Compiling toml v0.8.20
[INFO] [stderr]    Compiling trybuild v1.0.104
[INFO] [stderr]    Compiling uguid v2.2.1 (/opt/rustwide/workdir)
[INFO] [stderr]     Finished `release` profile [optimized] target(s) in 27.78s
[INFO] running `Command { std: "docker" "inspect" "537cf1c366f6da9b486ad57e9f691a30558a7fa558f213da013b6e61003e7821", kill_on_drop: false }`
[INFO] running `Command { std: "docker" "exec" "-e" "SOURCE_DIR=/opt/rustwide/workdir" "-e" "CARGO_HOME=/opt/rustwide/cargo-home" "-e" "RUSTUP_HOME=/opt/rustwide/rustup-home" "-e" "CARGO_TARGET_DIR=/opt/rustwide/target" "-e" "CARGO_INCREMENTAL=0" "-e" "RUST_BACKTRACE=full" "-e" "RUSTFLAGS=--cap-lints=warn" "-e" "RUSTDOCFLAGS=--cap-lints=warn" "-w" "/opt/rustwide/workdir" "--user" "0:0" "537cf1c366f6da9b486ad57e9f691a30558a7fa558f213da013b6e61003e7821" "/opt/rustwide/cargo-home/bin/cargo" "+1.99.0-beta.8" "test" "--frozen" "--release", kill_on_drop: false }`
[INFO] [stderr]     Finished `release` profile [optimized] target(s) in 0.06s
[INFO] [stderr]      Running unittests src/lib.rs (/opt/rustwide/target/release/deps/uguid-ba3979d48d765c4e)
[INFO] [stdout] 
[INFO] [stdout] running 2 tests
[INFO] [stderr]      Running tests/test_guid.rs (/opt/rustwide/target/release/deps/test_guid-c6fb81c4b7d3f872)
[INFO] [stdout] test util::tests::test_to_ascii ... ok
[INFO] [stdout] test util::tests::test_parse ... ok
[INFO] [stdout] 
[INFO] [stdout] test result: ok. 2 passed; 0 failed; 0 ignored; 0 measured; 0 filtered out; finished in 0.00s
[INFO] [stdout] 
[INFO] [stdout] 
[INFO] [stdout] running 11 tests
[INFO] [stdout] test inner::test_guid_macro_paths ... ok
[INFO] [stdout] test test_guid ... ok
[INFO] [stdout] test test_guid_variant ... ok
[INFO] [stdout] test test_guid_version ... ok
[INFO] [stdout] test test_guid_error ... ok
[INFO] [stdout] test test_parse_or_panic_sep - should panic ... ok
[INFO] [stdout] test test_from_random_bytes ... ok
[INFO] [stdout] test test_parse_or_panic_hex - should panic ... ok
[INFO] [stdout] test test_parse_or_panic_len - should panic ... ok
[INFO] [stdout] test test_parse_or_panic_success ... ok
[INFO] [stderr]      Running tests/test_macro_error.rs (/opt/rustwide/target/release/deps/test_macro_error-649b9413c9d38cc7)
[INFO] [stdout] test test_guid_is_zero ... ok
[INFO] [stdout] 
[INFO] [stdout] test result: ok. 11 passed; 0 failed; 0 ignored; 0 measured; 0 filtered out; finished in 0.01s
[INFO] [stdout] 
[INFO] [stdout] 
[INFO] [stdout] running 1 test
[INFO] [stderr]    Compiling serde v1.0.219
[INFO] [stderr]     Checking uguid v2.2.1 (/opt/rustwide/workdir)
[INFO] [stderr]     Checking serde_test v1.0.177
[INFO] [stderr]     Checking uguid-tests v0.0.0 (/opt/rustwide/target/tests/trybuild/uguid)
[INFO] [stderr]     Finished `dev` profile [unoptimized + debuginfo] target(s) in 3.67s
[INFO] [stderr] 
[INFO] [stderr] 
[INFO] [stderr] test tests/ui/guid_hex.rs ... mismatch
[INFO] [stderr] 
[INFO] [stderr] EXPECTED:
[INFO] [stderr] ┈┈┈┈┈┈┈┈┈┈┈┈┈┈┈┈┈┈┈┈┈┈┈┈┈┈┈┈┈┈┈┈┈┈┈┈┈┈┈┈┈┈┈┈┈┈┈┈┈┈┈┈┈┈┈┈┈┈┈┈
[INFO] [stderr] error[E0080]: evaluation of constant value failed
[INFO] [stderr]   --> tests/ui/guid_hex.rs:12:14
[INFO] [stderr]    |
[INFO] [stderr] 12 |     let _g = guid!("g1234567-89ab-cdef-0123-456789abcdef");
[INFO] [stderr]    |              ^^^^^^^^^^^^^^^^^^^^^^^^^^^^^^^^^^^^^^^^^^^^^ the evaluated program panicked at 'GUID string contains one or more invalid characters', $DIR/tests/ui/guid_hex.rs:12:14
[INFO] [stderr]    |
[INFO] [stderr]    = note: this error originates in the macro `guid` (in Nightly builds, run with -Z macro-backtrace for more info)
[INFO] [stderr] ┈┈┈┈┈┈┈┈┈┈┈┈┈┈┈┈┈┈┈┈┈┈┈┈┈┈┈┈┈┈┈┈┈┈┈┈┈┈┈┈┈┈┈┈┈┈┈┈┈┈┈┈┈┈┈┈┈┈┈┈
[INFO] [stderr] 
[INFO] [stderr] ACTUAL OUTPUT:
[INFO] [stderr] ┈┈┈┈┈┈┈┈┈┈┈┈┈┈┈┈┈┈┈┈┈┈┈┈┈┈┈┈┈┈┈┈┈┈┈┈┈┈┈┈┈┈┈┈┈┈┈┈┈┈┈┈┈┈┈┈┈┈┈┈
[INFO] [stderr] error[E0080]: evaluation panicked: GUID string contains one or more invalid characters
[INFO] [stderr]   --> tests/ui/guid_hex.rs:12:14
[INFO] [stderr]    |
[INFO] [stderr] 12 |     let _g = guid!("g1234567-89ab-cdef-0123-456789abcdef");
[INFO] [stderr]    |              ^^^^^^^^^^^^^^^^^^^^^^^^^^^^^^^^^^^^^^^^^^^^^ evaluation of `main::G` failed here
[INFO] [stderr]    |
[INFO] [stderr]    = note: this error originates in the macro `guid` (in Nightly builds, run with -Z macro-backtrace for more info)
[INFO] [stderr] ┈┈┈┈┈┈┈┈┈┈┈┈┈┈┈┈┈┈┈┈┈┈┈┈┈┈┈┈┈┈┈┈┈┈┈┈┈┈┈┈┈┈┈┈┈┈┈┈┈┈┈┈┈┈┈┈┈┈┈┈
[INFO] [stderr] note: If the actual output is the correct output you can bless it by rerunning
[INFO] [stderr]       your test with the environment variable TRYBUILD=overwrite
[INFO] [stderr] 
[INFO] [stderr] test tests/ui/guid_len.rs ... mismatch
[INFO] [stderr] 
[INFO] [stderr] EXPECTED:
[INFO] [stderr] ┈┈┈┈┈┈┈┈┈┈┈┈┈┈┈┈┈┈┈┈┈┈┈┈┈┈┈┈┈┈┈┈┈┈┈┈┈┈┈┈┈┈┈┈┈┈┈┈┈┈┈┈┈┈┈┈┈┈┈┈
[INFO] [stderr] error[E0080]: evaluation of constant value failed
[INFO] [stderr]   --> tests/ui/guid_len.rs:12:14
[INFO] [stderr]    |
[INFO] [stderr] 12 |     let _g = guid!("1234");
[INFO] [stderr]    |              ^^^^^^^^^^^^^ the evaluated program panicked at 'GUID string has wrong length (expected 36 bytes)', $DIR/tests/ui/guid_len.rs:12:14
[INFO] [stderr]    |
[INFO] [stderr]    = note: this error originates in the macro `guid` (in Nightly builds, run with -Z macro-backtrace for more info)
[INFO] [stderr] ┈┈┈┈┈┈┈┈┈┈┈┈┈┈┈┈┈┈┈┈┈┈┈┈┈┈┈┈┈┈┈┈┈┈┈┈┈┈┈┈┈┈┈┈┈┈┈┈┈┈┈┈┈┈┈┈┈┈┈┈
[INFO] [stderr] 
[INFO] [stderr] ACTUAL OUTPUT:
[INFO] [stderr] ┈┈┈┈┈┈┈┈┈┈┈┈┈┈┈┈┈┈┈┈┈┈┈┈┈┈┈┈┈┈┈┈┈┈┈┈┈┈┈┈┈┈┈┈┈┈┈┈┈┈┈┈┈┈┈┈┈┈┈┈
[INFO] [stderr] error[E0080]: evaluation panicked: GUID string has wrong length (expected 36 bytes)
[INFO] [stderr]   --> tests/ui/guid_len.rs:12:14
[INFO] [stderr]    |
[INFO] [stderr] 12 |     let _g = guid!("1234");
[INFO] [stderr]    |              ^^^^^^^^^^^^^ evaluation of `main::G` failed here
[INFO] [stderr]    |
[INFO] [stderr]    = note: this error originates in the macro `guid` (in Nightly builds, run with -Z macro-backtrace for more info)
[INFO] [stderr] ┈┈┈┈┈┈┈┈┈┈┈┈┈┈┈┈┈┈┈┈┈┈┈┈┈┈┈┈┈┈┈┈┈┈┈┈┈┈┈┈┈┈┈┈┈┈┈┈┈┈┈┈┈┈┈┈┈┈┈┈
[INFO] [stderr] note: If the actual output is the correct output you can bless it by rerunning
[INFO] [stderr]       your test with the environment variable TRYBUILD=overwrite
[INFO] [stderr] 
[INFO] [stderr] test tests/ui/guid_sep.rs ... mismatch
[INFO] [stderr] 
[INFO] [stderr] EXPECTED:
[INFO] [stderr] ┈┈┈┈┈┈┈┈┈┈┈┈┈┈┈┈┈┈┈┈┈┈┈┈┈┈┈┈┈┈┈┈┈┈┈┈┈┈┈┈┈┈┈┈┈┈┈┈┈┈┈┈┈┈┈┈┈┈┈┈
[INFO] [stderr] error[E0080]: evaluation of constant value failed
[INFO] [stderr]   --> tests/ui/guid_sep.rs:12:14
[INFO] [stderr]    |
[INFO] [stderr] 12 |     let _g = guid!("01234567089ab-cdef-0123-456789abcdef");
[INFO] [stderr]    |              ^^^^^^^^^^^^^^^^^^^^^^^^^^^^^^^^^^^^^^^^^^^^^ the evaluated program panicked at 'GUID string is missing one or more separators (`-`)', $DIR/tests/ui/guid_sep.rs:12:14
[INFO] [stderr]    |
[INFO] [stderr]    = note: this error originates in the macro `guid` (in Nightly builds, run with -Z macro-backtrace for more info)
[INFO] [stderr] ┈┈┈┈┈┈┈┈┈┈┈┈┈┈┈┈┈┈┈┈┈┈┈┈┈┈┈┈┈┈┈┈┈┈┈┈┈┈┈┈┈┈┈┈┈┈┈┈┈┈┈┈┈┈┈┈┈┈┈┈
[INFO] [stderr] 
[INFO] [stderr] ACTUAL OUTPUT:
[INFO] [stderr] ┈┈┈┈┈┈┈┈┈┈┈┈┈┈┈┈┈┈┈┈┈┈┈┈┈┈┈┈┈┈┈┈┈┈┈┈┈┈┈┈┈┈┈┈┈┈┈┈┈┈┈┈┈┈┈┈┈┈┈┈
[INFO] [stderr] error[E0080]: evaluation panicked: GUID string is missing one or more separators (`-`)
[INFO] [stderr]   --> tests/ui/guid_sep.rs:12:14
[INFO] [stderr]    |
[INFO] [stderr] 12 |     let _g = guid!("01234567089ab-cdef-0123-456789abcdef");
[INFO] [stderr]    |              ^^^^^^^^^^^^^^^^^^^^^^^^^^^^^^^^^^^^^^^^^^^^^ evaluation of `main::G` failed here
[INFO] [stderr]    |
[INFO] [stderr]    = note: this error originates in the macro `guid` (in Nightly builds, run with -Z macro-backtrace for more info)
[INFO] [stderr] ┈┈┈┈┈┈┈┈┈┈┈┈┈┈┈┈┈┈┈┈┈┈┈┈┈┈┈┈┈┈┈┈┈┈┈┈┈┈┈┈┈┈┈┈┈┈┈┈┈┈┈┈┈┈┈┈┈┈┈┈
[INFO] [stderr] note: If the actual output is the correct output you can bless it by rerunning
[INFO] [stderr]       your test with the environment variable TRYBUILD=overwrite
[INFO] [stderr] 
[INFO] [stderr] 
[INFO] [stderr] 
[INFO] [stdout] test test_compilation_errors ... FAILED
[INFO] [stdout] 
[INFO] [stdout] failures:
[INFO] [stdout] 
[INFO] [stdout] ---- test_compilation_errors stdout ----
[INFO] [stdout] 
[INFO] [stdout] thread 'test_compilation_errors' (599) panicked at /opt/rustwide/cargo-home/registry/src/index.crates.io-1949cf8c6b5b557f/trybuild-1.0.104/src/run.rs:102:13:
[INFO] [stdout] 3 of 3 tests failed
[INFO] [stdout] stack backtrace:
[INFO] [stdout]    0:     0x5d3c7f36bf31 - <<std[70759c8f55707aa4]::sys::backtrace::BacktraceLock>::print::DisplayBacktrace as core[df12db4294e9bfd3]::fmt::Display>::fmt
[INFO] [stdout]    1:     0x5d3c7f3822da - core[df12db4294e9bfd3]::fmt::write
[INFO] [stdout]    2:     0x5d3c7f370a7c - <alloc[2182bb758b4b3781]::vec::Vec<u8> as core[df12db4294e9bfd3]::io::write::Write>::write_fmt
[INFO] [stdout]    3:     0x5d3c7f344c36 - std[70759c8f55707aa4]::panicking::default_hook::{closure#0}
[INFO] [stdout]    4:     0x5d3c7f362e89 - std[70759c8f55707aa4]::panicking::default_hook
[INFO] [stdout]    5:     0x5d3c7f2fc1b0 - test[9d35eded1c95d3be]::test_main_inner::<test[9d35eded1c95d3be]::test_main_static::{closure#0}>::{closure#0}
[INFO] [stdout]    6:     0x5d3c7f363042 - std[70759c8f55707aa4]::panicking::panic_with_hook
[INFO] [stdout]    7:     0x5d3c7f344ce2 - std[70759c8f55707aa4]::panicking::panic_handler::{closure#0}
[INFO] [stdout]    8:     0x5d3c7f33d6e9 - std[70759c8f55707aa4]::sys::backtrace::__rust_end_short_backtrace::<std[70759c8f55707aa4]::panicking::panic_handler::{closure#0}, !>
[INFO] [stdout]    9:     0x5d3c7f3458dd - __rustc[8fa7c3cbc660c2b3]::rust_begin_unwind
[INFO] [stdout]   10:     0x5d3c7f382a0c - core[df12db4294e9bfd3]::panicking::panic_fmt
[INFO] [stdout]   11:     0x5d3c7f2323ba - <trybuild[907edb8c45befb7]::Runner>::run
[INFO] [stdout]   12:     0x5d3c7f2356a0 - <trybuild[907edb8c45befb7]::TestCases as core[df12db4294e9bfd3]::ops::drop::Drop>::drop
[INFO] [stdout]   13:     0x5d3c7f22d068 - test_macro_error[e0995b8722b66454]::test_compilation_errors
[INFO] [stdout]   14:     0x5d3c7f22d269 - <test_macro_error[e0995b8722b66454]::test_compilation_errors::{closure#0} as core[df12db4294e9bfd3]::ops::function::FnOnce<()>>::call_once
[INFO] [stdout]   15:     0x5d3c7f2ef49b - test[9d35eded1c95d3be]::__rust_begin_short_backtrace::<core[df12db4294e9bfd3]::result::Result<(), alloc[2182bb758b4b3781]::string::String>, fn() -> core[df12db4294e9bfd3]::result::Result<(), alloc[2182bb758b4b3781]::string::String>>
[INFO] [stdout]   16:     0x5d3c7f2fcb05 - test[9d35eded1c95d3be]::run_test::{closure#0}
[INFO] [stdout]   17:     0x5d3c7f2f63c4 - std[70759c8f55707aa4]::sys::backtrace::__rust_begin_short_backtrace::<test[9d35eded1c95d3be]::run_test::{closure#1}, ()>
[INFO] [stdout]   18:     0x5d3c7f2ffc62 - <std[70759c8f55707aa4]::thread::lifecycle::spawn_unchecked<test[9d35eded1c95d3be]::run_test::{closure#1}, ()>::{closure#1} as core[df12db4294e9bfd3]::ops::function::FnOnce<()>>::call_once::{shim:vtable#0}
[INFO] [stdout]   19:     0x5d3c7f36b1e9 - <std[70759c8f55707aa4]::sys::thread::unix::Thread>::new::thread_start
[INFO] [stdout]   20:     0x75a951af6dfa - <unknown>
[INFO] [stdout]   21:     0x75a951b8a3d4 - clone
[INFO] [stdout]   22:                0x0 - <unknown>
[INFO] [stdout] 
[INFO] [stdout] 
[INFO] [stdout] failures:
[INFO] [stdout]     test_compilation_errors
[INFO] [stdout] 
[INFO] [stdout] test result: FAILED. 0 passed; 1 failed; 0 ignored; 0 measured; 0 filtered out; finished in 3.94s
[INFO] [stdout] 
[INFO] [stderr] error: test failed, to rerun pass `--test test_macro_error`
[INFO] running `Command { std: "docker" "inspect" "537cf1c366f6da9b486ad57e9f691a30558a7fa558f213da013b6e61003e7821", kill_on_drop: false }`
[INFO] running `Command { std: "docker" "rm" "-f" "537cf1c366f6da9b486ad57e9f691a30558a7fa558f213da013b6e61003e7821", kill_on_drop: false }`
[INFO] [stdout] 537cf1c366f6da9b486ad57e9f691a30558a7fa558f213da013b6e61003e7821
