[INFO] fetching crate ufo2fontir 1.0.0...
[INFO] testing ufo2fontir-1.0.0 against 1.100.0-beta.1+cargoflags=--release for beta-release-1.100-2
[INFO] extracting crate ufo2fontir 1.0.0 into /workspace/builds/worker-3-tc2/source
[INFO] started tweaking crates.io crate ufo2fontir 1.0.0
[INFO] finished tweaking crates.io crate ufo2fontir 1.0.0
[INFO] tweaked toml for crates.io crate ufo2fontir 1.0.0 written to /workspace/builds/worker-3-tc2/source/Cargo.toml
[INFO] validating manifest of crates.io crate ufo2fontir 1.0.0 on toolchain 1.100.0-beta.1
[INFO] running `Command { std: CARGO_HOME="/workspace/cargo-home" RUSTUP_HOME="/workspace/rustup-home" "/workspace/cargo-home/bin/cargo" "+1.100.0-beta.1" "metadata" "--manifest-path" "Cargo.toml" "--no-deps", kill_on_drop: false }`
[INFO] crate crates.io crate ufo2fontir 1.0.0 already has a lockfile, it will not be regenerated
[INFO] running `Command { std: CARGO_HOME="/workspace/cargo-home" RUSTUP_HOME="/workspace/rustup-home" "/workspace/cargo-home/bin/cargo" "+1.100.0-beta.1" "fetch" "--manifest-path" "Cargo.toml", kill_on_drop: false }`
[INFO] running `Command { std: "docker" "create" "-v" "/var/lib/crater-agent-workspace/builds/worker-3-tc2/source:/opt/rustwide/workdir:ro,Z" "-v" "/var/lib/crater-agent-workspace/builds/worker-3-tc2/target:/opt/rustwide/target:rw,Z" "-v" "/var/lib/crater-agent-workspace/cargo-home:/opt/rustwide/cargo-home:ro,Z" "-v" "/var/lib/crater-agent-workspace/rustup-home:/opt/rustwide/rustup-home:ro,Z" "-m" "1610612736" "--network" "none" "ghcr.io/rust-lang/crates-build-env/linux@sha256:77db811e55d90add9212f6832c23229e3de5f1c1f9905e8cb07319ea15df73ac" "sleep" "infinity", kill_on_drop: false }`
[INFO] [stdout] c0f7459f2333cd8a292b6ad378a5a63b598ebe7b56bbb9e8cc2c5c7338357c35
[INFO] running `Command { std: "docker" "start" "c0f7459f2333cd8a292b6ad378a5a63b598ebe7b56bbb9e8cc2c5c7338357c35", kill_on_drop: false }`
[INFO] running `Command { std: "docker" "inspect" "c0f7459f2333cd8a292b6ad378a5a63b598ebe7b56bbb9e8cc2c5c7338357c35", kill_on_drop: false }`
[INFO] running `Command { std: "docker" "exec" "-e" "SOURCE_DIR=/opt/rustwide/workdir" "-e" "CARGO_HOME=/opt/rustwide/cargo-home" "-e" "RUSTUP_HOME=/opt/rustwide/rustup-home" "-e" "CARGO_TARGET_DIR=/opt/rustwide/target" "-w" "/opt/rustwide/workdir" "--user" "0:0" "c0f7459f2333cd8a292b6ad378a5a63b598ebe7b56bbb9e8cc2c5c7338357c35" "/opt/rustwide/cargo-home/bin/cargo" "+1.100.0-beta.1" "metadata" "--no-deps" "--format-version=1", kill_on_drop: false }`
[INFO] running `Command { std: "docker" "inspect" "c0f7459f2333cd8a292b6ad378a5a63b598ebe7b56bbb9e8cc2c5c7338357c35", kill_on_drop: false }`
[INFO] running `Command { std: "docker" "exec" "-e" "SOURCE_DIR=/opt/rustwide/workdir" "-e" "CARGO_HOME=/opt/rustwide/cargo-home" "-e" "RUSTUP_HOME=/opt/rustwide/rustup-home" "-e" "CARGO_TARGET_DIR=/opt/rustwide/target" "-e" "CARGO_INCREMENTAL=0" "-e" "RUST_BACKTRACE=full" "-e" "RUSTFLAGS=--cap-lints=warn" "-e" "RUSTDOCFLAGS=--cap-lints=warn" "-w" "/opt/rustwide/workdir" "--user" "0:0" "c0f7459f2333cd8a292b6ad378a5a63b598ebe7b56bbb9e8cc2c5c7338357c35" "/opt/rustwide/cargo-home/bin/cargo" "+1.100.0-beta.1" "build" "--frozen" "--message-format=json" "--release", kill_on_drop: false }`
[INFO] [stderr]    Compiling syn v3.0.4
[INFO] [stderr]    Compiling serde_core v1.0.229
[INFO] [stderr]    Compiling serde v1.0.229
[INFO] [stderr]    Compiling memchr v2.8.3
[INFO] [stderr]    Compiling log v0.4.34
[INFO] [stderr]    Compiling fontdrasil v1.0.0
[INFO] [stderr]    Compiling thiserror v2.0.20
[INFO] [stderr]    Compiling polycool v0.4.0
[INFO] [stderr]    Compiling tracing-core v0.1.36
[INFO] [stderr]    Compiling litemap v0.8.3
[INFO] [stderr]    Compiling writeable v0.6.4
[INFO] [stderr]    Compiling zerofrom v0.1.8
[INFO] [stderr]    Compiling icu_properties_data v2.1.2
[INFO] [stderr]    Compiling time-core v0.1.9
[INFO] [stderr]    Compiling num-conv v0.2.2
[INFO] [stderr]    Compiling powerfmt v0.2.0
[INFO] [stderr]    Compiling deranged v0.5.8
[INFO] [stderr]    Compiling iana-time-zone v0.1.65
[INFO] [stderr]    Compiling yoke v0.8.3
[INFO] [stderr]    Compiling sharded-slab v0.1.7
[INFO] [stderr]    Compiling thread_local v1.1.10
[INFO] [stderr]    Compiling mutually_exclusive_features v0.1.0
[INFO] [stderr]    Compiling nu-ansi-term v0.50.3
[INFO] [stderr]    Compiling close_already v0.3.5
[INFO] [stderr]    Compiling ascii_plist_derive v1.0.0
[INFO] [stderr]    Compiling unsafe-libyaml v0.2.11
[INFO] [stderr]    Compiling bitflags v2.13.1
[INFO] [stderr]    Compiling ansi_term v0.12.1
[INFO] [stderr]    Compiling ryu v1.0.23
[INFO] [stderr]    Compiling tracing v0.1.44
[INFO] [stderr]    Compiling tracing-log v0.2.0
[INFO] [stderr]    Compiling aho-corasick v1.1.5
[INFO] [stderr]    Compiling quick-xml v0.41.0
[INFO] [stderr]    Compiling time v0.3.55
[INFO] [stderr]    Compiling regex-automata v0.4.18
[INFO] [stderr]    Compiling indexmap v2.14.0
[INFO] [stderr]    Compiling smol_str v0.3.6
[INFO] [stderr]    Compiling serde_derive v1.0.229
[INFO] [stderr]    Compiling bytemuck_derive v1.12.0
[INFO] [stderr]    Compiling zerovec-derive v0.11.6
[INFO] [stderr]    Compiling displaydoc v0.2.7
[INFO] [stderr]    Compiling thiserror-impl v2.0.20
[INFO] [stderr]    Compiling serde_repr v0.1.21
[INFO] [stderr]    Compiling zerotrie v0.2.5
[INFO] [stderr]    Compiling zerovec v0.11.8
[INFO] [stderr]    Compiling bytemuck v1.25.2
[INFO] [stderr]    Compiling tinystr v0.8.4
[INFO] [stderr]    Compiling potential_utf v0.1.6
[INFO] [stderr]    Compiling icu_collections v2.1.1
[INFO] [stderr]    Compiling icu_locale_core v2.3.0
[INFO] [stderr]    Compiling icu_provider v2.3.1
[INFO] [stderr]    Compiling icu_properties v2.1.2
[INFO] [stderr]    Compiling smallvec v1.15.2
[INFO] [stderr]    Compiling font-types v0.12.4
[INFO] [stderr]    Compiling ordered-float v5.5.0
[INFO] [stderr]    Compiling chrono v0.4.45
[INFO] [stderr]    Compiling quick-xml v0.38.4
[INFO] [stderr]    Compiling plist v1.10.0
[INFO] [stderr]    Compiling serde_yaml v0.9.34+deprecated
[INFO] [stderr]    Compiling kurbo v0.13.1
[INFO] [stderr]    Compiling parking_lot_core v0.9.12
[INFO] [stderr]    Compiling matchers v0.2.0
[INFO] [stderr]    Compiling regex v1.13.1
[INFO] [stderr]    Compiling tracing-subscriber v0.3.23
[INFO] [stderr]    Compiling parking_lot v0.12.5
[INFO] [stderr]    Compiling read-fonts v0.43.3
[INFO] [stderr]    Compiling norad v0.18.4
[INFO] [stderr]    Compiling write-fonts v0.52.0
[INFO] [stderr]    Compiling glyphs-reader v1.0.0
[INFO] [stderr]    Compiling fea-rs v1.0.0
[INFO] [stderr]    Compiling fontir v1.0.0
[INFO] [stderr]    Compiling ufo2fontir v1.0.0 (/opt/rustwide/workdir)
[INFO] [stderr] warning: unused dependency `serde_yaml`
[INFO] [stderr]   --> Cargo.toml:44:15
[INFO] [stderr]    |
[INFO] [stderr] 44 | [dependencies.serde_yaml]
[INFO] [stderr]    |               ^^^^^^^^^^^
[INFO] [stderr]    |
[INFO] [stderr]    = note: `cargo::unused_dependencies` is set to `warn` by default
[INFO] [stderr] help: consider removing the dependency on `serde_yaml`
[INFO] [stderr] warning: `ufo2fontir` (manifest) generated 1 warning
[INFO] [stderr]     Finished `release` profile [optimized] target(s) in 3m 01s
[INFO] running `Command { std: "docker" "inspect" "c0f7459f2333cd8a292b6ad378a5a63b598ebe7b56bbb9e8cc2c5c7338357c35", kill_on_drop: false }`
[INFO] running `Command { std: "docker" "exec" "-e" "SOURCE_DIR=/opt/rustwide/workdir" "-e" "CARGO_HOME=/opt/rustwide/cargo-home" "-e" "RUSTUP_HOME=/opt/rustwide/rustup-home" "-e" "CARGO_TARGET_DIR=/opt/rustwide/target" "-e" "CARGO_INCREMENTAL=0" "-e" "RUST_BACKTRACE=full" "-e" "RUSTFLAGS=--cap-lints=warn" "-e" "RUSTDOCFLAGS=--cap-lints=warn" "-w" "/opt/rustwide/workdir" "--user" "0:0" "c0f7459f2333cd8a292b6ad378a5a63b598ebe7b56bbb9e8cc2c5c7338357c35" "/opt/rustwide/cargo-home/bin/cargo" "+1.100.0-beta.1" "test" "--frozen" "--no-run" "--message-format=json" "--release", kill_on_drop: false }`
[INFO] [stderr]    Compiling syn v3.0.4
[INFO] [stderr]    Compiling winnow v1.0.4
[INFO] [stderr]    Compiling memchr v2.8.3
[INFO] [stderr]    Compiling indexmap v2.14.0
[INFO] [stderr]    Compiling toml_datetime v1.1.1+spec-1.1.0
[INFO] [stderr]    Compiling rstest_macros v0.26.1
[INFO] [stderr]    Compiling glob v0.3.4
[INFO] [stderr]    Compiling relative-path v1.9.3
[INFO] [stderr]    Compiling diff v0.1.13
[INFO] [stderr]    Compiling yansi v1.0.1
[INFO] [stderr]    Compiling futures-timer v3.0.4
[INFO] [stderr]    Compiling tempfile v3.27.0
[INFO] [stderr]    Compiling pretty_assertions v1.4.1
[INFO] [stderr]    Compiling aho-corasick v1.1.5
[INFO] [stderr]    Compiling toml_parser v1.1.3+spec-1.1.0
[INFO] [stderr]    Compiling toml_edit v0.25.13+spec-1.1.0
[INFO] [stderr]    Compiling regex-automata v0.4.18
[INFO] [stderr]    Compiling proc-macro-crate v3.5.0
[INFO] [stderr]    Compiling serde_derive v1.0.229
[INFO] [stderr]    Compiling zerovec-derive v0.11.6
[INFO] [stderr]    Compiling bytemuck_derive v1.12.0
[INFO] [stderr]    Compiling displaydoc v0.2.7
[INFO] [stderr]    Compiling thiserror-impl v2.0.20
[INFO] [stderr]    Compiling serde_repr v0.1.21
[INFO] [stderr]    Compiling futures-macro v0.3.34
[INFO] [stderr]    Compiling zerotrie v0.2.5
[INFO] [stderr]    Compiling regex v1.13.1
[INFO] [stderr]    Compiling bytemuck v1.25.2
[INFO] [stderr]    Compiling futures-util v0.3.34
[INFO] [stderr]    Compiling thiserror v2.0.20
[INFO] [stderr]    Compiling zerovec v0.11.8
[INFO] [stderr]    Compiling tinystr v0.8.4
[INFO] [stderr]    Compiling potential_utf v0.1.6
[INFO] [stderr]    Compiling icu_collections v2.1.1
[INFO] [stderr]    Compiling icu_locale_core v2.3.0
[INFO] [stderr]    Compiling serde v1.0.229
[INFO] [stderr]    Compiling smallvec v1.15.2
[INFO] [stderr]    Compiling font-types v0.12.4
[INFO] [stderr]    Compiling ordered-float v5.5.0
[INFO] [stderr]    Compiling chrono v0.4.45
[INFO] [stderr]    Compiling plist v1.10.0
[INFO] [stderr]    Compiling quick-xml v0.38.4
[INFO] [stderr]    Compiling serde_yaml v0.9.34+deprecated
[INFO] [stderr]    Compiling kurbo v0.13.1
[INFO] [stderr]    Compiling parking_lot_core v0.9.12
[INFO] [stderr]    Compiling tracing-subscriber v0.3.23
[INFO] [stderr]    Compiling parking_lot v0.12.5
[INFO] [stderr]    Compiling icu_provider v2.3.1
[INFO] [stderr]    Compiling rstest v0.26.1
[INFO] [stderr]    Compiling icu_properties v2.1.2
[INFO] [stderr]    Compiling read-fonts v0.43.3
[INFO] [stderr]    Compiling norad v0.18.4
[INFO] [stderr]    Compiling write-fonts v0.52.0
[INFO] [stderr]    Compiling fontdrasil v1.0.0
[INFO] [stderr]    Compiling fontir v1.0.0
[INFO] [stderr]    Compiling glyphs-reader v1.0.0
[INFO] [stderr]    Compiling fea-rs v1.0.0
[INFO] [stderr]    Compiling ufo2fontir v1.0.0 (/opt/rustwide/workdir)
[INFO] [stderr] warning: unused dependency `serde_yaml`
[INFO] [stderr]   --> Cargo.toml:44:15
[INFO] [stderr]    |
[INFO] [stderr] 44 | [dependencies.serde_yaml]
[INFO] [stderr]    |               ^^^^^^^^^^^
[INFO] [stderr]    |
[INFO] [stderr]    = note: `cargo::unused_dependencies` is set to `warn` by default
[INFO] [stderr] help: consider removing the dependency on `serde_yaml`
[INFO] [stderr] warning: `ufo2fontir` (manifest) generated 1 warning
[INFO] [stderr]     Finished `release` profile [optimized] target(s) in 3m 07s
[INFO] running `Command { std: "docker" "inspect" "c0f7459f2333cd8a292b6ad378a5a63b598ebe7b56bbb9e8cc2c5c7338357c35", kill_on_drop: false }`
[INFO] running `Command { std: "docker" "exec" "-e" "SOURCE_DIR=/opt/rustwide/workdir" "-e" "CARGO_HOME=/opt/rustwide/cargo-home" "-e" "RUSTUP_HOME=/opt/rustwide/rustup-home" "-e" "CARGO_TARGET_DIR=/opt/rustwide/target" "-e" "CARGO_INCREMENTAL=0" "-e" "RUST_BACKTRACE=full" "-e" "RUSTFLAGS=--cap-lints=warn" "-e" "RUSTDOCFLAGS=--cap-lints=warn" "-w" "/opt/rustwide/workdir" "--user" "0:0" "c0f7459f2333cd8a292b6ad378a5a63b598ebe7b56bbb9e8cc2c5c7338357c35" "/opt/rustwide/cargo-home/bin/cargo" "+1.100.0-beta.1" "test" "--frozen" "--release", kill_on_drop: false }`
[INFO] [stderr] warning: unused dependency `serde_yaml`
[INFO] [stderr]   --> Cargo.toml:44:15
[INFO] [stderr]    |
[INFO] [stderr] 44 | [dependencies.serde_yaml]
[INFO] [stderr]    |               ^^^^^^^^^^^
[INFO] [stderr]    |
[INFO] [stderr]    = note: `cargo::unused_dependencies` is set to `warn` by default
[INFO] [stderr] help: consider removing the dependency on `serde_yaml`
[INFO] [stderr] warning: `ufo2fontir` (manifest) generated 1 warning
[INFO] [stderr]     Finished `release` profile [optimized] target(s) in 0.25s
[INFO] [stderr]      Running unittests src/lib.rs (/opt/rustwide/target/release/build/ufo2fontir/efebfdd2083eb1b2/out/ufo2fontir-efebfdd2083eb1b2)
[INFO] [stdout] 
[INFO] [stdout] running 80 tests
[INFO] [stdout] test source::tests::custom_feature_variations ... FAILED
[INFO] [stdout] test source::tests::captures_os2_properties ... FAILED
[INFO] [stdout] test source::tests::create_work ... FAILED
[INFO] [stdout] test source::tests::allow_whitespace_vendor_id ... FAILED
[INFO] [stdout] test source::tests::captures_global_metrics_from_floats ... FAILED
[INFO] [stdout] test source::tests::builds_glyph_order_for_wght_var ... FAILED
[INFO] [stdout] test source::tests::empty_feature_writers_list_is_some_empty ... FAILED
[INFO] [stdout] test source::tests::builds_default_glyph_order ... ok
[INFO] [stdout] test source::tests::default_panose ... FAILED
[INFO] [stdout] test source::tests::captures_global_metrics_from_ints ... FAILED
[INFO] [stdout] test source::tests::captures_anchors ... FAILED
[INFO] [stdout] test source::tests::fea_files_differing_only_by_comments_are_identical ... ok
[INFO] [stdout] test source::tests::fetches_upem ... FAILED
[INFO] [stdout] test source::tests::find_default_master ... FAILED
[INFO] [stdout] test source::tests::captures_global_metrics ... FAILED
[INFO] [stdout] test source::tests::duplicate_feature_writers_is_error ... FAILED
[INFO] [stdout] test source::tests::colrv0_from_ufo ... FAILED
[INFO] [stdout] test source::tests::create_sparse_work ... FAILED
[INFO] [stdout] test source::tests::decompose_transformed_components_filter_sets_flag ... FAILED
[INFO] [stdout] test source::tests::fixed_pitch_on ... FAILED
[INFO] [stdout] test source::tests::glyph_categories_from_plist ... ok
[INFO] [stdout] test source::tests::global_locations ... FAILED
[INFO] [stdout] test source::tests::glyph_categories_missing_key_returns_empty ... ok
[INFO] [stdout] test source::tests::glyph_categories_non_dict_value_is_error ... ok
[INFO] [stdout] test source::tests::default_names_for_minimal ... FAILED
[INFO] [stdout] test source::tests::colrv0_multi_palette ... FAILED
[INFO] [stdout] test source::tests::absent_feature_writers_key_is_none ... FAILED
[INFO] [stdout] test source::tests::basic_feature_variations ... FAILED
[INFO] [stdout] test source::tests::no_metrics_for_glyph_only_sources ... FAILED
[INFO] [stdout] test source::tests::non_list_feature_writers_is_error ... FAILED
[INFO] [stdout] test source::tests::malformed_feature_writer_entry_is_dropped ... FAILED
[INFO] [stdout] test source::tests::fixed_pitch_off ... FAILED
[INFO] [stdout] test source::tests::fea_files_include_whitespace_and_relative_paths_normalized ... ok
[INFO] [stdout] test source::tests::ignore_empty_meta_table_values ... ok
[INFO] [stdout] test source::tests::no_color_from_ufo_without_color_data ... FAILED
[INFO] [stdout] test source::tests::glyphs_from_default_layer ... FAILED
[INFO] [stdout] test source::tests::merge_plist_smoke_test ... ok
[INFO] [stdout] test source::tests::kerning_against_renamed_group_is_kept ... FAILED
[INFO] [stdout] test source::tests::glyphs_from_specific_layer ... FAILED
[INFO] [stdout] test source::tests::infers_categories_from_glyphdata_with_propagate_anchors ... FAILED
[INFO] [stdout] test source::tests::no_categories_without_propagate_anchors ... FAILED
[INFO] [stdout] test source::tests::no_postscript_names ... ok
[INFO] [stdout] test source::tests::non_string_feature_writer_module_is_error ... FAILED
[INFO] [stdout] test source::tests::fea_files_differing_only_by_trailing_newline_are_identical ... ok
[INFO] [stdout] test source::tests::default_fs_type ... FAILED
[INFO] [stdout] test source::tests::non_default_kernless_source_skipped_from_variation ... FAILED
[INFO] [stdout] test source::tests::obeys_explicit_fs_type ... FAILED
[INFO] [stdout] test source::tests::obeys_explicit_panose ... FAILED
[INFO] [stdout] test source::tests::only_glyphs_present_in_default ... FAILED
[INFO] [stdout] test source::tests::postscript_names_drops_non_strings ... ok
[INFO] [stdout] test source::tests::postscript_names_happy_path ... ok
[INFO] [stdout] test source::tests::postscript_names_not_dictionary ... ok
[INFO] [stdout] test source::tests::postscript_names_drop_duplicates ... ok
[INFO] [stdout] test source::tests::reads_categories_from_designspace_lib ... FAILED
[INFO] [stdout] test source::tests::rclt_feature_variations ... FAILED
[INFO] [stdout] test source::tests::reads_feature_writers_from_ufo_lib ... FAILED
[INFO] [stdout] test source::tests::parse_color_layers_rejects_empty_layers ... ok
[INFO] [stdout] test source::tests::parse_color_layers_rejects_out_of_range_palette_index ... ok
[INFO] [stdout] test source::tests::reads_feature_writers_from_designspace_lib ... FAILED
[INFO] [stdout] test source::tests::parse_meta_table_values ... FAILED
[INFO] [stdout] test source::tests::ot_rounds_upem ... FAILED
[INFO] [stdout] test source::tests::postscript_names_allows_duplicate_values ... ok
[INFO] [stdout] test source::tests::preliminary_categories_from_glyphdata ... ok
[INFO] [stdout] test source::tests::parse_color_layers_rejects_negative_palette_index ... ok
[INFO] [stdout] test source::tests::test_selection_flags_implicit::case_3_fallback_2_style_name_is_ribbi ... ok
[INFO] [stdout] test source::tests::test_selection_flags_implicit::case_4_fallback_2_style_name_not_ribbi ... ok
[INFO] [stdout] test source::tests::reads_skip_export_glyphs ... FAILED
[INFO] [stdout] test source::tests::static_metadata_disable_postscript_names ... FAILED
[INFO] [stdout] test source::tests::ufo2_mmk_kerning_groups_upconverted ... FAILED
[INFO] [stdout] test toir::tests::component_transforms ... ok
[INFO] [stdout] test source::tests::test_selection_flags_implicit::case_5_default ... ok
[INFO] [stdout] test toir::tests::to_design_location_skips_undefined_axis ... ok
[INFO] [stdout] test source::tests::static_metadata_loads_postscript_names ... FAILED
[INFO] [stdout] test source::tests::test_selection_flags_implicit::case_1_no_fallback ... ok
[INFO] [stdout] test source::tests::unsupported_feature_writer_option_is_error ... FAILED
[INFO] [stdout] test source::tests::test_selection_flags_implicit::case_2_fallback_1_preferred ... ok
[INFO] [stdout] test toir::tests::component_anchors_from_lib ... ok
[INFO] [stdout] test toir::tests::captures_codepoints ... FAILED
[INFO] [stdout] test toir::tests::closed_contour_box ... ok
[INFO] [stdout] test toir::tests::closed_contour_single_cubic ... ok
[INFO] [stdout] 
[INFO] [stdout] failures:
[INFO] [stdout] 
[INFO] [stdout] ---- source::tests::custom_feature_variations stdout ----
[INFO] [stdout] 
[INFO] [stdout] thread 'source::tests::custom_feature_variations' (2776) panicked at src/source.rs:2361:9:
[INFO] [stdout] assertion failed: dir.is_dir()
[INFO] [stdout] stack backtrace:
[INFO] [stdout]    0:     0x650318650451 - <<std[617be2ca0a6fd877]::sys::backtrace::BacktraceLock>::print::DisplayBacktrace as core[a373ad73a504971]::fmt::Display>::fmt
[INFO] [stdout]    1:     0x65031866859a - core[a373ad73a504971]::fmt::write
[INFO] [stdout]    2:     0x650318654a7c - <alloc[2e1b2a31b91974c5]::vec::Vec<u8> as core[a373ad73a504971]::io::write::Write>::write_fmt
[INFO] [stdout]    3:     0x6503186292f6 - std[617be2ca0a6fd877]::panicking::default_hook::{closure#0}
[INFO] [stdout]    4:     0x650318646a19 - std[617be2ca0a6fd877]::panicking::default_hook
[INFO] [stdout]    5:     0x65031846a490 - test[aada8e7e76ba119b]::test_main_inner::{closure#0}
[INFO] [stdout]    6:     0x650318646bd2 - std[617be2ca0a6fd877]::panicking::panic_with_hook
[INFO] [stdout]    7:     0x6503186293d4 - std[617be2ca0a6fd877]::panicking::panic_handler::{closure#0}
[INFO] [stdout]    8:     0x650318621d69 - std[617be2ca0a6fd877]::sys::backtrace::__rust_end_short_backtrace::<std[617be2ca0a6fd877]::panicking::panic_handler::{closure#0}, !>
[INFO] [stdout]    9:     0x650318629fad - __rustc[ea4f61d10b84890b]::rust_begin_unwind
[INFO] [stdout]   10:     0x650318668cfc - core[a373ad73a504971]::panicking::panic_fmt
[INFO] [stdout]   11:     0x650318668cc2 - core[a373ad73a504971]::panicking::panic
[INFO] [stdout]   12:     0x65031836c068 - ufo2fontir[eba5562bb271482b]::source::tests::load_designspace
[INFO] [stdout]   13:     0x65031836cf2d - ufo2fontir[eba5562bb271482b]::source::tests::build_static_metadata
[INFO] [stdout]   14:     0x650318374e32 - <ufo2fontir[eba5562bb271482b]::source::tests::custom_feature_variations::{closure#0} as core[a373ad73a504971]::ops::function::FnOnce<()>>::call_once
[INFO] [stdout]   15:     0x65031845d8db - test[aada8e7e76ba119b]::__rust_begin_short_backtrace::<core[a373ad73a504971]::result::Result<(), alloc[2e1b2a31b91974c5]::string::String>, fn() -> core[a373ad73a504971]::result::Result<(), alloc[2e1b2a31b91974c5]::string::String>>
[INFO] [stdout]   16:     0x65031846aab5 - test[aada8e7e76ba119b]::run_test::{closure#0}
[INFO] [stdout]   17:     0x6503184643a4 - std[617be2ca0a6fd877]::sys::backtrace::__rust_begin_short_backtrace::<test[aada8e7e76ba119b]::run_test::{closure#1}, ()>
[INFO] [stdout]   18:     0x65031846db42 - <std[617be2ca0a6fd877]::thread::lifecycle::spawn_unchecked<test[aada8e7e76ba119b]::run_test::{closure#1}, ()>::{closure#1} as core[a373ad73a504971]::ops::function::FnOnce<()>>::call_once::{shim:vtable#0}
[INFO] [stdout]   19:     0x65031864f2ff - <std[617be2ca0a6fd877]::sys::thread::unix::Thread>::new::thread_start
[INFO] [stdout]   20:     0x73c56a7e9dfa - <unknown>
[INFO] [stdout]   21:     0x73c56a87d3d4 - clone
[INFO] [stdout]   22:                0x0 - <unknown>
[INFO] [stdout] 
[INFO] [stdout] ---- source::tests::captures_os2_properties stdout ----
[INFO] [stdout] 
[INFO] [stdout] thread 'source::tests::captures_os2_properties' (2771) panicked at src/source.rs:2361:9:
[INFO] [stdout] assertion failed: dir.is_dir()
[INFO] [stdout] stack backtrace:
[INFO] [stdout]    0:     0x650318650451 - <<std[617be2ca0a6fd877]::sys::backtrace::BacktraceLock>::print::DisplayBacktrace as core[a373ad73a504971]::fmt::Display>::fmt
[INFO] [stdout]    1:     0x65031866859a - core[a373ad73a504971]::fmt::write
[INFO] [stdout]    2:     0x650318654a7c - <alloc[2e1b2a31b91974c5]::vec::Vec<u8> as core[a373ad73a504971]::io::write::Write>::write_fmt
[INFO] [stdout]    3:     0x6503186292f6 - std[617be2ca0a6fd877]::panicking::default_hook::{closure#0}
[INFO] [stdout]    4:     0x650318646a19 - std[617be2ca0a6fd877]::panicking::default_hook
[INFO] [stdout]    5:     0x65031846a490 - test[aada8e7e76ba119b]::test_main_inner::{closure#0}
[INFO] [stdout]    6:     0x650318646bd2 - std[617be2ca0a6fd877]::panicking::panic_with_hook
[INFO] [stdout]    7:     0x6503186293d4 - std[617be2ca0a6fd877]::panicking::panic_handler::{closure#0}
[INFO] [stdout]    8:     0x650318621d69 - std[617be2ca0a6fd877]::sys::backtrace::__rust_end_short_backtrace::<std[617be2ca0a6fd877]::panicking::panic_handler::{closure#0}, !>
[INFO] [stdout]    9:     0x650318629fad - __rustc[ea4f61d10b84890b]::rust_begin_unwind
[INFO] [stdout]   10:     0x650318668cfc - core[a373ad73a504971]::panicking::panic_fmt
[INFO] [stdout]   11:     0x650318668cc2 - core[a373ad73a504971]::panicking::panic
[INFO] [stdout]   12:     0x65031836c068 - ufo2fontir[eba5562bb271482b]::source::tests::load_designspace
[INFO] [stdout]   13:     0x65031836cf2d - ufo2fontir[eba5562bb271482b]::source::tests::build_static_metadata
[INFO] [stdout]   14:     0x650318373e4b - <ufo2fontir[eba5562bb271482b]::source::tests::captures_os2_properties::{closure#0} as core[a373ad73a504971]::ops::function::FnOnce<()>>::call_once
[INFO] [stdout]   15:     0x65031845d8db - test[aada8e7e76ba119b]::__rust_begin_short_backtrace::<core[a373ad73a504971]::result::Result<(), alloc[2e1b2a31b91974c5]::string::String>, fn() -> core[a373ad73a504971]::result::Result<(), alloc[2e1b2a31b91974c5]::string::String>>
[INFO] [stdout]   16:     0x65031846aab5 - test[aada8e7e76ba119b]::run_test::{closure#0}
[INFO] [stdout]   17:     0x6503184643a4 - std[617be2ca0a6fd877]::sys::backtrace::__rust_begin_short_backtrace::<test[aada8e7e76ba119b]::run_test::{closure#1}, ()>
[INFO] [stdout]   18:     0x65031846db42 - <std[617be2ca0a6fd877]::thread::lifecycle::spawn_unchecked<test[aada8e7e76ba119b]::run_test::{closure#1}, ()>::{closure#1} as core[a373ad73a504971]::ops::function::FnOnce<()>>::call_once::{shim:vtable#0}
[INFO] [stdout]   19:     0x65031864f2ff - <std[617be2ca0a6fd877]::sys::thread::unix::Thread>::new::thread_start
[INFO] [stdout]   20:     0x73c56a7e9dfa - <unknown>
[INFO] [stdout]   21:     0x73c56a87d3d4 - clone
[INFO] [stdout]   22:                0x0 - <unknown>
[INFO] [stdout] 
[INFO] [stdout] ---- source::tests::create_work stdout ----
[INFO] [stdout] 
[INFO] [stdout] thread 'source::tests::create_work' (2775) panicked at src/source.rs:2361:9:
[INFO] [stdout] assertion failed: dir.is_dir()
[INFO] [stdout] stack backtrace:
[INFO] [stdout]    0:     0x650318650451 - <<std[617be2ca0a6fd877]::sys::backtrace::BacktraceLock>::print::DisplayBacktrace as core[a373ad73a504971]::fmt::Display>::fmt
[INFO] [stdout]    1:     0x65031866859a - core[a373ad73a504971]::fmt::write
[INFO] [stdout]    2:     0x650318654a7c - <alloc[2e1b2a31b91974c5]::vec::Vec<u8> as core[a373ad73a504971]::io::write::Write>::write_fmt
[INFO] [stdout]    3:     0x6503186292f6 - std[617be2ca0a6fd877]::panicking::default_hook::{closure#0}
[INFO] [stdout]    4:     0x650318646a19 - std[617be2ca0a6fd877]::panicking::default_hook
[INFO] [stdout]    5:     0x65031846a490 - test[aada8e7e76ba119b]::test_main_inner::{closure#0}
[INFO] [stdout]    6:     0x650318646bd2 - std[617be2ca0a6fd877]::panicking::panic_with_hook
[INFO] [stdout]    7:     0x6503186293d4 - std[617be2ca0a6fd877]::panicking::panic_handler::{closure#0}
[INFO] [stdout]    8:     0x650318621d69 - std[617be2ca0a6fd877]::sys::backtrace::__rust_end_short_backtrace::<std[617be2ca0a6fd877]::panicking::panic_handler::{closure#0}, !>
[INFO] [stdout]    9:     0x650318629fad - __rustc[ea4f61d10b84890b]::rust_begin_unwind
[INFO] [stdout]   10:     0x650318668cfc - core[a373ad73a504971]::panicking::panic_fmt
[INFO] [stdout]   11:     0x650318668cc2 - core[a373ad73a504971]::panicking::panic
[INFO] [stdout]   12:     0x65031836c068 - ufo2fontir[eba5562bb271482b]::source::tests::load_designspace
[INFO] [stdout]   13:     0x65031836f938 - <ufo2fontir[eba5562bb271482b]::source::tests::create_work::{closure#0} as core[a373ad73a504971]::ops::function::FnOnce<()>>::call_once
[INFO] [stdout]   14:     0x65031845d8db - test[aada8e7e76ba119b]::__rust_begin_short_backtrace::<core[a373ad73a504971]::result::Result<(), alloc[2e1b2a31b91974c5]::string::String>, fn() -> core[a373ad73a504971]::result::Result<(), alloc[2e1b2a31b91974c5]::string::String>>
[INFO] [stdout]   15:     0x65031846aab5 - test[aada8e7e76ba119b]::run_test::{closure#0}
[INFO] [stdout]   16:     0x6503184643a4 - std[617be2ca0a6fd877]::sys::backtrace::__rust_begin_short_backtrace::<test[aada8e7e76ba119b]::run_test::{closure#1}, ()>
[INFO] [stdout]   17:     0x65031846db42 - <std[617be2ca0a6fd877]::thread::lifecycle::spawn_unchecked<test[aada8e7e76ba119b]::run_test::{closure#1}, ()>::{closure#1} as core[a373ad73a504971]::ops::function::FnOnce<()>>::call_once::{shim:vtable#0}
[INFO] [stdout]   18:     0x65031864f2ff - <std[617be2ca0a6fd877]::sys::thread::unix::Thread>::new::thread_start
[INFO] [stdout]   19:     0x73c56a7e9dfa - <unknown>
[INFO] [stdout]   20:     0x73c56a87d3d4 - clone
[INFO] [stdout]   21:                0x0 - <unknown>
[INFO] [stdout] 
[INFO] [stdout] ---- source::tests::allow_whitespace_vendor_id stdout ----
[INFO] [stdout] 
[INFO] [stdout] thread 'source::tests::allow_whitespace_vendor_id' (2763) panicked at src/source.rs:2361:9:
[INFO] [stdout] assertion failed: dir.is_dir()
[INFO] [stdout] stack backtrace:
[INFO] [stdout]    0:     0x650318650451 - <<std[617be2ca0a6fd877]::sys::backtrace::BacktraceLock>::print::DisplayBacktrace as core[a373ad73a504971]::fmt::Display>::fmt
[INFO] [stdout]    1:     0x65031866859a - core[a373ad73a504971]::fmt::write
[INFO] [stdout]    2:     0x650318654a7c - <alloc[2e1b2a31b91974c5]::vec::Vec<u8> as core[a373ad73a504971]::io::write::Write>::write_fmt
[INFO] [stdout]    3:     0x6503186292f6 - std[617be2ca0a6fd877]::panicking::default_hook::{closure#0}
[INFO] [stdout]    4:     0x650318646a19 - std[617be2ca0a6fd877]::panicking::default_hook
[INFO] [stdout]    5:     0x65031846a490 - test[aada8e7e76ba119b]::test_main_inner::{closure#0}
[INFO] [stdout]    6:     0x650318646bd2 - std[617be2ca0a6fd877]::panicking::panic_with_hook
[INFO] [stdout]    7:     0x6503186293d4 - std[617be2ca0a6fd877]::panicking::panic_handler::{closure#0}
[INFO] [stdout]    8:     0x650318621d69 - std[617be2ca0a6fd877]::sys::backtrace::__rust_end_short_backtrace::<std[617be2ca0a6fd877]::panicking::panic_handler::{closure#0}, !>
[INFO] [stdout]    9:     0x650318629fad - __rustc[ea4f61d10b84890b]::rust_begin_unwind
[INFO] [stdout]   10:     0x650318668cfc - core[a373ad73a504971]::panicking::panic_fmt
[INFO] [stdout]   11:     0x650318668cc2 - core[a373ad73a504971]::panicking::panic
[INFO] [stdout]   12:     0x65031837a666 - <ufo2fontir[eba5562bb271482b]::source::tests::allow_whitespace_vendor_id::{closure#0} as core[a373ad73a504971]::ops::function::FnOnce<()>>::call_once
[INFO] [stdout]   13:     0x65031845d8db - test[aada8e7e76ba119b]::__rust_begin_short_backtrace::<core[a373ad73a504971]::result::Result<(), alloc[2e1b2a31b91974c5]::string::String>, fn() -> core[a373ad73a504971]::result::Result<(), alloc[2e1b2a31b91974c5]::string::String>>
[INFO] [stdout]   14:     0x65031846aab5 - test[aada8e7e76ba119b]::run_test::{closure#0}
[INFO] [stdout]   15:     0x6503184643a4 - std[617be2ca0a6fd877]::sys::backtrace::__rust_begin_short_backtrace::<test[aada8e7e76ba119b]::run_test::{closure#1}, ()>
[INFO] [stdout]   16:     0x65031846db42 - <std[617be2ca0a6fd877]::thread::lifecycle::spawn_unchecked<test[aada8e7e76ba119b]::run_test::{closure#1}, ()>::{closure#1} as core[a373ad73a504971]::ops::function::FnOnce<()>>::call_once::{shim:vtable#0}
[INFO] [stdout]   17:     0x65031864f2ff - <std[617be2ca0a6fd877]::sys::thread::unix::Thread>::new::thread_start
[INFO] [stdout]   18:     0x73c56a7e9dfa - <unknown>
[INFO] [stdout]   19:     0x73c56a87d3d4 - clone
[INFO] [stdout]   20:                0x0 - <unknown>
[INFO] [stdout] 
[INFO] [stdout] ---- source::tests::captures_global_metrics_from_floats stdout ----
[INFO] [stdout] 
[INFO] [stdout] thread 'source::tests::captures_global_metrics_from_floats' (2769) panicked at src/source.rs:2361:9:
[INFO] [stdout] assertion failed: dir.is_dir()
[INFO] [stdout] stack backtrace:
[INFO] [stdout]    0:     0x650318650451 - <<std[617be2ca0a6fd877]::sys::backtrace::BacktraceLock>::print::DisplayBacktrace as core[a373ad73a504971]::fmt::Display>::fmt
[INFO] [stdout]    1:     0x65031866859a - core[a373ad73a504971]::fmt::write
[INFO] [stdout]    2:     0x650318654a7c - <alloc[2e1b2a31b91974c5]::vec::Vec<u8> as core[a373ad73a504971]::io::write::Write>::write_fmt
[INFO] [stdout]    3:     0x6503186292f6 - std[617be2ca0a6fd877]::panicking::default_hook::{closure#0}
[INFO] [stdout]    4:     0x650318646a19 - std[617be2ca0a6fd877]::panicking::default_hook
[INFO] [stdout]    5:     0x65031846a490 - test[aada8e7e76ba119b]::test_main_inner::{closure#0}
[INFO] [stdout]    6:     0x650318646bd2 - std[617be2ca0a6fd877]::panicking::panic_with_hook
[INFO] [stdout]    7:     0x6503186293d4 - std[617be2ca0a6fd877]::panicking::panic_handler::{closure#0}
[INFO] [stdout]    8:     0x650318621d69 - std[617be2ca0a6fd877]::sys::backtrace::__rust_end_short_backtrace::<std[617be2ca0a6fd877]::panicking::panic_handler::{closure#0}, !>
[INFO] [stdout]    9:     0x650318629fad - __rustc[ea4f61d10b84890b]::rust_begin_unwind
[INFO] [stdout]   10:     0x650318668cfc - core[a373ad73a504971]::panicking::panic_fmt
[INFO] [stdout]   11:     0x650318668cc2 - core[a373ad73a504971]::panicking::panic
[INFO] [stdout]   12:     0x65031836c068 - ufo2fontir[eba5562bb271482b]::source::tests::load_designspace
[INFO] [stdout]   13:     0x65031836cf2d - ufo2fontir[eba5562bb271482b]::source::tests::build_static_metadata
[INFO] [stdout]   14:     0x65031836cbdf - ufo2fontir[eba5562bb271482b]::source::tests::build_global_metrics
[INFO] [stdout]   15:     0x650318381758 - <ufo2fontir[eba5562bb271482b]::source::tests::captures_global_metrics_from_floats::{closure#0} as core[a373ad73a504971]::ops::function::FnOnce<()>>::call_once
[INFO] [stdout]   16:     0x65031845d8db - test[aada8e7e76ba119b]::__rust_begin_short_backtrace::<core[a373ad73a504971]::result::Result<(), alloc[2e1b2a31b91974c5]::string::String>, fn() -> core[a373ad73a504971]::result::Result<(), alloc[2e1b2a31b91974c5]::string::String>>
[INFO] [stdout]   17:     0x65031846aab5 - test[aada8e7e76ba119b]::run_test::{closure#0}
[INFO] [stdout]   18:     0x6503184643a4 - std[617be2ca0a6fd877]::sys::backtrace::__rust_begin_short_backtrace::<test[aada8e7e76ba119b]::run_test::{closure#1}, ()>
[INFO] [stdout]   19:     0x65031846db42 - <std[617be2ca0a6fd877]::thread::lifecycle::spawn_unchecked<test[aada8e7e76ba119b]::run_test::{closure#1}, ()>::{closure#1} as core[a373ad73a504971]::ops::function::FnOnce<()>>::call_once::{shim:vtable#0}
[INFO] [stdout]   20:     0x65031864f2ff - <std[617be2ca0a6fd877]::sys::thread::unix::Thread>::new::thread_start
[INFO] [stdout]   21:     0x73c56a7e9dfa - <unknown>
[INFO] [stdout]   22:     0x73c56a87d3d4 - clone
[INFO] [stdout]   23:                0x0 - <unknown>
[INFO] [stdout] 
[INFO] [stdout] ---- source::tests::builds_glyph_order_for_wght_var stdout ----
[INFO] [stdout] 
[INFO] [stdout] thread 'source::tests::builds_glyph_order_for_wght_var' (2766) panicked at src/source.rs:2361:9:
[INFO] [stdout] assertion failed: dir.is_dir()
[INFO] [stdout] stack backtrace:
[INFO] [stdout]    0:     0x650318650451 - <<std[617be2ca0a6fd877]::sys::backtrace::BacktraceLock>::print::DisplayBacktrace as core[a373ad73a504971]::fmt::Display>::fmt
[INFO] [stdout]    1:     0x65031866859a - core[a373ad73a504971]::fmt::write
[INFO] [stdout]    2:     0x650318654a7c - <alloc[2e1b2a31b91974c5]::vec::Vec<u8> as core[a373ad73a504971]::io::write::Write>::write_fmt
[INFO] [stdout]    3:     0x6503186292f6 - std[617be2ca0a6fd877]::panicking::default_hook::{closure#0}
[INFO] [stdout]    4:     0x650318646a19 - std[617be2ca0a6fd877]::panicking::default_hook
[INFO] [stdout]    5:     0x65031846a490 - test[aada8e7e76ba119b]::test_main_inner::{closure#0}
[INFO] [stdout]    6:     0x650318646bd2 - std[617be2ca0a6fd877]::panicking::panic_with_hook
[INFO] [stdout]    7:     0x6503186293d4 - std[617be2ca0a6fd877]::panicking::panic_handler::{closure#0}
[INFO] [stdout]    8:     0x650318621d69 - std[617be2ca0a6fd877]::sys::backtrace::__rust_end_short_backtrace::<std[617be2ca0a6fd877]::panicking::panic_handler::{closure#0}, !>
[INFO] [stdout]    9:     0x650318629fad - __rustc[ea4f61d10b84890b]::rust_begin_unwind
[INFO] [stdout]   10:     0x650318668cfc - core[a373ad73a504971]::panicking::panic_fmt
[INFO] [stdout]   11:     0x650318668cc2 - core[a373ad73a504971]::panicking::panic
[INFO] [stdout]   12:     0x65031836c068 - ufo2fontir[eba5562bb271482b]::source::tests::load_designspace
[INFO] [stdout]   13:     0x65031837dcfd - <ufo2fontir[eba5562bb271482b]::source::tests::builds_glyph_order_for_wght_var::{closure#0} as core[a373ad73a504971]::ops::function::FnOnce<()>>::call_once
[INFO] [stdout]   14:     0x65031845d8db - test[aada8e7e76ba119b]::__rust_begin_short_backtrace::<core[a373ad73a504971]::result::Result<(), alloc[2e1b2a31b91974c5]::string::String>, fn() -> core[a373ad73a504971]::result::Result<(), alloc[2e1b2a31b91974c5]::string::String>>
[INFO] [stdout]   15:     0x65031846aab5 - test[aada8e7e76ba119b]::run_test::{closure#0}
[INFO] [stdout]   16:     0x6503184643a4 - std[617be2ca0a6fd877]::sys::backtrace::__rust_begin_short_backtrace::<test[aada8e7e76ba119b]::run_test::{closure#1}, ()>
[INFO] [stdout]   17:     0x65031846db42 - <std[617be2ca0a6fd877]::thread::lifecycle::spawn_unchecked<test[aada8e7e76ba119b]::run_test::{closure#1}, ()>::{closure#1} as core[a373ad73a504971]::ops::function::FnOnce<()>>::call_once::{shim:vtable#0}
[INFO] [stdout]   18:     0x65031864f2ff - <std[617be2ca0a6fd877]::sys::thread::unix::Thread>::new::thread_start
[INFO] [stdout]   19:     0x73c56a7e9dfa - <unknown>
[INFO] [stdout]   20:     0x73c56a87d3d4 - clone
[INFO] [stdout]   21:                0x0 - <unknown>
[INFO] [stdout] 
[INFO] [stdout] ---- source::tests::empty_feature_writers_list_is_some_empty stdout ----
[INFO] [stdout] 
[INFO] [stdout] thread 'source::tests::empty_feature_writers_list_is_some_empty' (2782) panicked at src/source.rs:2361:9:
[INFO] [stdout] assertion failed: dir.is_dir()
[INFO] [stdout] stack backtrace:
[INFO] [stdout]    0:     0x650318650451 - <<std[617be2ca0a6fd877]::sys::backtrace::BacktraceLock>::print::DisplayBacktrace as core[a373ad73a504971]::fmt::Display>::fmt
[INFO] [stdout]    1:     0x65031866859a - core[a373ad73a504971]::fmt::write
[INFO] [stdout]    2:     0x650318654a7c - <alloc[2e1b2a31b91974c5]::vec::Vec<u8> as core[a373ad73a504971]::io::write::Write>::write_fmt
[INFO] [stdout]    3:     0x6503186292f6 - std[617be2ca0a6fd877]::panicking::default_hook::{closure#0}
[INFO] [stdout]    4:     0x650318646a19 - std[617be2ca0a6fd877]::panicking::default_hook
[INFO] [stdout]    5:     0x65031846a490 - test[aada8e7e76ba119b]::test_main_inner::{closure#0}
[INFO] [stdout]    6:     0x650318646bd2 - std[617be2ca0a6fd877]::panicking::panic_with_hook
[INFO] [stdout]    7:     0x6503186293d4 - std[617be2ca0a6fd877]::panicking::panic_handler::{closure#0}
[INFO] [stdout]    8:     0x650318621d69 - std[617be2ca0a6fd877]::sys::backtrace::__rust_end_short_backtrace::<std[617be2ca0a6fd877]::panicking::panic_handler::{closure#0}, !>
[INFO] [stdout]    9:     0x650318629fad - __rustc[ea4f61d10b84890b]::rust_begin_unwind
[INFO] [stdout]   10:     0x650318668cfc - core[a373ad73a504971]::panicking::panic_fmt
[INFO] [stdout]   11:     0x650318668cc2 - core[a373ad73a504971]::panicking::panic
[INFO] [stdout]   12:     0x65031836c068 - ufo2fontir[eba5562bb271482b]::source::tests::load_designspace
[INFO] [stdout]   13:     0x65031836c1ea - ufo2fontir[eba5562bb271482b]::source::tests::feature_writers_of
[INFO] [stdout]   14:     0x650318385e29 - <ufo2fontir[eba5562bb271482b]::source::tests::empty_feature_writers_list_is_some_empty::{closure#0} as core[a373ad73a504971]::ops::function::FnOnce<()>>::call_once
[INFO] [stdout]   15:     0x65031845d8db - test[aada8e7e76ba119b]::__rust_begin_short_backtrace::<core[a373ad73a504971]::result::Result<(), alloc[2e1b2a31b91974c5]::string::String>, fn() -> core[a373ad73a504971]::result::Result<(), alloc[2e1b2a31b91974c5]::string::String>>
[INFO] [stdout]   16:     0x65031846aab5 - test[aada8e7e76ba119b]::run_test::{closure#0}
[INFO] [stdout]   17:     0x6503184643a4 - std[617be2ca0a6fd877]::sys::backtrace::__rust_begin_short_backtrace::<test[aada8e7e76ba119b]::run_test::{closure#1}, ()>
[INFO] [stdout]   18:     0x65031846db42 - <std[617be2ca0a6fd877]::thread::lifecycle::spawn_unchecked<test[aada8e7e76ba119b]::run_test::{closure#1}, ()>::{closure#1} as core[a373ad73a504971]::ops::function::FnOnce<()>>::call_once::{shim:vtable#0}
[INFO] [stdout]   19:     0x65031864f2ff - <std[617be2ca0a6fd877]::sys::thread::unix::Thread>::new::thread_start
[INFO] [stdout]   20:     0x73c56a7e9dfa - <unknown>
[INFO] [stdout]   21:     0x73c56a87d3d4 - clone
[INFO] [stdout]   22:                0x0 - <unknown>
[INFO] [stdout] 
[INFO] [stdout] ---- source::tests::default_panose stdout ----
[INFO] [stdout] 
[INFO] [stdout] thread 'source::tests::default_panose' (2780) panicked at src/source.rs:2361:9:
[INFO] [stdout] assertion failed: dir.is_dir()
[INFO] [stdout] stack backtrace:
[INFO] [stdout]    0:     0x650318650451 - <<std[617be2ca0a6fd877]::sys::backtrace::BacktraceLock>::print::DisplayBacktrace as core[a373ad73a504971]::fmt::Display>::fmt
[INFO] [stdout]    1:     0x65031866859a - core[a373ad73a504971]::fmt::write
[INFO] [stdout]    2:     0x650318654a7c - <alloc[2e1b2a31b91974c5]::vec::Vec<u8> as core[a373ad73a504971]::io::write::Write>::write_fmt
[INFO] [stdout]    3:     0x6503186292f6 - std[617be2ca0a6fd877]::panicking::default_hook::{closure#0}
[INFO] [stdout]    4:     0x650318646a19 - std[617be2ca0a6fd877]::panicking::default_hook
[INFO] [stdout]    5:     0x65031846a490 - test[aada8e7e76ba119b]::test_main_inner::{closure#0}
[INFO] [stdout]    6:     0x650318646bd2 - std[617be2ca0a6fd877]::panicking::panic_with_hook
[INFO] [stdout]    7:     0x6503186293d4 - std[617be2ca0a6fd877]::panicking::panic_handler::{closure#0}
[INFO] [stdout]    8:     0x650318621d69 - std[617be2ca0a6fd877]::sys::backtrace::__rust_end_short_backtrace::<std[617be2ca0a6fd877]::panicking::panic_handler::{closure#0}, !>
[INFO] [stdout]    9:     0x650318629fad - __rustc[ea4f61d10b84890b]::rust_begin_unwind
[INFO] [stdout]   10:     0x650318668cfc - core[a373ad73a504971]::panicking::panic_fmt
[INFO] [stdout]   11:     0x650318668cc2 - core[a373ad73a504971]::panicking::panic
[INFO] [stdout]   12:     0x65031836c068 - ufo2fontir[eba5562bb271482b]::source::tests::load_designspace
[INFO] [stdout]   13:     0x65031836cf2d - ufo2fontir[eba5562bb271482b]::source::tests::build_static_metadata
[INFO] [stdout]   14:     0x65031836ffeb - <ufo2fontir[eba5562bb271482b]::source::tests::default_panose::{closure#0} as core[a373ad73a504971]::ops::function::FnOnce<()>>::call_once
[INFO] [stdout]   15:     0x65031845d8db - test[aada8e7e76ba119b]::__rust_begin_short_backtrace::<core[a373ad73a504971]::result::Result<(), alloc[2e1b2a31b91974c5]::string::String>, fn() -> core[a373ad73a504971]::result::Result<(), alloc[2e1b2a31b91974c5]::string::String>>
[INFO] [stdout]   16:     0x65031846aab5 - test[aada8e7e76ba119b]::run_test::{closure#0}
[INFO] [stdout]   17:     0x6503184643a4 - std[617be2ca0a6fd877]::sys::backtrace::__rust_begin_short_backtrace::<test[aada8e7e76ba119b]::run_test::{closure#1}, ()>
[INFO] [stdout]   18:     0x65031846db42 - <std[617be2ca0a6fd877]::thread::lifecycle::spawn_unchecked<test[aada8e7e76ba119b]::run_test::{closure#1}, ()>::{closure#1} as core[a373ad73a504971]::ops::function::FnOnce<()>>::call_once::{shim:vtable#0}
[INFO] [stdout]   19:     0x65031864f2ff - <std[617be2ca0a6fd877]::sys::thread::unix::Thread>::new::thread_start
[INFO] [stdout]   20:     0x73c56a7e9dfa - <unknown>
[INFO] [stdout]   21:     0x73c56a87d3d4 - clone
[INFO] [stdout]   22:                0x0 - <unknown>
[INFO] [stdout] 
[INFO] [stdout] ---- source::tests::captures_global_metrics_from_ints stdout ----
[INFO] [stdout] 
[INFO] [stdout] thread 'source::tests::captures_global_metrics_from_ints' (2770) panicked at src/source.rs:2361:9:
[INFO] [stdout] assertion failed: dir.is_dir()
[INFO] [stdout] stack backtrace:
[INFO] [stdout]    0:     0x650318650451 - <<std[617be2ca0a6fd877]::sys::backtrace::BacktraceLock>::print::DisplayBacktrace as core[a373ad73a504971]::fmt::Display>::fmt
[INFO] [stdout]    1:     0x65031866859a - core[a373ad73a504971]::fmt::write
[INFO] [stdout]    2:     0x650318654a7c - <alloc[2e1b2a31b91974c5]::vec::Vec<u8> as core[a373ad73a504971]::io::write::Write>::write_fmt
[INFO] [stdout]    3:     0x6503186292f6 - std[617be2ca0a6fd877]::panicking::default_hook::{closure#0}
[INFO] [stdout]    4:     0x650318646a19 - std[617be2ca0a6fd877]::panicking::default_hook
[INFO] [stdout]    5:     0x65031846a490 - test[aada8e7e76ba119b]::test_main_inner::{closure#0}
[INFO] [stdout]    6:     0x650318646bd2 - std[617be2ca0a6fd877]::panicking::panic_with_hook
[INFO] [stdout]    7:     0x6503186293d4 - std[617be2ca0a6fd877]::panicking::panic_handler::{closure#0}
[INFO] [stdout]    8:     0x650318621d69 - std[617be2ca0a6fd877]::sys::backtrace::__rust_end_short_backtrace::<std[617be2ca0a6fd877]::panicking::panic_handler::{closure#0}, !>
[INFO] [stdout]    9:     0x650318629fad - __rustc[ea4f61d10b84890b]::rust_begin_unwind
[INFO] [stdout]   10:     0x650318668cfc - core[a373ad73a504971]::panicking::panic_fmt
[INFO] [stdout]   11:     0x650318668cc2 - core[a373ad73a504971]::panicking::panic
[INFO] [stdout]   12:     0x65031836c068 - ufo2fontir[eba5562bb271482b]::source::tests::load_designspace
[INFO] [stdout]   13:     0x65031836cf2d - ufo2fontir[eba5562bb271482b]::source::tests::build_static_metadata
[INFO] [stdout]   14:     0x65031836cbdf - ufo2fontir[eba5562bb271482b]::source::tests::build_global_metrics
[INFO] [stdout]   15:     0x65031837f9f8 - <ufo2fontir[eba5562bb271482b]::source::tests::captures_global_metrics_from_ints::{closure#0} as core[a373ad73a504971]::ops::function::FnOnce<()>>::call_once
[INFO] [stdout]   16:     0x65031845d8db - test[aada8e7e76ba119b]::__rust_begin_short_backtrace::<core[a373ad73a504971]::result::Result<(), alloc[2e1b2a31b91974c5]::string::String>, fn() -> core[a373ad73a504971]::result::Result<(), alloc[2e1b2a31b91974c5]::string::String>>
[INFO] [stdout]   17:     0x65031846aab5 - test[aada8e7e76ba119b]::run_test::{closure#0}
[INFO] [stdout]   18:     0x6503184643a4 - std[617be2ca0a6fd877]::sys::backtrace::__rust_begin_short_backtrace::<test[aada8e7e76ba119b]::run_test::{closure#1}, ()>
[INFO] [stdout]   19:     0x65031846db42 - <std[617be2ca0a6fd877]::thread::lifecycle::spawn_unchecked<test[aada8e7e76ba119b]::run_test::{closure#1}, ()>::{closure#1} as core[a373ad73a504971]::ops::function::FnOnce<()>>::call_once::{shim:vtable#0}
[INFO] [stdout]   20:     0x65031864f2ff - <std[617be2ca0a6fd877]::sys::thread::unix::Thread>::new::thread_start
[INFO] [stdout]   21:     0x73c56a7e9dfa - <unknown>
[INFO] [stdout]   22:     0x73c56a87d3d4 - clone
[INFO] [stdout]   23:                0x0 - <unknown>
[INFO] [stdout] 
[INFO] [stdout] ---- source::tests::captures_anchors stdout ----
[INFO] [stdout] 
[INFO] [stdout] thread 'source::tests::captures_anchors' (2767) panicked at src/source.rs:2361:9:
[INFO] [stdout] assertion failed: dir.is_dir()
[INFO] [stdout] stack backtrace:
[INFO] [stdout]    0:     0x650318650451 - <<std[617be2ca0a6fd877]::sys::backtrace::BacktraceLock>::print::DisplayBacktrace as core[a373ad73a504971]::fmt::Display>::fmt
[INFO] [stdout]    1:     0x65031866859a - core[a373ad73a504971]::fmt::write
[INFO] [stdout]    2:     0x650318654a7c - <alloc[2e1b2a31b91974c5]::vec::Vec<u8> as core[a373ad73a504971]::io::write::Write>::write_fmt
[INFO] [stdout]    3:     0x6503186292f6 - std[617be2ca0a6fd877]::panicking::default_hook::{closure#0}
[INFO] [stdout]    4:     0x650318646a19 - std[617be2ca0a6fd877]::panicking::default_hook
[INFO] [stdout]    5:     0x65031846a490 - test[aada8e7e76ba119b]::test_main_inner::{closure#0}
[INFO] [stdout]    6:     0x650318646bd2 - std[617be2ca0a6fd877]::panicking::panic_with_hook
[INFO] [stdout]    7:     0x6503186293d4 - std[617be2ca0a6fd877]::panicking::panic_handler::{closure#0}
[INFO] [stdout]    8:     0x650318621d69 - std[617be2ca0a6fd877]::sys::backtrace::__rust_end_short_backtrace::<std[617be2ca0a6fd877]::panicking::panic_handler::{closure#0}, !>
[INFO] [stdout]    9:     0x650318629fad - __rustc[ea4f61d10b84890b]::rust_begin_unwind
[INFO] [stdout]   10:     0x650318668cfc - core[a373ad73a504971]::panicking::panic_fmt
[INFO] [stdout]   11:     0x650318668cc2 - core[a373ad73a504971]::panicking::panic
[INFO] [stdout]   12:     0x65031836c068 - ufo2fontir[eba5562bb271482b]::source::tests::load_designspace
[INFO] [stdout]   13:     0x65031836cf2d - ufo2fontir[eba5562bb271482b]::source::tests::build_static_metadata
[INFO] [stdout]   14:     0x65031836ac1f - ufo2fontir[eba5562bb271482b]::source::tests::build_glyphs
[INFO] [stdout]   15:     0x65031837101f - <ufo2fontir[eba5562bb271482b]::source::tests::captures_anchors::{closure#0} as core[a373ad73a504971]::ops::function::FnOnce<()>>::call_once
[INFO] [stdout]   16:     0x65031845d8db - test[aada8e7e76ba119b]::__rust_begin_short_backtrace::<core[a373ad73a504971]::result::Result<(), alloc[2e1b2a31b91974c5]::string::String>, fn() -> core[a373ad73a504971]::result::Result<(), alloc[2e1b2a31b91974c5]::string::String>>
[INFO] [stdout]   17:     0x65031846aab5 - test[aada8e7e76ba119b]::run_test::{closure#0}
[INFO] [stdout]   18:     0x6503184643a4 - std[617be2ca0a6fd877]::sys::backtrace::__rust_begin_short_backtrace::<test[aada8e7e76ba119b]::run_test::{closure#1}, ()>
[INFO] [stdout]   19:     0x65031846db42 - <std[617be2ca0a6fd877]::thread::lifecycle::spawn_unchecked<test[aada8e7e76ba119b]::run_test::{closure#1}, ()>::{closure#1} as core[a373ad73a504971]::ops::function::FnOnce<()>>::call_once::{shim:vtable#0}
[INFO] [stdout]   20:     0x65031864f2ff - <std[617be2ca0a6fd877]::sys::thread::unix::Thread>::new::thread_start
[INFO] [stdout]   21:     0x73c56a7e9dfa - <unknown>
[INFO] [stdout]   22:     0x73c56a87d3d4 - clone
[INFO] [stdout]   23:                0x0 - <unknown>
[INFO] [stdout] 
[INFO] [stdout] ---- source::tests::fetches_upem stdout ----
[INFO] [stdout] 
[INFO] [stdout] thread 'source::tests::fetches_upem' (2786) panicked at src/source.rs:2361:9:
[INFO] [stdout] assertion failed: dir.is_dir()
[INFO] [stdout] stack backtrace:
[INFO] [stdout]    0:     0x650318650451 - <<std[617be2ca0a6fd877]::sys::backtrace::BacktraceLock>::print::DisplayBacktrace as core[a373ad73a504971]::fmt::Display>::fmt
[INFO] [stdout]    1:     0x65031866859a - core[a373ad73a504971]::fmt::write
[INFO] [stdout]    2:     0x650318654a7c - <alloc[2e1b2a31b91974c5]::vec::Vec<u8> as core[a373ad73a504971]::io::write::Write>::write_fmt
[INFO] [stdout]    3:     0x6503186292f6 - std[617be2ca0a6fd877]::panicking::default_hook::{closure#0}
[INFO] [stdout]    4:     0x650318646a19 - std[617be2ca0a6fd877]::panicking::default_hook
[INFO] [stdout]    5:     0x65031846a490 - test[aada8e7e76ba119b]::test_main_inner::{closure#0}
[INFO] [stdout]    6:     0x650318646bd2 - std[617be2ca0a6fd877]::panicking::panic_with_hook
[INFO] [stdout]    7:     0x6503186293d4 - std[617be2ca0a6fd877]::panicking::panic_handler::{closure#0}
[INFO] [stdout]    8:     0x650318621d69 - std[617be2ca0a6fd877]::sys::backtrace::__rust_end_short_backtrace::<std[617be2ca0a6fd877]::panicking::panic_handler::{closure#0}, !>
[INFO] [stdout]    9:     0x650318629fad - __rustc[ea4f61d10b84890b]::rust_begin_unwind
[INFO] [stdout]   10:     0x650318668cfc - core[a373ad73a504971]::panicking::panic_fmt
[INFO] [stdout]   11:     0x650318668cc2 - core[a373ad73a504971]::panicking::panic
[INFO] [stdout]   12:     0x65031836c068 - ufo2fontir[eba5562bb271482b]::source::tests::load_designspace
[INFO] [stdout]   13:     0x65031836fc9d - <ufo2fontir[eba5562bb271482b]::source::tests::fetches_upem::{closure#0} as core[a373ad73a504971]::ops::function::FnOnce<()>>::call_once
[INFO] [stdout]   14:     0x65031845d8db - test[aada8e7e76ba119b]::__rust_begin_short_backtrace::<core[a373ad73a504971]::result::Result<(), alloc[2e1b2a31b91974c5]::string::String>, fn() -> core[a373ad73a504971]::result::Result<(), alloc[2e1b2a31b91974c5]::string::String>>
[INFO] [stdout]   15:     0x65031846aab5 - test[aada8e7e76ba119b]::run_test::{closure#0}
[INFO] [stdout]   16:     0x6503184643a4 - std[617be2ca0a6fd877]::sys::backtrace::__rust_begin_short_backtrace::<test[aada8e7e76ba119b]::run_test::{closure#1}, ()>
[INFO] [stdout]   17:     0x65031846db42 - <std[617be2ca0a6fd877]::thread::lifecycle::spawn_unchecked<test[aada8e7e76ba119b]::run_test::{closure#1}, ()>::{closure#1} as core[a373ad73a504971]::ops::function::FnOnce<()>>::call_once::{shim:vtable#0}
[INFO] [stdout]   18:     0x65031864f2ff - <std[617be2ca0a6fd877]::sys::thread::unix::Thread>::new::thread_start
[INFO] [stdout]   19:     0x73c56a7e9dfa - <unknown>
[INFO] [stdout]   20:     0x73c56a87d3d4 - clone
[INFO] [stdout]   21:                0x0 - <unknown>
[INFO] [stdout] 
[INFO] [stdout] ---- source::tests::find_default_master stdout ----
[INFO] [stdout] 
[INFO] [stdout] thread 'source::tests::find_default_master' (2787) panicked at src/source.rs:2361:9:
[INFO] [stdout] assertion failed: dir.is_dir()
[INFO] [stdout] stack backtrace:
[INFO] [stdout]    0:     0x650318650451 - <<std[617be2ca0a6fd877]::sys::backtrace::BacktraceLock>::print::DisplayBacktrace as core[a373ad73a504971]::fmt::Display>::fmt
[INFO] [stdout]    1:     0x65031866859a - core[a373ad73a504971]::fmt::write
[INFO] [stdout]    2:     0x650318654a7c - <alloc[2e1b2a31b91974c5]::vec::Vec<u8> as core[a373ad73a504971]::io::write::Write>::write_fmt
[INFO] [stdout]    3:     0x6503186292f6 - std[617be2ca0a6fd877]::panicking::default_hook::{closure#0}
[INFO] [stdout]    4:     0x650318646a19 - std[617be2ca0a6fd877]::panicking::default_hook
[INFO] [stdout]    5:     0x65031846a490 - test[aada8e7e76ba119b]::test_main_inner::{closure#0}
[INFO] [stdout]    6:     0x650318646bd2 - std[617be2ca0a6fd877]::panicking::panic_with_hook
[INFO] [stdout]    7:     0x6503186293d4 - std[617be2ca0a6fd877]::panicking::panic_handler::{closure#0}
[INFO] [stdout]    8:     0x650318621d69 - std[617be2ca0a6fd877]::sys::backtrace::__rust_end_short_backtrace::<std[617be2ca0a6fd877]::panicking::panic_handler::{closure#0}, !>
[INFO] [stdout]    9:     0x650318629fad - __rustc[ea4f61d10b84890b]::rust_begin_unwind
[INFO] [stdout]   10:     0x650318668cfc - core[a373ad73a504971]::panicking::panic_fmt
[INFO] [stdout]   11:     0x650318668cc2 - core[a373ad73a504971]::panicking::panic
[INFO] [stdout]   12:     0x65031836c068 - ufo2fontir[eba5562bb271482b]::source::tests::load_designspace
[INFO] [stdout]   13:     0x650318371d38 - <ufo2fontir[eba5562bb271482b]::source::tests::find_default_master::{closure#0} as core[a373ad73a504971]::ops::function::FnOnce<()>>::call_once
[INFO] [stdout]   14:     0x65031845d8db - test[aada8e7e76ba119b]::__rust_begin_short_backtrace::<core[a373ad73a504971]::result::Result<(), alloc[2e1b2a31b91974c5]::string::String>, fn() -> core[a373ad73a504971]::result::Result<(), alloc[2e1b2a31b91974c5]::string::String>>
[INFO] [stdout]   15:     0x65031846aab5 - test[aada8e7e76ba119b]::run_test::{closure#0}
[INFO] [stdout]   16:     0x6503184643a4 - std[617be2ca0a6fd877]::sys::backtrace::__rust_begin_short_backtrace::<test[aada8e7e76ba119b]::run_test::{closure#1}, ()>
[INFO] [stdout]   17:     0x65031846db42 - <std[617be2ca0a6fd877]::thread::lifecycle::spawn_unchecked<test[aada8e7e76ba119b]::run_test::{closure#1}, ()>::{closure#1} as core[a373ad73a504971]::ops::function::FnOnce<()>>::call_once::{shim:vtable#0}
[INFO] [stdout]   18:     0x65031864f2ff - <std[617be2ca0a6fd877]::sys::thread::unix::Thread>::new::thread_start
[INFO] [stdout]   19:     0x73c56a7e9dfa - <unknown>
[INFO] [stdout]   20:     0x73c56a87d3d4 - clone
[INFO] [stdout]   21:                0x0 - <unknown>
[INFO] [stdout] 
[INFO] [stdout] ---- source::tests::captures_global_metrics stdout ----
[INFO] [stdout] 
[INFO] [stdout] thread 'source::tests::captures_global_metrics' (2768) panicked at src/source.rs:2361:9:
[INFO] [stdout] assertion failed: dir.is_dir()
[INFO] [stdout] stack backtrace:
[INFO] [stdout]    0:     0x650318650451 - <<std[617be2ca0a6fd877]::sys::backtrace::BacktraceLock>::print::DisplayBacktrace as core[a373ad73a504971]::fmt::Display>::fmt
[INFO] [stdout]    1:     0x65031866859a - core[a373ad73a504971]::fmt::write
[INFO] [stdout]    2:     0x650318654a7c - <alloc[2e1b2a31b91974c5]::vec::Vec<u8> as core[a373ad73a504971]::io::write::Write>::write_fmt
[INFO] [stdout]    3:     0x6503186292f6 - std[617be2ca0a6fd877]::panicking::default_hook::{closure#0}
[INFO] [stdout]    4:     0x650318646a19 - std[617be2ca0a6fd877]::panicking::default_hook
[INFO] [stdout]    5:     0x65031846a490 - test[aada8e7e76ba119b]::test_main_inner::{closure#0}
[INFO] [stdout]    6:     0x650318646bd2 - std[617be2ca0a6fd877]::panicking::panic_with_hook
[INFO] [stdout]    7:     0x6503186293d4 - std[617be2ca0a6fd877]::panicking::panic_handler::{closure#0}
[INFO] [stdout]    8:     0x650318621d69 - std[617be2ca0a6fd877]::sys::backtrace::__rust_end_short_backtrace::<std[617be2ca0a6fd877]::panicking::panic_handler::{closure#0}, !>
[INFO] [stdout]    9:     0x650318629fad - __rustc[ea4f61d10b84890b]::rust_begin_unwind
[INFO] [stdout]   10:     0x650318668cfc - core[a373ad73a504971]::panicking::panic_fmt
[INFO] [stdout]   11:     0x650318668cc2 - core[a373ad73a504971]::panicking::panic
[INFO] [stdout]   12:     0x65031836c068 - ufo2fontir[eba5562bb271482b]::source::tests::load_designspace
[INFO] [stdout]   13:     0x65031836cf2d - ufo2fontir[eba5562bb271482b]::source::tests::build_static_metadata
[INFO] [stdout]   14:     0x65031836cbdf - ufo2fontir[eba5562bb271482b]::source::tests::build_global_metrics
[INFO] [stdout]   15:     0x6503183732cf - <ufo2fontir[eba5562bb271482b]::source::tests::captures_global_metrics::{closure#0} as core[a373ad73a504971]::ops::function::FnOnce<()>>::call_once
[INFO] [stdout]   16:     0x65031845d8db - test[aada8e7e76ba119b]::__rust_begin_short_backtrace::<core[a373ad73a504971]::result::Result<(), alloc[2e1b2a31b91974c5]::string::String>, fn() -> core[a373ad73a504971]::result::Result<(), alloc[2e1b2a31b91974c5]::string::String>>
[INFO] [stdout]   17:     0x65031846aab5 - test[aada8e7e76ba119b]::run_test::{closure#0}
[INFO] [stdout]   18:     0x6503184643a4 - std[617be2ca0a6fd877]::sys::backtrace::__rust_begin_short_backtrace::<test[aada8e7e76ba119b]::run_test::{closure#1}, ()>
[INFO] [stdout]   19:     0x65031846db42 - <std[617be2ca0a6fd877]::thread::lifecycle::spawn_unchecked<test[aada8e7e76ba119b]::run_test::{closure#1}, ()>::{closure#1} as core[a373ad73a504971]::ops::function::FnOnce<()>>::call_once::{shim:vtable#0}
[INFO] [stdout]   20:     0x65031864f2ff - <std[617be2ca0a6fd877]::sys::thread::unix::Thread>::new::thread_start
[INFO] [stdout]   21:     0x73c56a7e9dfa - <unknown>
[INFO] [stdout]   22:     0x73c56a87d3d4 - clone
[INFO] [stdout]   23:                0x0 - <unknown>
[INFO] [stdout] 
[INFO] [stdout] ---- source::tests::duplicate_feature_writers_is_error stdout ----
[INFO] [stdout] 
[INFO] [stdout] thread 'source::tests::duplicate_feature_writers_is_error' (2781) panicked at src/source.rs:2361:9:
[INFO] [stdout] assertion failed: dir.is_dir()
[INFO] [stdout] stack backtrace:
[INFO] [stdout]    0:     0x650318650451 - <<std[617be2ca0a6fd877]::sys::backtrace::BacktraceLock>::print::DisplayBacktrace as core[a373ad73a504971]::fmt::Display>::fmt
[INFO] [stdout]    1:     0x65031866859a - core[a373ad73a504971]::fmt::write
[INFO] [stdout]    2:     0x650318654a7c - <alloc[2e1b2a31b91974c5]::vec::Vec<u8> as core[a373ad73a504971]::io::write::Write>::write_fmt
[INFO] [stdout]    3:     0x6503186292f6 - std[617be2ca0a6fd877]::panicking::default_hook::{closure#0}
[INFO] [stdout]    4:     0x650318646a19 - std[617be2ca0a6fd877]::panicking::default_hook
[INFO] [stdout]    5:     0x65031846a490 - test[aada8e7e76ba119b]::test_main_inner::{closure#0}
[INFO] [stdout]    6:     0x650318646bd2 - std[617be2ca0a6fd877]::panicking::panic_with_hook
[INFO] [stdout]    7:     0x6503186293d4 - std[617be2ca0a6fd877]::panicking::panic_handler::{closure#0}
[INFO] [stdout]    8:     0x650318621d69 - std[617be2ca0a6fd877]::sys::backtrace::__rust_end_short_backtrace::<std[617be2ca0a6fd877]::panicking::panic_handler::{closure#0}, !>
[INFO] [stdout]    9:     0x650318629fad - __rustc[ea4f61d10b84890b]::rust_begin_unwind
[INFO] [stdout]   10:     0x650318668cfc - core[a373ad73a504971]::panicking::panic_fmt
[INFO] [stdout]   11:     0x650318668cc2 - core[a373ad73a504971]::panicking::panic
[INFO] [stdout]   12:     0x65031836c068 - ufo2fontir[eba5562bb271482b]::source::tests::load_designspace
[INFO] [stdout]   13:     0x65031836d9ce - ufo2fontir[eba5562bb271482b]::source::tests::static_metadata_with_feature_writers
[INFO] [stdout]   14:     0x6503183807f0 - <ufo2fontir[eba5562bb271482b]::source::tests::duplicate_feature_writers_is_error::{closure#0} as core[a373ad73a504971]::ops::function::FnOnce<()>>::call_once
[INFO] [stdout]   15:     0x65031845d8db - test[aada8e7e76ba119b]::__rust_begin_short_backtrace::<core[a373ad73a504971]::result::Result<(), alloc[2e1b2a31b91974c5]::string::String>, fn() -> core[a373ad73a504971]::result::Result<(), alloc[2e1b2a31b91974c5]::string::String>>
[INFO] [stdout]   16:     0x65031846aab5 - test[aada8e7e76ba119b]::run_test::{closure#0}
[INFO] [stdout]   17:     0x6503184643a4 - std[617be2ca0a6fd877]::sys::backtrace::__rust_begin_short_backtrace::<test[aada8e7e76ba119b]::run_test::{closure#1}, ()>
[INFO] [stdout]   18:     0x65031846db42 - <std[617be2ca0a6fd877]::thread::lifecycle::spawn_unchecked<test[aada8e7e76ba119b]::run_test::{closure#1}, ()>::{closure#1} as core[a373ad73a504971]::ops::function::FnOnce<()>>::call_once::{shim:vtable#0}
[INFO] [stdout]   19:     0x65031864f2ff - <std[617be2ca0a6fd877]::sys::thread::unix::Thread>::new::thread_start
[INFO] [stdout]   20:     0x73c56a7e9dfa - <unknown>
[INFO] [stdout]   21:     0x73c56a87d3d4 - clone
[INFO] [stdout]   22:                0x0 - <unknown>
[INFO] [stdout] 
[INFO] [stdout] ---- source::tests::colrv0_from_ufo stdout ----
[INFO] [stdout] 
[INFO] [stdout] thread 'source::tests::colrv0_from_ufo' (2772) panicked at src/source.rs:2361:9:
[INFO] [stdout] assertion failed: dir.is_dir()
[INFO] [stdout] stack backtrace:
[INFO] [stdout]    0:     0x650318650451 - <<std[617be2ca0a6fd877]::sys::backtrace::BacktraceLock>::print::DisplayBacktrace as core[a373ad73a504971]::fmt::Display>::fmt
[INFO] [stdout]    1:     0x65031866859a - core[a373ad73a504971]::fmt::write
[INFO] [stdout]    2:     0x650318654a7c - <alloc[2e1b2a31b91974c5]::vec::Vec<u8> as core[a373ad73a504971]::io::write::Write>::write_fmt
[INFO] [stdout]    3:     0x6503186292f6 - std[617be2ca0a6fd877]::panicking::default_hook::{closure#0}
[INFO] [stdout]    4:     0x650318646a19 - std[617be2ca0a6fd877]::panicking::default_hook
[INFO] [stdout]    5:     0x65031846a490 - test[aada8e7e76ba119b]::test_main_inner::{closure#0}
[INFO] [stdout]    6:     0x650318646bd2 - std[617be2ca0a6fd877]::panicking::panic_with_hook
[INFO] [stdout]    7:     0x6503186293d4 - std[617be2ca0a6fd877]::panicking::panic_handler::{closure#0}
[INFO] [stdout]    8:     0x650318621d69 - std[617be2ca0a6fd877]::sys::backtrace::__rust_end_short_backtrace::<std[617be2ca0a6fd877]::panicking::panic_handler::{closure#0}, !>
[INFO] [stdout]    9:     0x650318629fad - __rustc[ea4f61d10b84890b]::rust_begin_unwind
[INFO] [stdout]   10:     0x650318668cfc - core[a373ad73a504971]::panicking::panic_fmt
[INFO] [stdout]   11:     0x650318668cc2 - core[a373ad73a504971]::panicking::panic
[INFO] [stdout]   12:     0x65031836c068 - ufo2fontir[eba5562bb271482b]::source::tests::load_designspace
[INFO] [stdout]   13:     0x65031836cf2d - ufo2fontir[eba5562bb271482b]::source::tests::build_static_metadata
[INFO] [stdout]   14:     0x65031836a746 - ufo2fontir[eba5562bb271482b]::source::tests::build_color
[INFO] [stdout]   15:     0x6503183704fc - <ufo2fontir[eba5562bb271482b]::source::tests::colrv0_from_ufo::{closure#0} as core[a373ad73a504971]::ops::function::FnOnce<()>>::call_once
[INFO] [stdout]   16:     0x65031845d8db - test[aada8e7e76ba119b]::__rust_begin_short_backtrace::<core[a373ad73a504971]::result::Result<(), alloc[2e1b2a31b91974c5]::string::String>, fn() -> core[a373ad73a504971]::result::Result<(), alloc[2e1b2a31b91974c5]::string::String>>
[INFO] [stdout]   17:     0x65031846aab5 - test[aada8e7e76ba119b]::run_test::{closure#0}
[INFO] [stdout]   18:     0x6503184643a4 - std[617be2ca0a6fd877]::sys::backtrace::__rust_begin_short_backtrace::<test[aada8e7e76ba119b]::run_test::{closure#1}, ()>
[INFO] [stdout]   19:     0x65031846db42 - <std[617be2ca0a6fd877]::thread::lifecycle::spawn_unchecked<test[aada8e7e76ba119b]::run_test::{closure#1}, ()>::{closure#1} as core[a373ad73a504971]::ops::function::FnOnce<()>>::call_once::{shim:vtable#0}
[INFO] [stdout]   20:     0x65031864f2ff - <std[617be2ca0a6fd877]::sys::thread::unix::Thread>::new::thread_start
[INFO] [stdout]   21:     0x73c56a7e9dfa - <unknown>
[INFO] [stdout]   22:     0x73c56a87d3d4 - clone
[INFO] [stdout]   23:                0x0 - <unknown>
[INFO] [stdout] 
[INFO] [stdout] ---- source::tests::create_sparse_work stdout ----
[INFO] [stdout] 
[INFO] [stdout] thread 'source::tests::create_sparse_work' (2774) panicked at src/source.rs:2361:9:
[INFO] [stdout] assertion failed: dir.is_dir()
[INFO] [stdout] stack backtrace:
[INFO] [stdout]    0:     0x650318650451 - <<std[617be2ca0a6fd877]::sys::backtrace::BacktraceLock>::print::DisplayBacktrace as core[a373ad73a504971]::fmt::Display>::fmt
[INFO] [stdout]    1:     0x65031866859a - core[a373ad73a504971]::fmt::write
[INFO] [stdout]    2:     0x650318654a7c - <alloc[2e1b2a31b91974c5]::vec::Vec<u8> as core[a373ad73a504971]::io::write::Write>::write_fmt
[INFO] [stdout]    3:     0x6503186292f6 - std[617be2ca0a6fd877]::panicking::default_hook::{closure#0}
[INFO] [stdout]    4:     0x650318646a19 - std[617be2ca0a6fd877]::panicking::default_hook
[INFO] [stdout]    5:     0x65031846a490 - test[aada8e7e76ba119b]::test_main_inner::{closure#0}
[INFO] [stdout]    6:     0x650318646bd2 - std[617be2ca0a6fd877]::panicking::panic_with_hook
[INFO] [stdout]    7:     0x6503186293d4 - std[617be2ca0a6fd877]::panicking::panic_handler::{closure#0}
[INFO] [stdout]    8:     0x650318621d69 - std[617be2ca0a6fd877]::sys::backtrace::__rust_end_short_backtrace::<std[617be2ca0a6fd877]::panicking::panic_handler::{closure#0}, !>
[INFO] [stdout]    9:     0x650318629fad - __rustc[ea4f61d10b84890b]::rust_begin_unwind
[INFO] [stdout]   10:     0x650318668cfc - core[a373ad73a504971]::panicking::panic_fmt
[INFO] [stdout]   11:     0x650318668cc2 - core[a373ad73a504971]::panicking::panic
[INFO] [stdout]   12:     0x65031836c068 - ufo2fontir[eba5562bb271482b]::source::tests::load_designspace
[INFO] [stdout]   13:     0x650318371a08 - <ufo2fontir[eba5562bb271482b]::source::tests::create_sparse_work::{closure#0} as core[a373ad73a504971]::ops::function::FnOnce<()>>::call_once
[INFO] [stdout]   14:     0x65031845d8db - test[aada8e7e76ba119b]::__rust_begin_short_backtrace::<core[a373ad73a504971]::result::Result<(), alloc[2e1b2a31b91974c5]::string::String>, fn() -> core[a373ad73a504971]::result::Result<(), alloc[2e1b2a31b91974c5]::string::String>>
[INFO] [stdout]   15:     0x65031846aab5 - test[aada8e7e76ba119b]::run_test::{closure#0}
[INFO] [stdout]   16:     0x6503184643a4 - std[617be2ca0a6fd877]::sys::backtrace::__rust_begin_short_backtrace::<test[aada8e7e76ba119b]::run_test::{closure#1}, ()>
[INFO] [stdout]   17:     0x65031846db42 - <std[617be2ca0a6fd877]::thread::lifecycle::spawn_unchecked<test[aada8e7e76ba119b]::run_test::{closure#1}, ()>::{closure#1} as core[a373ad73a504971]::ops::function::FnOnce<()>>::call_once::{shim:vtable#0}
[INFO] [stdout]   18:     0x65031864f2ff - <std[617be2ca0a6fd877]::sys::thread::unix::Thread>::new::thread_start
[INFO] [stdout]   19:     0x73c56a7e9dfa - <unknown>
[INFO] [stdout]   20:     0x73c56a87d3d4 - clone
[INFO] [stdout]   21:                0x0 - <unknown>
[INFO] [stdout] 
[INFO] [stdout] ---- source::tests::decompose_transformed_components_filter_sets_flag stdout ----
[INFO] [stdout] 
[INFO] [stdout] thread 'source::tests::decompose_transformed_components_filter_sets_flag' (2777) panicked at src/source.rs:2361:9:
[INFO] [stdout] assertion failed: dir.is_dir()
[INFO] [stdout] stack backtrace:
[INFO] [stdout]    0:     0x650318650451 - <<std[617be2ca0a6fd877]::sys::backtrace::BacktraceLock>::print::DisplayBacktrace as core[a373ad73a504971]::fmt::Display>::fmt
[INFO] [stdout]    1:     0x65031866859a - core[a373ad73a504971]::fmt::write
[INFO] [stdout]    2:     0x650318654a7c - <alloc[2e1b2a31b91974c5]::vec::Vec<u8> as core[a373ad73a504971]::io::write::Write>::write_fmt
[INFO] [stdout]    3:     0x6503186292f6 - std[617be2ca0a6fd877]::panicking::default_hook::{closure#0}
[INFO] [stdout]    4:     0x650318646a19 - std[617be2ca0a6fd877]::panicking::default_hook
[INFO] [stdout]    5:     0x65031846a490 - test[aada8e7e76ba119b]::test_main_inner::{closure#0}
[INFO] [stdout]    6:     0x650318646bd2 - std[617be2ca0a6fd877]::panicking::panic_with_hook
[INFO] [stdout]    7:     0x6503186293d4 - std[617be2ca0a6fd877]::panicking::panic_handler::{closure#0}
[INFO] [stdout]    8:     0x650318621d69 - std[617be2ca0a6fd877]::sys::backtrace::__rust_end_short_backtrace::<std[617be2ca0a6fd877]::panicking::panic_handler::{closure#0}, !>
[INFO] [stdout]    9:     0x650318629fad - __rustc[ea4f61d10b84890b]::rust_begin_unwind
[INFO] [stdout]   10:     0x650318668cfc - core[a373ad73a504971]::panicking::panic_fmt
[INFO] [stdout]   11:     0x650318668cc2 - core[a373ad73a504971]::panicking::panic
[INFO] [stdout]   12:     0x65031836c068 - ufo2fontir[eba5562bb271482b]::source::tests::load_designspace
[INFO] [stdout]   13:     0x650318389381 - <ufo2fontir[eba5562bb271482b]::source::tests::decompose_transformed_components_filter_sets_flag::{closure#0} as core[a373ad73a504971]::ops::function::FnOnce<()>>::call_once
[INFO] [stdout]   14:     0x65031845d8db - test[aada8e7e76ba119b]::__rust_begin_short_backtrace::<core[a373ad73a504971]::result::Result<(), alloc[2e1b2a31b91974c5]::string::String>, fn() -> core[a373ad73a504971]::result::Result<(), alloc[2e1b2a31b91974c5]::string::String>>
[INFO] [stdout]   15:     0x65031846aab5 - test[aada8e7e76ba119b]::run_test::{closure#0}
[INFO] [stdout]   16:     0x6503184643a4 - std[617be2ca0a6fd877]::sys::backtrace::__rust_begin_short_backtrace::<test[aada8e7e76ba119b]::run_test::{closure#1}, ()>
[INFO] [stdout]   17:     0x65031846db42 - <std[617be2ca0a6fd877]::thread::lifecycle::spawn_unchecked<test[aada8e7e76ba119b]::run_test::{closure#1}, ()>::{closure#1} as core[a373ad73a504971]::ops::function::FnOnce<()>>::call_once::{shim:vtable#0}
[INFO] [stdout]   18:     0x65031864f2ff - <std[617be2ca0a6fd877]::sys::thread::unix::Thread>::new::thread_start
[INFO] [stdout]   19:     0x73c56a7e9dfa - <unknown>
[INFO] [stdout]   20:     0x73c56a87d3d4 - clone
[INFO] [stdout]   21:                0x0 - <unknown>
[INFO] [stdout] 
[INFO] [stdout] ---- source::tests::fixed_pitch_on stdout ----
[INFO] [stdout] 
[INFO] [stdout] thread 'source::tests::fixed_pitch_on' (2789) panicked at src/source.rs:2361:9:
[INFO] [stdout] assertion failed: dir.is_dir()
[INFO] [stdout] stack backtrace:
[INFO] [stdout]    0:     0x650318650451 - <<std[617be2ca0a6fd877]::sys::backtrace::BacktraceLock>::print::DisplayBacktrace as core[a373ad73a504971]::fmt::Display>::fmt
[INFO] [stdout]    1:     0x65031866859a - core[a373ad73a504971]::fmt::write
[INFO] [stdout]    2:     0x650318654a7c - <alloc[2e1b2a31b91974c5]::vec::Vec<u8> as core[a373ad73a504971]::io::write::Write>::write_fmt
[INFO] [stdout]    3:     0x6503186292f6 - std[617be2ca0a6fd877]::panicking::default_hook::{closure#0}
[INFO] [stdout]    4:     0x650318646a19 - std[617be2ca0a6fd877]::panicking::default_hook
[INFO] [stdout]    5:     0x65031846a490 - test[aada8e7e76ba119b]::test_main_inner::{closure#0}
[INFO] [stdout]    6:     0x650318646bd2 - std[617be2ca0a6fd877]::panicking::panic_with_hook
[INFO] [stdout]    7:     0x6503186293d4 - std[617be2ca0a6fd877]::panicking::panic_handler::{closure#0}
[INFO] [stdout]    8:     0x650318621d69 - std[617be2ca0a6fd877]::sys::backtrace::__rust_end_short_backtrace::<std[617be2ca0a6fd877]::panicking::panic_handler::{closure#0}, !>
[INFO] [stdout]    9:     0x650318629fad - __rustc[ea4f61d10b84890b]::rust_begin_unwind
[INFO] [stdout]   10:     0x650318668cfc - core[a373ad73a504971]::panicking::panic_fmt
[INFO] [stdout]   11:     0x650318668cc2 - core[a373ad73a504971]::panicking::panic
[INFO] [stdout]   12:     0x65031836c068 - ufo2fontir[eba5562bb271482b]::source::tests::load_designspace
[INFO] [stdout]   13:     0x65031836cf2d - ufo2fontir[eba5562bb271482b]::source::tests::build_static_metadata
[INFO] [stdout]   14:     0x65031836ba63 - ufo2fontir[eba5562bb271482b]::source::tests::fixed_pitch_of
[INFO] [stdout]   15:     0x650318370109 - <ufo2fontir[eba5562bb271482b]::source::tests::fixed_pitch_on::{closure#0} as core[a373ad73a504971]::ops::function::FnOnce<()>>::call_once
[INFO] [stdout]   16:     0x65031845d8db - test[aada8e7e76ba119b]::__rust_begin_short_backtrace::<core[a373ad73a504971]::result::Result<(), alloc[2e1b2a31b91974c5]::string::String>, fn() -> core[a373ad73a504971]::result::Result<(), alloc[2e1b2a31b91974c5]::string::String>>
[INFO] [stdout]   17:     0x65031846aab5 - test[aada8e7e76ba119b]::run_test::{closure#0}
[INFO] [stdout]   18:     0x6503184643a4 - std[617be2ca0a6fd877]::sys::backtrace::__rust_begin_short_backtrace::<test[aada8e7e76ba119b]::run_test::{closure#1}, ()>
[INFO] [stdout]   19:     0x65031846db42 - <std[617be2ca0a6fd877]::thread::lifecycle::spawn_unchecked<test[aada8e7e76ba119b]::run_test::{closure#1}, ()>::{closure#1} as core[a373ad73a504971]::ops::function::FnOnce<()>>::call_once::{shim:vtable#0}
[INFO] [stdout]   20:     0x65031864f2ff - <std[617be2ca0a6fd877]::sys::thread::unix::Thread>::new::thread_start
[INFO] [stdout]   21:     0x73c56a7e9dfa - <unknown>
[INFO] [stdout]   22:     0x73c56a87d3d4 - clone
[INFO] [stdout]   23:                0x0 - <unknown>
[INFO] [stdout] 
[INFO] [stdout] ---- source::tests::global_locations stdout ----
[INFO] [stdout] 
[INFO] [stdout] thread 'source::tests::global_locations' (2790) panicked at src/source.rs:2361:9:
[INFO] [stdout] assertion failed: dir.is_dir()
[INFO] [stdout] stack backtrace:
[INFO] [stdout]    0:     0x650318650451 - <<std[617be2ca0a6fd877]::sys::backtrace::BacktraceLock>::print::DisplayBacktrace as core[a373ad73a504971]::fmt::Display>::fmt
[INFO] [stdout]    1:     0x65031866859a - core[a373ad73a504971]::fmt::write
[INFO] [stdout]    2:     0x650318654a7c - <alloc[2e1b2a31b91974c5]::vec::Vec<u8> as core[a373ad73a504971]::io::write::Write>::write_fmt
[INFO] [stdout]    3:     0x6503186292f6 - std[617be2ca0a6fd877]::panicking::default_hook::{closure#0}
[INFO] [stdout]    4:     0x650318646a19 - std[617be2ca0a6fd877]::panicking::default_hook
[INFO] [stdout]    5:     0x65031846a490 - test[aada8e7e76ba119b]::test_main_inner::{closure#0}
[INFO] [stdout]    6:     0x650318646bd2 - std[617be2ca0a6fd877]::panicking::panic_with_hook
[INFO] [stdout]    7:     0x6503186293d4 - std[617be2ca0a6fd877]::panicking::panic_handler::{closure#0}
[INFO] [stdout]    8:     0x650318621d69 - std[617be2ca0a6fd877]::sys::backtrace::__rust_end_short_backtrace::<std[617be2ca0a6fd877]::panicking::panic_handler::{closure#0}, !>
[INFO] [stdout]    9:     0x650318629fad - __rustc[ea4f61d10b84890b]::rust_begin_unwind
[INFO] [stdout]   10:     0x650318668cfc - core[a373ad73a504971]::panicking::panic_fmt
[INFO] [stdout]   11:     0x650318668cc2 - core[a373ad73a504971]::panicking::panic
[INFO] [stdout]   12:     0x65031836c068 - ufo2fontir[eba5562bb271482b]::source::tests::load_designspace
[INFO] [stdout]   13:     0x65031836cf2d - ufo2fontir[eba5562bb271482b]::source::tests::build_static_metadata
[INFO] [stdout]   14:     0x6503183716dd - <ufo2fontir[eba5562bb271482b]::source::tests::global_locations::{closure#0} as core[a373ad73a504971]::ops::function::FnOnce<()>>::call_once
[INFO] [stdout]   15:     0x65031845d8db - test[aada8e7e76ba119b]::__rust_begin_short_backtrace::<core[a373ad73a504971]::result::Result<(), alloc[2e1b2a31b91974c5]::string::String>, fn() -> core[a373ad73a504971]::result::Result<(), alloc[2e1b2a31b91974c5]::string::String>>
[INFO] [stdout]   16:     0x65031846aab5 - test[aada8e7e76ba119b]::run_test::{closure#0}
[INFO] [stdout]   17:     0x6503184643a4 - std[617be2ca0a6fd877]::sys::backtrace::__rust_begin_short_backtrace::<test[aada8e7e76ba119b]::run_test::{closure#1}, ()>
[INFO] [stdout]   18:     0x65031846db42 - <std[617be2ca0a6fd877]::thread::lifecycle::spawn_unchecked<test[aada8e7e76ba119b]::run_test::{closure#1}, ()>::{closure#1} as core[a373ad73a504971]::ops::function::FnOnce<()>>::call_once::{shim:vtable#0}
[INFO] [stdout]   19:     0x65031864f2ff - <std[617be2ca0a6fd877]::sys::thread::unix::Thread>::new::thread_start
[INFO] [stdout]   20:     0x73c56a7e9dfa - <unknown>
[INFO] [stdout]   21:     0x73c56a87d3d4 - clone
[INFO] [stdout]   22:                0x0 - <unknown>
[INFO] [stdout] 
[INFO] [stdout] ---- source::tests::default_names_for_minimal stdout ----
[INFO] [stdout] 
[INFO] [stdout] thread 'source::tests::default_names_for_minimal' (2779) panicked at src/source.rs:2361:9:
[INFO] [stdout] assertion failed: dir.is_dir()
[INFO] [stdout] stack backtrace:
[INFO] [stdout]    0:     0x650318650451 - <<std[617be2ca0a6fd877]::sys::backtrace::BacktraceLock>::print::DisplayBacktrace as core[a373ad73a504971]::fmt::Display>::fmt
[INFO] [stdout]    1:     0x65031866859a - core[a373ad73a504971]::fmt::write
[INFO] [stdout]    2:     0x650318654a7c - <alloc[2e1b2a31b91974c5]::vec::Vec<u8> as core[a373ad73a504971]::io::write::Write>::write_fmt
[INFO] [stdout]    3:     0x6503186292f6 - std[617be2ca0a6fd877]::panicking::default_hook::{closure#0}
[INFO] [stdout]    4:     0x650318646a19 - std[617be2ca0a6fd877]::panicking::default_hook
[INFO] [stdout]    5:     0x65031846a490 - test[aada8e7e76ba119b]::test_main_inner::{closure#0}
[INFO] [stdout]    6:     0x650318646bd2 - std[617be2ca0a6fd877]::panicking::panic_with_hook
[INFO] [stdout]    7:     0x6503186293d4 - std[617be2ca0a6fd877]::panicking::panic_handler::{closure#0}
[INFO] [stdout]    8:     0x650318621d69 - std[617be2ca0a6fd877]::sys::backtrace::__rust_end_short_backtrace::<std[617be2ca0a6fd877]::panicking::panic_handler::{closure#0}, !>
[INFO] [stdout]    9:     0x650318629fad - __rustc[ea4f61d10b84890b]::rust_begin_unwind
[INFO] [stdout]   10:     0x650318668cfc - core[a373ad73a504971]::panicking::panic_fmt
[INFO] [stdout]   11:     0x650318668cc2 - core[a373ad73a504971]::panicking::panic
[INFO] [stdout]   12:     0x65031836c068 - ufo2fontir[eba5562bb271482b]::source::tests::load_designspace
[INFO] [stdout]   13:     0x6503183750dc - <ufo2fontir[eba5562bb271482b]::source::tests::default_names_for_minimal::{closure#0} as core[a373ad73a504971]::ops::function::FnOnce<()>>::call_once
[INFO] [stdout]   14:     0x65031845d8db - test[aada8e7e76ba119b]::__rust_begin_short_backtrace::<core[a373ad73a504971]::result::Result<(), alloc[2e1b2a31b91974c5]::string::String>, fn() -> core[a373ad73a504971]::result::Result<(), alloc[2e1b2a31b91974c5]::string::String>>
[INFO] [stdout]   15:     0x65031846aab5 - test[aada8e7e76ba119b]::run_test::{closure#0}
[INFO] [stdout]   16:     0x6503184643a4 - std[617be2ca0a6fd877]::sys::backtrace::__rust_begin_short_backtrace::<test[aada8e7e76ba119b]::run_test::{closure#1}, ()>
[INFO] [stdout]   17:     0x65031846db42 - <std[617be2ca0a6fd877]::thread::lifecycle::spawn_unchecked<test[aada8e7e76ba119b]::run_test::{closure#1}, ()>::{closure#1} as core[a373ad73a504971]::ops::function::FnOnce<()>>::call_once::{shim:vtable#0}
[INFO] [stdout]   18:     0x65031864f2ff - <std[617be2ca0a6fd877]::sys::thread::unix::Thread>::new::thread_start
[INFO] [stdout]   19:     0x73c56a7e9dfa - <unknown>
[INFO] [stdout]   20:     0x73c56a87d3d4 - clone
[INFO] [stdout]   21:                0x0 - <unknown>
[INFO] [stdout] 
[INFO] [stdout] ---- source::tests::colrv0_multi_palette stdout ----
[INFO] [stdout] 
[INFO] [stdout] thread 'source::tests::colrv0_multi_palette' (2773) panicked at src/source.rs:2361:9:
[INFO] [stdout] assertion failed: dir.is_dir()
[INFO] [stdout] stack backtrace:
[INFO] [stdout]    0:     0x650318650451 - <<std[617be2ca0a6fd877]::sys::backtrace::BacktraceLock>::print::DisplayBacktrace as core[a373ad73a504971]::fmt::Display>::fmt
[INFO] [stdout]    1:     0x65031866859a - core[a373ad73a504971]::fmt::write
[INFO] [stdout]    2:     0x650318654a7c - <alloc[2e1b2a31b91974c5]::vec::Vec<u8> as core[a373ad73a504971]::io::write::Write>::write_fmt
[INFO] [stdout]    3:     0x6503186292f6 - std[617be2ca0a6fd877]::panicking::default_hook::{closure#0}
[INFO] [stdout]    4:     0x650318646a19 - std[617be2ca0a6fd877]::panicking::default_hook
[INFO] [stdout]    5:     0x65031846a490 - test[aada8e7e76ba119b]::test_main_inner::{closure#0}
[INFO] [stdout]    6:     0x650318646bd2 - std[617be2ca0a6fd877]::panicking::panic_with_hook
[INFO] [stdout]    7:     0x6503186293d4 - std[617be2ca0a6fd877]::panicking::panic_handler::{closure#0}
[INFO] [stdout]    8:     0x650318621d69 - std[617be2ca0a6fd877]::sys::backtrace::__rust_end_short_backtrace::<std[617be2ca0a6fd877]::panicking::panic_handler::{closure#0}, !>
[INFO] [stdout]    9:     0x650318629fad - __rustc[ea4f61d10b84890b]::rust_begin_unwind
[INFO] [stdout]   10:     0x650318668cfc - core[a373ad73a504971]::panicking::panic_fmt
[INFO] [stdout]   11:     0x650318668cc2 - core[a373ad73a504971]::panicking::panic
[INFO] [stdout]   12:     0x65031836c068 - ufo2fontir[eba5562bb271482b]::source::tests::load_designspace
[INFO] [stdout]   13:     0x65031836cf2d - ufo2fontir[eba5562bb271482b]::source::tests::build_static_metadata
[INFO] [stdout]   14:     0x65031836a746 - ufo2fontir[eba5562bb271482b]::source::tests::build_color
[INFO] [stdout]   15:     0x65031837230a - <ufo2fontir[eba5562bb271482b]::source::tests::colrv0_multi_palette::{closure#0} as core[a373ad73a504971]::ops::function::FnOnce<()>>::call_once
[INFO] [stdout]   16:     0x65031845d8db - test[aada8e7e76ba119b]::__rust_begin_short_backtrace::<core[a373ad73a504971]::result::Result<(), alloc[2e1b2a31b91974c5]::string::String>, fn() -> core[a373ad73a504971]::result::Result<(), alloc[2e1b2a31b91974c5]::string::String>>
[INFO] [stdout]   17:     0x65031846aab5 - test[aada8e7e76ba119b]::run_test::{closure#0}
[INFO] [stdout]   18:     0x6503184643a4 - std[617be2ca0a6fd877]::sys::backtrace::__rust_begin_short_backtrace::<test[aada8e7e76ba119b]::run_test::{closure#1}, ()>
[INFO] [stdout]   19:     0x65031846db42 - <std[617be2ca0a6fd877]::thread::lifecycle::spawn_unchecked<test[aada8e7e76ba119b]::run_test::{closure#1}, ()>::{closure#1} as core[a373ad73a504971]::ops::function::FnOnce<()>>::call_once::{shim:vtable#0}
[INFO] [stdout]   20:     0x65031864f2ff - <std[617be2ca0a6fd877]::sys::thread::unix::Thread>::new::thread_start
[INFO] [stdout]   21:     0x73c56a7e9dfa - <unknown>
[INFO] [stdout]   22:     0x73c56a87d3d4 - clone
[INFO] [stdout]   23:                0x0 - <unknown>
[INFO] [stdout] 
[INFO] [stdout] ---- source::tests::absent_feature_writers_key_is_none stdout ----
[INFO] [stdout] 
[INFO] [stdout] thread 'source::tests::absent_feature_writers_key_is_none' (2762) panicked at src/source.rs:2361:9:
[INFO] [stdout] assertion failed: dir.is_dir()
[INFO] [stdout] stack backtrace:
[INFO] [stdout]    0:     0x650318650451 - <<std[617be2ca0a6fd877]::sys::backtrace::BacktraceLock>::print::DisplayBacktrace as core[a373ad73a504971]::fmt::Display>::fmt
[INFO] [stdout]    1:     0x65031866859a - core[a373ad73a504971]::fmt::write
[INFO] [stdout]    2:     0x650318654a7c - <alloc[2e1b2a31b91974c5]::vec::Vec<u8> as core[a373ad73a504971]::io::write::Write>::write_fmt
[INFO] [stdout]    3:     0x6503186292f6 - std[617be2ca0a6fd877]::panicking::default_hook::{closure#0}
[INFO] [stdout]    4:     0x650318646a19 - std[617be2ca0a6fd877]::panicking::default_hook
[INFO] [stdout]    5:     0x65031846a490 - test[aada8e7e76ba119b]::test_main_inner::{closure#0}
[INFO] [stdout]    6:     0x650318646bd2 - std[617be2ca0a6fd877]::panicking::panic_with_hook
[INFO] [stdout]    7:     0x6503186293d4 - std[617be2ca0a6fd877]::panicking::panic_handler::{closure#0}
[INFO] [stdout]    8:     0x650318621d69 - std[617be2ca0a6fd877]::sys::backtrace::__rust_end_short_backtrace::<std[617be2ca0a6fd877]::panicking::panic_handler::{closure#0}, !>
[INFO] [stdout]    9:     0x650318629fad - __rustc[ea4f61d10b84890b]::rust_begin_unwind
[INFO] [stdout]   10:     0x650318668cfc - core[a373ad73a504971]::panicking::panic_fmt
[INFO] [stdout]   11:     0x650318668cc2 - core[a373ad73a504971]::panicking::panic
[INFO] [stdout]   12:     0x65031836c068 - ufo2fontir[eba5562bb271482b]::source::tests::load_designspace
[INFO] [stdout]   13:     0x65031836cf2d - ufo2fontir[eba5562bb271482b]::source::tests::build_static_metadata
[INFO] [stdout]   14:     0x65031838020b - <ufo2fontir[eba5562bb271482b]::source::tests::absent_feature_writers_key_is_none::{closure#0} as core[a373ad73a504971]::ops::function::FnOnce<()>>::call_once
[INFO] [stdout]   15:     0x65031845d8db - test[aada8e7e76ba119b]::__rust_begin_short_backtrace::<core[a373ad73a504971]::result::Result<(), alloc[2e1b2a31b91974c5]::string::String>, fn() -> core[a373ad73a504971]::result::Result<(), alloc[2e1b2a31b91974c5]::string::String>>
[INFO] [stdout]   16:     0x65031846aab5 - test[aada8e7e76ba119b]::run_test::{closure#0}
[INFO] [stdout]   17:     0x6503184643a4 - std[617be2ca0a6fd877]::sys::backtrace::__rust_begin_short_backtrace::<test[aada8e7e76ba119b]::run_test::{closure#1}, ()>
[INFO] [stdout]   18:     0x65031846db42 - <std[617be2ca0a6fd877]::thread::lifecycle::spawn_unchecked<test[aada8e7e76ba119b]::run_test::{closure#1}, ()>::{closure#1} as core[a373ad73a504971]::ops::function::FnOnce<()>>::call_once::{shim:vtable#0}
[INFO] [stdout]   19:     0x65031864f2ff - <std[617be2ca0a6fd877]::sys::thread::unix::Thread>::new::thread_start
[INFO] [stdout]   20:     0x73c56a7e9dfa - <unknown>
[INFO] [stdout]   21:     0x73c56a87d3d4 - clone
[INFO] [stdout]   22:                0x0 - <unknown>
[INFO] [stdout] 
[INFO] [stdout] ---- source::tests::basic_feature_variations stdout ----
[INFO] [stdout] 
[INFO] [stdout] thread 'source::tests::basic_feature_variations' (2764) panicked at src/source.rs:2361:9:
[INFO] [stdout] assertion failed: dir.is_dir()
[INFO] [stdout] stack backtrace:
[INFO] [stdout]    0:     0x650318650451 - <<std[617be2ca0a6fd877]::sys::backtrace::BacktraceLock>::print::DisplayBacktrace as core[a373ad73a504971]::fmt::Display>::fmt
[INFO] [stdout]    1:     0x65031866859a - core[a373ad73a504971]::fmt::write
[INFO] [stdout]    2:     0x650318654a7c - <alloc[2e1b2a31b91974c5]::vec::Vec<u8> as core[a373ad73a504971]::io::write::Write>::write_fmt
[INFO] [stdout]    3:     0x6503186292f6 - std[617be2ca0a6fd877]::panicking::default_hook::{closure#0}
[INFO] [stdout]    4:     0x650318646a19 - std[617be2ca0a6fd877]::panicking::default_hook
[INFO] [stdout]    5:     0x65031846a490 - test[aada8e7e76ba119b]::test_main_inner::{closure#0}
[INFO] [stdout]    6:     0x650318646bd2 - std[617be2ca0a6fd877]::panicking::panic_with_hook
[INFO] [stdout]    7:     0x6503186293d4 - std[617be2ca0a6fd877]::panicking::panic_handler::{closure#0}
[INFO] [stdout]    8:     0x650318621d69 - std[617be2ca0a6fd877]::sys::backtrace::__rust_end_short_backtrace::<std[617be2ca0a6fd877]::panicking::panic_handler::{closure#0}, !>
[INFO] [stdout]    9:     0x650318629fad - __rustc[ea4f61d10b84890b]::rust_begin_unwind
[INFO] [stdout]   10:     0x650318668cfc - core[a373ad73a504971]::panicking::panic_fmt
[INFO] [stdout]   11:     0x650318668cc2 - core[a373ad73a504971]::panicking::panic
[INFO] [stdout]   12:     0x65031836c068 - ufo2fontir[eba5562bb271482b]::source::tests::load_designspace
[INFO] [stdout]   13:     0x65031836cf2d - ufo2fontir[eba5562bb271482b]::source::tests::build_static_metadata
[INFO] [stdout]   14:     0x650318374572 - <ufo2fontir[eba5562bb271482b]::source::tests::basic_feature_variations::{closure#0} as core[a373ad73a504971]::ops::function::FnOnce<()>>::call_once
[INFO] [stdout]   15:     0x65031845d8db - test[aada8e7e76ba119b]::__rust_begin_short_backtrace::<core[a373ad73a504971]::result::Result<(), alloc[2e1b2a31b91974c5]::string::String>, fn() -> core[a373ad73a504971]::result::Result<(), alloc[2e1b2a31b91974c5]::string::String>>
[INFO] [stdout]   16:     0x65031846aab5 - test[aada8e7e76ba119b]::run_test::{closure#0}
[INFO] [stdout]   17:     0x6503184643a4 - std[617be2ca0a6fd877]::sys::backtrace::__rust_begin_short_backtrace::<test[aada8e7e76ba119b]::run_test::{closure#1}, ()>
[INFO] [stdout]   18:     0x65031846db42 - <std[617be2ca0a6fd877]::thread::lifecycle::spawn_unchecked<test[aada8e7e76ba119b]::run_test::{closure#1}, ()>::{closure#1} as core[a373ad73a504971]::ops::function::FnOnce<()>>::call_once::{shim:vtable#0}
[INFO] [stdout]   19:     0x65031864f2ff - <std[617be2ca0a6fd877]::sys::thread::unix::Thread>::new::thread_start
[INFO] [stdout]   20:     0x73c56a7e9dfa - <unknown>
[INFO] [stdout]   21:     0x73c56a87d3d4 - clone
[INFO] [stdout]   22:                0x0 - <unknown>
[INFO] [stdout] 
[INFO] [stdout] ---- source::tests::no_metrics_for_glyph_only_sources stdout ----
[INFO] [stdout] 
[INFO] [stdout] thread 'source::tests::no_metrics_for_glyph_only_sources' (2803) panicked at src/source.rs:2361:9:
[INFO] [stdout] assertion failed: dir.is_dir()
[INFO] [stdout] stack backtrace:
[INFO] [stdout]    0:     0x650318650451 - <<std[617be2ca0a6fd877]::sys::backtrace::BacktraceLock>::print::DisplayBacktrace as core[a373ad73a504971]::fmt::Display>::fmt
[INFO] [stdout]    1:     0x65031866859a - core[a373ad73a504971]::fmt::write
[INFO] [stdout]    2:     0x650318654a7c - <alloc[2e1b2a31b91974c5]::vec::Vec<u8> as core[a373ad73a504971]::io::write::Write>::write_fmt
[INFO] [stdout]    3:     0x6503186292f6 - std[617be2ca0a6fd877]::panicking::default_hook::{closure#0}
[INFO] [stdout]    4:     0x650318646a19 - std[617be2ca0a6fd877]::panicking::default_hook
[INFO] [stdout]    5:     0x65031846a490 - test[aada8e7e76ba119b]::test_main_inner::{closure#0}
[INFO] [stdout]    6:     0x650318646bd2 - std[617be2ca0a6fd877]::panicking::panic_with_hook
[INFO] [stdout]    7:     0x6503186293d4 - std[617be2ca0a6fd877]::panicking::panic_handler::{closure#0}
[INFO] [stdout]    8:     0x650318621d69 - std[617be2ca0a6fd877]::sys::backtrace::__rust_end_short_backtrace::<std[617be2ca0a6fd877]::panicking::panic_handler::{closure#0}, !>
[INFO] [stdout]    9:     0x650318629fad - __rustc[ea4f61d10b84890b]::rust_begin_unwind
[INFO] [stdout]   10:     0x650318668cfc - core[a373ad73a504971]::panicking::panic_fmt
[INFO] [stdout]   11:     0x650318668cc2 - core[a373ad73a504971]::panicking::panic
[INFO] [stdout]   12:     0x65031836c068 - ufo2fontir[eba5562bb271482b]::source::tests::load_designspace
[INFO] [stdout]   13:     0x65031836cf2d - ufo2fontir[eba5562bb271482b]::source::tests::build_static_metadata
[INFO] [stdout]   14:     0x65031836cbdf - ufo2fontir[eba5562bb271482b]::source::tests::build_global_metrics
[INFO] [stdout]   15:     0x65031837fc00 - <ufo2fontir[eba5562bb271482b]::source::tests::no_metrics_for_glyph_only_sources::{closure#0} as core[a373ad73a504971]::ops::function::FnOnce<()>>::call_once
[INFO] [stdout]   16:     0x65031845d8db - test[aada8e7e76ba119b]::__rust_begin_short_backtrace::<core[a373ad73a504971]::result::Result<(), alloc[2e1b2a31b91974c5]::string::String>, fn() -> core[a373ad73a504971]::result::Result<(), alloc[2e1b2a31b91974c5]::string::String>>
[INFO] [stdout]   17:     0x65031846aab5 - test[aada8e7e76ba119b]::run_test::{closure#0}
[INFO] [stdout]   18:     0x6503184643a4 - std[617be2ca0a6fd877]::sys::backtrace::__rust_begin_short_backtrace::<test[aada8e7e76ba119b]::run_test::{closure#1}, ()>
[INFO] [stdout]   19:     0x65031846db42 - <std[617be2ca0a6fd877]::thread::lifecycle::spawn_unchecked<test[aada8e7e76ba119b]::run_test::{closure#1}, ()>::{closure#1} as core[a373ad73a504971]::ops::function::FnOnce<()>>::call_once::{shim:vtable#0}
[INFO] [stdout]   20:     0x65031864f2ff - <std[617be2ca0a6fd877]::sys::thread::unix::Thread>::new::thread_start
[INFO] [stdout]   21:     0x73c56a7e9dfa - <unknown>
[INFO] [stdout]   22:     0x73c56a87d3d4 - clone
[INFO] [stdout]   23:                0x0 - <unknown>
[INFO] [stdout] 
[INFO] [stdout] ---- source::tests::non_list_feature_writers_is_error stdout ----
[INFO] [stdout] 
[INFO] [stdout] thread 'source::tests::non_list_feature_writers_is_error' (2806) panicked at src/source.rs:2361:9:
[INFO] [stdout] assertion failed: dir.is_dir()
[INFO] [stdout] stack backtrace:
[INFO] [stdout]    0:     0x650318650451 - <<std[617be2ca0a6fd877]::sys::backtrace::BacktraceLock>::print::DisplayBacktrace as core[a373ad73a504971]::fmt::Display>::fmt
[INFO] [stdout]    1:     0x65031866859a - core[a373ad73a504971]::fmt::write
[INFO] [stdout]    2:     0x650318654a7c - <alloc[2e1b2a31b91974c5]::vec::Vec<u8> as core[a373ad73a504971]::io::write::Write>::write_fmt
[INFO] [stdout]    3:     0x6503186292f6 - std[617be2ca0a6fd877]::panicking::default_hook::{closure#0}
[INFO] [stdout]    4:     0x650318646a19 - std[617be2ca0a6fd877]::panicking::default_hook
[INFO] [stdout]    5:     0x65031846a490 - test[aada8e7e76ba119b]::test_main_inner::{closure#0}
[INFO] [stdout]    6:     0x650318646bd2 - std[617be2ca0a6fd877]::panicking::panic_with_hook
[INFO] [stdout]    7:     0x6503186293d4 - std[617be2ca0a6fd877]::panicking::panic_handler::{closure#0}
[INFO] [stdout]    8:     0x650318621d69 - std[617be2ca0a6fd877]::sys::backtrace::__rust_end_short_backtrace::<std[617be2ca0a6fd877]::panicking::panic_handler::{closure#0}, !>
[INFO] [stdout]    9:     0x650318629fad - __rustc[ea4f61d10b84890b]::rust_begin_unwind
[INFO] [stdout]   10:     0x650318668cfc - core[a373ad73a504971]::panicking::panic_fmt
[INFO] [stdout]   11:     0x650318668cc2 - core[a373ad73a504971]::panicking::panic
[INFO] [stdout]   12:     0x65031836c068 - ufo2fontir[eba5562bb271482b]::source::tests::load_designspace
[INFO] [stdout]   13:     0x65031836d9ce - ufo2fontir[eba5562bb271482b]::source::tests::static_metadata_with_feature_writers
[INFO] [stdout]   14:     0x65031838015b - <ufo2fontir[eba5562bb271482b]::source::tests::non_list_feature_writers_is_error::{closure#0} as core[a373ad73a504971]::ops::function::FnOnce<()>>::call_once
[INFO] [stdout]   15:     0x65031845d8db - test[aada8e7e76ba119b]::__rust_begin_short_backtrace::<core[a373ad73a504971]::result::Result<(), alloc[2e1b2a31b91974c5]::string::String>, fn() -> core[a373ad73a504971]::result::Result<(), alloc[2e1b2a31b91974c5]::string::String>>
[INFO] [stdout]   16:     0x65031846aab5 - test[aada8e7e76ba119b]::run_test::{closure#0}
[INFO] [stdout]   17:     0x6503184643a4 - std[617be2ca0a6fd877]::sys::backtrace::__rust_begin_short_backtrace::<test[aada8e7e76ba119b]::run_test::{closure#1}, ()>
[INFO] [stdout]   18:     0x65031846db42 - <std[617be2ca0a6fd877]::thread::lifecycle::spawn_unchecked<test[aada8e7e76ba119b]::run_test::{closure#1}, ()>::{closure#1} as core[a373ad73a504971]::ops::function::FnOnce<()>>::call_once::{shim:vtable#0}
[INFO] [stdout]   19:     0x65031864f2ff - <std[617be2ca0a6fd877]::sys::thread::unix::Thread>::new::thread_start
[INFO] [stdout]   20:     0x73c56a7e9dfa - <unknown>
[INFO] [stdout]   21:     0x73c56a87d3d4 - clone
[INFO] [stdout]   22:                0x0 - <unknown>
[INFO] [stdout] 
[INFO] [stdout] ---- source::tests::malformed_feature_writer_entry_is_dropped stdout ----
[INFO] [stdout] 
[INFO] [stdout] thread 'source::tests::malformed_feature_writer_entry_is_dropped' (2799) panicked at src/source.rs:2361:9:
[INFO] [stdout] assertion failed: dir.is_dir()
[INFO] [stdout] stack backtrace:
[INFO] [stdout]    0:     0x650318650451 - <<std[617be2ca0a6fd877]::sys::backtrace::BacktraceLock>::print::DisplayBacktrace as core[a373ad73a504971]::fmt::Display>::fmt
[INFO] [stderr] error: test failed, to rerun pass `--lib`
[INFO] [stdout]    1:     0x65031866859a - core[a373ad73a504971]::fmt::write
[INFO] [stdout]    2:     0x650318654a7c - <alloc[2e1b2a31b91974c5]::vec::Vec<u8> as core[a373ad73a504971]::io::write::Write>::write_fmt
[INFO] [stdout]    3:     0x6503186292f6 - std[617be2ca0a6fd877]::panicking::default_hook::{closure#0}
[INFO] [stdout]    4:     0x650318646a19 - std[617be2ca0a6fd877]::panicking::default_hook
[INFO] [stdout]    5:     0x65031846a490 - test[aada8e7e76ba119b]::test_main_inner::{closure#0}
[INFO] [stdout]    6:     0x650318646bd2 - std[617be2ca0a6fd877]::panicking::panic_with_hook
[INFO] [stdout]    7:     0x6503186293d4 - std[617be2ca0a6fd877]::panicking::panic_handler::{closure#0}
[INFO] [stdout]    8:     0x650318621d69 - std[617be2ca0a6fd877]::sys::backtrace::__rust_end_short_backtrace::<std[617be2ca0a6fd877]::panicking::panic_handler::{closure#0}, !>
[INFO] [stdout]    9:     0x650318629fad - __rustc[ea4f61d10b84890b]::rust_begin_unwind
[INFO] [stdout]   10:     0x650318668cfc - core[a373ad73a504971]::panicking::panic_fmt
[INFO] [stdout]   11:     0x650318668cc2 - core[a373ad73a504971]::panicking::panic
[INFO] [stdout]   12:     0x65031836c068 - ufo2fontir[eba5562bb271482b]::source::tests::load_designspace
[INFO] [stdout]   13:     0x65031836c1ea - ufo2fontir[eba5562bb271482b]::source::tests::feature_writers_of
[INFO] [stdout]   14:     0x65031838789e - <ufo2fontir[eba5562bb271482b]::source::tests::malformed_feature_writer_entry_is_dropped::{closure#0} as core[a373ad73a504971]::ops::function::FnOnce<()>>::call_once
[INFO] [stdout]   15:     0x65031845d8db - test[aada8e7e76ba119b]::__rust_begin_short_backtrace::<core[a373ad73a504971]::result::Result<(), alloc[2e1b2a31b91974c5]::string::String>, fn() -> core[a373ad73a504971]::result::Result<(), alloc[2e1b2a31b91974c5]::string::String>>
[INFO] [stdout]   16:     0x65031846aab5 - test[aada8e7e76ba119b]::run_test::{closure#0}
[INFO] [stdout]   17:     0x6503184643a4 - std[617be2ca0a6fd877]::sys::backtrace::__rust_begin_short_backtrace::<test[aada8e7e76ba119b]::run_test::{closure#1}, ()>
[INFO] [stdout]   18:     0x65031846db42 - <std[617be2ca0a6fd877]::thread::lifecycle::spawn_unchecked<test[aada8e7e76ba119b]::run_test::{closure#1}, ()>::{closure#1} as core[a373ad73a504971]::ops::function::FnOnce<()>>::call_once::{shim:vtable#0}
[INFO] [stdout]   19:     0x65031864f2ff - <std[617be2ca0a6fd877]::sys::thread::unix::Thread>::new::thread_start
[INFO] [stdout]   20:     0x73c56a7e9dfa - <unknown>
[INFO] [stdout]   21:     0x73c56a87d3d4 - clone
[INFO] [stdout]   22:                0x0 - <unknown>
[INFO] [stdout] 
[INFO] [stdout] ---- source::tests::fixed_pitch_off stdout ----
[INFO] [stdout] 
[INFO] [stdout] thread 'source::tests::fixed_pitch_off' (2788) panicked at src/source.rs:2361:9:
[INFO] [stdout] assertion failed: dir.is_dir()
[INFO] [stdout] stack backtrace:
[INFO] [stdout]    0:     0x650318650451 - <<std[617be2ca0a6fd877]::sys::backtrace::BacktraceLock>::print::DisplayBacktrace as core[a373ad73a504971]::fmt::Display>::fmt
[INFO] [stdout]    1:     0x65031866859a - core[a373ad73a504971]::fmt::write
[INFO] [stdout]    2:     0x650318654a7c - <alloc[2e1b2a31b91974c5]::vec::Vec<u8> as core[a373ad73a504971]::io::write::Write>::write_fmt
[INFO] [stdout]    3:     0x6503186292f6 - std[617be2ca0a6fd877]::panicking::default_hook::{closure#0}
[INFO] [stdout]    4:     0x650318646a19 - std[617be2ca0a6fd877]::panicking::default_hook
[INFO] [stdout]    5:     0x65031846a490 - test[aada8e7e76ba119b]::test_main_inner::{closure#0}
[INFO] [stdout]    6:     0x650318646bd2 - std[617be2ca0a6fd877]::panicking::panic_with_hook
[INFO] [stdout]    7:     0x6503186293d4 - std[617be2ca0a6fd877]::panicking::panic_handler::{closure#0}
[INFO] [stdout]    8:     0x650318621d69 - std[617be2ca0a6fd877]::sys::backtrace::__rust_end_short_backtrace::<std[617be2ca0a6fd877]::panicking::panic_handler::{closure#0}, !>
[INFO] [stdout]    9:     0x650318629fad - __rustc[ea4f61d10b84890b]::rust_begin_unwind
[INFO] [stdout]   10:     0x650318668cfc - core[a373ad73a504971]::panicking::panic_fmt
[INFO] [stdout]   11:     0x650318668cc2 - core[a373ad73a504971]::panicking::panic
[INFO] [stdout]   12:     0x65031836c068 - ufo2fontir[eba5562bb271482b]::source::tests::load_designspace
[INFO] [stdout]   13:     0x65031836cf2d - ufo2fontir[eba5562bb271482b]::source::tests::build_static_metadata
[INFO] [stdout]   14:     0x65031836ba63 - ufo2fontir[eba5562bb271482b]::source::tests::fixed_pitch_of
[INFO] [stdout]   15:     0x650318370f49 - <ufo2fontir[eba5562bb271482b]::source::tests::fixed_pitch_off::{closure#0} as core[a373ad73a504971]::ops::function::FnOnce<()>>::call_once
[INFO] [stdout]   16:     0x65031845d8db - test[aada8e7e76ba119b]::__rust_begin_short_backtrace::<core[a373ad73a504971]::result::Result<(), alloc[2e1b2a31b91974c5]::string::String>, fn() -> core[a373ad73a504971]::result::Result<(), alloc[2e1b2a31b91974c5]::string::String>>
[INFO] [stdout]   17:     0x65031846aab5 - test[aada8e7e76ba119b]::run_test::{closure#0}
[INFO] [stdout]   18:     0x6503184643a4 - std[617be2ca0a6fd877]::sys::backtrace::__rust_begin_short_backtrace::<test[aada8e7e76ba119b]::run_test::{closure#1}, ()>
[INFO] [stdout]   19:     0x65031846db42 - <std[617be2ca0a6fd877]::thread::lifecycle::spawn_unchecked<test[aada8e7e76ba119b]::run_test::{closure#1}, ()>::{closure#1} as core[a373ad73a504971]::ops::function::FnOnce<()>>::call_once::{shim:vtable#0}
[INFO] [stdout]   20:     0x65031864f2ff - <std[617be2ca0a6fd877]::sys::thread::unix::Thread>::new::thread_start
[INFO] [stdout]   21:     0x73c56a7e9dfa - <unknown>
[INFO] [stdout]   22:     0x73c56a87d3d4 - clone
[INFO] [stdout]   23:                0x0 - <unknown>
[INFO] [stdout] 
[INFO] [stdout] ---- source::tests::no_color_from_ufo_without_color_data stdout ----
[INFO] [stdout] 
[INFO] [stdout] thread 'source::tests::no_color_from_ufo_without_color_data' (2802) panicked at src/source.rs:2361:9:
[INFO] [stdout] assertion failed: dir.is_dir()
[INFO] [stdout] stack backtrace:
[INFO] [stdout]    0:     0x650318650451 - <<std[617be2ca0a6fd877]::sys::backtrace::BacktraceLock>::print::DisplayBacktrace as core[a373ad73a504971]::fmt::Display>::fmt
[INFO] [stdout]    1:     0x65031866859a - core[a373ad73a504971]::fmt::write
[INFO] [stdout]    2:     0x650318654a7c - <alloc[2e1b2a31b91974c5]::vec::Vec<u8> as core[a373ad73a504971]::io::write::Write>::write_fmt
[INFO] [stdout]    3:     0x6503186292f6 - std[617be2ca0a6fd877]::panicking::default_hook::{closure#0}
[INFO] [stdout]    4:     0x650318646a19 - std[617be2ca0a6fd877]::panicking::default_hook
[INFO] [stdout]    5:     0x65031846a490 - test[aada8e7e76ba119b]::test_main_inner::{closure#0}
[INFO] [stdout]    6:     0x650318646bd2 - std[617be2ca0a6fd877]::panicking::panic_with_hook
[INFO] [stdout]    7:     0x6503186293d4 - std[617be2ca0a6fd877]::panicking::panic_handler::{closure#0}
[INFO] [stdout]    8:     0x650318621d69 - std[617be2ca0a6fd877]::sys::backtrace::__rust_end_short_backtrace::<std[617be2ca0a6fd877]::panicking::panic_handler::{closure#0}, !>
[INFO] [stdout]    9:     0x650318629fad - __rustc[ea4f61d10b84890b]::rust_begin_unwind
[INFO] [stdout]   10:     0x650318668cfc - core[a373ad73a504971]::panicking::panic_fmt
[INFO] [stdout]   11:     0x650318668cc2 - core[a373ad73a504971]::panicking::panic
[INFO] [stdout]   12:     0x65031836c068 - ufo2fontir[eba5562bb271482b]::source::tests::load_designspace
[INFO] [stdout]   13:     0x65031836cf2d - ufo2fontir[eba5562bb271482b]::source::tests::build_static_metadata
[INFO] [stdout]   14:     0x65031836a746 - ufo2fontir[eba5562bb271482b]::source::tests::build_color
[INFO] [stdout]   15:     0x6503183821ab - <ufo2fontir[eba5562bb271482b]::source::tests::no_color_from_ufo_without_color_data::{closure#0} as core[a373ad73a504971]::ops::function::FnOnce<()>>::call_once
[INFO] [stdout]   16:     0x65031845d8db - test[aada8e7e76ba119b]::__rust_begin_short_backtrace::<core[a373ad73a504971]::result::Result<(), alloc[2e1b2a31b91974c5]::string::String>, fn() -> core[a373ad73a504971]::result::Result<(), alloc[2e1b2a31b91974c5]::string::String>>
[INFO] [stdout]   17:     0x65031846aab5 - test[aada8e7e76ba119b]::run_test::{closure#0}
[INFO] [stdout]   18:     0x6503184643a4 - std[617be2ca0a6fd877]::sys::backtrace::__rust_begin_short_backtrace::<test[aada8e7e76ba119b]::run_test::{closure#1}, ()>
[INFO] [stdout]   19:     0x65031846db42 - <std[617be2ca0a6fd877]::thread::lifecycle::spawn_unchecked<test[aada8e7e76ba119b]::run_test::{closure#1}, ()>::{closure#1} as core[a373ad73a504971]::ops::function::FnOnce<()>>::call_once::{shim:vtable#0}
[INFO] [stdout]   20:     0x65031864f2ff - <std[617be2ca0a6fd877]::sys::thread::unix::Thread>::new::thread_start
[INFO] [stdout]   21:     0x73c56a7e9dfa - <unknown>
[INFO] [stdout]   22:     0x73c56a87d3d4 - clone
[INFO] [stdout]   23:                0x0 - <unknown>
[INFO] [stdout] 
[INFO] [stdout] ---- source::tests::glyphs_from_default_layer stdout ----
[INFO] [stdout] 
[INFO] [stdout] thread 'source::tests::glyphs_from_default_layer' (2794) panicked at src/source.rs:2361:9:
[INFO] [stdout] assertion failed: dir.is_dir()
[INFO] [stdout] stack backtrace:
[INFO] [stdout]    0:     0x650318650451 - <<std[617be2ca0a6fd877]::sys::backtrace::BacktraceLock>::print::DisplayBacktrace as core[a373ad73a504971]::fmt::Display>::fmt
[INFO] [stdout]    1:     0x65031866859a - core[a373ad73a504971]::fmt::write
[INFO] [stdout]    2:     0x650318654a7c - <alloc[2e1b2a31b91974c5]::vec::Vec<u8> as core[a373ad73a504971]::io::write::Write>::write_fmt
[INFO] [stdout]    3:     0x6503186292f6 - std[617be2ca0a6fd877]::panicking::default_hook::{closure#0}
[INFO] [stdout]    4:     0x650318646a19 - std[617be2ca0a6fd877]::panicking::default_hook
[INFO] [stdout]    5:     0x65031846a490 - test[aada8e7e76ba119b]::test_main_inner::{closure#0}
[INFO] [stdout]    6:     0x650318646bd2 - std[617be2ca0a6fd877]::panicking::panic_with_hook
[INFO] [stdout]    7:     0x6503186293d4 - std[617be2ca0a6fd877]::panicking::panic_handler::{closure#0}
[INFO] [stdout]    8:     0x650318621d69 - std[617be2ca0a6fd877]::sys::backtrace::__rust_end_short_backtrace::<std[617be2ca0a6fd877]::panicking::panic_handler::{closure#0}, !>
[INFO] [stdout]    9:     0x650318629fad - __rustc[ea4f61d10b84890b]::rust_begin_unwind
[INFO] [stdout]   10:     0x650318668cfc - core[a373ad73a504971]::panicking::panic_fmt
[INFO] [stdout]   11:     0x650318668cc2 - core[a373ad73a504971]::panicking::panic
[INFO] [stdout]   12:     0x65031836be35 - ufo2fontir[eba5562bb271482b]::source::tests::glifs_for_layer
[INFO] [stdout]   13:     0x650318379d0f - <ufo2fontir[eba5562bb271482b]::source::tests::glyphs_from_default_layer::{closure#0} as core[a373ad73a504971]::ops::function::FnOnce<()>>::call_once
[INFO] [stdout]   14:     0x65031845d8db - test[aada8e7e76ba119b]::__rust_begin_short_backtrace::<core[a373ad73a504971]::result::Result<(), alloc[2e1b2a31b91974c5]::string::String>, fn() -> core[a373ad73a504971]::result::Result<(), alloc[2e1b2a31b91974c5]::string::String>>
[INFO] [stdout]   15:     0x65031846aab5 - test[aada8e7e76ba119b]::run_test::{closure#0}
[INFO] [stdout]   16:     0x6503184643a4 - std[617be2ca0a6fd877]::sys::backtrace::__rust_begin_short_backtrace::<test[aada8e7e76ba119b]::run_test::{closure#1}, ()>
[INFO] [stdout]   17:     0x65031846db42 - <std[617be2ca0a6fd877]::thread::lifecycle::spawn_unchecked<test[aada8e7e76ba119b]::run_test::{closure#1}, ()>::{closure#1} as core[a373ad73a504971]::ops::function::FnOnce<()>>::call_once::{shim:vtable#0}
[INFO] [stdout]   18:     0x65031864f2ff - <std[617be2ca0a6fd877]::sys::thread::unix::Thread>::new::thread_start
[INFO] [stdout]   19:     0x73c56a7e9dfa - <unknown>
[INFO] [stdout]   20:     0x73c56a87d3d4 - clone
[INFO] [stdout]   21:                0x0 - <unknown>
[INFO] [stdout] 
[INFO] [stdout] ---- source::tests::kerning_against_renamed_group_is_kept stdout ----
[INFO] [stdout] 
[INFO] [stdout] thread 'source::tests::kerning_against_renamed_group_is_kept' (2798) panicked at src/source.rs:2361:9:
[INFO] [stdout] assertion failed: dir.is_dir()
[INFO] [stdout] stack backtrace:
[INFO] [stdout]    0:     0x650318650451 - <<std[617be2ca0a6fd877]::sys::backtrace::BacktraceLock>::print::DisplayBacktrace as core[a373ad73a504971]::fmt::Display>::fmt
[INFO] [stdout]    1:     0x65031866859a - core[a373ad73a504971]::fmt::write
[INFO] [stdout]    2:     0x650318654a7c - <alloc[2e1b2a31b91974c5]::vec::Vec<u8> as core[a373ad73a504971]::io::write::Write>::write_fmt
[INFO] [stdout]    3:     0x6503186292f6 - std[617be2ca0a6fd877]::panicking::default_hook::{closure#0}
[INFO] [stdout]    4:     0x650318646a19 - std[617be2ca0a6fd877]::panicking::default_hook
[INFO] [stdout]    5:     0x65031846a490 - test[aada8e7e76ba119b]::test_main_inner::{closure#0}
[INFO] [stdout]    6:     0x650318646bd2 - std[617be2ca0a6fd877]::panicking::panic_with_hook
[INFO] [stdout]    7:     0x6503186293d4 - std[617be2ca0a6fd877]::panicking::panic_handler::{closure#0}
[INFO] [stdout]    8:     0x650318621d69 - std[617be2ca0a6fd877]::sys::backtrace::__rust_end_short_backtrace::<std[617be2ca0a6fd877]::panicking::panic_handler::{closure#0}, !>
[INFO] [stdout]    9:     0x650318629fad - __rustc[ea4f61d10b84890b]::rust_begin_unwind
[INFO] [stdout]   10:     0x650318668cfc - core[a373ad73a504971]::panicking::panic_fmt
[INFO] [stdout]   11:     0x650318668cc2 - core[a373ad73a504971]::panicking::panic
[INFO] [stdout]   12:     0x650318382d4f - <ufo2fontir[eba5562bb271482b]::source::tests::kerning_against_renamed_group_is_kept::{closure#0} as core[a373ad73a504971]::ops::function::FnOnce<()>>::call_once
[INFO] [stdout]   13:     0x65031845d8db - test[aada8e7e76ba119b]::__rust_begin_short_backtrace::<core[a373ad73a504971]::result::Result<(), alloc[2e1b2a31b91974c5]::string::String>, fn() -> core[a373ad73a504971]::result::Result<(), alloc[2e1b2a31b91974c5]::string::String>>
[INFO] [stdout]   14:     0x65031846aab5 - test[aada8e7e76ba119b]::run_test::{closure#0}
[INFO] [stdout]   15:     0x6503184643a4 - std[617be2ca0a6fd877]::sys::backtrace::__rust_begin_short_backtrace::<test[aada8e7e76ba119b]::run_test::{closure#1}, ()>
[INFO] [stdout]   16:     0x65031846db42 - <std[617be2ca0a6fd877]::thread::lifecycle::spawn_unchecked<test[aada8e7e76ba119b]::run_test::{closure#1}, ()>::{closure#1} as core[a373ad73a504971]::ops::function::FnOnce<()>>::call_once::{shim:vtable#0}
[INFO] [stdout]   17:     0x65031864f2ff - <std[617be2ca0a6fd877]::sys::thread::unix::Thread>::new::thread_start
[INFO] [stdout]   18:     0x73c56a7e9dfa - <unknown>
[INFO] [stdout]   19:     0x73c56a87d3d4 - clone
[INFO] [stdout]   20:                0x0 - <unknown>
[INFO] [stdout] 
[INFO] [stdout] ---- source::tests::glyphs_from_specific_layer stdout ----
[INFO] [stdout] 
[INFO] [stdout] thread 'source::tests::glyphs_from_specific_layer' (2795) panicked at src/source.rs:2361:9:
[INFO] [stdout] assertion failed: dir.is_dir()
[INFO] [stdout] stack backtrace:
[INFO] [stdout]    0:     0x650318650451 - <<std[617be2ca0a6fd877]::sys::backtrace::BacktraceLock>::print::DisplayBacktrace as core[a373ad73a504971]::fmt::Display>::fmt
[INFO] [stdout]    1:     0x65031866859a - core[a373ad73a504971]::fmt::write
[INFO] [stdout]    2:     0x650318654a7c - <alloc[2e1b2a31b91974c5]::vec::Vec<u8> as core[a373ad73a504971]::io::write::Write>::write_fmt
[INFO] [stdout]    3:     0x6503186292f6 - std[617be2ca0a6fd877]::panicking::default_hook::{closure#0}
[INFO] [stdout]    4:     0x650318646a19 - std[617be2ca0a6fd877]::panicking::default_hook
[INFO] [stdout]    5:     0x65031846a490 - test[aada8e7e76ba119b]::test_main_inner::{closure#0}
[INFO] [stdout]    6:     0x650318646bd2 - std[617be2ca0a6fd877]::panicking::panic_with_hook
[INFO] [stdout]    7:     0x6503186293d4 - std[617be2ca0a6fd877]::panicking::panic_handler::{closure#0}
[INFO] [stdout]    8:     0x650318621d69 - std[617be2ca0a6fd877]::sys::backtrace::__rust_end_short_backtrace::<std[617be2ca0a6fd877]::panicking::panic_handler::{closure#0}, !>
[INFO] [stdout]    9:     0x650318629fad - __rustc[ea4f61d10b84890b]::rust_begin_unwind
[INFO] [stdout]   10:     0x650318668cfc - core[a373ad73a504971]::panicking::panic_fmt
[INFO] [stdout]   11:     0x650318668cc2 - core[a373ad73a504971]::panicking::panic
[INFO] [stdout]   12:     0x65031836be35 - ufo2fontir[eba5562bb271482b]::source::tests::glifs_for_layer
[INFO] [stdout]   13:     0x65031837b410 - <ufo2fontir[eba5562bb271482b]::source::tests::glyphs_from_specific_layer::{closure#0} as core[a373ad73a504971]::ops::function::FnOnce<()>>::call_once
[INFO] [stdout]   14:     0x65031845d8db - test[aada8e7e76ba119b]::__rust_begin_short_backtrace::<core[a373ad73a504971]::result::Result<(), alloc[2e1b2a31b91974c5]::string::String>, fn() -> core[a373ad73a504971]::result::Result<(), alloc[2e1b2a31b91974c5]::string::String>>
[INFO] [stdout]   15:     0x65031846aab5 - test[aada8e7e76ba119b]::run_test::{closure#0}
[INFO] [stdout]   16:     0x6503184643a4 - std[617be2ca0a6fd877]::sys::backtrace::__rust_begin_short_backtrace::<test[aada8e7e76ba119b]::run_test::{closure#1}, ()>
[INFO] [stdout]   17:     0x65031846db42 - <std[617be2ca0a6fd877]::thread::lifecycle::spawn_unchecked<test[aada8e7e76ba119b]::run_test::{closure#1}, ()>::{closure#1} as core[a373ad73a504971]::ops::function::FnOnce<()>>::call_once::{shim:vtable#0}
[INFO] [stdout]   18:     0x65031864f2ff - <std[617be2ca0a6fd877]::sys::thread::unix::Thread>::new::thread_start
[INFO] [stdout]   19:     0x73c56a7e9dfa - <unknown>
[INFO] [stdout]   20:     0x73c56a87d3d4 - clone
[INFO] [stdout]   21:                0x0 - <unknown>
[INFO] [stdout] 
[INFO] [stdout] ---- source::tests::infers_categories_from_glyphdata_with_propagate_anchors stdout ----
[INFO] [stdout] 
[INFO] [stdout] thread 'source::tests::infers_categories_from_glyphdata_with_propagate_anchors' (2797) panicked at src/source.rs:2361:9:
[INFO] [stdout] assertion failed: dir.is_dir()
[INFO] [stdout] stack backtrace:
[INFO] [stdout]    0:     0x650318650451 - <<std[617be2ca0a6fd877]::sys::backtrace::BacktraceLock>::print::DisplayBacktrace as core[a373ad73a504971]::fmt::Display>::fmt
[INFO] [stdout]    1:     0x65031866859a - core[a373ad73a504971]::fmt::write
[INFO] [stdout]    2:     0x650318654a7c - <alloc[2e1b2a31b91974c5]::vec::Vec<u8> as core[a373ad73a504971]::io::write::Write>::write_fmt
[INFO] [stdout]    3:     0x6503186292f6 - std[617be2ca0a6fd877]::panicking::default_hook::{closure#0}
[INFO] [stdout]    4:     0x650318646a19 - std[617be2ca0a6fd877]::panicking::default_hook
[INFO] [stdout]    5:     0x65031846a490 - test[aada8e7e76ba119b]::test_main_inner::{closure#0}
[INFO] [stdout]    6:     0x650318646bd2 - std[617be2ca0a6fd877]::panicking::panic_with_hook
[INFO] [stdout]    7:     0x6503186293d4 - std[617be2ca0a6fd877]::panicking::panic_handler::{closure#0}
[INFO] [stdout]    8:     0x650318621d69 - std[617be2ca0a6fd877]::sys::backtrace::__rust_end_short_backtrace::<std[617be2ca0a6fd877]::panicking::panic_handler::{closure#0}, !>
[INFO] [stdout]    9:     0x650318629fad - __rustc[ea4f61d10b84890b]::rust_begin_unwind
[INFO] [stdout]   10:     0x650318668cfc - core[a373ad73a504971]::panicking::panic_fmt
[INFO] [stdout]   11:     0x650318668cc2 - core[a373ad73a504971]::panicking::panic
[INFO] [stdout]   12:     0x65031836c068 - ufo2fontir[eba5562bb271482b]::source::tests::load_designspace
[INFO] [stdout]   13:     0x65031836cf2d - ufo2fontir[eba5562bb271482b]::source::tests::build_static_metadata
[INFO] [stdout]   14:     0x65031838a249 - <ufo2fontir[eba5562bb271482b]::source::tests::infers_categories_from_glyphdata_with_propagate_anchors::{closure#0} as core[a373ad73a504971]::ops::function::FnOnce<()>>::call_once
[INFO] [stdout]   15:     0x65031845d8db - test[aada8e7e76ba119b]::__rust_begin_short_backtrace::<core[a373ad73a504971]::result::Result<(), alloc[2e1b2a31b91974c5]::string::String>, fn() -> core[a373ad73a504971]::result::Result<(), alloc[2e1b2a31b91974c5]::string::String>>
[INFO] [stdout]   16:     0x65031846aab5 - test[aada8e7e76ba119b]::run_test::{closure#0}
[INFO] [stdout]   17:     0x6503184643a4 - std[617be2ca0a6fd877]::sys::backtrace::__rust_begin_short_backtrace::<test[aada8e7e76ba119b]::run_test::{closure#1}, ()>
[INFO] [stdout]   18:     0x65031846db42 - <std[617be2ca0a6fd877]::thread::lifecycle::spawn_unchecked<test[aada8e7e76ba119b]::run_test::{closure#1}, ()>::{closure#1} as core[a373ad73a504971]::ops::function::FnOnce<()>>::call_once::{shim:vtable#0}
[INFO] [stdout]   19:     0x65031864f2ff - <std[617be2ca0a6fd877]::sys::thread::unix::Thread>::new::thread_start
[INFO] [stdout]   20:     0x73c56a7e9dfa - <unknown>
[INFO] [stdout]   21:     0x73c56a87d3d4 - clone
[INFO] [stdout]   22:                0x0 - <unknown>
[INFO] [stdout] 
[INFO] [stdout] ---- source::tests::no_categories_without_propagate_anchors stdout ----
[INFO] [stdout] 
[INFO] [stdout] thread 'source::tests::no_categories_without_propagate_anchors' (2801) panicked at src/source.rs:2361:9:
[INFO] [stdout] assertion failed: dir.is_dir()
[INFO] [stdout] stack backtrace:
[INFO] [stdout]    0:     0x650318650451 - <<std[617be2ca0a6fd877]::sys::backtrace::BacktraceLock>::print::DisplayBacktrace as core[a373ad73a504971]::fmt::Display>::fmt
[INFO] [stdout]    1:     0x65031866859a - core[a373ad73a504971]::fmt::write
[INFO] [stdout]    2:     0x650318654a7c - <alloc[2e1b2a31b91974c5]::vec::Vec<u8> as core[a373ad73a504971]::io::write::Write>::write_fmt
[INFO] [stdout]    3:     0x6503186292f6 - std[617be2ca0a6fd877]::panicking::default_hook::{closure#0}
[INFO] [stdout]    4:     0x650318646a19 - std[617be2ca0a6fd877]::panicking::default_hook
[INFO] [stdout]    5:     0x65031846a490 - test[aada8e7e76ba119b]::test_main_inner::{closure#0}
[INFO] [stdout]    6:     0x650318646bd2 - std[617be2ca0a6fd877]::panicking::panic_with_hook
[INFO] [stdout]    7:     0x6503186293d4 - std[617be2ca0a6fd877]::panicking::panic_handler::{closure#0}
[INFO] [stdout]    8:     0x650318621d69 - std[617be2ca0a6fd877]::sys::backtrace::__rust_end_short_backtrace::<std[617be2ca0a6fd877]::panicking::panic_handler::{closure#0}, !>
[INFO] [stdout]    9:     0x650318629fad - __rustc[ea4f61d10b84890b]::rust_begin_unwind
[INFO] [stdout]   10:     0x650318668cfc - core[a373ad73a504971]::panicking::panic_fmt
[INFO] [stdout]   11:     0x650318668cc2 - core[a373ad73a504971]::panicking::panic
[INFO] [stdout]   12:     0x65031836c068 - ufo2fontir[eba5562bb271482b]::source::tests::load_designspace
[INFO] [stdout]   13:     0x65031836cf2d - ufo2fontir[eba5562bb271482b]::source::tests::build_static_metadata
[INFO] [stdout]   14:     0x650318385839 - <ufo2fontir[eba5562bb271482b]::source::tests::no_categories_without_propagate_anchors::{closure#0} as core[a373ad73a504971]::ops::function::FnOnce<()>>::call_once
[INFO] [stdout]   15:     0x65031845d8db - test[aada8e7e76ba119b]::__rust_begin_short_backtrace::<core[a373ad73a504971]::result::Result<(), alloc[2e1b2a31b91974c5]::string::String>, fn() -> core[a373ad73a504971]::result::Result<(), alloc[2e1b2a31b91974c5]::string::String>>
[INFO] [stdout]   16:     0x65031846aab5 - test[aada8e7e76ba119b]::run_test::{closure#0}
[INFO] [stdout]   17:     0x6503184643a4 - std[617be2ca0a6fd877]::sys::backtrace::__rust_begin_short_backtrace::<test[aada8e7e76ba119b]::run_test::{closure#1}, ()>
[INFO] [stdout]   18:     0x65031846db42 - <std[617be2ca0a6fd877]::thread::lifecycle::spawn_unchecked<test[aada8e7e76ba119b]::run_test::{closure#1}, ()>::{closure#1} as core[a373ad73a504971]::ops::function::FnOnce<()>>::call_once::{shim:vtable#0}
[INFO] [stdout]   19:     0x65031864f2ff - <std[617be2ca0a6fd877]::sys::thread::unix::Thread>::new::thread_start
[INFO] [stdout]   20:     0x73c56a7e9dfa - <unknown>
[INFO] [stdout]   21:     0x73c56a87d3d4 - clone
[INFO] [stdout]   22:                0x0 - <unknown>
[INFO] [stdout] 
[INFO] [stdout] ---- source::tests::non_string_feature_writer_module_is_error stdout ----
[INFO] [stdout] 
[INFO] [stdout] thread 'source::tests::non_string_feature_writer_module_is_error' (2807) panicked at src/source.rs:2361:9:
[INFO] [stdout] assertion failed: dir.is_dir()
[INFO] [stdout] stack backtrace:
[INFO] [stdout]    0:     0x650318650451 - <<std[617be2ca0a6fd877]::sys::backtrace::BacktraceLock>::print::DisplayBacktrace as core[a373ad73a504971]::fmt::Display>::fmt
[INFO] [stdout]    1:     0x65031866859a - core[a373ad73a504971]::fmt::write
[INFO] [stdout]    2:     0x650318654a7c - <alloc[2e1b2a31b91974c5]::vec::Vec<u8> as core[a373ad73a504971]::io::write::Write>::write_fmt
[INFO] [stdout]    3:     0x6503186292f6 - std[617be2ca0a6fd877]::panicking::default_hook::{closure#0}
[INFO] [stdout]    4:     0x650318646a19 - std[617be2ca0a6fd877]::panicking::default_hook
[INFO] [stdout]    5:     0x65031846a490 - test[aada8e7e76ba119b]::test_main_inner::{closure#0}
[INFO] [stdout]    6:     0x650318646bd2 - std[617be2ca0a6fd877]::panicking::panic_with_hook
[INFO] [stdout]    7:     0x6503186293d4 - std[617be2ca0a6fd877]::panicking::panic_handler::{closure#0}
[INFO] [stdout]    8:     0x650318621d69 - std[617be2ca0a6fd877]::sys::backtrace::__rust_end_short_backtrace::<std[617be2ca0a6fd877]::panicking::panic_handler::{closure#0}, !>
[INFO] [stdout]    9:     0x650318629fad - __rustc[ea4f61d10b84890b]::rust_begin_unwind
[INFO] [stdout]   10:     0x650318668cfc - core[a373ad73a504971]::panicking::panic_fmt
[INFO] [stdout]   11:     0x650318668cc2 - core[a373ad73a504971]::panicking::panic
[INFO] [stdout]   12:     0x65031836c068 - ufo2fontir[eba5562bb271482b]::source::tests::load_designspace
[INFO] [stdout]   13:     0x65031836d9ce - ufo2fontir[eba5562bb271482b]::source::tests::static_metadata_with_feature_writers
[INFO] [stdout]   14:     0x650318387f4e - <ufo2fontir[eba5562bb271482b]::source::tests::non_string_feature_writer_module_is_error::{closure#0} as core[a373ad73a504971]::ops::function::FnOnce<()>>::call_once
[INFO] [stdout]   15:     0x65031845d8db - test[aada8e7e76ba119b]::__rust_begin_short_backtrace::<core[a373ad73a504971]::result::Result<(), alloc[2e1b2a31b91974c5]::string::String>, fn() -> core[a373ad73a504971]::result::Result<(), alloc[2e1b2a31b91974c5]::string::String>>
[INFO] [stdout]   16:     0x65031846aab5 - test[aada8e7e76ba119b]::run_test::{closure#0}
[INFO] [stdout]   17:     0x6503184643a4 - std[617be2ca0a6fd877]::sys::backtrace::__rust_begin_short_backtrace::<test[aada8e7e76ba119b]::run_test::{closure#1}, ()>
[INFO] [stdout]   18:     0x65031846db42 - <std[617be2ca0a6fd877]::thread::lifecycle::spawn_unchecked<test[aada8e7e76ba119b]::run_test::{closure#1}, ()>::{closure#1} as core[a373ad73a504971]::ops::function::FnOnce<()>>::call_once::{shim:vtable#0}
[INFO] [stdout]   19:     0x65031864f2ff - <std[617be2ca0a6fd877]::sys::thread::unix::Thread>::new::thread_start
[INFO] [stdout]   20:     0x73c56a7e9dfa - <unknown>
[INFO] [stdout]   21:     0x73c56a87d3d4 - clone
[INFO] [stdout]   22:                0x0 - <unknown>
[INFO] [stdout] 
[INFO] [stdout] ---- source::tests::default_fs_type stdout ----
[INFO] [stdout] 
[INFO] [stdout] thread 'source::tests::default_fs_type' (2778) panicked at src/source.rs:2361:9:
[INFO] [stdout] assertion failed: dir.is_dir()
[INFO] [stdout] stack backtrace:
[INFO] [stdout]    0:     0x650318650451 - <<std[617be2ca0a6fd877]::sys::backtrace::BacktraceLock>::print::DisplayBacktrace as core[a373ad73a504971]::fmt::Display>::fmt
[INFO] [stdout]    1:     0x65031866859a - core[a373ad73a504971]::fmt::write
[INFO] [stdout]    2:     0x650318654a7c - <alloc[2e1b2a31b91974c5]::vec::Vec<u8> as core[a373ad73a504971]::io::write::Write>::write_fmt
[INFO] [stdout]    3:     0x6503186292f6 - std[617be2ca0a6fd877]::panicking::default_hook::{closure#0}
[INFO] [stdout]    4:     0x650318646a19 - std[617be2ca0a6fd877]::panicking::default_hook
[INFO] [stdout]    5:     0x65031846a490 - test[aada8e7e76ba119b]::test_main_inner::{closure#0}
[INFO] [stdout]    6:     0x650318646bd2 - std[617be2ca0a6fd877]::panicking::panic_with_hook
[INFO] [stdout]    7:     0x6503186293d4 - std[617be2ca0a6fd877]::panicking::panic_handler::{closure#0}
[INFO] [stdout]    8:     0x650318621d69 - std[617be2ca0a6fd877]::sys::backtrace::__rust_end_short_backtrace::<std[617be2ca0a6fd877]::panicking::panic_handler::{closure#0}, !>
[INFO] [stdout]    9:     0x650318629fad - __rustc[ea4f61d10b84890b]::rust_begin_unwind
[INFO] [stdout]   10:     0x650318668cfc - core[a373ad73a504971]::panicking::panic_fmt
[INFO] [stdout]   11:     0x650318668cc2 - core[a373ad73a504971]::panicking::panic
[INFO] [stdout]   12:     0x65031836c068 - ufo2fontir[eba5562bb271482b]::source::tests::load_designspace
[INFO] [stdout]   13:     0x65031836cf2d - ufo2fontir[eba5562bb271482b]::source::tests::build_static_metadata
[INFO] [stdout]   14:     0x65031836b924 - ufo2fontir[eba5562bb271482b]::source::tests::assert_fs_type
[INFO] [stdout]   15:     0x650318370f1a - <ufo2fontir[eba5562bb271482b]::source::tests::default_fs_type::{closure#0} as core[a373ad73a504971]::ops::function::FnOnce<()>>::call_once
[INFO] [stdout]   16:     0x65031845d8db - test[aada8e7e76ba119b]::__rust_begin_short_backtrace::<core[a373ad73a504971]::result::Result<(), alloc[2e1b2a31b91974c5]::string::String>, fn() -> core[a373ad73a504971]::result::Result<(), alloc[2e1b2a31b91974c5]::string::String>>
[INFO] [stdout]   17:     0x65031846aab5 - test[aada8e7e76ba119b]::run_test::{closure#0}
[INFO] [stdout]   18:     0x6503184643a4 - std[617be2ca0a6fd877]::sys::backtrace::__rust_begin_short_backtrace::<test[aada8e7e76ba119b]::run_test::{closure#1}, ()>
[INFO] [stdout]   19:     0x65031846db42 - <std[617be2ca0a6fd877]::thread::lifecycle::spawn_unchecked<test[aada8e7e76ba119b]::run_test::{closure#1}, ()>::{closure#1} as core[a373ad73a504971]::ops::function::FnOnce<()>>::call_once::{shim:vtable#0}
[INFO] [stdout]   20:     0x65031864f2ff - <std[617be2ca0a6fd877]::sys::thread::unix::Thread>::new::thread_start
[INFO] [stdout]   21:     0x73c56a7e9dfa - <unknown>
[INFO] [stdout]   22:     0x73c56a87d3d4 - clone
[INFO] [stdout]   23:                0x0 - <unknown>
[INFO] [stdout] 
[INFO] [stdout] ---- source::tests::non_default_kernless_source_skipped_from_variation stdout ----
[INFO] [stdout] 
[INFO] [stdout] thread 'source::tests::non_default_kernless_source_skipped_from_variation' (2805) panicked at src/source.rs:2361:9:
[INFO] [stdout] assertion failed: dir.is_dir()
[INFO] [stdout] stack backtrace:
[INFO] [stdout]    0:     0x650318650451 - <<std[617be2ca0a6fd877]::sys::backtrace::BacktraceLock>::print::DisplayBacktrace as core[a373ad73a504971]::fmt::Display>::fmt
[INFO] [stdout]    1:     0x65031866859a - core[a373ad73a504971]::fmt::write
[INFO] [stdout]    2:     0x650318654a7c - <alloc[2e1b2a31b91974c5]::vec::Vec<u8> as core[a373ad73a504971]::io::write::Write>::write_fmt
[INFO] [stdout]    3:     0x6503186292f6 - std[617be2ca0a6fd877]::panicking::default_hook::{closure#0}
[INFO] [stdout]    4:     0x650318646a19 - std[617be2ca0a6fd877]::panicking::default_hook
[INFO] [stdout]    5:     0x65031846a490 - test[aada8e7e76ba119b]::test_main_inner::{closure#0}
[INFO] [stdout]    6:     0x650318646bd2 - std[617be2ca0a6fd877]::panicking::panic_with_hook
[INFO] [stdout]    7:     0x6503186293d4 - std[617be2ca0a6fd877]::panicking::panic_handler::{closure#0}
[INFO] [stdout]    8:     0x650318621d69 - std[617be2ca0a6fd877]::sys::backtrace::__rust_end_short_backtrace::<std[617be2ca0a6fd877]::panicking::panic_handler::{closure#0}, !>
[INFO] [stdout]    9:     0x650318629fad - __rustc[ea4f61d10b84890b]::rust_begin_unwind
[INFO] [stdout]   10:     0x650318668cfc - core[a373ad73a504971]::panicking::panic_fmt
[INFO] [stdout]   11:     0x650318668cc2 - core[a373ad73a504971]::panicking::panic
[INFO] [stdout]   12:     0x65031836c068 - ufo2fontir[eba5562bb271482b]::source::tests::load_designspace
[INFO] [stdout]   13:     0x65031836cf2d - ufo2fontir[eba5562bb271482b]::source::tests::build_static_metadata
[INFO] [stdout]   14:     0x65031836af36 - ufo2fontir[eba5562bb271482b]::source::tests::build_kerning
[INFO] [stdout]   15:     0x650318389c36 - <ufo2fontir[eba5562bb271482b]::source::tests::non_default_kernless_source_skipped_from_variation::{closure#0} as core[a373ad73a504971]::ops::function::FnOnce<()>>::call_once
[INFO] [stdout]   16:     0x65031845d8db - test[aada8e7e76ba119b]::__rust_begin_short_backtrace::<core[a373ad73a504971]::result::Result<(), alloc[2e1b2a31b91974c5]::string::String>, fn() -> core[a373ad73a504971]::result::Result<(), alloc[2e1b2a31b91974c5]::string::String>>
[INFO] [stdout]   17:     0x65031846aab5 - test[aada8e7e76ba119b]::run_test::{closure#0}
[INFO] [stdout]   18:     0x6503184643a4 - std[617be2ca0a6fd877]::sys::backtrace::__rust_begin_short_backtrace::<test[aada8e7e76ba119b]::run_test::{closure#1}, ()>
[INFO] [stdout]   19:     0x65031846db42 - <std[617be2ca0a6fd877]::thread::lifecycle::spawn_unchecked<test[aada8e7e76ba119b]::run_test::{closure#1}, ()>::{closure#1} as core[a373ad73a504971]::ops::function::FnOnce<()>>::call_once::{shim:vtable#0}
[INFO] [stdout]   20:     0x65031864f2ff - <std[617be2ca0a6fd877]::sys::thread::unix::Thread>::new::thread_start
[INFO] [stdout]   21:     0x73c56a7e9dfa - <unknown>
[INFO] [stdout]   22:     0x73c56a87d3d4 - clone
[INFO] [stdout]   23:                0x0 - <unknown>
[INFO] [stdout] 
[INFO] [stdout] ---- source::tests::obeys_explicit_fs_type stdout ----
[INFO] [stdout] 
[INFO] [stdout] thread 'source::tests::obeys_explicit_fs_type' (2808) panicked at src/source.rs:2361:9:
[INFO] [stdout] assertion failed: dir.is_dir()
[INFO] [stdout] stack backtrace:
[INFO] [stdout]    0:     0x650318650451 - <<std[617be2ca0a6fd877]::sys::backtrace::BacktraceLock>::print::DisplayBacktrace as core[a373ad73a504971]::fmt::Display>::fmt
[INFO] [stdout]    1:     0x65031866859a - core[a373ad73a504971]::fmt::write
[INFO] [stdout]    2:     0x650318654a7c - <alloc[2e1b2a31b91974c5]::vec::Vec<u8> as core[a373ad73a504971]::io::write::Write>::write_fmt
[INFO] [stdout]    3:     0x6503186292f6 - std[617be2ca0a6fd877]::panicking::default_hook::{closure#0}
[INFO] [stdout]    4:     0x650318646a19 - std[617be2ca0a6fd877]::panicking::default_hook
[INFO] [stdout]    5:     0x65031846a490 - test[aada8e7e76ba119b]::test_main_inner::{closure#0}
[INFO] [stdout]    6:     0x650318646bd2 - std[617be2ca0a6fd877]::panicking::panic_with_hook
[INFO] [stdout]    7:     0x6503186293d4 - std[617be2ca0a6fd877]::panicking::panic_handler::{closure#0}
[INFO] [stdout]    8:     0x650318621d69 - std[617be2ca0a6fd877]::sys::backtrace::__rust_end_short_backtrace::<std[617be2ca0a6fd877]::panicking::panic_handler::{closure#0}, !>
[INFO] [stdout]    9:     0x650318629fad - __rustc[ea4f61d10b84890b]::rust_begin_unwind
[INFO] [stdout]   10:     0x650318668cfc - core[a373ad73a504971]::panicking::panic_fmt
[INFO] [stdout]   11:     0x650318668cc2 - core[a373ad73a504971]::panicking::panic
[INFO] [stdout]   12:     0x65031836c068 - ufo2fontir[eba5562bb271482b]::source::tests::load_designspace
[INFO] [stdout]   13:     0x65031836cf2d - ufo2fontir[eba5562bb271482b]::source::tests::build_static_metadata
[INFO] [stdout]   14:     0x65031836b924 - ufo2fontir[eba5562bb271482b]::source::tests::assert_fs_type
[INFO] [stdout]   15:     0x65031837328a - <ufo2fontir[eba5562bb271482b]::source::tests::obeys_explicit_fs_type::{closure#0} as core[a373ad73a504971]::ops::function::FnOnce<()>>::call_once
[INFO] [stdout]   16:     0x65031845d8db - test[aada8e7e76ba119b]::__rust_begin_short_backtrace::<core[a373ad73a504971]::result::Result<(), alloc[2e1b2a31b91974c5]::string::String>, fn() -> core[a373ad73a504971]::result::Result<(), alloc[2e1b2a31b91974c5]::string::String>>
[INFO] [stdout]   17:     0x65031846aab5 - test[aada8e7e76ba119b]::run_test::{closure#0}
[INFO] [stdout]   18:     0x6503184643a4 - std[617be2ca0a6fd877]::sys::backtrace::__rust_begin_short_backtrace::<test[aada8e7e76ba119b]::run_test::{closure#1}, ()>
[INFO] [stdout]   19:     0x65031846db42 - <std[617be2ca0a6fd877]::thread::lifecycle::spawn_unchecked<test[aada8e7e76ba119b]::run_test::{closure#1}, ()>::{closure#1} as core[a373ad73a504971]::ops::function::FnOnce<()>>::call_once::{shim:vtable#0}
[INFO] [stdout]   20:     0x65031864f2ff - <std[617be2ca0a6fd877]::sys::thread::unix::Thread>::new::thread_start
[INFO] [stdout]   21:     0x73c56a7e9dfa - <unknown>
[INFO] [stdout]   22:     0x73c56a87d3d4 - clone
[INFO] [stdout]   23:                0x0 - <unknown>
[INFO] [stdout] 
[INFO] [stdout] ---- source::tests::obeys_explicit_panose stdout ----
[INFO] [stdout] 
[INFO] [stdout] thread 'source::tests::obeys_explicit_panose' (2809) panicked at src/source.rs:2361:9:
[INFO] [stdout] assertion failed: dir.is_dir()
[INFO] [stdout] stack backtrace:
[INFO] [stdout]    0:     0x650318650451 - <<std[617be2ca0a6fd877]::sys::backtrace::BacktraceLock>::print::DisplayBacktrace as core[a373ad73a504971]::fmt::Display>::fmt
[INFO] [stdout]    1:     0x65031866859a - core[a373ad73a504971]::fmt::write
[INFO] [stdout]    2:     0x650318654a7c - <alloc[2e1b2a31b91974c5]::vec::Vec<u8> as core[a373ad73a504971]::io::write::Write>::write_fmt
[INFO] [stdout]    3:     0x6503186292f6 - std[617be2ca0a6fd877]::panicking::default_hook::{closure#0}
[INFO] [stdout]    4:     0x650318646a19 - std[617be2ca0a6fd877]::panicking::default_hook
[INFO] [stdout]    5:     0x65031846a490 - test[aada8e7e76ba119b]::test_main_inner::{closure#0}
[INFO] [stdout]    6:     0x650318646bd2 - std[617be2ca0a6fd877]::panicking::panic_with_hook
[INFO] [stdout]    7:     0x6503186293d4 - std[617be2ca0a6fd877]::panicking::panic_handler::{closure#0}
[INFO] [stdout]    8:     0x650318621d69 - std[617be2ca0a6fd877]::sys::backtrace::__rust_end_short_backtrace::<std[617be2ca0a6fd877]::panicking::panic_handler::{closure#0}, !>
[INFO] [stdout]    9:     0x650318629fad - __rustc[ea4f61d10b84890b]::rust_begin_unwind
[INFO] [stdout]   10:     0x650318668cfc - core[a373ad73a504971]::panicking::panic_fmt
[INFO] [stdout]   11:     0x650318668cc2 - core[a373ad73a504971]::panicking::panic
[INFO] [stdout]   12:     0x65031836c068 - ufo2fontir[eba5562bb271482b]::source::tests::load_designspace
[INFO] [stdout]   13:     0x65031836cf2d - ufo2fontir[eba5562bb271482b]::source::tests::build_static_metadata
[INFO] [stdout]   14:     0x650318372b5b - <ufo2fontir[eba5562bb271482b]::source::tests::obeys_explicit_panose::{closure#0} as core[a373ad73a504971]::ops::function::FnOnce<()>>::call_once
[INFO] [stdout]   15:     0x65031845d8db - test[aada8e7e76ba119b]::__rust_begin_short_backtrace::<core[a373ad73a504971]::result::Result<(), alloc[2e1b2a31b91974c5]::string::String>, fn() -> core[a373ad73a504971]::result::Result<(), alloc[2e1b2a31b91974c5]::string::String>>
[INFO] [stdout]   16:     0x65031846aab5 - test[aada8e7e76ba119b]::run_test::{closure#0}
[INFO] [stdout]   17:     0x6503184643a4 - std[617be2ca0a6fd877]::sys::backtrace::__rust_begin_short_backtrace::<test[aada8e7e76ba119b]::run_test::{closure#1}, ()>
[INFO] [stdout]   18:     0x65031846db42 - <std[617be2ca0a6fd877]::thread::lifecycle::spawn_unchecked<test[aada8e7e76ba119b]::run_test::{closure#1}, ()>::{closure#1} as core[a373ad73a504971]::ops::function::FnOnce<()>>::call_once::{shim:vtable#0}
[INFO] [stdout]   19:     0x65031864f2ff - <std[617be2ca0a6fd877]::sys::thread::unix::Thread>::new::thread_start
[INFO] [stdout]   20:     0x73c56a7e9dfa - <unknown>
[INFO] [stdout]   21:     0x73c56a87d3d4 - clone
[INFO] [stdout]   22:                0x0 - <unknown>
[INFO] [stdout] 
[INFO] [stdout] ---- source::tests::only_glyphs_present_in_default stdout ----
[INFO] [stdout] 
[INFO] [stdout] thread 'source::tests::only_glyphs_present_in_default' (2810) panicked at src/source.rs:2361:9:
[INFO] [stdout] assertion failed: dir.is_dir()
[INFO] [stdout] stack backtrace:
[INFO] [stdout]    0:     0x650318650451 - <<std[617be2ca0a6fd877]::sys::backtrace::BacktraceLock>::print::DisplayBacktrace as core[a373ad73a504971]::fmt::Display>::fmt
[INFO] [stdout]    1:     0x65031866859a - core[a373ad73a504971]::fmt::write
[INFO] [stdout]    2:     0x650318654a7c - <alloc[2e1b2a31b91974c5]::vec::Vec<u8> as core[a373ad73a504971]::io::write::Write>::write_fmt
[INFO] [stdout]    3:     0x6503186292f6 - std[617be2ca0a6fd877]::panicking::default_hook::{closure#0}
[INFO] [stdout]    4:     0x650318646a19 - std[617be2ca0a6fd877]::panicking::default_hook
[INFO] [stdout]    5:     0x65031846a490 - test[aada8e7e76ba119b]::test_main_inner::{closure#0}
[INFO] [stdout]    6:     0x650318646bd2 - std[617be2ca0a6fd877]::panicking::panic_with_hook
[INFO] [stdout]    7:     0x6503186293d4 - std[617be2ca0a6fd877]::panicking::panic_handler::{closure#0}
[INFO] [stdout]    8:     0x650318621d69 - std[617be2ca0a6fd877]::sys::backtrace::__rust_end_short_backtrace::<std[617be2ca0a6fd877]::panicking::panic_handler::{closure#0}, !>
[INFO] [stdout]    9:     0x650318629fad - __rustc[ea4f61d10b84890b]::rust_begin_unwind
[INFO] [stdout]   10:     0x650318668cfc - core[a373ad73a504971]::panicking::panic_fmt
[INFO] [stdout]   11:     0x650318668cc2 - core[a373ad73a504971]::panicking::panic
[INFO] [stdout]   12:     0x65031836c068 - ufo2fontir[eba5562bb271482b]::source::tests::load_designspace
[INFO] [stdout]   13:     0x65031837dc5e - <ufo2fontir[eba5562bb271482b]::source::tests::only_glyphs_present_in_default::{closure#0} as core[a373ad73a504971]::ops::function::FnOnce<()>>::call_once
[INFO] [stdout]   14:     0x65031845d8db - test[aada8e7e76ba119b]::__rust_begin_short_backtrace::<core[a373ad73a504971]::result::Result<(), alloc[2e1b2a31b91974c5]::string::String>, fn() -> core[a373ad73a504971]::result::Result<(), alloc[2e1b2a31b91974c5]::string::String>>
[INFO] [stdout]   15:     0x65031846aab5 - test[aada8e7e76ba119b]::run_test::{closure#0}
[INFO] [stdout]   16:     0x6503184643a4 - std[617be2ca0a6fd877]::sys::backtrace::__rust_begin_short_backtrace::<test[aada8e7e76ba119b]::run_test::{closure#1}, ()>
[INFO] [stdout]   17:     0x65031846db42 - <std[617be2ca0a6fd877]::thread::lifecycle::spawn_unchecked<test[aada8e7e76ba119b]::run_test::{closure#1}, ()>::{closure#1} as core[a373ad73a504971]::ops::function::FnOnce<()>>::call_once::{shim:vtable#0}
[INFO] [stdout]   18:     0x65031864f2ff - <std[617be2ca0a6fd877]::sys::thread::unix::Thread>::new::thread_start
[INFO] [stdout]   19:     0x73c56a7e9dfa - <unknown>
[INFO] [stdout]   20:     0x73c56a87d3d4 - clone
[INFO] [stdout]   21:                0x0 - <unknown>
[INFO] [stdout] 
[INFO] [stdout] ---- source::tests::reads_categories_from_designspace_lib stdout ----
[INFO] [stdout] 
[INFO] [stdout] thread 'source::tests::reads_categories_from_designspace_lib' (2823) panicked at src/source.rs:2361:9:
[INFO] [stdout] assertion failed: dir.is_dir()
[INFO] [stdout] stack backtrace:
[INFO] [stdout]    0:     0x650318650451 - <<std[617be2ca0a6fd877]::sys::backtrace::BacktraceLock>::print::DisplayBacktrace as core[a373ad73a504971]::fmt::Display>::fmt
[INFO] [stdout]    1:     0x65031866859a - core[a373ad73a504971]::fmt::write
[INFO] [stdout]    2:     0x650318654a7c - <alloc[2e1b2a31b91974c5]::vec::Vec<u8> as core[a373ad73a504971]::io::write::Write>::write_fmt
[INFO] [stdout]    3:     0x6503186292f6 - std[617be2ca0a6fd877]::panicking::default_hook::{closure#0}
[INFO] [stdout]    4:     0x650318646a19 - std[617be2ca0a6fd877]::panicking::default_hook
[INFO] [stdout]    5:     0x65031846a490 - test[aada8e7e76ba119b]::test_main_inner::{closure#0}
[INFO] [stdout]    6:     0x650318646bd2 - std[617be2ca0a6fd877]::panicking::panic_with_hook
[INFO] [stdout]    7:     0x6503186293d4 - std[617be2ca0a6fd877]::panicking::panic_handler::{closure#0}
[INFO] [stdout]    8:     0x650318621d69 - std[617be2ca0a6fd877]::sys::backtrace::__rust_end_short_backtrace::<std[617be2ca0a6fd877]::panicking::panic_handler::{closure#0}, !>
[INFO] [stdout]    9:     0x650318629fad - __rustc[ea4f61d10b84890b]::rust_begin_unwind
[INFO] [stdout]   10:     0x650318668cfc - core[a373ad73a504971]::panicking::panic_fmt
[INFO] [stdout]   11:     0x650318668cc2 - core[a373ad73a504971]::panicking::panic
[INFO] [stdout]   12:     0x65031836c068 - ufo2fontir[eba5562bb271482b]::source::tests::load_designspace
[INFO] [stdout]   13:     0x6503183845cb - <ufo2fontir[eba5562bb271482b]::source::tests::reads_categories_from_designspace_lib::{closure#0} as core[a373ad73a504971]::ops::function::FnOnce<()>>::call_once
[INFO] [stdout]   14:     0x65031845d8db - test[aada8e7e76ba119b]::__rust_begin_short_backtrace::<core[a373ad73a504971]::result::Result<(), alloc[2e1b2a31b91974c5]::string::String>, fn() -> core[a373ad73a504971]::result::Result<(), alloc[2e1b2a31b91974c5]::string::String>>
[INFO] [stdout]   15:     0x65031846aab5 - test[aada8e7e76ba119b]::run_test::{closure#0}
[INFO] [stdout]   16:     0x6503184643a4 - std[617be2ca0a6fd877]::sys::backtrace::__rust_begin_short_backtrace::<test[aada8e7e76ba119b]::run_test::{closure#1}, ()>
[INFO] [stdout]   17:     0x65031846db42 - <std[617be2ca0a6fd877]::thread::lifecycle::spawn_unchecked<test[aada8e7e76ba119b]::run_test::{closure#1}, ()>::{closure#1} as core[a373ad73a504971]::ops::function::FnOnce<()>>::call_once::{shim:vtable#0}
[INFO] [stdout]   18:     0x65031864f2ff - <std[617be2ca0a6fd877]::sys::thread::unix::Thread>::new::thread_start
[INFO] [stdout]   19:     0x73c56a7e9dfa - <unknown>
[INFO] [stdout]   20:     0x73c56a87d3d4 - clone
[INFO] [stdout]   21:                0x0 - <unknown>
[INFO] [stdout] 
[INFO] [stdout] ---- source::tests::rclt_feature_variations stdout ----
[INFO] [stdout] 
[INFO] [stdout] thread 'source::tests::rclt_feature_variations' (2822) panicked at src/source.rs:2361:9:
[INFO] [stdout] assertion failed: dir.is_dir()
[INFO] [stdout] stack backtrace:
[INFO] [stdout]    0:     0x650318650451 - <<std[617be2ca0a6fd877]::sys::backtrace::BacktraceLock>::print::DisplayBacktrace as core[a373ad73a504971]::fmt::Display>::fmt
[INFO] [stdout]    1:     0x65031866859a - core[a373ad73a504971]::fmt::write
[INFO] [stdout]    2:     0x650318654a7c - <alloc[2e1b2a31b91974c5]::vec::Vec<u8> as core[a373ad73a504971]::io::write::Write>::write_fmt
[INFO] [stdout]    3:     0x6503186292f6 - std[617be2ca0a6fd877]::panicking::default_hook::{closure#0}
[INFO] [stdout]    4:     0x650318646a19 - std[617be2ca0a6fd877]::panicking::default_hook
[INFO] [stdout]    5:     0x65031846a490 - test[aada8e7e76ba119b]::test_main_inner::{closure#0}
[INFO] [stdout]    6:     0x650318646bd2 - std[617be2ca0a6fd877]::panicking::panic_with_hook
[INFO] [stdout]    7:     0x6503186293d4 - std[617be2ca0a6fd877]::panicking::panic_handler::{closure#0}
[INFO] [stdout]    8:     0x650318621d69 - std[617be2ca0a6fd877]::sys::backtrace::__rust_end_short_backtrace::<std[617be2ca0a6fd877]::panicking::panic_handler::{closure#0}, !>
[INFO] [stdout]    9:     0x650318629fad - __rustc[ea4f61d10b84890b]::rust_begin_unwind
[INFO] [stdout]   10:     0x650318668cfc - core[a373ad73a504971]::panicking::panic_fmt
[INFO] [stdout]   11:     0x650318668cc2 - core[a373ad73a504971]::panicking::panic
[INFO] [stdout]   12:     0x65031836c068 - ufo2fontir[eba5562bb271482b]::source::tests::load_designspace
[INFO] [stdout]   13:     0x65031836cf2d - ufo2fontir[eba5562bb271482b]::source::tests::build_static_metadata
[INFO] [stdout]   14:     0x6503183742f2 - <ufo2fontir[eba5562bb271482b]::source::tests::rclt_feature_variations::{closure#0} as core[a373ad73a504971]::ops::function::FnOnce<()>>::call_once
[INFO] [stdout]   15:     0x65031845d8db - test[aada8e7e76ba119b]::__rust_begin_short_backtrace::<core[a373ad73a504971]::result::Result<(), alloc[2e1b2a31b91974c5]::string::String>, fn() -> core[a373ad73a504971]::result::Result<(), alloc[2e1b2a31b91974c5]::string::String>>
[INFO] [stdout]   16:     0x65031846aab5 - test[aada8e7e76ba119b]::run_test::{closure#0}
[INFO] [stdout]   17:     0x6503184643a4 - std[617be2ca0a6fd877]::sys::backtrace::__rust_begin_short_backtrace::<test[aada8e7e76ba119b]::run_test::{closure#1}, ()>
[INFO] [stdout]   18:     0x65031846db42 - <std[617be2ca0a6fd877]::thread::lifecycle::spawn_unchecked<test[aada8e7e76ba119b]::run_test::{closure#1}, ()>::{closure#1} as core[a373ad73a504971]::ops::function::FnOnce<()>>::call_once::{shim:vtable#0}
[INFO] [stdout]   19:     0x65031864f2ff - <std[617be2ca0a6fd877]::sys::thread::unix::Thread>::new::thread_start
[INFO] [stdout]   20:     0x73c56a7e9dfa - <unknown>
[INFO] [stdout]   21:     0x73c56a87d3d4 - clone
[INFO] [stdout]   22:                0x0 - <unknown>
[INFO] [stdout] 
[INFO] [stdout] ---- source::tests::reads_feature_writers_from_ufo_lib stdout ----
[INFO] [stdout] 
[INFO] [stdout] thread 'source::tests::reads_feature_writers_from_ufo_lib' (2825) panicked at src/source.rs:2361:9:
[INFO] [stdout] assertion failed: dir.is_dir()
[INFO] [stdout] stack backtrace:
[INFO] [stdout]    0:     0x650318650451 - <<std[617be2ca0a6fd877]::sys::backtrace::BacktraceLock>::print::DisplayBacktrace as core[a373ad73a504971]::fmt::Display>::fmt
[INFO] [stdout]    1:     0x65031866859a - core[a373ad73a504971]::fmt::write
[INFO] [stdout]    2:     0x650318654a7c - <alloc[2e1b2a31b91974c5]::vec::Vec<u8> as core[a373ad73a504971]::io::write::Write>::write_fmt
[INFO] [stdout]    3:     0x6503186292f6 - std[617be2ca0a6fd877]::panicking::default_hook::{closure#0}
[INFO] [stdout]    4:     0x650318646a19 - std[617be2ca0a6fd877]::panicking::default_hook
[INFO] [stdout]    5:     0x65031846a490 - test[aada8e7e76ba119b]::test_main_inner::{closure#0}
[INFO] [stdout]    6:     0x650318646bd2 - std[617be2ca0a6fd877]::panicking::panic_with_hook
[INFO] [stdout]    7:     0x6503186293d4 - std[617be2ca0a6fd877]::panicking::panic_handler::{closure#0}
[INFO] [stdout]    8:     0x650318621d69 - std[617be2ca0a6fd877]::sys::backtrace::__rust_end_short_backtrace::<std[617be2ca0a6fd877]::panicking::panic_handler::{closure#0}, !>
[INFO] [stdout]    9:     0x650318629fad - __rustc[ea4f61d10b84890b]::rust_begin_unwind
[INFO] [stdout]   10:     0x650318668cfc - core[a373ad73a504971]::panicking::panic_fmt
[INFO] [stdout]   11:     0x650318668cc2 - core[a373ad73a504971]::panicking::panic
[INFO] [stdout]   12:     0x65031836c068 - ufo2fontir[eba5562bb271482b]::source::tests::load_designspace
[INFO] [stdout]   13:     0x65031836cf2d - ufo2fontir[eba5562bb271482b]::source::tests::build_static_metadata
[INFO] [stdout]   14:     0x65031838158d - <ufo2fontir[eba5562bb271482b]::source::tests::reads_feature_writers_from_ufo_lib::{closure#0} as core[a373ad73a504971]::ops::function::FnOnce<()>>::call_once
[INFO] [stdout]   15:     0x65031845d8db - test[aada8e7e76ba119b]::__rust_begin_short_backtrace::<core[a373ad73a504971]::result::Result<(), alloc[2e1b2a31b91974c5]::string::String>, fn() -> core[a373ad73a504971]::result::Result<(), alloc[2e1b2a31b91974c5]::string::String>>
[INFO] [stdout]   16:     0x65031846aab5 - test[aada8e7e76ba119b]::run_test::{closure#0}
[INFO] [stdout]   17:     0x6503184643a4 - std[617be2ca0a6fd877]::sys::backtrace::__rust_begin_short_backtrace::<test[aada8e7e76ba119b]::run_test::{closure#1}, ()>
[INFO] [stdout]   18:     0x65031846db42 - <std[617be2ca0a6fd877]::thread::lifecycle::spawn_unchecked<test[aada8e7e76ba119b]::run_test::{closure#1}, ()>::{closure#1} as core[a373ad73a504971]::ops::function::FnOnce<()>>::call_once::{shim:vtable#0}
[INFO] [stdout]   19:     0x65031864f2ff - <std[617be2ca0a6fd877]::sys::thread::unix::Thread>::new::thread_start
[INFO] [stdout]   20:     0x73c56a7e9dfa - <unknown>
[INFO] [stdout]   21:     0x73c56a87d3d4 - clone
[INFO] [stdout]   22:                0x0 - <unknown>
[INFO] [stdout] 
[INFO] [stdout] ---- source::tests::reads_feature_writers_from_designspace_lib stdout ----
[INFO] [stdout] 
[INFO] [stdout] thread 'source::tests::reads_feature_writers_from_designspace_lib' (2824) panicked at src/source.rs:2361:9:
[INFO] [stdout] assertion failed: dir.is_dir()
[INFO] [stdout] stack backtrace:
[INFO] [stdout]    0:     0x650318650451 - <<std[617be2ca0a6fd877]::sys::backtrace::BacktraceLock>::print::DisplayBacktrace as core[a373ad73a504971]::fmt::Display>::fmt
[INFO] [stdout]    1:     0x65031866859a - core[a373ad73a504971]::fmt::write
[INFO] [stdout]    2:     0x650318654a7c - <alloc[2e1b2a31b91974c5]::vec::Vec<u8> as core[a373ad73a504971]::io::write::Write>::write_fmt
[INFO] [stdout]    3:     0x6503186292f6 - std[617be2ca0a6fd877]::panicking::default_hook::{closure#0}
[INFO] [stdout]    4:     0x650318646a19 - std[617be2ca0a6fd877]::panicking::default_hook
[INFO] [stdout]    5:     0x65031846a490 - test[aada8e7e76ba119b]::test_main_inner::{closure#0}
[INFO] [stdout]    6:     0x650318646bd2 - std[617be2ca0a6fd877]::panicking::panic_with_hook
[INFO] [stdout]    7:     0x6503186293d4 - std[617be2ca0a6fd877]::panicking::panic_handler::{closure#0}
[INFO] [stdout]    8:     0x650318621d69 - std[617be2ca0a6fd877]::sys::backtrace::__rust_end_short_backtrace::<std[617be2ca0a6fd877]::panicking::panic_handler::{closure#0}, !>
[INFO] [stdout]    9:     0x650318629fad - __rustc[ea4f61d10b84890b]::rust_begin_unwind
[INFO] [stdout]   10:     0x650318668cfc - core[a373ad73a504971]::panicking::panic_fmt
[INFO] [stdout]   11:     0x650318668cc2 - core[a373ad73a504971]::panicking::panic
[INFO] [stdout]   12:     0x65031836c068 - ufo2fontir[eba5562bb271482b]::source::tests::load_designspace
[INFO] [stdout]   13:     0x65031836c1ea - ufo2fontir[eba5562bb271482b]::source::tests::feature_writers_of
[INFO] [stdout]   14:     0x65031838886f - <ufo2fontir[eba5562bb271482b]::source::tests::reads_feature_writers_from_designspace_lib::{closure#0} as core[a373ad73a504971]::ops::function::FnOnce<()>>::call_once
[INFO] [stdout]   15:     0x65031845d8db - test[aada8e7e76ba119b]::__rust_begin_short_backtrace::<core[a373ad73a504971]::result::Result<(), alloc[2e1b2a31b91974c5]::string::String>, fn() -> core[a373ad73a504971]::result::Result<(), alloc[2e1b2a31b91974c5]::string::String>>
[INFO] [stdout]   16:     0x65031846aab5 - test[aada8e7e76ba119b]::run_test::{closure#0}
[INFO] [stdout]   17:     0x6503184643a4 - std[617be2ca0a6fd877]::sys::backtrace::__rust_begin_short_backtrace::<test[aada8e7e76ba119b]::run_test::{closure#1}, ()>
[INFO] [stdout]   18:     0x65031846db42 - <std[617be2ca0a6fd877]::thread::lifecycle::spawn_unchecked<test[aada8e7e76ba119b]::run_test::{closure#1}, ()>::{closure#1} as core[a373ad73a504971]::ops::function::FnOnce<()>>::call_once::{shim:vtable#0}
[INFO] [stdout]   19:     0x65031864f2ff - <std[617be2ca0a6fd877]::sys::thread::unix::Thread>::new::thread_start
[INFO] [stdout]   20:     0x73c56a7e9dfa - <unknown>
[INFO] [stdout]   21:     0x73c56a87d3d4 - clone
[INFO] [stdout]   22:                0x0 - <unknown>
[INFO] [stdout] 
[INFO] [stdout] ---- source::tests::parse_meta_table_values stdout ----
[INFO] [stdout] 
[INFO] [stdout] thread 'source::tests::parse_meta_table_values' (2815) panicked at src/source.rs:2361:9:
[INFO] [stdout] assertion failed: dir.is_dir()
[INFO] [stdout] stack backtrace:
[INFO] [stdout]    0:     0x650318650451 - <<std[617be2ca0a6fd877]::sys::backtrace::BacktraceLock>::print::DisplayBacktrace as core[a373ad73a504971]::fmt::Display>::fmt
[INFO] [stdout]    1:     0x65031866859a - core[a373ad73a504971]::fmt::write
[INFO] [stdout]    2:     0x650318654a7c - <alloc[2e1b2a31b91974c5]::vec::Vec<u8> as core[a373ad73a504971]::io::write::Write>::write_fmt
[INFO] [stdout]    3:     0x6503186292f6 - std[617be2ca0a6fd877]::panicking::default_hook::{closure#0}
[INFO] [stdout]    4:     0x650318646a19 - std[617be2ca0a6fd877]::panicking::default_hook
[INFO] [stdout]    5:     0x65031846a490 - test[aada8e7e76ba119b]::test_main_inner::{closure#0}
[INFO] [stdout]    6:     0x650318646bd2 - std[617be2ca0a6fd877]::panicking::panic_with_hook
[INFO] [stdout]    7:     0x6503186293d4 - std[617be2ca0a6fd877]::panicking::panic_handler::{closure#0}
[INFO] [stdout]    8:     0x650318621d69 - std[617be2ca0a6fd877]::sys::backtrace::__rust_end_short_backtrace::<std[617be2ca0a6fd877]::panicking::panic_handler::{closure#0}, !>
[INFO] [stdout]    9:     0x650318629fad - __rustc[ea4f61d10b84890b]::rust_begin_unwind
[INFO] [stdout]   10:     0x650318668cfc - core[a373ad73a504971]::panicking::panic_fmt
[INFO] [stdout]   11:     0x650318668cc2 - core[a373ad73a504971]::panicking::panic
[INFO] [stdout]   12:     0x65031836c068 - ufo2fontir[eba5562bb271482b]::source::tests::load_designspace
[INFO] [stdout]   13:     0x65031836cf2d - ufo2fontir[eba5562bb271482b]::source::tests::build_static_metadata
[INFO] [stdout]   14:     0x650318373f8e - <ufo2fontir[eba5562bb271482b]::source::tests::parse_meta_table_values::{closure#0} as core[a373ad73a504971]::ops::function::FnOnce<()>>::call_once
[INFO] [stdout]   15:     0x65031845d8db - test[aada8e7e76ba119b]::__rust_begin_short_backtrace::<core[a373ad73a504971]::result::Result<(), alloc[2e1b2a31b91974c5]::string::String>, fn() -> core[a373ad73a504971]::result::Result<(), alloc[2e1b2a31b91974c5]::string::String>>
[INFO] [stdout]   16:     0x65031846aab5 - test[aada8e7e76ba119b]::run_test::{closure#0}
[INFO] [stdout]   17:     0x6503184643a4 - std[617be2ca0a6fd877]::sys::backtrace::__rust_begin_short_backtrace::<test[aada8e7e76ba119b]::run_test::{closure#1}, ()>
[INFO] [stdout]   18:     0x65031846db42 - <std[617be2ca0a6fd877]::thread::lifecycle::spawn_unchecked<test[aada8e7e76ba119b]::run_test::{closure#1}, ()>::{closure#1} as core[a373ad73a504971]::ops::function::FnOnce<()>>::call_once::{shim:vtable#0}
[INFO] [stdout]   19:     0x65031864f2ff - <std[617be2ca0a6fd877]::sys::thread::unix::Thread>::new::thread_start
[INFO] [stdout]   20:     0x73c56a7e9dfa - <unknown>
[INFO] [stdout]   21:     0x73c56a87d3d4 - clone
[INFO] [stdout]   22:                0x0 - <unknown>
[INFO] [stdout] 
[INFO] [stdout] ---- source::tests::ot_rounds_upem stdout ----
[INFO] [stdout] 
[INFO] [stdout] thread 'source::tests::ot_rounds_upem' (2811) panicked at src/source.rs:2361:9:
[INFO] [stdout] assertion failed: dir.is_dir()
[INFO] [stdout] stack backtrace:
[INFO] [stdout]    0:     0x650318650451 - <<std[617be2ca0a6fd877]::sys::backtrace::BacktraceLock>::print::DisplayBacktrace as core[a373ad73a504971]::fmt::Display>::fmt
[INFO] [stdout]    1:     0x65031866859a - core[a373ad73a504971]::fmt::write
[INFO] [stdout]    2:     0x650318654a7c - <alloc[2e1b2a31b91974c5]::vec::Vec<u8> as core[a373ad73a504971]::io::write::Write>::write_fmt
[INFO] [stdout]    3:     0x6503186292f6 - std[617be2ca0a6fd877]::panicking::default_hook::{closure#0}
[INFO] [stdout]    4:     0x650318646a19 - std[617be2ca0a6fd877]::panicking::default_hook
[INFO] [stdout]    5:     0x65031846a490 - test[aada8e7e76ba119b]::test_main_inner::{closure#0}
[INFO] [stdout]    6:     0x650318646bd2 - std[617be2ca0a6fd877]::panicking::panic_with_hook
[INFO] [stdout]    7:     0x6503186293d4 - std[617be2ca0a6fd877]::panicking::panic_handler::{closure#0}
[INFO] [stdout]    8:     0x650318621d69 - std[617be2ca0a6fd877]::sys::backtrace::__rust_end_short_backtrace::<std[617be2ca0a6fd877]::panicking::panic_handler::{closure#0}, !>
[INFO] [stdout]    9:     0x650318629fad - __rustc[ea4f61d10b84890b]::rust_begin_unwind
[INFO] [stdout]   10:     0x650318668cfc - core[a373ad73a504971]::panicking::panic_fmt
[INFO] [stdout]   11:     0x650318668cc2 - core[a373ad73a504971]::panicking::panic
[INFO] [stdout]   12:     0x65031836c068 - ufo2fontir[eba5562bb271482b]::source::tests::load_designspace
[INFO] [stdout]   13:     0x6503183701ad - <ufo2fontir[eba5562bb271482b]::source::tests::ot_rounds_upem::{closure#0} as core[a373ad73a504971]::ops::function::FnOnce<()>>::call_once
[INFO] [stdout]   14:     0x65031845d8db - test[aada8e7e76ba119b]::__rust_begin_short_backtrace::<core[a373ad73a504971]::result::Result<(), alloc[2e1b2a31b91974c5]::string::String>, fn() -> core[a373ad73a504971]::result::Result<(), alloc[2e1b2a31b91974c5]::string::String>>
[INFO] [stdout]   15:     0x65031846aab5 - test[aada8e7e76ba119b]::run_test::{closure#0}
[INFO] [stdout]   16:     0x6503184643a4 - std[617be2ca0a6fd877]::sys::backtrace::__rust_begin_short_backtrace::<test[aada8e7e76ba119b]::run_test::{closure#1}, ()>
[INFO] [stdout]   17:     0x65031846db42 - <std[617be2ca0a6fd877]::thread::lifecycle::spawn_unchecked<test[aada8e7e76ba119b]::run_test::{closure#1}, ()>::{closure#1} as core[a373ad73a504971]::ops::function::FnOnce<()>>::call_once::{shim:vtable#0}
[INFO] [stdout]   18:     0x65031864f2ff - <std[617be2ca0a6fd877]::sys::thread::unix::Thread>::new::thread_start
[INFO] [stdout]   19:     0x73c56a7e9dfa - <unknown>
[INFO] [stdout]   20:     0x73c56a87d3d4 - clone
[INFO] [stdout]   21:                0x0 - <unknown>
[INFO] [stdout] 
[INFO] [stdout] ---- source::tests::reads_skip_export_glyphs stdout ----
[INFO] [stdout] 
[INFO] [stdout] thread 'source::tests::reads_skip_export_glyphs' (2826) panicked at src/source.rs:2361:9:
[INFO] [stdout] assertion failed: dir.is_dir()
[INFO] [stdout] stack backtrace:
[INFO] [stdout]    0:     0x650318650451 - <<std[617be2ca0a6fd877]::sys::backtrace::BacktraceLock>::print::DisplayBacktrace as core[a373ad73a504971]::fmt::Display>::fmt
[INFO] [stdout]    1:     0x65031866859a - core[a373ad73a504971]::fmt::write
[INFO] [stdout]    2:     0x650318654a7c - <alloc[2e1b2a31b91974c5]::vec::Vec<u8> as core[a373ad73a504971]::io::write::Write>::write_fmt
[INFO] [stdout]    3:     0x6503186292f6 - std[617be2ca0a6fd877]::panicking::default_hook::{closure#0}
[INFO] [stdout]    4:     0x650318646a19 - std[617be2ca0a6fd877]::panicking::default_hook
[INFO] [stdout]    5:     0x65031846a490 - test[aada8e7e76ba119b]::test_main_inner::{closure#0}
[INFO] [stdout]    6:     0x650318646bd2 - std[617be2ca0a6fd877]::panicking::panic_with_hook
[INFO] [stdout]    7:     0x6503186293d4 - std[617be2ca0a6fd877]::panicking::panic_handler::{closure#0}
[INFO] [stdout]    8:     0x650318621d69 - std[617be2ca0a6fd877]::sys::backtrace::__rust_end_short_backtrace::<std[617be2ca0a6fd877]::panicking::panic_handler::{closure#0}, !>
[INFO] [stdout]    9:     0x650318629fad - __rustc[ea4f61d10b84890b]::rust_begin_unwind
[INFO] [stdout]   10:     0x650318668cfc - core[a373ad73a504971]::panicking::panic_fmt
[INFO] [stdout]   11:     0x650318668cc2 - core[a373ad73a504971]::panicking::panic
[INFO] [stdout]   12:     0x65031836c068 - ufo2fontir[eba5562bb271482b]::source::tests::load_designspace
[INFO] [stdout]   13:     0x65031836cf2d - ufo2fontir[eba5562bb271482b]::source::tests::build_static_metadata
[INFO] [stdout]   14:     0x65031836ac1f - ufo2fontir[eba5562bb271482b]::source::tests::build_glyphs
[INFO] [stdout]   15:     0x6503183749dd - <ufo2fontir[eba5562bb271482b]::source::tests::reads_skip_export_glyphs::{closure#0} as core[a373ad73a504971]::ops::function::FnOnce<()>>::call_once
[INFO] [stdout]   16:     0x65031845d8db - test[aada8e7e76ba119b]::__rust_begin_short_backtrace::<core[a373ad73a504971]::result::Result<(), alloc[2e1b2a31b91974c5]::string::String>, fn() -> core[a373ad73a504971]::result::Result<(), alloc[2e1b2a31b91974c5]::string::String>>
[INFO] [stdout]   17:     0x65031846aab5 - test[aada8e7e76ba119b]::run_test::{closure#0}
[INFO] [stdout]   18:     0x6503184643a4 - std[617be2ca0a6fd877]::sys::backtrace::__rust_begin_short_backtrace::<test[aada8e7e76ba119b]::run_test::{closure#1}, ()>
[INFO] [stdout]   19:     0x65031846db42 - <std[617be2ca0a6fd877]::thread::lifecycle::spawn_unchecked<test[aada8e7e76ba119b]::run_test::{closure#1}, ()>::{closure#1} as core[a373ad73a504971]::ops::function::FnOnce<()>>::call_once::{shim:vtable#0}
[INFO] [stdout]   20:     0x65031864f2ff - <std[617be2ca0a6fd877]::sys::thread::unix::Thread>::new::thread_start
[INFO] [stdout]   21:     0x73c56a7e9dfa - <unknown>
[INFO] [stdout]   22:     0x73c56a87d3d4 - clone
[INFO] [stdout]   23:                0x0 - <unknown>
[INFO] [stdout] 
[INFO] [stdout] ---- source::tests::static_metadata_disable_postscript_names stdout ----
[INFO] [stdout] 
[INFO] [stdout] thread 'source::tests::static_metadata_disable_postscript_names' (2827) panicked at src/source.rs:2361:9:
[INFO] [stdout] assertion failed: dir.is_dir()
[INFO] [stdout] stack backtrace:
[INFO] [stdout]    0:     0x650318650451 - <<std[617be2ca0a6fd877]::sys::backtrace::BacktraceLock>::print::DisplayBacktrace as core[a373ad73a504971]::fmt::Display>::fmt
[INFO] [stdout]    1:     0x65031866859a - core[a373ad73a504971]::fmt::write
[INFO] [stdout]    2:     0x650318654a7c - <alloc[2e1b2a31b91974c5]::vec::Vec<u8> as core[a373ad73a504971]::io::write::Write>::write_fmt
[INFO] [stdout]    3:     0x6503186292f6 - std[617be2ca0a6fd877]::panicking::default_hook::{closure#0}
[INFO] [stdout]    4:     0x650318646a19 - std[617be2ca0a6fd877]::panicking::default_hook
[INFO] [stdout]    5:     0x65031846a490 - test[aada8e7e76ba119b]::test_main_inner::{closure#0}
[INFO] [stdout]    6:     0x650318646bd2 - std[617be2ca0a6fd877]::panicking::panic_with_hook
[INFO] [stdout]    7:     0x6503186293d4 - std[617be2ca0a6fd877]::panicking::panic_handler::{closure#0}
[INFO] [stdout]    8:     0x650318621d69 - std[617be2ca0a6fd877]::sys::backtrace::__rust_end_short_backtrace::<std[617be2ca0a6fd877]::panicking::panic_handler::{closure#0}, !>
[INFO] [stdout]    9:     0x650318629fad - __rustc[ea4f61d10b84890b]::rust_begin_unwind
[INFO] [stdout]   10:     0x650318668cfc - core[a373ad73a504971]::panicking::panic_fmt
[INFO] [stdout]   11:     0x650318668cc2 - core[a373ad73a504971]::panicking::panic
[INFO] [stdout]   12:     0x65031836c068 - ufo2fontir[eba5562bb271482b]::source::tests::load_designspace
[INFO] [stdout]   13:     0x65031836cf2d - ufo2fontir[eba5562bb271482b]::source::tests::build_static_metadata
[INFO] [stdout]   14:     0x650318387309 - <ufo2fontir[eba5562bb271482b]::source::tests::static_metadata_disable_postscript_names::{closure#0} as core[a373ad73a504971]::ops::function::FnOnce<()>>::call_once
[INFO] [stdout]   15:     0x65031845d8db - test[aada8e7e76ba119b]::__rust_begin_short_backtrace::<core[a373ad73a504971]::result::Result<(), alloc[2e1b2a31b91974c5]::string::String>, fn() -> core[a373ad73a504971]::result::Result<(), alloc[2e1b2a31b91974c5]::string::String>>
[INFO] [stdout]   16:     0x65031846aab5 - test[aada8e7e76ba119b]::run_test::{closure#0}
[INFO] [stdout]   17:     0x6503184643a4 - std[617be2ca0a6fd877]::sys::backtrace::__rust_begin_short_backtrace::<test[aada8e7e76ba119b]::run_test::{closure#1}, ()>
[INFO] [stdout]   18:     0x65031846db42 - <std[617be2ca0a6fd877]::thread::lifecycle::spawn_unchecked<test[aada8e7e76ba119b]::run_test::{closure#1}, ()>::{closure#1} as core[a373ad73a504971]::ops::function::FnOnce<()>>::call_once::{shim:vtable#0}
[INFO] [stdout]   19:     0x65031864f2ff - <std[617be2ca0a6fd877]::sys::thread::unix::Thread>::new::thread_start
[INFO] [stdout]   20:     0x73c56a7e9dfa - <unknown>
[INFO] [stdout]   21:     0x73c56a87d3d4 - clone
[INFO] [stdout]   22:                0x0 - <unknown>
[INFO] [stdout] 
[INFO] [stdout] ---- source::tests::ufo2_mmk_kerning_groups_upconverted stdout ----
[INFO] [stdout] 
[INFO] [stdout] thread 'source::tests::ufo2_mmk_kerning_groups_upconverted' (2834) panicked at src/source.rs:2361:9:
[INFO] [stdout] assertion failed: dir.is_dir()
[INFO] [stdout] stack backtrace:
[INFO] [stdout]    0:     0x650318650451 - <<std[617be2ca0a6fd877]::sys::backtrace::BacktraceLock>::print::DisplayBacktrace as core[a373ad73a504971]::fmt::Display>::fmt
[INFO] [stdout]    1:     0x65031866859a - core[a373ad73a504971]::fmt::write
[INFO] [stdout]    2:     0x650318654a7c - <alloc[2e1b2a31b91974c5]::vec::Vec<u8> as core[a373ad73a504971]::io::write::Write>::write_fmt
[INFO] [stdout]    3:     0x6503186292f6 - std[617be2ca0a6fd877]::panicking::default_hook::{closure#0}
[INFO] [stdout]    4:     0x650318646a19 - std[617be2ca0a6fd877]::panicking::default_hook
[INFO] [stdout]    5:     0x65031846a490 - test[aada8e7e76ba119b]::test_main_inner::{closure#0}
[INFO] [stdout]    6:     0x650318646bd2 - std[617be2ca0a6fd877]::panicking::panic_with_hook
[INFO] [stdout]    7:     0x6503186293d4 - std[617be2ca0a6fd877]::panicking::panic_handler::{closure#0}
[INFO] [stdout]    8:     0x650318621d69 - std[617be2ca0a6fd877]::sys::backtrace::__rust_end_short_backtrace::<std[617be2ca0a6fd877]::panicking::panic_handler::{closure#0}, !>
[INFO] [stdout]    9:     0x650318629fad - __rustc[ea4f61d10b84890b]::rust_begin_unwind
[INFO] [stdout]   10:     0x650318668cfc - core[a373ad73a504971]::panicking::panic_fmt
[INFO] [stdout]   11:     0x650318668cc2 - core[a373ad73a504971]::panicking::panic
[INFO] [stdout]   12:     0x65031836c068 - ufo2fontir[eba5562bb271482b]::source::tests::load_designspace
[INFO] [stdout]   13:     0x65031836cf2d - ufo2fontir[eba5562bb271482b]::source::tests::build_static_metadata
[INFO] [stdout]   14:     0x65031836af36 - ufo2fontir[eba5562bb271482b]::source::tests::build_kerning
[INFO] [stdout]   15:     0x650318381950 - <ufo2fontir[eba5562bb271482b]::source::tests::ufo2_mmk_kerning_groups_upconverted::{closure#0} as core[a373ad73a504971]::ops::function::FnOnce<()>>::call_once
[INFO] [stdout]   16:     0x65031845d8db - test[aada8e7e76ba119b]::__rust_begin_short_backtrace::<core[a373ad73a504971]::result::Result<(), alloc[2e1b2a31b91974c5]::string::String>, fn() -> core[a373ad73a504971]::result::Result<(), alloc[2e1b2a31b91974c5]::string::String>>
[INFO] [stdout]   17:     0x65031846aab5 - test[aada8e7e76ba119b]::run_test::{closure#0}
[INFO] [stdout]   18:     0x6503184643a4 - std[617be2ca0a6fd877]::sys::backtrace::__rust_begin_short_backtrace::<test[aada8e7e76ba119b]::run_test::{closure#1}, ()>
[INFO] [stdout]   19:     0x65031846db42 - <std[617be2ca0a6fd877]::thread::lifecycle::spawn_unchecked<test[aada8e7e76ba119b]::run_test::{closure#1}, ()>::{closure#1} as core[a373ad73a504971]::ops::function::FnOnce<()>>::call_once::{shim:vtable#0}
[INFO] [stdout]   20:     0x65031864f2ff - <std[617be2ca0a6fd877]::sys::thread::unix::Thread>::new::thread_start
[INFO] [stdout]   21:     0x73c56a7e9dfa - <unknown>
[INFO] [stdout]   22:     0x73c56a87d3d4 - clone
[INFO] [stdout]   23:                0x0 - <unknown>
[INFO] [stdout] 
[INFO] [stdout] ---- source::tests::static_metadata_loads_postscript_names stdout ----
[INFO] [stdout] 
[INFO] [stdout] thread 'source::tests::static_metadata_loads_postscript_names' (2828) panicked at src/source.rs:2361:9:
[INFO] [stdout] assertion failed: dir.is_dir()
[INFO] [stdout] stack backtrace:
[INFO] [stdout]    0:     0x650318650451 - <<std[617be2ca0a6fd877]::sys::backtrace::BacktraceLock>::print::DisplayBacktrace as core[a373ad73a504971]::fmt::Display>::fmt
[INFO] [stdout]    1:     0x65031866859a - core[a373ad73a504971]::fmt::write
[INFO] [stdout]    2:     0x650318654a7c - <alloc[2e1b2a31b91974c5]::vec::Vec<u8> as core[a373ad73a504971]::io::write::Write>::write_fmt
[INFO] [stdout]    3:     0x6503186292f6 - std[617be2ca0a6fd877]::panicking::default_hook::{closure#0}
[INFO] [stdout]    4:     0x650318646a19 - std[617be2ca0a6fd877]::panicking::default_hook
[INFO] [stdout]    5:     0x65031846a490 - test[aada8e7e76ba119b]::test_main_inner::{closure#0}
[INFO] [stdout]    6:     0x650318646bd2 - std[617be2ca0a6fd877]::panicking::panic_with_hook
[INFO] [stdout]    7:     0x6503186293d4 - std[617be2ca0a6fd877]::panicking::panic_handler::{closure#0}
[INFO] [stdout]    8:     0x650318621d69 - std[617be2ca0a6fd877]::sys::backtrace::__rust_end_short_backtrace::<std[617be2ca0a6fd877]::panicking::panic_handler::{closure#0}, !>
[INFO] [stdout]    9:     0x650318629fad - __rustc[ea4f61d10b84890b]::rust_begin_unwind
[INFO] [stdout]   10:     0x650318668cfc - core[a373ad73a504971]::panicking::panic_fmt
[INFO] [stdout]   11:     0x650318668cc2 - core[a373ad73a504971]::panicking::panic
[INFO] [stdout]   12:     0x65031836c068 - ufo2fontir[eba5562bb271482b]::source::tests::load_designspace
[INFO] [stdout]   13:     0x65031836cf2d - ufo2fontir[eba5562bb271482b]::source::tests::build_static_metadata
[INFO] [stdout]   14:     0x6503183853f7 - <ufo2fontir[eba5562bb271482b]::source::tests::static_metadata_loads_postscript_names::{closure#0} as core[a373ad73a504971]::ops::function::FnOnce<()>>::call_once
[INFO] [stdout]   15:     0x65031845d8db - test[aada8e7e76ba119b]::__rust_begin_short_backtrace::<core[a373ad73a504971]::result::Result<(), alloc[2e1b2a31b91974c5]::string::String>, fn() -> core[a373ad73a504971]::result::Result<(), alloc[2e1b2a31b91974c5]::string::String>>
[INFO] [stdout]   16:     0x65031846aab5 - test[aada8e7e76ba119b]::run_test::{closure#0}
[INFO] [stdout]   17:     0x6503184643a4 - std[617be2ca0a6fd877]::sys::backtrace::__rust_begin_short_backtrace::<test[aada8e7e76ba119b]::run_test::{closure#1}, ()>
[INFO] [stdout]   18:     0x65031846db42 - <std[617be2ca0a6fd877]::thread::lifecycle::spawn_unchecked<test[aada8e7e76ba119b]::run_test::{closure#1}, ()>::{closure#1} as core[a373ad73a504971]::ops::function::FnOnce<()>>::call_once::{shim:vtable#0}
[INFO] [stdout]   19:     0x65031864f2ff - <std[617be2ca0a6fd877]::sys::thread::unix::Thread>::new::thread_start
[INFO] [stdout]   20:     0x73c56a7e9dfa - <unknown>
[INFO] [stdout]   21:     0x73c56a87d3d4 - clone
[INFO] [stdout]   22:                0x0 - <unknown>
[INFO] [stdout] 
[INFO] [stdout] ---- source::tests::unsupported_feature_writer_option_is_error stdout ----
[INFO] [stdout] 
[INFO] [stdout] thread 'source::tests::unsupported_feature_writer_option_is_error' (2835) panicked at src/source.rs:2361:9:
[INFO] [stdout] assertion failed: dir.is_dir()
[INFO] [stdout] stack backtrace:
[INFO] [stdout]    0:     0x650318650451 - <<std[617be2ca0a6fd877]::sys::backtrace::BacktraceLock>::print::DisplayBacktrace as core[a373ad73a504971]::fmt::Display>::fmt
[INFO] [stdout]    1:     0x65031866859a - core[a373ad73a504971]::fmt::write
[INFO] [stdout]    2:     0x650318654a7c - <alloc[2e1b2a31b91974c5]::vec::Vec<u8> as core[a373ad73a504971]::io::write::Write>::write_fmt
[INFO] [stdout]    3:     0x6503186292f6 - std[617be2ca0a6fd877]::panicking::default_hook::{closure#0}
[INFO] [stdout]    4:     0x650318646a19 - std[617be2ca0a6fd877]::panicking::default_hook
[INFO] [stdout]    5:     0x65031846a490 - test[aada8e7e76ba119b]::test_main_inner::{closure#0}
[INFO] [stdout]    6:     0x650318646bd2 - std[617be2ca0a6fd877]::panicking::panic_with_hook
[INFO] [stdout]    7:     0x6503186293d4 - std[617be2ca0a6fd877]::panicking::panic_handler::{closure#0}
[INFO] [stdout]    8:     0x650318621d69 - std[617be2ca0a6fd877]::sys::backtrace::__rust_end_short_backtrace::<std[617be2ca0a6fd877]::panicking::panic_handler::{closure#0}, !>
[INFO] [stdout]    9:     0x650318629fad - __rustc[ea4f61d10b84890b]::rust_begin_unwind
[INFO] [stdout]   10:     0x650318668cfc - core[a373ad73a504971]::panicking::panic_fmt
[INFO] [stdout]   11:     0x650318668cc2 - core[a373ad73a504971]::panicking::panic
[INFO] [stdout]   12:     0x65031836c068 - ufo2fontir[eba5562bb271482b]::source::tests::load_designspace
[INFO] [stdout]   13:     0x65031836d9ce - ufo2fontir[eba5562bb271482b]::source::tests::static_metadata_with_feature_writers
[INFO] [stdout]   14:     0x6503183891a0 - <ufo2fontir[eba5562bb271482b]::source::tests::unsupported_feature_writer_option_is_error::{closure#0} as core[a373ad73a504971]::ops::function::FnOnce<()>>::call_once
[INFO] [stdout]   15:     0x65031845d8db - test[aada8e7e76ba119b]::__rust_begin_short_backtrace::<core[a373ad73a504971]::result::Result<(), alloc[2e1b2a31b91974c5]::string::String>, fn() -> core[a373ad73a504971]::result::Result<(), alloc[2e1b2a31b91974c5]::string::String>>
[INFO] [stdout]   16:     0x65031846aab5 - test[aada8e7e76ba119b]::run_test::{closure#0}
[INFO] [stdout]   17:     0x6503184643a4 - std[617be2ca0a6fd877]::sys::backtrace::__rust_begin_short_backtrace::<test[aada8e7e76ba119b]::run_test::{closure#1}, ()>
[INFO] [stdout]   18:     0x65031846db42 - <std[617be2ca0a6fd877]::thread::lifecycle::spawn_unchecked<test[aada8e7e76ba119b]::run_test::{closure#1}, ()>::{closure#1} as core[a373ad73a504971]::ops::function::FnOnce<()>>::call_once::{shim:vtable#0}
[INFO] [stdout]   19:     0x65031864f2ff - <std[617be2ca0a6fd877]::sys::thread::unix::Thread>::new::thread_start
[INFO] [stdout]   20:     0x73c56a7e9dfa - <unknown>
[INFO] [stdout]   21:     0x73c56a87d3d4 - clone
[INFO] [stdout]   22:                0x0 - <unknown>
[INFO] [stdout] 
[INFO] [stdout] ---- toir::tests::captures_codepoints stdout ----
[INFO] [stdout] 
[INFO] [stdout] thread 'toir::tests::captures_codepoints' (2836) panicked at src/toir.rs:306:9:
[INFO] [stdout] assertion failed: dir.is_dir()
[INFO] [stdout] stack backtrace:
[INFO] [stdout]    0:     0x650318650451 - <<std[617be2ca0a6fd877]::sys::backtrace::BacktraceLock>::print::DisplayBacktrace as core[a373ad73a504971]::fmt::Display>::fmt
[INFO] [stdout]    1:     0x65031866859a - core[a373ad73a504971]::fmt::write
[INFO] [stdout]    2:     0x650318654a7c - <alloc[2e1b2a31b91974c5]::vec::Vec<u8> as core[a373ad73a504971]::io::write::Write>::write_fmt
[INFO] [stdout]    3:     0x6503186292f6 - std[617be2ca0a6fd877]::panicking::default_hook::{closure#0}
[INFO] [stdout]    4:     0x650318646a19 - std[617be2ca0a6fd877]::panicking::default_hook
[INFO] [stdout]    5:     0x65031846a490 - test[aada8e7e76ba119b]::test_main_inner::{closure#0}
[INFO] [stdout]    6:     0x650318646bd2 - std[617be2ca0a6fd877]::panicking::panic_with_hook
[INFO] [stdout]    7:     0x6503186293d4 - std[617be2ca0a6fd877]::panicking::panic_handler::{closure#0}
[INFO] [stdout]    8:     0x650318621d69 - std[617be2ca0a6fd877]::sys::backtrace::__rust_end_short_backtrace::<std[617be2ca0a6fd877]::panicking::panic_handler::{closure#0}, !>
[INFO] [stdout]    9:     0x650318629fad - __rustc[ea4f61d10b84890b]::rust_begin_unwind
[INFO] [stdout]   10:     0x650318668cfc - core[a373ad73a504971]::panicking::panic_fmt
[INFO] [stdout]   11:     0x650318668cc2 - core[a373ad73a504971]::panicking::panic
[INFO] [stdout]   12:     0x650318410b7c - <ufo2fontir[eba5562bb271482b]::toir::tests::captures_codepoints::{closure#0} as core[a373ad73a504971]::ops::function::FnOnce<()>>::call_once
[INFO] [stdout]   13:     0x65031845d8db - test[aada8e7e76ba119b]::__rust_begin_short_backtrace::<core[a373ad73a504971]::result::Result<(), alloc[2e1b2a31b91974c5]::string::String>, fn() -> core[a373ad73a504971]::result::Result<(), alloc[2e1b2a31b91974c5]::string::String>>
[INFO] [stdout]   14:     0x65031846aab5 - test[aada8e7e76ba119b]::run_test::{closure#0}
[INFO] [stdout]   15:     0x6503184643a4 - std[617be2ca0a6fd877]::sys::backtrace::__rust_begin_short_backtrace::<test[aada8e7e76ba119b]::run_test::{closure#1}, ()>
[INFO] [stdout]   16:     0x65031846db42 - <std[617be2ca0a6fd877]::thread::lifecycle::spawn_unchecked<test[aada8e7e76ba119b]::run_test::{closure#1}, ()>::{closure#1} as core[a373ad73a504971]::ops::function::FnOnce<()>>::call_once::{shim:vtable#0}
[INFO] [stdout]   17:     0x65031864f2ff - <std[617be2ca0a6fd877]::sys::thread::unix::Thread>::new::thread_start
[INFO] [stdout]   18:     0x73c56a7e9dfa - <unknown>
[INFO] [stdout]   19:     0x73c56a87d3d4 - clone
[INFO] [stdout]   20:                0x0 - <unknown>
[INFO] [stdout] 
[INFO] [stdout] 
[INFO] [stdout] failures:
[INFO] [stdout]     source::tests::absent_feature_writers_key_is_none
[INFO] [stdout]     source::tests::allow_whitespace_vendor_id
[INFO] [stdout]     source::tests::basic_feature_variations
[INFO] [stdout]     source::tests::builds_glyph_order_for_wght_var
[INFO] [stdout]     source::tests::captures_anchors
[INFO] [stdout]     source::tests::captures_global_metrics
[INFO] [stdout]     source::tests::captures_global_metrics_from_floats
[INFO] [stdout]     source::tests::captures_global_metrics_from_ints
[INFO] [stdout]     source::tests::captures_os2_properties
[INFO] [stdout]     source::tests::colrv0_from_ufo
[INFO] [stdout]     source::tests::colrv0_multi_palette
[INFO] [stdout]     source::tests::create_sparse_work
[INFO] [stdout]     source::tests::create_work
[INFO] [stdout]     source::tests::custom_feature_variations
[INFO] [stdout]     source::tests::decompose_transformed_components_filter_sets_flag
[INFO] [stdout]     source::tests::default_fs_type
[INFO] [stdout]     source::tests::default_names_for_minimal
[INFO] [stdout]     source::tests::default_panose
[INFO] [stdout]     source::tests::duplicate_feature_writers_is_error
[INFO] [stdout]     source::tests::empty_feature_writers_list_is_some_empty
[INFO] [stdout]     source::tests::fetches_upem
[INFO] [stdout]     source::tests::find_default_master
[INFO] [stdout]     source::tests::fixed_pitch_off
[INFO] [stdout]     source::tests::fixed_pitch_on
[INFO] [stdout]     source::tests::global_locations
[INFO] [stdout]     source::tests::glyphs_from_default_layer
[INFO] [stdout]     source::tests::glyphs_from_specific_layer
[INFO] [stdout]     source::tests::infers_categories_from_glyphdata_with_propagate_anchors
[INFO] [stdout]     source::tests::kerning_against_renamed_group_is_kept
[INFO] [stdout]     source::tests::malformed_feature_writer_entry_is_dropped
[INFO] [stdout]     source::tests::no_categories_without_propagate_anchors
[INFO] [stdout]     source::tests::no_color_from_ufo_without_color_data
[INFO] [stdout]     source::tests::no_metrics_for_glyph_only_sources
[INFO] [stdout]     source::tests::non_default_kernless_source_skipped_from_variation
[INFO] [stdout]     source::tests::non_list_feature_writers_is_error
[INFO] [stdout]     source::tests::non_string_feature_writer_module_is_error
[INFO] [stdout]     source::tests::obeys_explicit_fs_type
[INFO] [stdout]     source::tests::obeys_explicit_panose
[INFO] [stdout]     source::tests::only_glyphs_present_in_default
[INFO] [stdout]     source::tests::ot_rounds_upem
[INFO] [stdout]     source::tests::parse_meta_table_values
[INFO] [stdout]     source::tests::rclt_feature_variations
[INFO] [stdout]     source::tests::reads_categories_from_designspace_lib
[INFO] [stdout]     source::tests::reads_feature_writers_from_designspace_lib
[INFO] [stdout]     source::tests::reads_feature_writers_from_ufo_lib
[INFO] [stdout]     source::tests::reads_skip_export_glyphs
[INFO] [stdout]     source::tests::static_metadata_disable_postscript_names
[INFO] [stdout]     source::tests::static_metadata_loads_postscript_names
[INFO] [stdout]     source::tests::ufo2_mmk_kerning_groups_upconverted
[INFO] [stdout]     source::tests::unsupported_feature_writer_option_is_error
[INFO] [stdout]     toir::tests::captures_codepoints
[INFO] [stdout] 
[INFO] [stdout] test result: FAILED. 29 passed; 51 failed; 0 ignored; 0 measured; 0 filtered out; finished in 0.02s
[INFO] [stdout] 
[INFO] running `Command { std: "docker" "inspect" "c0f7459f2333cd8a292b6ad378a5a63b598ebe7b56bbb9e8cc2c5c7338357c35", kill_on_drop: false }`
[INFO] running `Command { std: "docker" "rm" "-f" "c0f7459f2333cd8a292b6ad378a5a63b598ebe7b56bbb9e8cc2c5c7338357c35", kill_on_drop: false }`
[INFO] [stdout] c0f7459f2333cd8a292b6ad378a5a63b598ebe7b56bbb9e8cc2c5c7338357c35
