[INFO] fetching crate uflow 0.7.1...
[INFO] testing uflow-0.7.1 against 1.100.0-beta.1+cargoflags=--release for beta-release-1.100-2
[INFO] extracting crate uflow 0.7.1 into /workspace/builds/worker-5-tc2/source
[INFO] started tweaking crates.io crate uflow 0.7.1
[INFO] finished tweaking crates.io crate uflow 0.7.1
[INFO] tweaked toml for crates.io crate uflow 0.7.1 written to /workspace/builds/worker-5-tc2/source/Cargo.toml
[INFO] validating manifest of crates.io crate uflow 0.7.1 on toolchain 1.100.0-beta.1
[INFO] running `Command { std: CARGO_HOME="/workspace/cargo-home" RUSTUP_HOME="/workspace/rustup-home" "/workspace/cargo-home/bin/cargo" "+1.100.0-beta.1" "metadata" "--manifest-path" "Cargo.toml" "--no-deps", kill_on_drop: false }`
[INFO] crate crates.io crate uflow 0.7.1 already has a lockfile, it will not be regenerated
[INFO] running `Command { std: CARGO_HOME="/workspace/cargo-home" RUSTUP_HOME="/workspace/rustup-home" "/workspace/cargo-home/bin/cargo" "+1.100.0-beta.1" "fetch" "--manifest-path" "Cargo.toml", kill_on_drop: false }`
[INFO] running `Command { std: "docker" "create" "-v" "/var/lib/crater-agent-workspace/builds/worker-5-tc2/source:/opt/rustwide/workdir:ro,Z" "-v" "/var/lib/crater-agent-workspace/builds/worker-5-tc2/target:/opt/rustwide/target:rw,Z" "-v" "/var/lib/crater-agent-workspace/cargo-home:/opt/rustwide/cargo-home:ro,Z" "-v" "/var/lib/crater-agent-workspace/rustup-home:/opt/rustwide/rustup-home:ro,Z" "-m" "1610612736" "--network" "none" "ghcr.io/rust-lang/crates-build-env/linux@sha256:77db811e55d90add9212f6832c23229e3de5f1c1f9905e8cb07319ea15df73ac" "sleep" "infinity", kill_on_drop: false }`
[INFO] [stdout] 283a547b3e5eee5f37f7de33cc548b3a1a2829cc7e04ece873be81df944ba5df
[INFO] running `Command { std: "docker" "start" "283a547b3e5eee5f37f7de33cc548b3a1a2829cc7e04ece873be81df944ba5df", kill_on_drop: false }`
[INFO] running `Command { std: "docker" "inspect" "283a547b3e5eee5f37f7de33cc548b3a1a2829cc7e04ece873be81df944ba5df", kill_on_drop: false }`
[INFO] running `Command { std: "docker" "exec" "-e" "SOURCE_DIR=/opt/rustwide/workdir" "-e" "CARGO_HOME=/opt/rustwide/cargo-home" "-e" "RUSTUP_HOME=/opt/rustwide/rustup-home" "-e" "CARGO_TARGET_DIR=/opt/rustwide/target" "-w" "/opt/rustwide/workdir" "--user" "0:0" "283a547b3e5eee5f37f7de33cc548b3a1a2829cc7e04ece873be81df944ba5df" "/opt/rustwide/cargo-home/bin/cargo" "+1.100.0-beta.1" "metadata" "--no-deps" "--format-version=1", kill_on_drop: false }`
[INFO] running `Command { std: "docker" "inspect" "283a547b3e5eee5f37f7de33cc548b3a1a2829cc7e04ece873be81df944ba5df", kill_on_drop: false }`
[INFO] running `Command { std: "docker" "exec" "-e" "SOURCE_DIR=/opt/rustwide/workdir" "-e" "CARGO_HOME=/opt/rustwide/cargo-home" "-e" "RUSTUP_HOME=/opt/rustwide/rustup-home" "-e" "CARGO_TARGET_DIR=/opt/rustwide/target" "-e" "CARGO_INCREMENTAL=0" "-e" "RUST_BACKTRACE=full" "-e" "RUSTFLAGS=--cap-lints=warn" "-e" "RUSTDOCFLAGS=--cap-lints=warn" "-w" "/opt/rustwide/workdir" "--user" "0:0" "283a547b3e5eee5f37f7de33cc548b3a1a2829cc7e04ece873be81df944ba5df" "/opt/rustwide/cargo-home/bin/cargo" "+1.100.0-beta.1" "build" "--frozen" "--message-format=json" "--release", kill_on_drop: false }`
[INFO] [stderr]    Compiling libc v0.2.102
[INFO] [stderr]    Compiling ppv-lite86 v0.2.10
[INFO] [stderr]    Compiling getrandom v0.2.3
[INFO] [stderr]    Compiling rand_core v0.6.3
[INFO] [stderr]    Compiling rand_chacha v0.3.1
[INFO] [stderr]    Compiling rand v0.8.4
[INFO] [stderr]    Compiling uflow v0.7.1 (/opt/rustwide/workdir)
[INFO] [stdout] warning: use of deprecated associated function `core::num::<impl u32>::max_value`: replaced by the `MAX` associated constant on this type
[INFO] [stdout]   --> src/half_connection/recv_rate_set.rs:25:25
[INFO] [stdout]    |
[INFO] [stdout] 25 |             value: u32::max_value(),
[INFO] [stdout]    |                         ^^^^^^^^^
[INFO] [stdout]    |
[INFO] [stdout]    = note: `#[warn(deprecated)]` on by default
[INFO] [stdout] 
[INFO] [stdout] 
[INFO] [stdout] warning: struct `InfoRequestFrame` is never constructed
[INFO] [stdout]   --> src/frame/mod.rs:41:12
[INFO] [stdout]    |
[INFO] [stdout] 41 | pub struct InfoRequestFrame {
[INFO] [stdout]    |            ^^^^^^^^^^^^^^^^
[INFO] [stdout]    |
[INFO] [stdout]    = note: `#[warn(dead_code)]` (part of `#[warn(unused)]`) on by default
[INFO] [stdout] 
[INFO] [stdout] 
[INFO] [stdout] warning: struct `InfoReplyFrame` is never constructed
[INFO] [stdout]   --> src/frame/mod.rs:46:12
[INFO] [stdout]    |
[INFO] [stdout] 46 | pub struct InfoReplyFrame {
[INFO] [stdout]    |            ^^^^^^^^^^^^^^
[INFO] [stdout] 
[INFO] [stdout] 
[INFO] [stdout] warning: this method call resolves to `<&Box<[T]> as IntoIterator>::into_iter` (due to backwards compatibility), but will resolve to `<Box<[T]> as IntoIterator>::into_iter` in Rust 2024
[INFO] [stdout]    --> src/half_connection/frame_queue.rs:333:55
[INFO] [stdout]     |
[INFO] [stdout] 333 |                     for fragment_ref in fragment_refs.into_iter() {
[INFO] [stdout]     |                                                       ^^^^^^^^^
[INFO] [stdout]     |
[INFO] [stdout]     = warning: this changes meaning in Rust 2024
[INFO] [stdout]     = note: for more information, see <https://doc.rust-lang.org/edition-guide/rust-2024/intoiterator-box-slice.html>
[INFO] [stdout]     = note: `#[warn(boxed_slice_into_iter)]` (part of `#[warn(rust_2024_compatibility)]`) on by default
[INFO] [stdout] help: use `.iter()` instead of `.into_iter()` to avoid ambiguity
[INFO] [stdout]     |
[INFO] [stdout] 333 -                     for fragment_ref in fragment_refs.into_iter() {
[INFO] [stdout] 333 +                     for fragment_ref in fragment_refs.iter() {
[INFO] [stdout]     |
[INFO] [stdout] help: or remove `.into_iter()` to iterate by value
[INFO] [stdout]     |
[INFO] [stdout] 333 -                     for fragment_ref in fragment_refs.into_iter() {
[INFO] [stdout] 333 +                     for fragment_ref in fragment_refs {
[INFO] [stdout]     |
[INFO] [stdout] 
[INFO] [stdout] 
[INFO] [stderr]     Finished `release` profile [optimized] target(s) in 4.02s
[INFO] running `Command { std: "docker" "inspect" "283a547b3e5eee5f37f7de33cc548b3a1a2829cc7e04ece873be81df944ba5df", kill_on_drop: false }`
[INFO] running `Command { std: "docker" "exec" "-e" "SOURCE_DIR=/opt/rustwide/workdir" "-e" "CARGO_HOME=/opt/rustwide/cargo-home" "-e" "RUSTUP_HOME=/opt/rustwide/rustup-home" "-e" "CARGO_TARGET_DIR=/opt/rustwide/target" "-e" "CARGO_INCREMENTAL=0" "-e" "RUST_BACKTRACE=full" "-e" "RUSTFLAGS=--cap-lints=warn" "-e" "RUSTDOCFLAGS=--cap-lints=warn" "-w" "/opt/rustwide/workdir" "--user" "0:0" "283a547b3e5eee5f37f7de33cc548b3a1a2829cc7e04ece873be81df944ba5df" "/opt/rustwide/cargo-home/bin/cargo" "+1.100.0-beta.1" "test" "--frozen" "--no-run" "--message-format=json" "--release", kill_on_drop: false }`
[INFO] [stderr]    Compiling md5 v0.7.0
[INFO] [stdout] warning: use of deprecated associated function `core::num::<impl u32>::max_value`: replaced by the `MAX` associated constant on this type
[INFO] [stdout]   --> src/half_connection/recv_rate_set.rs:25:25
[INFO] [stdout]    |
[INFO] [stdout] 25 |             value: u32::max_value(),
[INFO] [stdout]    |                         ^^^^^^^^^
[INFO] [stdout]    |
[INFO] [stdout]    = note: `#[warn(deprecated)]` on by default
[INFO] [stdout] 
[INFO] [stdout] 
[INFO] [stdout] warning: struct `InfoRequestFrame` is never constructed
[INFO] [stdout]   --> src/frame/mod.rs:41:12
[INFO] [stdout]    |
[INFO] [stdout] 41 | pub struct InfoRequestFrame {
[INFO] [stdout]    |            ^^^^^^^^^^^^^^^^
[INFO] [stdout]    |
[INFO] [stdout]    = note: `#[warn(dead_code)]` (part of `#[warn(unused)]`) on by default
[INFO] [stdout] 
[INFO] [stdout] 
[INFO] [stdout] warning: struct `InfoReplyFrame` is never constructed
[INFO] [stdout]   --> src/frame/mod.rs:46:12
[INFO] [stdout]    |
[INFO] [stdout] 46 | pub struct InfoReplyFrame {
[INFO] [stdout]    |            ^^^^^^^^^^^^^^
[INFO] [stdout] 
[INFO] [stdout] 
[INFO] [stdout] warning: this method call resolves to `<&Box<[T]> as IntoIterator>::into_iter` (due to backwards compatibility), but will resolve to `<Box<[T]> as IntoIterator>::into_iter` in Rust 2024
[INFO] [stdout]    --> src/half_connection/frame_queue.rs:333:55
[INFO] [stdout]     |
[INFO] [stdout] 333 |                     for fragment_ref in fragment_refs.into_iter() {
[INFO] [stdout]     |                                                       ^^^^^^^^^
[INFO] [stdout]     |
[INFO] [stdout]     = warning: this changes meaning in Rust 2024
[INFO] [stdout]     = note: for more information, see <https://doc.rust-lang.org/edition-guide/rust-2024/intoiterator-box-slice.html>
[INFO] [stdout]     = note: `#[warn(boxed_slice_into_iter)]` (part of `#[warn(rust_2024_compatibility)]`) on by default
[INFO] [stdout] help: use `.iter()` instead of `.into_iter()` to avoid ambiguity
[INFO] [stdout]     |
[INFO] [stdout] 333 -                     for fragment_ref in fragment_refs.into_iter() {
[INFO] [stdout] 333 +                     for fragment_ref in fragment_refs.iter() {
[INFO] [stdout]     |
[INFO] [stdout] help: or remove `.into_iter()` to iterate by value
[INFO] [stdout]     |
[INFO] [stdout] 333 -                     for fragment_ref in fragment_refs.into_iter() {
[INFO] [stdout] 333 +                     for fragment_ref in fragment_refs {
[INFO] [stdout]     |
[INFO] [stdout] 
[INFO] [stdout] 
[INFO] [stderr]    Compiling uflow v0.7.1 (/opt/rustwide/workdir)
[INFO] [stdout] warning: unused import: `super::*`
[INFO] [stdout]    --> src/half_connection/loss_rate.rs:114:9
[INFO] [stdout]     |
[INFO] [stdout] 114 |     use super::*;
[INFO] [stdout]     |         ^^^^^^^^
[INFO] [stdout]     |
[INFO] [stdout]     = note: `#[warn(unused_imports)]` (part of `#[warn(unused)]`) on by default
[INFO] [stdout] 
[INFO] [stdout] 
[INFO] [stdout] warning: use of deprecated associated function `core::num::<impl u32>::max_value`: replaced by the `MAX` associated constant on this type
[INFO] [stdout]   --> src/half_connection/recv_rate_set.rs:25:25
[INFO] [stdout]    |
[INFO] [stdout] 25 |             value: u32::max_value(),
[INFO] [stdout]    |                         ^^^^^^^^^
[INFO] [stdout]    |
[INFO] [stdout]    = note: `#[warn(deprecated)]` on by default
[INFO] [stdout] 
[INFO] [stdout] 
[INFO] [stdout] warning: struct `InfoRequestFrame` is never constructed
[INFO] [stdout]   --> src/frame/mod.rs:41:12
[INFO] [stdout]    |
[INFO] [stdout] 41 | pub struct InfoRequestFrame {
[INFO] [stdout]    |            ^^^^^^^^^^^^^^^^
[INFO] [stdout]    |
[INFO] [stdout]    = note: `#[warn(dead_code)]` (part of `#[warn(unused)]`) on by default
[INFO] [stdout] 
[INFO] [stdout] 
[INFO] [stdout] warning: struct `InfoReplyFrame` is never constructed
[INFO] [stdout]   --> src/frame/mod.rs:46:12
[INFO] [stdout]    |
[INFO] [stdout] 46 | pub struct InfoReplyFrame {
[INFO] [stdout]    |            ^^^^^^^^^^^^^^
[INFO] [stdout] 
[INFO] [stdout] 
[INFO] [stdout] warning: this method call resolves to `<&Box<[T]> as IntoIterator>::into_iter` (due to backwards compatibility), but will resolve to `<Box<[T]> as IntoIterator>::into_iter` in Rust 2024
[INFO] [stdout]    --> src/half_connection/frame_queue.rs:333:55
[INFO] [stdout]     |
[INFO] [stdout] 333 |                     for fragment_ref in fragment_refs.into_iter() {
[INFO] [stdout]     |                                                       ^^^^^^^^^
[INFO] [stdout]     |
[INFO] [stdout]     = warning: this changes meaning in Rust 2024
[INFO] [stdout]     = note: for more information, see <https://doc.rust-lang.org/edition-guide/rust-2024/intoiterator-box-slice.html>
[INFO] [stdout]     = note: `#[warn(boxed_slice_into_iter)]` (part of `#[warn(rust_2024_compatibility)]`) on by default
[INFO] [stdout] help: use `.iter()` instead of `.into_iter()` to avoid ambiguity
[INFO] [stdout]     |
[INFO] [stdout] 333 -                     for fragment_ref in fragment_refs.into_iter() {
[INFO] [stdout] 333 +                     for fragment_ref in fragment_refs.iter() {
[INFO] [stdout]     |
[INFO] [stdout] help: or remove `.into_iter()` to iterate by value
[INFO] [stdout]     |
[INFO] [stdout] 333 -                     for fragment_ref in fragment_refs.into_iter() {
[INFO] [stdout] 333 +                     for fragment_ref in fragment_refs {
[INFO] [stdout]     |
[INFO] [stdout] 
[INFO] [stdout] 
[INFO] [stderr]     Finished `release` profile [optimized] target(s) in 5.97s
[INFO] running `Command { std: "docker" "inspect" "283a547b3e5eee5f37f7de33cc548b3a1a2829cc7e04ece873be81df944ba5df", kill_on_drop: false }`
[INFO] running `Command { std: "docker" "exec" "-e" "SOURCE_DIR=/opt/rustwide/workdir" "-e" "CARGO_HOME=/opt/rustwide/cargo-home" "-e" "RUSTUP_HOME=/opt/rustwide/rustup-home" "-e" "CARGO_TARGET_DIR=/opt/rustwide/target" "-e" "CARGO_INCREMENTAL=0" "-e" "RUST_BACKTRACE=full" "-e" "RUSTFLAGS=--cap-lints=warn" "-e" "RUSTDOCFLAGS=--cap-lints=warn" "-w" "/opt/rustwide/workdir" "--user" "0:0" "283a547b3e5eee5f37f7de33cc548b3a1a2829cc7e04ece873be81df944ba5df" "/opt/rustwide/cargo-home/bin/cargo" "+1.100.0-beta.1" "test" "--frozen" "--release", kill_on_drop: false }`
[INFO] [stderr] warning: use of deprecated associated function `core::num::<impl u32>::max_value`: replaced by the `MAX` associated constant on this type
[INFO] [stderr]   --> src/half_connection/recv_rate_set.rs:25:25
[INFO] [stderr]    |
[INFO] [stderr] 25 |             value: u32::max_value(),
[INFO] [stderr]    |                         ^^^^^^^^^
[INFO] [stderr]    |
[INFO] [stderr]    = note: `#[warn(deprecated)]` on by default
[INFO] [stderr] 
[INFO] [stderr] warning: struct `InfoRequestFrame` is never constructed
[INFO] [stderr]   --> src/frame/mod.rs:41:12
[INFO] [stderr]    |
[INFO] [stderr] 41 | pub struct InfoRequestFrame {
[INFO] [stderr]    |            ^^^^^^^^^^^^^^^^
[INFO] [stderr]    |
[INFO] [stderr]    = note: `#[warn(dead_code)]` (part of `#[warn(unused)]`) on by default
[INFO] [stderr] 
[INFO] [stderr] warning: struct `InfoReplyFrame` is never constructed
[INFO] [stderr]   --> src/frame/mod.rs:46:12
[INFO] [stderr]    |
[INFO] [stderr] 46 | pub struct InfoReplyFrame {
[INFO] [stderr]    |            ^^^^^^^^^^^^^^
[INFO] [stderr] 
[INFO] [stderr] warning: this method call resolves to `<&Box<[T]> as IntoIterator>::into_iter` (due to backwards compatibility), but will resolve to `<Box<[T]> as IntoIterator>::into_iter` in Rust 2024
[INFO] [stderr]    --> src/half_connection/frame_queue.rs:333:55
[INFO] [stderr]     |
[INFO] [stderr] 333 |                     for fragment_ref in fragment_refs.into_iter() {
[INFO] [stderr]     |                                                       ^^^^^^^^^
[INFO] [stderr]     |
[INFO] [stderr]     = warning: this changes meaning in Rust 2024
[INFO] [stderr]     = note: for more information, see <https://doc.rust-lang.org/edition-guide/rust-2024/intoiterator-box-slice.html>
[INFO] [stderr]     = note: `#[warn(boxed_slice_into_iter)]` (part of `#[warn(rust_2024_compatibility)]`) on by default
[INFO] [stderr] help: use `.iter()` instead of `.into_iter()` to avoid ambiguity
[INFO] [stderr]     |
[INFO] [stderr] 333 -                     for fragment_ref in fragment_refs.into_iter() {
[INFO] [stderr] 333 +                     for fragment_ref in fragment_refs.iter() {
[INFO] [stderr]     |
[INFO] [stderr] help: or remove `.into_iter()` to iterate by value
[INFO] [stderr]     |
[INFO] [stderr] 333 -                     for fragment_ref in fragment_refs.into_iter() {
[INFO] [stderr] 333 +                     for fragment_ref in fragment_refs {
[INFO] [stderr]     |
[INFO] [stderr] 
[INFO] [stderr] warning: `uflow` (lib) generated 4 warnings (run `cargo fix --lib -p uflow` to apply 1 suggestion)
[INFO] [stderr] warning: unused import: `super::*`
[INFO] [stderr]    --> src/half_connection/loss_rate.rs:114:9
[INFO] [stderr]     |
[INFO] [stderr] 114 |     use super::*;
[INFO] [stderr]     |         ^^^^^^^^
[INFO] [stderr]     |
[INFO] [stderr]     = note: `#[warn(unused_imports)]` (part of `#[warn(unused)]`) on by default
[INFO] [stderr] 
[INFO] [stderr] warning: `uflow` (lib test) generated 5 warnings (4 duplicates) (run `cargo fix --lib -p uflow --tests` to apply 1 suggestion)
[INFO] [stderr]     Finished `release` profile [optimized] target(s) in 0.05s
[INFO] [stderr]      Running unittests src/lib.rs (/opt/rustwide/target/release/build/uflow/fbdff701ca966035/out/uflow-fbdff701ca966035)
[INFO] [stdout] 
[INFO] [stdout] running 78 tests
[INFO] [stdout] test frame::serial::tests::ack_basic ... ok
[INFO] [stdout] test frame::serial::crc::tests::basic ... ok
[INFO] [stdout] test frame::serial::tests::ack_empty ... ok
[INFO] [stdout] test frame::serial::crc::tests::zero_nonzero_crc ... ok
[INFO] [stdout] test frame::serial::tests::data_basic ... ok
[INFO] [stdout] test frame::serial::tests::sync_basic ... ok
[INFO] [stdout] test frame::serial::tests::handshake_ack_basic ... ok
[INFO] [stdout] test half_connection::emit::tests::ack_min_one ... ok
[INFO] [stdout] test frame::serial::tests::handshake_error_basic ... ok
[INFO] [stdout] test frame::serial::tests::handshake_syn_ack_basic ... ok
[INFO] [stdout] test frame::serial::tests::sync_random ... ok
[INFO] [stdout] test half_connection::emit::tests::ack_size_limited ... ok
[INFO] [stdout] test half_connection::emit::tests::data_max_frame_size ... ok
[INFO] [stdout] test frame::serial::tests::disconnect_ack_basic ... ok
[INFO] [stdout] test half_connection::emit::tests::data_size_limited ... ok
[INFO] [stdout] test half_connection::emit::tests::data_window_limited ... ok
[INFO] [stdout] test half_connection::frame_queue::tests::feedback_generation ... ok
[INFO] [stdout] test frame::serial::crc::tests::random ... ok
[INFO] [stdout] test half_connection::packet_receiver::assembly_window::fragment_buffer::tests::multiple_fragments_nonmultiple ... ok
[INFO] [stdout] test half_connection::packet_receiver::assembly_window::fragment_buffer::tests::single_fragment ... ok
[INFO] [stdout] test frame::serial::tests::disconnect_basic ... ok
[INFO] [stdout] test frame::serial::tests::data_empty ... ok
[INFO] [stdout] test half_connection::emit::tests::ack_max_frame_size ... ok
[INFO] [stdout] test half_connection::packet_receiver::assembly_window::fragment_buffer::tests::multiple_fragments ... ok
[INFO] [stdout] test half_connection::frame_queue::tests::window_advancement ... ok
[INFO] [stdout] test half_connection::frame_queue::tests::max_loss ... ok
[INFO] [stdout] test half_connection::packet_receiver::assembly_window::tests::alloc_counter ... ok
[INFO] [stdout] test half_connection::packet_receiver::tests::basic ... ok
[INFO] [stdout] test half_connection::packet_receiver::assembly_window::tests::single_packet_single_fragment ... ok
[INFO] [stdout] test half_connection::packet_receiver::assembly_window::tests::alloc_exceeded ... ok
[INFO] [stdout] test half_connection::packet_receiver::tests::basic_skip ... ok
[INFO] [stdout] test half_connection::packet_receiver::tests::basic_stall ... ok
[INFO] [stdout] test half_connection::packet_receiver::assembly_window::tests::single_packet_multi_fragment ... ok
[INFO] [stdout] test half_connection::packet_receiver::tests::channel_stall ... ok
[INFO] [stdout] test frame::serial::tests::handshake_syn_basic ... ok
[INFO] [stdout] test half_connection::packet_receiver::tests::channel_ignore_old ... ok
[INFO] [stdout] test half_connection::packet_receiver::tests::channel_skip_received ... ok
[INFO] [stdout] test half_connection::frame_queue::tests::max_window_advance_cull ... ok
[INFO] [stdout] test half_connection::packet_receiver::tests::partial_advancement ... ok
[INFO] [stdout] test half_connection::packet_sender::tests::alloc_size_correct ... ok
[INFO] [stdout] test half_connection::packet_receiver::tests::max_stall ... ok
[INFO] [stdout] test half_connection::frame_queue::tests::max_forget_cull ... ok
[INFO] [stdout] test half_connection::packet_sender::tests::basic ... ok
[INFO] [stdout] test half_connection::packet_receiver::tests::full_advancement ... ok
[INFO] [stdout] test half_connection::packet_receiver::assembly_window::tests::inconsistent_datagrams ... ok
[INFO] [stdout] test half_connection::packet_receiver::tests::fill_window_n_times ... ok
[INFO] [stdout] test half_connection::packet_tests::max_packet_transfer ... ignored
[INFO] [stdout] test half_connection::packet_tests::null_packet_transfer ... ok
[INFO] [stdout] test half_connection::reorder_buffer::tests::ack_2_acks ... ok
[INFO] [stdout] test half_connection::reorder_buffer::tests::ack_3_acks ... ok
[INFO] [stdout] test half_connection::reorder_buffer::tests::advance_0_acks ... ok
[INFO] [stdout] test half_connection::packet_sender::tests::parent_leads ... ok
[INFO] [stdout] test half_connection::send_rate::tests::tcp_throughput_inverse ... ok
[INFO] [stdout] test half_connection::reorder_buffer::tests::max_span ... ok
[INFO] [stdout] test half_connection::reorder_buffer::tests::advance_2_acks ... ok
[INFO] [stdout] test half_connection::reorder_buffer::tests::ack_1_ack ... ok
[INFO] [stdout] test half_connection::packet_sender::tests::parent_leads_acknowledgement ... ok
[INFO] [stdout] test half_connection::tests::send_rate_1000k ... ignored
[INFO] [stdout] test half_connection::tests::send_rate_100k ... ignored
[INFO] [stdout] test half_connection::tests::max_frame_size ... ok
[INFO] [stdout] test half_connection::tests::no_resend_after_ack ... ok
[INFO] [stdout] test half_connection::tests::keepalive_timing ... ok
[INFO] [stdout] test half_connection::tests::basic_send ... ok
[INFO] [stdout] test half_connection::tests::sync_response ... ok
[INFO] [stdout] test half_connection::tests::no_resend_after_packet_skip ... ok
[INFO] [stdout] test half_connection::tests::sync_frame_and_packet_window ... ok
[INFO] [stdout] test half_connection::tests::time_sensitive_drop ... ok
[INFO] [stdout] test half_connection::tests::sync_packet_window_only ... ok
[INFO] [stdout] test half_connection::tests::resend_timing ... ok
[INFO] [stdout] test half_connection::reorder_buffer::tests::advance_1_ack ... ok
[INFO] [stdout] test half_connection::packet_tests::random_transfer ... ok
[INFO] [stdout] test frame::serial::tests::ack_random ... ok
[INFO] [stdout] test half_connection::tests::sync_frame_window_only ... ok
[INFO] [stdout] test half_connection::packet_tests::single_packet_max_alloc ... ok
[INFO] [stdout] test frame::serial::tests::crc_flips ... ok
[INFO] [stdout] test half_connection::packet_receiver::assembly_window::fragment_buffer::tests::max_fragments ... ok
[INFO] [stdout] test frame::serial::tests::data_random ... ok
[INFO] [stdout] test half_connection::tests::packet_unambiguity ... ok
[INFO] [stdout] 
[INFO] [stdout] test result: ok. 75 passed; 0 failed; 3 ignored; 0 measured; 0 filtered out; finished in 0.69s
[INFO] [stdout] 
[INFO] [stderr]      Running tests/disconnect.rs (/opt/rustwide/target/release/build/uflow/1f24d02e25ef9dbf/out/disconnect-1f24d02e25ef9dbf)
[INFO] [stdout] 
[INFO] [stdout] running 4 tests
[INFO] [stdout] test server_disconnect_now ... FAILED
[INFO] [stdout] test client_disconnect_flush ... ok
[INFO] [stdout] test client_disconnect_now ... ok
[INFO] [stdout] test server_disconnect_flush ... ok
[INFO] [stdout] 
[INFO] [stdout] failures:
[INFO] [stdout] 
[INFO] [stdout] ---- server_disconnect_now stdout ----
[INFO] [stdout] 
[INFO] [stdout] thread '<unnamed>' (563) panicked at tests/disconnect.rs:167:13:
[INFO] [stdout] [client] no connect event received
[INFO] [stdout] stack backtrace:
[INFO] [stdout]    0:     0x577909ec9e71 - <<std[617be2ca0a6fd877]::sys::backtrace::BacktraceLock>::print::DisplayBacktrace as core[a373ad73a504971]::fmt::Display>::fmt
[INFO] [stdout]    1:     0x577909edf0fa - core[a373ad73a504971]::fmt::write
[INFO] [stdout]    2:     0x577909ece45c - <alloc[2e1b2a31b91974c5]::vec::Vec<u8> as core[a373ad73a504971]::io::write::Write>::write_fmt
[INFO] [stdout]    3:     0x577909ea5356 - std[617be2ca0a6fd877]::panicking::default_hook::{closure#0}
[INFO] [stdout]    4:     0x577909ec1e59 - std[617be2ca0a6fd877]::panicking::default_hook
[INFO] [stdout]    5:     0x577909e5db20 - test[aada8e7e76ba119b]::test_main_inner::{closure#0}
[INFO] [stdout]    6:     0x577909ec2012 - std[617be2ca0a6fd877]::panicking::panic_with_hook
[INFO] [stdout]    7:     0x577909ea49ec - std[617be2ca0a6fd877]::panicking::begin_panic::<&str>::{closure#0}
[INFO] [stdout]    8:     0x577909e9e019 - std[617be2ca0a6fd877]::sys::backtrace::__rust_end_short_backtrace::<std[617be2ca0a6fd877]::panicking::begin_panic<&str>::{closure#0}, !>
[INFO] [stdout]    9:     0x577909e9b76b - std[617be2ca0a6fd877]::panicking::begin_panic::<&str>
[INFO] [stdout]   10:     0x577909e38b2e - std[617be2ca0a6fd877]::sys::backtrace::__rust_begin_short_backtrace::<disconnect[666723373fba6537]::server_disconnect_now::{closure#1}, ()>
[INFO] [stdout]   11:     0x577909e332b1 - <std[617be2ca0a6fd877]::thread::lifecycle::spawn_unchecked<disconnect[666723373fba6537]::server_disconnect_now::{closure#1}, ()>::{closure#1} as core[a373ad73a504971]::ops::function::FnOnce<()>>::call_once::{shim:vtable#0}
[INFO] [stdout]   12:     0x577909ec90df - <std[617be2ca0a6fd877]::sys::thread::unix::Thread>::new::thread_start
[INFO] [stdout]   13:     0x79eddf626dfa - <unknown>
[INFO] [stdout]   14:     0x79eddf6ba3d4 - clone
[INFO] [stdout]   15:                0x0 - <unknown>
[INFO] [stdout] 
[INFO] [stdout] thread 'server_disconnect_now' (558) panicked at tests/disconnect.rs:175:26:
[INFO] [stdout] called `Result::unwrap()` on an `Err` value: Any { .. }
[INFO] [stdout] stack backtrace:
[INFO] [stdout]    0:     0x577909ec9e71 - <<std[617be2ca0a6fd877]::sys::backtrace::BacktraceLock>::print::DisplayBacktrace as core[a373ad73a504971]::fmt::Display>::fmt
[INFO] [stdout]    1:     0x577909edf0fa - core[a373ad73a504971]::fmt::write
[INFO] [stdout]    2:     0x577909ece45c - <alloc[2e1b2a31b91974c5]::vec::Vec<u8> as core[a373ad73a504971]::io::write::Write>::write_fmt
[INFO] [stdout]    3:     0x577909ea5356 - std[617be2ca0a6fd877]::panicking::default_hook::{closure#0}
[INFO] [stdout]    4:     0x577909ec1e59 - std[617be2ca0a6fd877]::panicking::default_hook
[INFO] [stdout]    5:     0x577909e5db20 - test[aada8e7e76ba119b]::test_main_inner::{closure#0}
[INFO] [stdout]    6:     0x577909ec2012 - std[617be2ca0a6fd877]::panicking::panic_with_hook
[INFO] [stdout]    7:     0x577909ea5402 - std[617be2ca0a6fd877]::panicking::panic_handler::{closure#0}
[INFO] [stdout]    8:     0x577909e9e039 - std[617be2ca0a6fd877]::sys::backtrace::__rust_end_short_backtrace::<std[617be2ca0a6fd877]::panicking::panic_handler::{closure#0}, !>
[INFO] [stdout]    9:     0x577909ea61fd - __rustc[ea4f61d10b84890b]::rust_begin_unwind
[INFO] [stdout]   10:     0x577909edf85c - core[a373ad73a504971]::panicking::panic_fmt
[INFO] [stdout]   11:     0x577909edf632 - core[a373ad73a504971]::result::unwrap_failed
[INFO] [stdout]   12:     0x577909e35e65 - <disconnect[666723373fba6537]::server_disconnect_now::{closure#0} as core[a373ad73a504971]::ops::function::FnOnce<()>>::call_once
[INFO] [stdout]   13:     0x577909e50f6b - test[aada8e7e76ba119b]::__rust_begin_short_backtrace::<core[a373ad73a504971]::result::Result<(), alloc[2e1b2a31b91974c5]::string::String>, fn() -> core[a373ad73a504971]::result::Result<(), alloc[2e1b2a31b91974c5]::string::String>>
[INFO] [stdout]   14:     0x577909e5e145 - test[aada8e7e76ba119b]::run_test::{closure#0}
[INFO] [stdout]   15:     0x577909e57a34 - std[617be2ca0a6fd877]::sys::backtrace::__rust_begin_short_backtrace::<test[aada8e7e76ba119b]::run_test::{closure#1}, ()>
[INFO] [stdout]   16:     0x577909e611d2 - <std[617be2ca0a6fd877]::thread::lifecycle::spawn_unchecked<test[aada8e7e76ba119b]::run_test::{closure#1}, ()>::{closure#1} as core[a373ad73a504971]::ops::function::FnOnce<()>>::call_once::{shim:vtable#0}
[INFO] [stdout]   17:     0x577909ec90df - <std[617be2ca0a6fd877]::sys::thread::unix::Thread>::new::thread_start
[INFO] [stdout]   18:     0x79eddf626dfa - <unknown>
[INFO] [stdout]   19:     0x79eddf6ba3d4 - clone
[INFO] [stdout]   20:                0x0 - <unknown>
[INFO] [stdout] 
[INFO] [stdout] 
[INFO] [stdout] failures:
[INFO] [stdout]     server_disconnect_now
[INFO] [stdout] 
[INFO] [stdout] test result: FAILED. 3 passed; 1 failed; 0 ignored; 0 measured; 0 filtered out; finished in 1.11s
[INFO] [stdout] 
[INFO] [stderr] error: test failed, to rerun pass `--test disconnect`
[INFO] running `Command { std: "docker" "inspect" "283a547b3e5eee5f37f7de33cc548b3a1a2829cc7e04ece873be81df944ba5df", kill_on_drop: false }`
[INFO] running `Command { std: "docker" "rm" "-f" "283a547b3e5eee5f37f7de33cc548b3a1a2829cc7e04ece873be81df944ba5df", kill_on_drop: false }`
[INFO] [stdout] 283a547b3e5eee5f37f7de33cc548b3a1a2829cc7e04ece873be81df944ba5df
