[INFO] fetching crate udplite 0.1.0...
[INFO] testing udplite-0.1.0 against 1.99.0-beta.8+cargoflags=--release for beta-release-1.100-2
[INFO] extracting crate udplite 0.1.0 into /workspace/builds/worker-3-tc1/source
[INFO] started tweaking crates.io crate udplite 0.1.0
[INFO] finished tweaking crates.io crate udplite 0.1.0
[INFO] tweaked toml for crates.io crate udplite 0.1.0 written to /workspace/builds/worker-3-tc1/source/Cargo.toml
[INFO] validating manifest of crates.io crate udplite 0.1.0 on toolchain 1.99.0-beta.8
[INFO] running `Command { std: CARGO_HOME="/workspace/cargo-home" RUSTUP_HOME="/workspace/rustup-home" "/workspace/cargo-home/bin/cargo" "+1.99.0-beta.8" "metadata" "--manifest-path" "Cargo.toml" "--no-deps", kill_on_drop: false }`
[INFO] crate crates.io crate udplite 0.1.0 already has a lockfile, it will not be regenerated
[INFO] running `Command { std: CARGO_HOME="/workspace/cargo-home" RUSTUP_HOME="/workspace/rustup-home" "/workspace/cargo-home/bin/cargo" "+1.99.0-beta.8" "fetch" "--manifest-path" "Cargo.toml", kill_on_drop: false }`
[INFO] [stderr]  Downloading crates ...
[INFO] [stderr]   Downloaded miow v0.3.6
[INFO] [stderr]   Downloaded slab v0.4.2
[INFO] [stderr]   Downloaded mio v0.7.7
[INFO] [stderr]   Downloaded libc v0.2.86
[INFO] running `Command { std: "docker" "create" "-v" "/var/lib/crater-agent-workspace/builds/worker-3-tc1/source:/opt/rustwide/workdir:ro,Z" "-v" "/var/lib/crater-agent-workspace/builds/worker-3-tc1/target:/opt/rustwide/target:rw,Z" "-v" "/var/lib/crater-agent-workspace/cargo-home:/opt/rustwide/cargo-home:ro,Z" "-v" "/var/lib/crater-agent-workspace/rustup-home:/opt/rustwide/rustup-home:ro,Z" "-m" "1610612736" "--network" "none" "ghcr.io/rust-lang/crates-build-env/linux@sha256:77db811e55d90add9212f6832c23229e3de5f1c1f9905e8cb07319ea15df73ac" "sleep" "infinity", kill_on_drop: false }`
[INFO] [stdout] f21f9d652b2015b211afbba1a04631439bff72ce5d6094f3c6c7e8beab24d14d
[INFO] running `Command { std: "docker" "start" "f21f9d652b2015b211afbba1a04631439bff72ce5d6094f3c6c7e8beab24d14d", kill_on_drop: false }`
[INFO] running `Command { std: "docker" "inspect" "f21f9d652b2015b211afbba1a04631439bff72ce5d6094f3c6c7e8beab24d14d", kill_on_drop: false }`
[INFO] running `Command { std: "docker" "exec" "-e" "SOURCE_DIR=/opt/rustwide/workdir" "-e" "CARGO_HOME=/opt/rustwide/cargo-home" "-e" "RUSTUP_HOME=/opt/rustwide/rustup-home" "-e" "CARGO_TARGET_DIR=/opt/rustwide/target" "-w" "/opt/rustwide/workdir" "--user" "0:0" "f21f9d652b2015b211afbba1a04631439bff72ce5d6094f3c6c7e8beab24d14d" "/opt/rustwide/cargo-home/bin/cargo" "+1.99.0-beta.8" "metadata" "--no-deps" "--format-version=1", kill_on_drop: false }`
[INFO] running `Command { std: "docker" "inspect" "f21f9d652b2015b211afbba1a04631439bff72ce5d6094f3c6c7e8beab24d14d", kill_on_drop: false }`
[INFO] running `Command { std: "docker" "exec" "-e" "SOURCE_DIR=/opt/rustwide/workdir" "-e" "CARGO_HOME=/opt/rustwide/cargo-home" "-e" "RUSTUP_HOME=/opt/rustwide/rustup-home" "-e" "CARGO_TARGET_DIR=/opt/rustwide/target" "-e" "CARGO_INCREMENTAL=0" "-e" "RUST_BACKTRACE=full" "-e" "RUSTFLAGS=--cap-lints=warn" "-e" "RUSTDOCFLAGS=--cap-lints=warn" "-w" "/opt/rustwide/workdir" "--user" "0:0" "f21f9d652b2015b211afbba1a04631439bff72ce5d6094f3c6c7e8beab24d14d" "/opt/rustwide/cargo-home/bin/cargo" "+1.99.0-beta.8" "build" "--frozen" "--message-format=json" "--release", kill_on_drop: false }`
[INFO] [stderr]    Compiling libc v0.2.86
[INFO] [stderr]    Compiling udplite v0.1.0 (/opt/rustwide/workdir)
[INFO] [stderr]     Finished `release` profile [optimized] target(s) in 1.23s
[INFO] running `Command { std: "docker" "inspect" "f21f9d652b2015b211afbba1a04631439bff72ce5d6094f3c6c7e8beab24d14d", kill_on_drop: false }`
[INFO] running `Command { std: "docker" "exec" "-e" "SOURCE_DIR=/opt/rustwide/workdir" "-e" "CARGO_HOME=/opt/rustwide/cargo-home" "-e" "RUSTUP_HOME=/opt/rustwide/rustup-home" "-e" "CARGO_TARGET_DIR=/opt/rustwide/target" "-e" "CARGO_INCREMENTAL=0" "-e" "RUST_BACKTRACE=full" "-e" "RUSTFLAGS=--cap-lints=warn" "-e" "RUSTDOCFLAGS=--cap-lints=warn" "-w" "/opt/rustwide/workdir" "--user" "0:0" "f21f9d652b2015b211afbba1a04631439bff72ce5d6094f3c6c7e8beab24d14d" "/opt/rustwide/cargo-home/bin/cargo" "+1.99.0-beta.8" "test" "--frozen" "--no-run" "--message-format=json" "--release", kill_on_drop: false }`
[INFO] [stderr]    Compiling udplite v0.1.0 (/opt/rustwide/workdir)
[INFO] [stderr]     Finished `release` profile [optimized] target(s) in 1.05s
[INFO] running `Command { std: "docker" "inspect" "f21f9d652b2015b211afbba1a04631439bff72ce5d6094f3c6c7e8beab24d14d", kill_on_drop: false }`
[INFO] running `Command { std: "docker" "exec" "-e" "SOURCE_DIR=/opt/rustwide/workdir" "-e" "CARGO_HOME=/opt/rustwide/cargo-home" "-e" "RUSTUP_HOME=/opt/rustwide/rustup-home" "-e" "CARGO_TARGET_DIR=/opt/rustwide/target" "-e" "CARGO_INCREMENTAL=0" "-e" "RUST_BACKTRACE=full" "-e" "RUSTFLAGS=--cap-lints=warn" "-e" "RUSTDOCFLAGS=--cap-lints=warn" "-w" "/opt/rustwide/workdir" "--user" "0:0" "f21f9d652b2015b211afbba1a04631439bff72ce5d6094f3c6c7e8beab24d14d" "/opt/rustwide/cargo-home/bin/cargo" "+1.99.0-beta.8" "test" "--frozen" "--release", kill_on_drop: false }`
[INFO] [stderr]     Finished `release` profile [optimized] target(s) in 0.04s
[INFO] [stderr]      Running unittests udplite.rs (/opt/rustwide/target/release/deps/udplite-a123aea12b1dd8d4)
[INFO] [stdout] 
[INFO] [stderr]      Running tests/basics.rs (/opt/rustwide/target/release/deps/basics-d16a5b1432693f79)
[INFO] [stdout] running 0 tests
[INFO] [stdout] 
[INFO] [stdout] test result: ok. 0 passed; 0 failed; 0 ignored; 0 measured; 0 filtered out; finished in 0.00s
[INFO] [stdout] 
[INFO] [stdout] 
[INFO] [stdout] running 8 tests
[INFO] [stdout] test create_ipv6_socket ... ok
[INFO] [stdout] test create_ipv4_socket ... ok
[INFO] [stdout] test set_get_send_cscov ... ok
[INFO] [stdout] test try_clone_returns_udplite ... ok
[INFO] [stdout] test create_nonblocking_socket ... ok
[INFO] [stdout] test set_get_recv_cscov ... ok
[INFO] [stdout] test send_connected_ipv6 ... ok
[INFO] [stdout] test nonblocking_doesnt_fail_bind ... ok
[INFO] [stdout] 
[INFO] [stdout] test result: ok. 8 passed; 0 failed; 0 ignored; 0 measured; 0 filtered out; finished in 0.02s
[INFO] [stdout] 
[INFO] [stderr]      Running tests/extras.rs (/opt/rustwide/target/release/deps/extras-e2fc2fee63422ec5)
[INFO] [stdout] 
[INFO] [stdout] running 3 tests
[INFO] [stdout] test set_cloexec ... ok
[INFO] [stdout] test new_has_cloexec ... ok
[INFO] [stdout] test cloned_has_cloexec ... ok
[INFO] [stdout] 
[INFO] [stdout] test result: ok. 3 passed; 0 failed; 0 ignored; 0 measured; 0 filtered out; finished in 0.00s
[INFO] [stdout] 
[INFO] [stderr]      Running tests/std_udp_similarity.rs (/opt/rustwide/target/release/deps/std_udp_similarity-413e44593544662b)
[INFO] [stdout] 
[INFO] [stdout] running 5 tests
[INFO] [stderr] error: test failed, to rerun pass `--test std_udp_similarity`
[INFO] [stdout] test debug_implementation_ipv6_any ... ok
[INFO] [stdout] test debug_implementation_ipv4_localhost ... ok
[INFO] [stdout] test invalid_to_addr_error ... ok
[INFO] [stdout] test zero_addrs_error ... FAILED
[INFO] [stdout] test debug_implementation_unbound ... ok
[INFO] [stdout] 
[INFO] [stdout] failures:
[INFO] [stdout] 
[INFO] [stdout] ---- zero_addrs_error stdout ----
[INFO] [stdout] 
[INFO] [stdout] thread 'zero_addrs_error' (317) panicked at tests/std_udp_similarity.rs:63:5:
[INFO] [stdout] assertion `left == right` failed
[INFO] [stdout]   left: "Custom { kind: InvalidInput, error: \"could not resolve to any addresses\" }"
[INFO] [stdout]  right: "Error { kind: InvalidInput, message: \"could not resolve to any addresses\" }"
[INFO] [stdout] stack backtrace:
[INFO] [stdout]    0:     0x59ce5730c9b1 - <<std[70759c8f55707aa4]::sys::backtrace::BacktraceLock>::print::DisplayBacktrace as core[df12db4294e9bfd3]::fmt::Display>::fmt
[INFO] [stdout]    1:     0x59ce5732186a - core[df12db4294e9bfd3]::fmt::write
[INFO] [stdout]    2:     0x59ce5731126c - <alloc[2182bb758b4b3781]::vec::Vec<u8> as core[df12db4294e9bfd3]::io::write::Write>::write_fmt
[INFO] [stdout]    3:     0x59ce572e8686 - std[70759c8f55707aa4]::panicking::default_hook::{closure#0}
[INFO] [stdout]    4:     0x59ce57304b89 - std[70759c8f55707aa4]::panicking::default_hook
[INFO] [stdout]    5:     0x59ce572a0790 - test[9d35eded1c95d3be]::test_main_inner::<test[9d35eded1c95d3be]::test_main_static::{closure#0}>::{closure#0}
[INFO] [stdout]    6:     0x59ce57304d42 - std[70759c8f55707aa4]::panicking::panic_with_hook
[INFO] [stdout]    7:     0x59ce572e8732 - std[70759c8f55707aa4]::panicking::panic_handler::{closure#0}
[INFO] [stdout]    8:     0x59ce572e1409 - std[70759c8f55707aa4]::sys::backtrace::__rust_end_short_backtrace::<std[70759c8f55707aa4]::panicking::panic_handler::{closure#0}, !>
[INFO] [stdout]    9:     0x59ce572e951d - __rustc[8fa7c3cbc660c2b3]::rust_begin_unwind
[INFO] [stdout]   10:     0x59ce57321f9c - core[df12db4294e9bfd3]::panicking::panic_fmt
[INFO] [stdout]   11:     0x59ce57321eb3 - core[df12db4294e9bfd3]::panicking::assert_failed_inner
[INFO] [stdout]   12:     0x59ce572923e1 - core[df12db4294e9bfd3]::panicking::assert_failed::<alloc[2182bb758b4b3781]::string::String, alloc[2182bb758b4b3781]::string::String>
[INFO] [stdout]   13:     0x59ce57292629 - <std_udp_similarity[5f604d0d3738ed6e]::zero_addrs_error::{closure#0} as core[df12db4294e9bfd3]::ops::function::FnOnce<()>>::call_once
[INFO] [stdout]   14:     0x59ce57293a7b - test[9d35eded1c95d3be]::__rust_begin_short_backtrace::<core[df12db4294e9bfd3]::result::Result<(), alloc[2182bb758b4b3781]::string::String>, fn() -> core[df12db4294e9bfd3]::result::Result<(), alloc[2182bb758b4b3781]::string::String>>
[INFO] [stdout]   15:     0x59ce572a10e5 - test[9d35eded1c95d3be]::run_test::{closure#0}
[INFO] [stdout]   16:     0x59ce5729a9a4 - std[70759c8f55707aa4]::sys::backtrace::__rust_begin_short_backtrace::<test[9d35eded1c95d3be]::run_test::{closure#1}, ()>
[INFO] [stdout]   17:     0x59ce572a4242 - <std[70759c8f55707aa4]::thread::lifecycle::spawn_unchecked<test[9d35eded1c95d3be]::run_test::{closure#1}, ()>::{closure#1} as core[df12db4294e9bfd3]::ops::function::FnOnce<()>>::call_once::{shim:vtable#0}
[INFO] [stdout]   18:     0x59ce5730bda9 - <std[70759c8f55707aa4]::sys::thread::unix::Thread>::new::thread_start
[INFO] [stdout]   19:     0x789486b6ddfa - <unknown>
[INFO] [stdout]   20:     0x789486c013d4 - clone
[INFO] [stdout]   21:                0x0 - <unknown>
[INFO] [stdout] 
[INFO] [stdout] 
[INFO] [stdout] failures:
[INFO] [stdout]     zero_addrs_error
[INFO] [stdout] 
[INFO] [stdout] test result: FAILED. 4 passed; 1 failed; 0 ignored; 0 measured; 0 filtered out; finished in 0.00s
[INFO] [stdout] 
[INFO] running `Command { std: "docker" "inspect" "f21f9d652b2015b211afbba1a04631439bff72ce5d6094f3c6c7e8beab24d14d", kill_on_drop: false }`
[INFO] running `Command { std: "docker" "rm" "-f" "f21f9d652b2015b211afbba1a04631439bff72ce5d6094f3c6c7e8beab24d14d", kill_on_drop: false }`
[INFO] [stdout] f21f9d652b2015b211afbba1a04631439bff72ce5d6094f3c6c7e8beab24d14d
