[INFO] fetching crate udpipe-rs 0.2.0...
[INFO] testing udpipe-rs-0.2.0 against 1.100.0-beta.1+cargoflags=--release for beta-release-1.100-2
[INFO] extracting crate udpipe-rs 0.2.0 into /workspace/builds/worker-5-tc2/source
[INFO] started tweaking crates.io crate udpipe-rs 0.2.0
[INFO] removed 0 missing examples
[INFO] removed 0 missing tests
[INFO] finished tweaking crates.io crate udpipe-rs 0.2.0
[INFO] tweaked toml for crates.io crate udpipe-rs 0.2.0 written to /workspace/builds/worker-5-tc2/source/Cargo.toml
[INFO] validating manifest of crates.io crate udpipe-rs 0.2.0 on toolchain 1.100.0-beta.1
[INFO] running `Command { std: CARGO_HOME="/workspace/cargo-home" RUSTUP_HOME="/workspace/rustup-home" "/workspace/cargo-home/bin/cargo" "+1.100.0-beta.1" "metadata" "--manifest-path" "Cargo.toml" "--no-deps", kill_on_drop: false }`
[INFO] crate crates.io crate udpipe-rs 0.2.0 already has a lockfile, it will not be regenerated
[INFO] running `Command { std: CARGO_HOME="/workspace/cargo-home" RUSTUP_HOME="/workspace/rustup-home" "/workspace/cargo-home/bin/cargo" "+1.100.0-beta.1" "fetch" "--manifest-path" "Cargo.toml", kill_on_drop: false }`
[INFO] running `Command { std: "docker" "create" "-v" "/var/lib/crater-agent-workspace/builds/worker-5-tc2/source:/opt/rustwide/workdir:ro,Z" "-v" "/var/lib/crater-agent-workspace/builds/worker-5-tc2/target:/opt/rustwide/target:rw,Z" "-v" "/var/lib/crater-agent-workspace/cargo-home:/opt/rustwide/cargo-home:ro,Z" "-v" "/var/lib/crater-agent-workspace/rustup-home:/opt/rustwide/rustup-home:ro,Z" "-m" "1610612736" "--network" "none" "ghcr.io/rust-lang/crates-build-env/linux@sha256:77db811e55d90add9212f6832c23229e3de5f1c1f9905e8cb07319ea15df73ac" "sleep" "infinity", kill_on_drop: false }`
[INFO] [stdout] aeb7e098822765e34b15d2027101a843336170dac0d13e0a90c7127078818fe4
[INFO] running `Command { std: "docker" "start" "aeb7e098822765e34b15d2027101a843336170dac0d13e0a90c7127078818fe4", kill_on_drop: false }`
[INFO] running `Command { std: "docker" "inspect" "aeb7e098822765e34b15d2027101a843336170dac0d13e0a90c7127078818fe4", kill_on_drop: false }`
[INFO] running `Command { std: "docker" "exec" "-e" "SOURCE_DIR=/opt/rustwide/workdir" "-e" "CARGO_HOME=/opt/rustwide/cargo-home" "-e" "RUSTUP_HOME=/opt/rustwide/rustup-home" "-e" "CARGO_TARGET_DIR=/opt/rustwide/target" "-w" "/opt/rustwide/workdir" "--user" "0:0" "aeb7e098822765e34b15d2027101a843336170dac0d13e0a90c7127078818fe4" "/opt/rustwide/cargo-home/bin/cargo" "+1.100.0-beta.1" "metadata" "--no-deps" "--format-version=1", kill_on_drop: false }`
[INFO] running `Command { std: "docker" "inspect" "aeb7e098822765e34b15d2027101a843336170dac0d13e0a90c7127078818fe4", kill_on_drop: false }`
[INFO] running `Command { std: "docker" "exec" "-e" "SOURCE_DIR=/opt/rustwide/workdir" "-e" "CARGO_HOME=/opt/rustwide/cargo-home" "-e" "RUSTUP_HOME=/opt/rustwide/rustup-home" "-e" "CARGO_TARGET_DIR=/opt/rustwide/target" "-e" "CARGO_INCREMENTAL=0" "-e" "RUST_BACKTRACE=full" "-e" "RUSTFLAGS=--cap-lints=warn" "-e" "RUSTDOCFLAGS=--cap-lints=warn" "-w" "/opt/rustwide/workdir" "--user" "0:0" "aeb7e098822765e34b15d2027101a843336170dac0d13e0a90c7127078818fe4" "/opt/rustwide/cargo-home/bin/cargo" "+1.100.0-beta.1" "build" "--frozen" "--message-format=json" "--release", kill_on_drop: false }`
[INFO] [stderr]    Compiling find-msvc-tools v0.1.8
[INFO] [stderr]    Compiling libc v0.2.180
[INFO] [stderr]    Compiling httparse v1.10.1
[INFO] [stderr]    Compiling crc32fast v1.5.0
[INFO] [stderr]    Compiling rustls v0.23.36
[INFO] [stderr]    Compiling bytes v1.11.0
[INFO] [stderr]    Compiling simd-adler32 v0.3.8
[INFO] [stderr]    Compiling once_cell v1.21.3
[INFO] [stderr]    Compiling webpki-roots v1.0.5
[INFO] [stderr]    Compiling cc v1.2.54
[INFO] [stderr]    Compiling utf-8 v0.7.6
[INFO] [stderr]    Compiling miniz_oxide v0.8.9
[INFO] [stderr]    Compiling flate2 v1.1.8
[INFO] [stderr]    Compiling http v1.4.0
[INFO] [stderr]    Compiling ring v0.17.14
[INFO] [stderr]    Compiling udpipe-rs v0.2.0 (/opt/rustwide/workdir)
[INFO] [stderr]    Compiling getrandom v0.2.17
[INFO] [stderr]    Compiling ureq-proto v0.5.3
[INFO] [stderr]    Compiling rustls-webpki v0.103.9
[INFO] [stderr]    Compiling ureq v3.1.4
[INFO] [stderr]     Finished `release` profile [optimized] target(s) in 3m 44s
[INFO] running `Command { std: "docker" "inspect" "aeb7e098822765e34b15d2027101a843336170dac0d13e0a90c7127078818fe4", kill_on_drop: false }`
[INFO] running `Command { std: "docker" "exec" "-e" "SOURCE_DIR=/opt/rustwide/workdir" "-e" "CARGO_HOME=/opt/rustwide/cargo-home" "-e" "RUSTUP_HOME=/opt/rustwide/rustup-home" "-e" "CARGO_TARGET_DIR=/opt/rustwide/target" "-e" "CARGO_INCREMENTAL=0" "-e" "RUST_BACKTRACE=full" "-e" "RUSTFLAGS=--cap-lints=warn" "-e" "RUSTDOCFLAGS=--cap-lints=warn" "-w" "/opt/rustwide/workdir" "--user" "0:0" "aeb7e098822765e34b15d2027101a843336170dac0d13e0a90c7127078818fe4" "/opt/rustwide/cargo-home/bin/cargo" "+1.100.0-beta.1" "test" "--frozen" "--no-run" "--message-format=json" "--release", kill_on_drop: false }`
[INFO] [stderr]    Compiling libc v0.2.180
[INFO] [stderr]    Compiling quote v1.0.44
[INFO] [stderr]    Compiling zerocopy v0.8.33
[INFO] [stderr]    Compiling proc-macro2 v1.0.106
[INFO] [stderr]    Compiling http v1.4.0
[INFO] [stderr]    Compiling pin-project-lite v0.2.16
[INFO] [stderr]    Compiling futures-core v0.3.31
[INFO] [stderr]    Compiling zmij v1.0.16
[INFO] [stderr]    Compiling tracing-core v0.1.36
[INFO] [stderr]    Compiling futures-sink v0.3.31
[INFO] [stderr]    Compiling hashbrown v0.16.1
[INFO] [stderr]    Compiling aho-corasick v1.1.4
[INFO] [stderr]    Compiling slab v0.4.11
[INFO] [stderr]    Compiling serde_json v1.0.149
[INFO] [stderr]    Compiling regex-syntax v0.8.8
[INFO] [stderr]    Compiling syn v2.0.114
[INFO] [stderr]    Compiling indexmap v2.13.0
[INFO] [stderr]    Compiling tracing v0.1.44
[INFO] [stderr]    Compiling parking_lot_core v0.9.12
[INFO] [stderr]    Compiling mio v1.1.1
[INFO] [stderr]    Compiling parking_lot v0.12.5
[INFO] [stderr]    Compiling socket2 v0.6.2
[INFO] [stderr]    Compiling getrandom v0.3.4
[INFO] [stderr]    Compiling getrandom v0.2.17
[INFO] [stderr]    Compiling http-body v1.0.1
[INFO] [stderr]    Compiling rand_core v0.9.5
[INFO] [stderr]    Compiling tokio v1.49.0
[INFO] [stderr]    Compiling ring v0.17.14
[INFO] [stderr]    Compiling futures-channel v0.3.31
[INFO] [stderr]    Compiling alloca v0.4.0
[INFO] [stderr]    Compiling clap_lex v0.7.7
[INFO] [stderr]    Compiling regex-automata v0.4.13
[INFO] [stderr]    Compiling httpdate v1.0.3
[INFO] [stderr]    Compiling rustix v1.1.3
[INFO] [stderr]    Compiling ureq-proto v0.5.3
[INFO] [stderr]    Compiling clap_builder v4.5.54
[INFO] [stderr]    Compiling zerocopy-derive v0.8.33
[INFO] [stderr]    Compiling serde_derive v1.0.228
[INFO] [stderr]    Compiling rustls-webpki v0.103.9
[INFO] [stderr]    Compiling tokio-util v0.7.18
[INFO] [stderr]    Compiling half v2.7.1
[INFO] [stderr]    Compiling serde v1.0.228
[INFO] [stderr]    Compiling ppv-lite86 v0.2.21
[INFO] [stderr]    Compiling h2 v0.4.13
[INFO] [stderr]    Compiling ciborium-ll v0.2.2
[INFO] [stderr]    Compiling rustls v0.23.36
[INFO] [stderr]    Compiling rand_chacha v0.9.0
[INFO] [stderr]    Compiling regex v1.12.2
[INFO] [stderr]    Compiling itertools v0.13.0
[INFO] [stderr]    Compiling linux-raw-sys v0.11.0
[INFO] [stderr]    Compiling ryu v1.0.22
[INFO] [stderr]    Compiling bitflags v2.10.0
[INFO] [stderr]    Compiling serde_urlencoded v0.7.1
[INFO] [stderr]    Compiling udpipe-rs v0.2.0 (/opt/rustwide/workdir)
[INFO] [stderr]    Compiling criterion-plot v0.8.1
[INFO] [stderr]    Compiling assert-json-diff v2.0.2
[INFO] [stderr]    Compiling hyper v1.8.1
[INFO] [stderr]    Compiling ciborium v0.2.2
[INFO] [stderr]    Compiling tinytemplate v1.2.1
[INFO] [stderr]    Compiling rand v0.9.2
[INFO] [stderr]    Compiling hyper-util v0.1.19
[INFO] [stderr]    Compiling ureq v3.1.4
[INFO] [stderr]    Compiling clap v4.5.54
[INFO] [stderr]    Compiling http-body-util v0.1.3
[INFO] [stderr]    Compiling page_size v0.6.0
[INFO] [stderr]    Compiling similar v2.7.0
[INFO] [stderr]    Compiling criterion v0.8.1
[INFO] [stderr]    Compiling mockito v1.7.1
[INFO] [stderr]    Compiling tempfile v3.24.0
[INFO] [stderr]     Finished `release` profile [optimized] target(s) in 5m 53s
[INFO] running `Command { std: "docker" "inspect" "aeb7e098822765e34b15d2027101a843336170dac0d13e0a90c7127078818fe4", kill_on_drop: false }`
[INFO] running `Command { std: "docker" "exec" "-e" "SOURCE_DIR=/opt/rustwide/workdir" "-e" "CARGO_HOME=/opt/rustwide/cargo-home" "-e" "RUSTUP_HOME=/opt/rustwide/rustup-home" "-e" "CARGO_TARGET_DIR=/opt/rustwide/target" "-e" "CARGO_INCREMENTAL=0" "-e" "RUST_BACKTRACE=full" "-e" "RUSTFLAGS=--cap-lints=warn" "-e" "RUSTDOCFLAGS=--cap-lints=warn" "-w" "/opt/rustwide/workdir" "--user" "0:0" "aeb7e098822765e34b15d2027101a843336170dac0d13e0a90c7127078818fe4" "/opt/rustwide/cargo-home/bin/cargo" "+1.100.0-beta.1" "test" "--frozen" "--release", kill_on_drop: false }`
[INFO] [stderr]    Compiling udpipe-rs v0.2.0 (/opt/rustwide/workdir)
[INFO] [stderr]     Finished `release` profile [optimized] target(s) in 2m 47s
[INFO] [stderr]      Running unittests src/lib.rs (/opt/rustwide/target/release/build/udpipe-rs/bda5facf725164fe/out/udpipe_rs-bda5facf725164fe)
[INFO] [stdout] 
[INFO] [stdout] running 31 tests
[INFO] [stdout] test tests::test_available_models_sorted ... ok
[INFO] [stdout] test tests::test_download_model_invalid_language ... ok
[INFO] [stdout] test tests::test_ffi_invalid_index ... ok
[INFO] [stdout] test tests::test_ffi_null_result_get_word ... ok
[INFO] [stdout] test tests::test_ffi_null_result_word_count ... ok
[INFO] [stdout] test tests::test_has_space_after ... ok
[INFO] [stdout] test tests::test_download_model_from_url_empty_response ... ok
[INFO] [stdout] test tests::test_model_load_nonexistent_file ... ok
[INFO] [stdout] test tests::test_download_model_from_url_invalid_url ... ok
[INFO] [stdout] test tests::test_download_model_from_url_nonexistent_dir ... ok
[INFO] [stdout] test tests::test_model_debug ... ok
[INFO] [stdout] test tests::test_model_load_path_with_null_byte ... ok
[INFO] [stdout] test tests::test_parse_with_null_model ... ok
[INFO] [stdout] test tests::test_udpipe_error_display ... ok
[INFO] [stdout] test tests::test_word_get_feature ... ok
[INFO] [stdout] test tests::test_word_get_feature_empty ... ok
[INFO] [stdout] test tests::test_word_has_feature ... ok
[INFO] [stdout] test tests::test_word_has_feature_empty ... ok
[INFO] [stdout] test tests::test_word_has_feature_single ... ok
[INFO] [stdout] test tests::test_word_hash ... ok
[INFO] [stdout] test tests::test_word_is_adjective ... ok
[INFO] [stdout] test tests::test_udpipe_error_from_io ... ok
[INFO] [stdout] test tests::test_word_is_noun ... ok
[INFO] [stdout] test tests::test_word_is_punct ... ok
[INFO] [stdout] test tests::test_word_is_root ... ok
[INFO] [stdout] test tests::test_word_is_verb ... ok
[INFO] [stdout] test tests::test_model_filename ... ok
[INFO] [stdout] test tests::test_available_models_contains_common_languages ... ok
[INFO] [stdout] test tests::test_model_load_from_memory_empty ... ok
[INFO] [stdout] test tests::test_model_load_from_memory_invalid ... ok
[INFO] [stdout] test tests::test_word_get_feature_single ... ok
[INFO] [stdout] 
[INFO] [stdout] test result: ok. 31 passed; 0 failed; 0 ignored; 0 measured; 0 filtered out; finished in 0.01s
[INFO] [stdout] 
[INFO] [stderr]      Running tests/integration.rs (/opt/rustwide/target/release/build/udpipe-rs/c88cdd70f4b055b9/out/integration-c88cdd70f4b055b9)
[INFO] [stdout] 
[INFO] [stdout] running 14 tests
[INFO] [stdout] test test_dependency_structure ... FAILED
[INFO] [stdout] test test_misc_field_space_after ... FAILED
[INFO] [stdout] test test_parse_simple_sentence ... FAILED
[INFO] [stdout] test test_load_from_memory ... FAILED
[INFO] [stdout] test test_empty_input ... FAILED
[INFO] [stdout] test test_model_drop ... FAILED
[INFO] [stdout] test test_unicode_input ... FAILED
[INFO] [stdout] test test_parse_with_null_byte ... FAILED
[INFO] [stdout] test test_parse_multiple_sentences ... FAILED
[INFO] [stdout] test test_morphological_features ... FAILED
[INFO] [stdout] test test_word_ids_are_sequential ... FAILED
[INFO] [stdout] test test_xpostag_field ... FAILED
[INFO] [stdout] test test_word_pos_helpers ... FAILED
[INFO] [stdout] test test_word_get_feature ... FAILED
[INFO] [stdout] 
[INFO] [stdout] failures:
[INFO] [stdout] 
[INFO] [stdout] ---- test_dependency_structure stdout ----
[INFO] [stdout] Downloading english-ewt model for integration tests...
[INFO] [stdout] 
[INFO] [stdout] thread 'test_dependency_structure' (3044) panicked at tests/integration.rs:27:14:
[INFO] [stdout] Failed to download model for integration tests: UdpipeError { message: "Failed to download: io: failed to lookup address information: Temporary failure in name resolution" }
[INFO] [stdout] stack backtrace:
[INFO] [stdout]    0:     0x63eee0a077b1 - <<std[617be2ca0a6fd877]::sys::backtrace::BacktraceLock>::print::DisplayBacktrace as core[a373ad73a504971]::fmt::Display>::fmt
[INFO] [stdout]    1:     0x63eee0a1d99a - core[a373ad73a504971]::fmt::write
[INFO] [stdout]    2:     0x63eee0a0c01c - <alloc[2e1b2a31b91974c5]::vec::Vec<u8> as core[a373ad73a504971]::io::write::Write>::write_fmt
[INFO] [stdout]    3:     0x63eee09e1396 - std[617be2ca0a6fd877]::panicking::default_hook::{closure#0}
[INFO] [stdout]    4:     0x63eee09feef9 - std[617be2ca0a6fd877]::panicking::default_hook
[INFO] [stdout]    5:     0x63eee0999420 - test[aada8e7e76ba119b]::test_main_inner::{closure#0}
[INFO] [stdout]    6:     0x63eee09ff0b2 - std[617be2ca0a6fd877]::panicking::panic_with_hook
[INFO] [stdout]    7:     0x63eee09e1442 - std[617be2ca0a6fd877]::panicking::panic_handler::{closure#0}
[INFO] [stdout]    8:     0x63eee09d9dc9 - std[617be2ca0a6fd877]::sys::backtrace::__rust_end_short_backtrace::<std[617be2ca0a6fd877]::panicking::panic_handler::{closure#0}, !>
[INFO] [stdout]    9:     0x63eee09e223d - __rustc[ea4f61d10b84890b]::rust_begin_unwind
[INFO] [stdout]   10:     0x63eee0a1e0cc - core[a373ad73a504971]::panicking::panic_fmt
[INFO] [stdout]   11:     0x63eee0a1dea2 - core[a373ad73a504971]::result::unwrap_failed
[INFO] [stdout]   12:     0x63eee07d8157 - <std[617be2ca0a6fd877]::sync::once::Once>::call_once_force::<<std[617be2ca0a6fd877]::sync::once_lock::OnceLock<(tempfile[5ad6ecb5d5aee761]::dir::TempDir, alloc[2e1b2a31b91974c5]::string::String, std[617be2ca0a6fd877]::sync::poison::mutex::Mutex<udpipe_rs[4186d798fb918ecb]::Model>)>>::initialize<<std[617be2ca0a6fd877]::sync::once_lock::OnceLock<(tempfile[5ad6ecb5d5aee761]::dir::TempDir, alloc[2e1b2a31b91974c5]::string::String, std[617be2ca0a6fd877]::sync::poison::mutex::Mutex<udpipe_rs[4186d798fb918ecb]::Model>)>>::get_or_init<integration[e1a49e44f7f7fd13]::get_model_state::{closure#0}>::{closure#0}, !>::{closure#0}>::{closure#0}
[INFO] [stdout]   13:     0x63eee09e7c29 - <std[617be2ca0a6fd877]::sys::sync::once::futex::Once>::call
[INFO] [stdout]   14:     0x63eee07d76dc - <std[617be2ca0a6fd877]::sync::once_lock::OnceLock<(tempfile[5ad6ecb5d5aee761]::dir::TempDir, alloc[2e1b2a31b91974c5]::string::String, std[617be2ca0a6fd877]::sync::poison::mutex::Mutex<udpipe_rs[4186d798fb918ecb]::Model>)>>::initialize::<<std[617be2ca0a6fd877]::sync::once_lock::OnceLock<(tempfile[5ad6ecb5d5aee761]::dir::TempDir, alloc[2e1b2a31b91974c5]::string::String, std[617be2ca0a6fd877]::sync::poison::mutex::Mutex<udpipe_rs[4186d798fb918ecb]::Model>)>>::get_or_init<integration[e1a49e44f7f7fd13]::get_model_state::{closure#0}>::{closure#0}, !>
[INFO] [stdout]   15:     0x63eee07d3d1a - integration[e1a49e44f7f7fd13]::parse
[INFO] [stdout]   16:     0x63eee07d4cc4 - <integration[e1a49e44f7f7fd13]::test_dependency_structure::{closure#0} as core[a373ad73a504971]::ops::function::FnOnce<()>>::call_once
[INFO] [stdout]   17:     0x63eee098c86b - test[aada8e7e76ba119b]::__rust_begin_short_backtrace::<core[a373ad73a504971]::result::Result<(), alloc[2e1b2a31b91974c5]::string::String>, fn() -> core[a373ad73a504971]::result::Result<(), alloc[2e1b2a31b91974c5]::string::String>>
[INFO] [stdout]   18:     0x63eee0999a45 - test[aada8e7e76ba119b]::run_test::{closure#0}
[INFO] [stdout]   19:     0x63eee0993334 - std[617be2ca0a6fd877]::sys::backtrace::__rust_begin_short_backtrace::<test[aada8e7e76ba119b]::run_test::{closure#1}, ()>
[INFO] [stdout]   20:     0x63eee099cad2 - <std[617be2ca0a6fd877]::thread::lifecycle::spawn_unchecked<test[aada8e7e76ba119b]::run_test::{closure#1}, ()>::{closure#1} as core[a373ad73a504971]::ops::function::FnOnce<()>>::call_once::{shim:vtable#0}
[INFO] [stdout]   21:     0x63eee0a067df - <std[617be2ca0a6fd877]::sys::thread::unix::Thread>::new::thread_start
[INFO] [stdout]   22:     0x7a110b39cdfa - <unknown>
[INFO] [stdout]   23:     0x7a110b4303d4 - clone
[INFO] [stdout]   24:                0x0 - <unknown>
[INFO] [stdout] 
[INFO] [stdout] ---- test_misc_field_space_after stdout ----
[INFO] [stdout] Downloading english-ewt model for integration tests...
[INFO] [stdout] 
[INFO] [stdout] thread 'test_misc_field_space_after' (3047) panicked at tests/integration.rs:27:14:
[INFO] [stdout] Failed to download model for integration tests: UdpipeError { message: "Failed to download: io: failed to lookup address information: Temporary failure in name resolution" }
[INFO] [stdout] stack backtrace:
[INFO] [stdout]    0:     0x63eee0a077b1 - <<std[617be2ca0a6fd877]::sys::backtrace::BacktraceLock>::print::DisplayBacktrace as core[a373ad73a504971]::fmt::Display>::fmt
[INFO] [stdout]    1:     0x63eee0a1d99a - core[a373ad73a504971]::fmt::write
[INFO] [stdout]    2:     0x63eee0a0c01c - <alloc[2e1b2a31b91974c5]::vec::Vec<u8> as core[a373ad73a504971]::io::write::Write>::write_fmt
[INFO] [stdout]    3:     0x63eee09e1396 - std[617be2ca0a6fd877]::panicking::default_hook::{closure#0}
[INFO] [stdout]    4:     0x63eee09feef9 - std[617be2ca0a6fd877]::panicking::default_hook
[INFO] [stdout]    5:     0x63eee0999420 - test[aada8e7e76ba119b]::test_main_inner::{closure#0}
[INFO] [stdout]    6:     0x63eee09ff0b2 - std[617be2ca0a6fd877]::panicking::panic_with_hook
[INFO] [stdout]    7:     0x63eee09e1442 - std[617be2ca0a6fd877]::panicking::panic_handler::{closure#0}
[INFO] [stdout]    8:     0x63eee09d9dc9 - std[617be2ca0a6fd877]::sys::backtrace::__rust_end_short_backtrace::<std[617be2ca0a6fd877]::panicking::panic_handler::{closure#0}, !>
[INFO] [stdout]    9:     0x63eee09e223d - __rustc[ea4f61d10b84890b]::rust_begin_unwind
[INFO] [stdout]   10:     0x63eee0a1e0cc - core[a373ad73a504971]::panicking::panic_fmt
[INFO] [stdout]   11:     0x63eee0a1dea2 - core[a373ad73a504971]::result::unwrap_failed
[INFO] [stdout]   12:     0x63eee07d8157 - <std[617be2ca0a6fd877]::sync::once::Once>::call_once_force::<<std[617be2ca0a6fd877]::sync::once_lock::OnceLock<(tempfile[5ad6ecb5d5aee761]::dir::TempDir, alloc[2e1b2a31b91974c5]::string::String, std[617be2ca0a6fd877]::sync::poison::mutex::Mutex<udpipe_rs[4186d798fb918ecb]::Model>)>>::initialize<<std[617be2ca0a6fd877]::sync::once_lock::OnceLock<(tempfile[5ad6ecb5d5aee761]::dir::TempDir, alloc[2e1b2a31b91974c5]::string::String, std[617be2ca0a6fd877]::sync::poison::mutex::Mutex<udpipe_rs[4186d798fb918ecb]::Model>)>>::get_or_init<integration[e1a49e44f7f7fd13]::get_model_state::{closure#0}>::{closure#0}, !>::{closure#0}>::{closure#0}
[INFO] [stdout]   13:     0x63eee09e7c29 - <std[617be2ca0a6fd877]::sys::sync::once::futex::Once>::call
[INFO] [stdout]   14:     0x63eee07d76dc - <std[617be2ca0a6fd877]::sync::once_lock::OnceLock<(tempfile[5ad6ecb5d5aee761]::dir::TempDir, alloc[2e1b2a31b91974c5]::string::String, std[617be2ca0a6fd877]::sync::poison::mutex::Mutex<udpipe_rs[4186d798fb918ecb]::Model>)>>::initialize::<<std[617be2ca0a6fd877]::sync::once_lock::OnceLock<(tempfile[5ad6ecb5d5aee761]::dir::TempDir, alloc[2e1b2a31b91974c5]::string::String, std[617be2ca0a6fd877]::sync::poison::mutex::Mutex<udpipe_rs[4186d798fb918ecb]::Model>)>>::get_or_init<integration[e1a49e44f7f7fd13]::get_model_state::{closure#0}>::{closure#0}, !>
[INFO] [stdout]   15:     0x63eee07d3d1a - integration[e1a49e44f7f7fd13]::parse
[INFO] [stdout]   16:     0x63eee07d5677 - <integration[e1a49e44f7f7fd13]::test_misc_field_space_after::{closure#0} as core[a373ad73a504971]::ops::function::FnOnce<()>>::call_once
[INFO] [stdout]   17:     0x63eee098c86b - test[aada8e7e76ba119b]::__rust_begin_short_backtrace::<core[a373ad73a504971]::result::Result<(), alloc[2e1b2a31b91974c5]::string::String>, fn() -> core[a373ad73a504971]::result::Result<(), alloc[2e1b2a31b91974c5]::string::String>>
[INFO] [stdout]   18:     0x63eee0999a45 - test[aada8e7e76ba119b]::run_test::{closure#0}
[INFO] [stdout]   19:     0x63eee0993334 - std[617be2ca0a6fd877]::sys::backtrace::__rust_begin_short_backtrace::<test[aada8e7e76ba119b]::run_test::{closure#1}, ()>
[INFO] [stdout]   20:     0x63eee099cad2 - <std[617be2ca0a6fd877]::thread::lifecycle::spawn_unchecked<test[aada8e7e76ba119b]::run_test::{closure#1}, ()>::{closure#1} as core[a373ad73a504971]::ops::function::FnOnce<()>>::call_once::{shim:vtable#0}
[INFO] [stdout]   21:     0x63eee0a067df - <std[617be2ca0a6fd877]::sys::thread::unix::Thread>::new::thread_start
[INFO] [stdout]   22:     0x7a110b39cdfa - <unknown>
[INFO] [stdout]   23:     0x7a110b4303d4 - clone
[INFO] [stdout]   24:                0x0 - <unknown>
[INFO] [stdout] 
[INFO] [stdout] ---- test_parse_simple_sentence stdout ----
[INFO] [stdout] Downloading english-ewt model for integration tests...
[INFO] [stdout] 
[INFO] [stdout] thread 'test_parse_simple_sentence' (3051) panicked at tests/integration.rs:27:14:
[INFO] [stdout] Failed to download model for integration tests: UdpipeError { message: "Failed to download: io: failed to lookup address information: Temporary failure in name resolution" }
[INFO] [stdout] stack backtrace:
[INFO] [stdout]    0:     0x63eee0a077b1 - <<std[617be2ca0a6fd877]::sys::backtrace::BacktraceLock>::print::DisplayBacktrace as core[a373ad73a504971]::fmt::Display>::fmt
[INFO] [stdout]    1:     0x63eee0a1d99a - core[a373ad73a504971]::fmt::write
[INFO] [stdout]    2:     0x63eee0a0c01c - <alloc[2e1b2a31b91974c5]::vec::Vec<u8> as core[a373ad73a504971]::io::write::Write>::write_fmt
[INFO] [stdout]    3:     0x63eee09e1396 - std[617be2ca0a6fd877]::panicking::default_hook::{closure#0}
[INFO] [stdout]    4:     0x63eee09feef9 - std[617be2ca0a6fd877]::panicking::default_hook
[INFO] [stdout]    5:     0x63eee0999420 - test[aada8e7e76ba119b]::test_main_inner::{closure#0}
[INFO] [stdout]    6:     0x63eee09ff0b2 - std[617be2ca0a6fd877]::panicking::panic_with_hook
[INFO] [stdout]    7:     0x63eee09e1442 - std[617be2ca0a6fd877]::panicking::panic_handler::{closure#0}
[INFO] [stdout]    8:     0x63eee09d9dc9 - std[617be2ca0a6fd877]::sys::backtrace::__rust_end_short_backtrace::<std[617be2ca0a6fd877]::panicking::panic_handler::{closure#0}, !>
[INFO] [stdout]    9:     0x63eee09e223d - __rustc[ea4f61d10b84890b]::rust_begin_unwind
[INFO] [stdout]   10:     0x63eee0a1e0cc - core[a373ad73a504971]::panicking::panic_fmt
[INFO] [stdout]   11:     0x63eee0a1dea2 - core[a373ad73a504971]::result::unwrap_failed
[INFO] [stdout]   12:     0x63eee07d8157 - <std[617be2ca0a6fd877]::sync::once::Once>::call_once_force::<<std[617be2ca0a6fd877]::sync::once_lock::OnceLock<(tempfile[5ad6ecb5d5aee761]::dir::TempDir, alloc[2e1b2a31b91974c5]::string::String, std[617be2ca0a6fd877]::sync::poison::mutex::Mutex<udpipe_rs[4186d798fb918ecb]::Model>)>>::initialize<<std[617be2ca0a6fd877]::sync::once_lock::OnceLock<(tempfile[5ad6ecb5d5aee761]::dir::TempDir, alloc[2e1b2a31b91974c5]::string::String, std[617be2ca0a6fd877]::sync::poison::mutex::Mutex<udpipe_rs[4186d798fb918ecb]::Model>)>>::get_or_init<integration[e1a49e44f7f7fd13]::get_model_state::{closure#0}>::{closure#0}, !>::{closure#0}>::{closure#0}
[INFO] [stdout]   13:     0x63eee09e7c29 - <std[617be2ca0a6fd877]::sys::sync::once::futex::Once>::call
[INFO] [stdout]   14:     0x63eee07d76dc - <std[617be2ca0a6fd877]::sync::once_lock::OnceLock<(tempfile[5ad6ecb5d5aee761]::dir::TempDir, alloc[2e1b2a31b91974c5]::string::String, std[617be2ca0a6fd877]::sync::poison::mutex::Mutex<udpipe_rs[4186d798fb918ecb]::Model>)>>::initialize::<<std[617be2ca0a6fd877]::sync::once_lock::OnceLock<(tempfile[5ad6ecb5d5aee761]::dir::TempDir, alloc[2e1b2a31b91974c5]::string::String, std[617be2ca0a6fd877]::sync::poison::mutex::Mutex<udpipe_rs[4186d798fb918ecb]::Model>)>>::get_or_init<integration[e1a49e44f7f7fd13]::get_model_state::{closure#0}>::{closure#0}, !>
[INFO] [stdout]   15:     0x63eee07d3d1a - integration[e1a49e44f7f7fd13]::parse
[INFO] [stdout]   16:     0x63eee07d53c6 - <integration[e1a49e44f7f7fd13]::test_parse_simple_sentence::{closure#0} as core[a373ad73a504971]::ops::function::FnOnce<()>>::call_once
[INFO] [stdout]   17:     0x63eee098c86b - test[aada8e7e76ba119b]::__rust_begin_short_backtrace::<core[a373ad73a504971]::result::Result<(), alloc[2e1b2a31b91974c5]::string::String>, fn() -> core[a373ad73a504971]::result::Result<(), alloc[2e1b2a31b91974c5]::string::String>>
[INFO] [stdout]   18:     0x63eee0999a45 - test[aada8e7e76ba119b]::run_test::{closure#0}
[INFO] [stdout]   19:     0x63eee0993334 - std[617be2ca0a6fd877]::sys::backtrace::__rust_begin_short_backtrace::<test[aada8e7e76ba119b]::run_test::{closure#1}, ()>
[INFO] [stdout]   20:     0x63eee099cad2 - <std[617be2ca0a6fd877]::thread::lifecycle::spawn_unchecked<test[aada8e7e76ba119b]::run_test::{closure#1}, ()>::{closure#1} as core[a373ad73a504971]::ops::function::FnOnce<()>>::call_once::{shim:vtable#0}
[INFO] [stdout]   21:     0x63eee0a067df - <std[617be2ca0a6fd877]::sys::thread::unix::Thread>::new::thread_start
[INFO] [stdout]   22:     0x7a110b39cdfa - <unknown>
[INFO] [stdout]   23:     0x7a110b4303d4 - clone
[INFO] [stdout]   24:                0x0 - <unknown>
[INFO] [stdout] 
[INFO] [stdout] ---- test_load_from_memory stdout ----
[INFO] [stdout] Downloading english-ewt model for integration tests...
[INFO] [stdout] 
[INFO] [stdout] thread 'test_load_from_memory' (3046) panicked at tests/integration.rs:27:14:
[INFO] [stdout] Failed to download model for integration tests: UdpipeError { message: "Failed to download: io: failed to lookup address information: Temporary failure in name resolution" }
[INFO] [stdout] stack backtrace:
[INFO] [stdout]    0:     0x63eee0a077b1 - <<std[617be2ca0a6fd877]::sys::backtrace::BacktraceLock>::print::DisplayBacktrace as core[a373ad73a504971]::fmt::Display>::fmt
[INFO] [stdout]    1:     0x63eee0a1d99a - core[a373ad73a504971]::fmt::write
[INFO] [stdout]    2:     0x63eee0a0c01c - <alloc[2e1b2a31b91974c5]::vec::Vec<u8> as core[a373ad73a504971]::io::write::Write>::write_fmt
[INFO] [stdout]    3:     0x63eee09e1396 - std[617be2ca0a6fd877]::panicking::default_hook::{closure#0}
[INFO] [stdout]    4:     0x63eee09feef9 - std[617be2ca0a6fd877]::panicking::default_hook
[INFO] [stdout]    5:     0x63eee0999420 - test[aada8e7e76ba119b]::test_main_inner::{closure#0}
[INFO] [stdout]    6:     0x63eee09ff0b2 - std[617be2ca0a6fd877]::panicking::panic_with_hook
[INFO] [stdout]    7:     0x63eee09e1442 - std[617be2ca0a6fd877]::panicking::panic_handler::{closure#0}
[INFO] [stdout]    8:     0x63eee09d9dc9 - std[617be2ca0a6fd877]::sys::backtrace::__rust_end_short_backtrace::<std[617be2ca0a6fd877]::panicking::panic_handler::{closure#0}, !>
[INFO] [stdout]    9:     0x63eee09e223d - __rustc[ea4f61d10b84890b]::rust_begin_unwind
[INFO] [stdout]   10:     0x63eee0a1e0cc - core[a373ad73a504971]::panicking::panic_fmt
[INFO] [stdout]   11:     0x63eee0a1dea2 - core[a373ad73a504971]::result::unwrap_failed
[INFO] [stdout]   12:     0x63eee07d8157 - <std[617be2ca0a6fd877]::sync::once::Once>::call_once_force::<<std[617be2ca0a6fd877]::sync::once_lock::OnceLock<(tempfile[5ad6ecb5d5aee761]::dir::TempDir, alloc[2e1b2a31b91974c5]::string::String, std[617be2ca0a6fd877]::sync::poison::mutex::Mutex<udpipe_rs[4186d798fb918ecb]::Model>)>>::initialize<<std[617be2ca0a6fd877]::sync::once_lock::OnceLock<(tempfile[5ad6ecb5d5aee761]::dir::TempDir, alloc[2e1b2a31b91974c5]::string::String, std[617be2ca0a6fd877]::sync::poison::mutex::Mutex<udpipe_rs[4186d798fb918ecb]::Model>)>>::get_or_init<integration[e1a49e44f7f7fd13]::get_model_state::{closure#0}>::{closure#0}, !>::{closure#0}>::{closure#0}
[INFO] [stdout]   13:     0x63eee09e7c29 - <std[617be2ca0a6fd877]::sys::sync::once::futex::Once>::call
[INFO] [stdout]   14:     0x63eee07d76dc - <std[617be2ca0a6fd877]::sync::once_lock::OnceLock<(tempfile[5ad6ecb5d5aee761]::dir::TempDir, alloc[2e1b2a31b91974c5]::string::String, std[617be2ca0a6fd877]::sync::poison::mutex::Mutex<udpipe_rs[4186d798fb918ecb]::Model>)>>::initialize::<<std[617be2ca0a6fd877]::sync::once_lock::OnceLock<(tempfile[5ad6ecb5d5aee761]::dir::TempDir, alloc[2e1b2a31b91974c5]::string::String, std[617be2ca0a6fd877]::sync::poison::mutex::Mutex<udpipe_rs[4186d798fb918ecb]::Model>)>>::get_or_init<integration[e1a49e44f7f7fd13]::get_model_state::{closure#0}>::{closure#0}, !>
[INFO] [stdout]   15:     0x63eee07d463c - <integration[e1a49e44f7f7fd13]::test_load_from_memory::{closure#0} as core[a373ad73a504971]::ops::function::FnOnce<()>>::call_once
[INFO] [stdout]   16:     0x63eee098c86b - test[aada8e7e76ba119b]::__rust_begin_short_backtrace::<core[a373ad73a504971]::result::Result<(), alloc[2e1b2a31b91974c5]::string::String>, fn() -> core[a373ad73a504971]::result::Result<(), alloc[2e1b2a31b91974c5]::string::String>>
[INFO] [stdout]   17:     0x63eee0999a45 - test[aada8e7e76ba119b]::run_test::{closure#0}
[INFO] [stdout]   18:     0x63eee0993334 - std[617be2ca0a6fd877]::sys::backtrace::__rust_begin_short_backtrace::<test[aada8e7e76ba119b]::run_test::{closure#1}, ()>
[INFO] [stdout]   19:     0x63eee099cad2 - <std[617be2ca0a6fd877]::thread::lifecycle::spawn_unchecked<test[aada8e7e76ba119b]::run_test::{closure#1}, ()>::{closure#1} as core[a373ad73a504971]::ops::function::FnOnce<()>>::call_once::{shim:vtable#0}
[INFO] [stdout]   20:     0x63eee0a067df - <std[617be2ca0a6fd877]::sys::thread::unix::Thread>::new::thread_start
[INFO] [stdout]   21:     0x7a110b39cdfa - <unknown>
[INFO] [stdout]   22:     0x7a110b4303d4 - clone
[INFO] [stdout]   23:                0x0 - <unknown>
[INFO] [stdout] 
[INFO] [stdout] ---- test_empty_input stdout ----
[INFO] [stdout] Downloading english-ewt model for integration tests...
[INFO] [stdout] 
[INFO] [stdout] thread 'test_empty_input' (3045) panicked at tests/integration.rs:27:14:
[INFO] [stdout] Failed to download model for integration tests: UdpipeError { message: "Failed to download: io: failed to lookup address information: Temporary failure in name resolution" }
[INFO] [stdout] stack backtrace:
[INFO] [stdout]    0:     0x63eee0a077b1 - <<std[617be2ca0a6fd877]::sys::backtrace::BacktraceLock>::print::DisplayBacktrace as core[a373ad73a504971]::fmt::Display>::fmt
[INFO] [stdout]    1:     0x63eee0a1d99a - core[a373ad73a504971]::fmt::write
[INFO] [stdout]    2:     0x63eee0a0c01c - <alloc[2e1b2a31b91974c5]::vec::Vec<u8> as core[a373ad73a504971]::io::write::Write>::write_fmt
[INFO] [stdout]    3:     0x63eee09e1396 - std[617be2ca0a6fd877]::panicking::default_hook::{closure#0}
[INFO] [stdout]    4:     0x63eee09feef9 - std[617be2ca0a6fd877]::panicking::default_hook
[INFO] [stdout]    5:     0x63eee0999420 - test[aada8e7e76ba119b]::test_main_inner::{closure#0}
[INFO] [stdout]    6:     0x63eee09ff0b2 - std[617be2ca0a6fd877]::panicking::panic_with_hook
[INFO] [stdout]    7:     0x63eee09e1442 - std[617be2ca0a6fd877]::panicking::panic_handler::{closure#0}
[INFO] [stdout]    8:     0x63eee09d9dc9 - std[617be2ca0a6fd877]::sys::backtrace::__rust_end_short_backtrace::<std[617be2ca0a6fd877]::panicking::panic_handler::{closure#0}, !>
[INFO] [stdout]    9:     0x63eee09e223d - __rustc[ea4f61d10b84890b]::rust_begin_unwind
[INFO] [stdout]   10:     0x63eee0a1e0cc - core[a373ad73a504971]::panicking::panic_fmt
[INFO] [stdout]   11:     0x63eee0a1dea2 - core[a373ad73a504971]::result::unwrap_failed
[INFO] [stdout]   12:     0x63eee07d8157 - <std[617be2ca0a6fd877]::sync::once::Once>::call_once_force::<<std[617be2ca0a6fd877]::sync::once_lock::OnceLock<(tempfile[5ad6ecb5d5aee761]::dir::TempDir, alloc[2e1b2a31b91974c5]::string::String, std[617be2ca0a6fd877]::sync::poison::mutex::Mutex<udpipe_rs[4186d798fb918ecb]::Model>)>>::initialize<<std[617be2ca0a6fd877]::sync::once_lock::OnceLock<(tempfile[5ad6ecb5d5aee761]::dir::TempDir, alloc[2e1b2a31b91974c5]::string::String, std[617be2ca0a6fd877]::sync::poison::mutex::Mutex<udpipe_rs[4186d798fb918ecb]::Model>)>>::get_or_init<integration[e1a49e44f7f7fd13]::get_model_state::{closure#0}>::{closure#0}, !>::{closure#0}>::{closure#0}
[INFO] [stdout]   13:     0x63eee09e7c29 - <std[617be2ca0a6fd877]::sys::sync::once::futex::Once>::call
[INFO] [stdout]   14:     0x63eee07d76dc - <std[617be2ca0a6fd877]::sync::once_lock::OnceLock<(tempfile[5ad6ecb5d5aee761]::dir::TempDir, alloc[2e1b2a31b91974c5]::string::String, std[617be2ca0a6fd877]::sync::poison::mutex::Mutex<udpipe_rs[4186d798fb918ecb]::Model>)>>::initialize::<<std[617be2ca0a6fd877]::sync::once_lock::OnceLock<(tempfile[5ad6ecb5d5aee761]::dir::TempDir, alloc[2e1b2a31b91974c5]::string::String, std[617be2ca0a6fd877]::sync::poison::mutex::Mutex<udpipe_rs[4186d798fb918ecb]::Model>)>>::get_or_init<integration[e1a49e44f7f7fd13]::get_model_state::{closure#0}>::{closure#0}, !>
[INFO] [stdout]   15:     0x63eee07d3d1a - integration[e1a49e44f7f7fd13]::parse
[INFO] [stdout]   16:     0x63eee07d3f39 - <integration[e1a49e44f7f7fd13]::test_empty_input::{closure#0} as core[a373ad73a504971]::ops::function::FnOnce<()>>::call_once
[INFO] [stdout]   17:     0x63eee098c86b - test[aada8e7e76ba119b]::__rust_begin_short_backtrace::<core[a373ad73a504971]::result::Result<(), alloc[2e1b2a31b91974c5]::string::String>, fn() -> core[a373ad73a504971]::result::Result<(), alloc[2e1b2a31b91974c5]::string::String>>
[INFO] [stdout]   18:     0x63eee0999a45 - test[aada8e7e76ba119b]::run_test::{closure#0}
[INFO] [stdout]   19:     0x63eee0993334 - std[617be2ca0a6fd877]::sys::backtrace::__rust_begin_short_backtrace::<test[aada8e7e76ba119b]::run_test::{closure#1}, ()>
[INFO] [stdout]   20:     0x63eee099cad2 - <std[617be2ca0a6fd877]::thread::lifecycle::spawn_unchecked<test[aada8e7e76ba119b]::run_test::{closure#1}, ()>::{closure#1} as core[a373ad73a504971]::ops::function::FnOnce<()>>::call_once::{shim:vtable#0}
[INFO] [stdout]   21:     0x63eee0a067df - <std[617be2ca0a6fd877]::sys::thread::unix::Thread>::new::thread_start
[INFO] [stdout]   22:     0x7a110b39cdfa - <unknown>
[INFO] [stdout]   23:     0x7a110b4303d4 - clone
[INFO] [stdout]   24:                0x0 - <unknown>
[INFO] [stdout] 
[INFO] [stdout] ---- test_model_drop stdout ----
[INFO] [stdout] Downloading english-ewt model for integration tests...
[INFO] [stdout] 
[INFO] [stdout] thread 'test_model_drop' (3048) panicked at tests/integration.rs:27:14:
[INFO] [stdout] Failed to download model for integration tests: UdpipeError { message: "Failed to download: io: failed to lookup address information: Temporary failure in name resolution" }
[INFO] [stdout] stack backtrace:
[INFO] [stdout]    0:     0x63eee0a077b1 - <<std[617be2ca0a6fd877]::sys::backtrace::BacktraceLock>::print::DisplayBacktrace as core[a373ad73a504971]::fmt::Display>::fmt
[INFO] [stdout]    1:     0x63eee0a1d99a - core[a373ad73a504971]::fmt::write
[INFO] [stdout]    2:     0x63eee0a0c01c - <alloc[2e1b2a31b91974c5]::vec::Vec<u8> as core[a373ad73a504971]::io::write::Write>::write_fmt
[INFO] [stdout]    3:     0x63eee09e1396 - std[617be2ca0a6fd877]::panicking::default_hook::{closure#0}
[INFO] [stdout]    4:     0x63eee09feef9 - std[617be2ca0a6fd877]::panicking::default_hook
[INFO] [stdout]    5:     0x63eee0999420 - test[aada8e7e76ba119b]::test_main_inner::{closure#0}
[INFO] [stdout]    6:     0x63eee09ff0b2 - std[617be2ca0a6fd877]::panicking::panic_with_hook
[INFO] [stdout]    7:     0x63eee09e1442 - std[617be2ca0a6fd877]::panicking::panic_handler::{closure#0}
[INFO] [stdout]    8:     0x63eee09d9dc9 - std[617be2ca0a6fd877]::sys::backtrace::__rust_end_short_backtrace::<std[617be2ca0a6fd877]::panicking::panic_handler::{closure#0}, !>
[INFO] [stdout]    9:     0x63eee09e223d - __rustc[ea4f61d10b84890b]::rust_begin_unwind
[INFO] [stdout]   10:     0x63eee0a1e0cc - core[a373ad73a504971]::panicking::panic_fmt
[INFO] [stdout]   11:     0x63eee0a1dea2 - core[a373ad73a504971]::result::unwrap_failed
[INFO] [stdout]   12:     0x63eee07d8157 - <std[617be2ca0a6fd877]::sync::once::Once>::call_once_force::<<std[617be2ca0a6fd877]::sync::once_lock::OnceLock<(tempfile[5ad6ecb5d5aee761]::dir::TempDir, alloc[2e1b2a31b91974c5]::string::String, std[617be2ca0a6fd877]::sync::poison::mutex::Mutex<udpipe_rs[4186d798fb918ecb]::Model>)>>::initialize<<std[617be2ca0a6fd877]::sync::once_lock::OnceLock<(tempfile[5ad6ecb5d5aee761]::dir::TempDir, alloc[2e1b2a31b91974c5]::string::String, std[617be2ca0a6fd877]::sync::poison::mutex::Mutex<udpipe_rs[4186d798fb918ecb]::Model>)>>::get_or_init<integration[e1a49e44f7f7fd13]::get_model_state::{closure#0}>::{closure#0}, !>::{closure#0}>::{closure#0}
[INFO] [stdout]   13:     0x63eee09e7c29 - <std[617be2ca0a6fd877]::sys::sync::once::futex::Once>::call
[INFO] [stdout]   14:     0x63eee07d76dc - <std[617be2ca0a6fd877]::sync::once_lock::OnceLock<(tempfile[5ad6ecb5d5aee761]::dir::TempDir, alloc[2e1b2a31b91974c5]::string::String, std[617be2ca0a6fd877]::sync::poison::mutex::Mutex<udpipe_rs[4186d798fb918ecb]::Model>)>>::initialize::<<std[617be2ca0a6fd877]::sync::once_lock::OnceLock<(tempfile[5ad6ecb5d5aee761]::dir::TempDir, alloc[2e1b2a31b91974c5]::string::String, std[617be2ca0a6fd877]::sync::poison::mutex::Mutex<udpipe_rs[4186d798fb918ecb]::Model>)>>::get_or_init<integration[e1a49e44f7f7fd13]::get_model_state::{closure#0}>::{closure#0}, !>
[INFO] [stdout]   15:     0x63eee07d3eb9 - <integration[e1a49e44f7f7fd13]::test_model_drop::{closure#0} as core[a373ad73a504971]::ops::function::FnOnce<()>>::call_once
[INFO] [stdout]   16:     0x63eee098c86b - test[aada8e7e76ba119b]::__rust_begin_short_backtrace::<core[a373ad73a504971]::result::Result<(), alloc[2e1b2a31b91974c5]::string::String>, fn() -> core[a373ad73a504971]::result::Result<(), alloc[2e1b2a31b91974c5]::string::String>>
[INFO] [stdout]   17:     0x63eee0999a45 - test[aada8e7e76ba119b]::run_test::{closure#0}
[INFO] [stdout]   18:     0x63eee0993334 - std[617be2ca0a6fd877]::sys::backtrace::__rust_begin_short_backtrace::<test[aada8e7e76ba119b]::run_test::{closure#1}, ()>
[INFO] [stdout]   19:     0x63eee099cad2 - <std[617be2ca0a6fd877]::thread::lifecycle::spawn_unchecked<test[aada8e7e76ba119b]::run_test::{closure#1}, ()>::{closure#1} as core[a373ad73a504971]::ops::function::FnOnce<()>>::call_once::{shim:vtable#0}
[INFO] [stdout]   20:     0x63eee0a067df - <std[617be2ca0a6fd877]::sys::thread::unix::Thread>::new::thread_start
[INFO] [stdout]   21:     0x7a110b39cdfa - <unknown>
[INFO] [stdout]   22:     0x7a110b4303d4 - clone
[INFO] [stdout]   23:                0x0 - <unknown>
[INFO] [stdout] 
[INFO] [stdout] ---- test_unicode_input stdout ----
[INFO] [stdout] Downloading english-ewt model for integration tests...
[INFO] [stdout] 
[INFO] [stdout] thread 'test_unicode_input' (3053) panicked at tests/integration.rs:27:14:
[INFO] [stdout] Failed to download model for integration tests: UdpipeError { message: "Failed to download: io: failed to lookup address information: Temporary failure in name resolution" }
[INFO] [stdout] stack backtrace:
[INFO] [stdout]    0:     0x63eee0a077b1 - <<std[617be2ca0a6fd877]::sys::backtrace::BacktraceLock>::print::DisplayBacktrace as core[a373ad73a504971]::fmt::Display>::fmt
[INFO] [stdout]    1:     0x63eee0a1d99a - core[a373ad73a504971]::fmt::write
[INFO] [stdout]    2:     0x63eee0a0c01c - <alloc[2e1b2a31b91974c5]::vec::Vec<u8> as core[a373ad73a504971]::io::write::Write>::write_fmt
[INFO] [stdout]    3:     0x63eee09e1396 - std[617be2ca0a6fd877]::panicking::default_hook::{closure#0}
[INFO] [stdout]    4:     0x63eee09feef9 - std[617be2ca0a6fd877]::panicking::default_hook
[INFO] [stdout]    5:     0x63eee0999420 - test[aada8e7e76ba119b]::test_main_inner::{closure#0}
[INFO] [stdout]    6:     0x63eee09ff0b2 - std[617be2ca0a6fd877]::panicking::panic_with_hook
[INFO] [stdout]    7:     0x63eee09e1442 - std[617be2ca0a6fd877]::panicking::panic_handler::{closure#0}
[INFO] [stdout]    8:     0x63eee09d9dc9 - std[617be2ca0a6fd877]::sys::backtrace::__rust_end_short_backtrace::<std[617be2ca0a6fd877]::panicking::panic_handler::{closure#0}, !>
[INFO] [stdout]    9:     0x63eee09e223d - __rustc[ea4f61d10b84890b]::rust_begin_unwind
[INFO] [stdout]   10:     0x63eee0a1e0cc - core[a373ad73a504971]::panicking::panic_fmt
[INFO] [stdout]   11:     0x63eee0a1dea2 - core[a373ad73a504971]::result::unwrap_failed
[INFO] [stdout]   12:     0x63eee07d8157 - <std[617be2ca0a6fd877]::sync::once::Once>::call_once_force::<<std[617be2ca0a6fd877]::sync::once_lock::OnceLock<(tempfile[5ad6ecb5d5aee761]::dir::TempDir, alloc[2e1b2a31b91974c5]::string::String, std[617be2ca0a6fd877]::sync::poison::mutex::Mutex<udpipe_rs[4186d798fb918ecb]::Model>)>>::initialize<<std[617be2ca0a6fd877]::sync::once_lock::OnceLock<(tempfile[5ad6ecb5d5aee761]::dir::TempDir, alloc[2e1b2a31b91974c5]::string::String, std[617be2ca0a6fd877]::sync::poison::mutex::Mutex<udpipe_rs[4186d798fb918ecb]::Model>)>>::get_or_init<integration[e1a49e44f7f7fd13]::get_model_state::{closure#0}>::{closure#0}, !>::{closure#0}>::{closure#0}
[INFO] [stdout]   13:     0x63eee09e7c29 - <std[617be2ca0a6fd877]::sys::sync::once::futex::Once>::call
[INFO] [stdout]   14:     0x63eee07d76dc - <std[617be2ca0a6fd877]::sync::once_lock::OnceLock<(tempfile[5ad6ecb5d5aee761]::dir::TempDir, alloc[2e1b2a31b91974c5]::string::String, std[617be2ca0a6fd877]::sync::poison::mutex::Mutex<udpipe_rs[4186d798fb918ecb]::Model>)>>::initialize::<<std[617be2ca0a6fd877]::sync::once_lock::OnceLock<(tempfile[5ad6ecb5d5aee761]::dir::TempDir, alloc[2e1b2a31b91974c5]::string::String, std[617be2ca0a6fd877]::sync::poison::mutex::Mutex<udpipe_rs[4186d798fb918ecb]::Model>)>>::get_or_init<integration[e1a49e44f7f7fd13]::get_model_state::{closure#0}>::{closure#0}, !>
[INFO] [stdout]   15:     0x63eee07d3d1a - integration[e1a49e44f7f7fd13]::parse
[INFO] [stdout]   16:     0x63eee07d4044 - <integration[e1a49e44f7f7fd13]::test_unicode_input::{closure#0} as core[a373ad73a504971]::ops::function::FnOnce<()>>::call_once
[INFO] [stdout]   17:     0x63eee098c86b - test[aada8e7e76ba119b]::__rust_begin_short_backtrace::<core[a373ad73a504971]::result::Result<(), alloc[2e1b2a31b91974c5]::string::String>, fn() -> core[a373ad73a504971]::result::Result<(), alloc[2e1b2a31b91974c5]::string::String>>
[INFO] [stdout]   18:     0x63eee0999a45 - test[aada8e7e76ba119b]::run_test::{closure#0}
[INFO] [stdout]   19:     0x63eee0993334 - std[617be2ca0a6fd877]::sys::backtrace::__rust_begin_short_backtrace::<test[aada8e7e76ba119b]::run_test::{closure#1}, ()>
[INFO] [stdout]   20:     0x63eee099cad2 - <std[617be2ca0a6fd877]::thread::lifecycle::spawn_unchecked<test[aada8e7e76ba119b]::run_test::{closure#1}, ()>::{closure#1} as core[a373ad73a504971]::ops::function::FnOnce<()>>::call_once::{shim:vtable#0}
[INFO] [stdout]   21:     0x63eee0a067df - <std[617be2ca0a6fd877]::sys::thread::unix::Thread>::new::thread_start
[INFO] [stdout]   22:     0x7a110b39cdfa - <unknown>
[INFO] [stdout]   23:     0x7a110b4303d4 - clone
[INFO] [stdout]   24:                0x0 - <unknown>
[INFO] [stdout] 
[INFO] [stdout] ---- test_parse_with_null_byte stdout ----
[INFO] [stdout] Downloading english-ewt model for integration tests...
[INFO] [stdout] 
[INFO] [stdout] thread 'test_parse_with_null_byte' (3052) panicked at tests/integration.rs:27:14:
[INFO] [stdout] Failed to download model for integration tests: UdpipeError { message: "Failed to download: io: failed to lookup address information: Temporary failure in name resolution" }
[INFO] [stdout] stack backtrace:
[INFO] [stdout]    0:     0x63eee0a077b1 - <<std[617be2ca0a6fd877]::sys::backtrace::BacktraceLock>::print::DisplayBacktrace as core[a373ad73a504971]::fmt::Display>::fmt
[INFO] [stdout]    1:     0x63eee0a1d99a - core[a373ad73a504971]::fmt::write
[INFO] [stdout]    2:     0x63eee0a0c01c - <alloc[2e1b2a31b91974c5]::vec::Vec<u8> as core[a373ad73a504971]::io::write::Write>::write_fmt
[INFO] [stdout]    3:     0x63eee09e1396 - std[617be2ca0a6fd877]::panicking::default_hook::{closure#0}
[INFO] [stdout]    4:     0x63eee09feef9 - std[617be2ca0a6fd877]::panicking::default_hook
[INFO] [stdout]    5:     0x63eee0999420 - test[aada8e7e76ba119b]::test_main_inner::{closure#0}
[INFO] [stdout]    6:     0x63eee09ff0b2 - std[617be2ca0a6fd877]::panicking::panic_with_hook
[INFO] [stdout]    7:     0x63eee09e1442 - std[617be2ca0a6fd877]::panicking::panic_handler::{closure#0}
[INFO] [stdout]    8:     0x63eee09d9dc9 - std[617be2ca0a6fd877]::sys::backtrace::__rust_end_short_backtrace::<std[617be2ca0a6fd877]::panicking::panic_handler::{closure#0}, !>
[INFO] [stdout]    9:     0x63eee09e223d - __rustc[ea4f61d10b84890b]::rust_begin_unwind
[INFO] [stdout]   10:     0x63eee0a1e0cc - core[a373ad73a504971]::panicking::panic_fmt
[INFO] [stdout]   11:     0x63eee0a1dea2 - core[a373ad73a504971]::result::unwrap_failed
[INFO] [stdout]   12:     0x63eee07d8157 - <std[617be2ca0a6fd877]::sync::once::Once>::call_once_force::<<std[617be2ca0a6fd877]::sync::once_lock::OnceLock<(tempfile[5ad6ecb5d5aee761]::dir::TempDir, alloc[2e1b2a31b91974c5]::string::String, std[617be2ca0a6fd877]::sync::poison::mutex::Mutex<udpipe_rs[4186d798fb918ecb]::Model>)>>::initialize<<std[617be2ca0a6fd877]::sync::once_lock::OnceLock<(tempfile[5ad6ecb5d5aee761]::dir::TempDir, alloc[2e1b2a31b91974c5]::string::String, std[617be2ca0a6fd877]::sync::poison::mutex::Mutex<udpipe_rs[4186d798fb918ecb]::Model>)>>::get_or_init<integration[e1a49e44f7f7fd13]::get_model_state::{closure#0}>::{closure#0}, !>::{closure#0}>::{closure#0}
[INFO] [stdout]   13:     0x63eee09e7c29 - <std[617be2ca0a6fd877]::sys::sync::once::futex::Once>::call
[INFO] [stdout]   14:     0x63eee07d76dc - <std[617be2ca0a6fd877]::sync::once_lock::OnceLock<(tempfile[5ad6ecb5d5aee761]::dir::TempDir, alloc[2e1b2a31b91974c5]::string::String, std[617be2ca0a6fd877]::sync::poison::mutex::Mutex<udpipe_rs[4186d798fb918ecb]::Model>)>>::initialize::<<std[617be2ca0a6fd877]::sync::once_lock::OnceLock<(tempfile[5ad6ecb5d5aee761]::dir::TempDir, alloc[2e1b2a31b91974c5]::string::String, std[617be2ca0a6fd877]::sync::poison::mutex::Mutex<udpipe_rs[4186d798fb918ecb]::Model>)>>::get_or_init<integration[e1a49e44f7f7fd13]::get_model_state::{closure#0}>::{closure#0}, !>
[INFO] [stdout]   15:     0x63eee07d3d1a - integration[e1a49e44f7f7fd13]::parse
[INFO] [stdout]   16:     0x63eee07d4f2a - <integration[e1a49e44f7f7fd13]::test_parse_with_null_byte::{closure#0} as core[a373ad73a504971]::ops::function::FnOnce<()>>::call_once
[INFO] [stdout]   17:     0x63eee098c86b - test[aada8e7e76ba119b]::__rust_begin_short_backtrace::<core[a373ad73a504971]::result::Result<(), alloc[2e1b2a31b91974c5]::string::String>, fn() -> core[a373ad73a504971]::result::Result<(), alloc[2e1b2a31b91974c5]::string::String>>
[INFO] [stdout]   18:     0x63eee0999a45 - test[aada8e7e76ba119b]::run_test::{closure#0}
[INFO] [stdout]   19:     0x63eee0993334 - std[617be2ca0a6fd877]::sys::backtrace::__rust_begin_short_backtrace::<test[aada8e7e76ba119b]::run_test::{closure#1}, ()>
[INFO] [stdout]   20:     0x63eee099cad2 - <std[617be2ca0a6fd877]::thread::lifecycle::spawn_unchecked<test[aada8e7e76ba119b]::run_test::{closure#1}, ()>::{closure#1} as core[a373ad73a504971]::ops::function::FnOnce<()>>::call_once::{shim:vtable#0}
[INFO] [stdout]   21:     0x63eee0a067df - <std[617be2ca0a6fd877]::sys::thread::unix::Thread>::new::thread_start
[INFO] [stdout]   22:     0x7a110b39cdfa - <unknown>
[INFO] [stdout]   23:     0x7a110b4303d4 - clone
[INFO] [stdout]   24:                0x0 - <unknown>
[INFO] [stdout] 
[INFO] [stdout] ---- test_parse_multiple_sentences stdout ----
[INFO] [stdout] Downloading english-ewt model for integration tests...
[INFO] [stdout] 
[INFO] [stdout] thread 'test_parse_multiple_sentences' (3050) panicked at tests/integration.rs:27:14:
[INFO] [stdout] Failed to download model for integration tests: UdpipeError { message: "Failed to download: io: failed to lookup address information: Temporary failure in name resolution" }
[INFO] [stdout] stack backtrace:
[INFO] [stdout]    0:     0x63eee0a077b1 - <<std[617be2ca0a6fd877]::sys::backtrace::BacktraceLock>::print::DisplayBacktrace as core[a373ad73a504971]::fmt::Display>::fmt
[INFO] [stdout]    1:     0x63eee0a1d99a - core[a373ad73a504971]::fmt::write
[INFO] [stdout]    2:     0x63eee0a0c01c - <alloc[2e1b2a31b91974c5]::vec::Vec<u8> as core[a373ad73a504971]::io::write::Write>::write_fmt
[INFO] [stdout]    3:     0x63eee09e1396 - std[617be2ca0a6fd877]::panicking::default_hook::{closure#0}
[INFO] [stdout]    4:     0x63eee09feef9 - std[617be2ca0a6fd877]::panicking::default_hook
[INFO] [stdout]    5:     0x63eee0999420 - test[aada8e7e76ba119b]::test_main_inner::{closure#0}
[INFO] [stdout]    6:     0x63eee09ff0b2 - std[617be2ca0a6fd877]::panicking::panic_with_hook
[INFO] [stdout]    7:     0x63eee09e1442 - std[617be2ca0a6fd877]::panicking::panic_handler::{closure#0}
[INFO] [stdout]    8:     0x63eee09d9dc9 - std[617be2ca0a6fd877]::sys::backtrace::__rust_end_short_backtrace::<std[617be2ca0a6fd877]::panicking::panic_handler::{closure#0}, !>
[INFO] [stdout]    9:     0x63eee09e223d - __rustc[ea4f61d10b84890b]::rust_begin_unwind
[INFO] [stdout]   10:     0x63eee0a1e0cc - core[a373ad73a504971]::panicking::panic_fmt
[INFO] [stdout]   11:     0x63eee0a1dea2 - core[a373ad73a504971]::result::unwrap_failed
[INFO] [stdout]   12:     0x63eee07d8157 - <std[617be2ca0a6fd877]::sync::once::Once>::call_once_force::<<std[617be2ca0a6fd877]::sync::once_lock::OnceLock<(tempfile[5ad6ecb5d5aee761]::dir::TempDir, alloc[2e1b2a31b91974c5]::string::String, std[617be2ca0a6fd877]::sync::poison::mutex::Mutex<udpipe_rs[4186d798fb918ecb]::Model>)>>::initialize<<std[617be2ca0a6fd877]::sync::once_lock::OnceLock<(tempfile[5ad6ecb5d5aee761]::dir::TempDir, alloc[2e1b2a31b91974c5]::string::String, std[617be2ca0a6fd877]::sync::poison::mutex::Mutex<udpipe_rs[4186d798fb918ecb]::Model>)>>::get_or_init<integration[e1a49e44f7f7fd13]::get_model_state::{closure#0}>::{closure#0}, !>::{closure#0}>::{closure#0}
[INFO] [stdout]   13:     0x63eee09e7c29 - <std[617be2ca0a6fd877]::sys::sync::once::futex::Once>::call
[INFO] [stdout]   14:     0x63eee07d76dc - <std[617be2ca0a6fd877]::sync::once_lock::OnceLock<(tempfile[5ad6ecb5d5aee761]::dir::TempDir, alloc[2e1b2a31b91974c5]::string::String, std[617be2ca0a6fd877]::sync::poison::mutex::Mutex<udpipe_rs[4186d798fb918ecb]::Model>)>>::initialize::<<std[617be2ca0a6fd877]::sync::once_lock::OnceLock<(tempfile[5ad6ecb5d5aee761]::dir::TempDir, alloc[2e1b2a31b91974c5]::string::String, std[617be2ca0a6fd877]::sync::poison::mutex::Mutex<udpipe_rs[4186d798fb918ecb]::Model>)>>::get_or_init<integration[e1a49e44f7f7fd13]::get_model_state::{closure#0}>::{closure#0}, !>
[INFO] [stdout]   15:     0x63eee07d3d1a - integration[e1a49e44f7f7fd13]::parse
[INFO] [stdout]   16:     0x63eee07d5e26 - <integration[e1a49e44f7f7fd13]::test_parse_multiple_sentences::{closure#0} as core[a373ad73a504971]::ops::function::FnOnce<()>>::call_once
[INFO] [stdout]   17:     0x63eee098c86b - test[aada8e7e76ba119b]::__rust_begin_short_backtrace::<core[a373ad73a504971]::result::Result<(), alloc[2e1b2a31b91974c5]::string::String>, fn() -> core[a373ad73a504971]::result::Result<(), alloc[2e1b2a31b91974c5]::string::String>>
[INFO] [stdout]   18:     0x63eee0999a45 - test[aada8e7e76ba119b]::run_test::{closure#0}
[INFO] [stdout]   19:     0x63eee0993334 - std[617be2ca0a6fd877]::sys::backtrace::__rust_begin_short_backtrace::<test[aada8e7e76ba119b]::run_test::{closure#1}, ()>
[INFO] [stdout]   20:     0x63eee099cad2 - <std[617be2ca0a6fd877]::thread::lifecycle::spawn_unchecked<test[aada8e7e76ba119b]::run_test::{closure#1}, ()>::{closure#1} as core[a373ad73a504971]::ops::function::FnOnce<()>>::call_once::{shim:vtable#0}
[INFO] [stdout]   21:     0x63eee0a067df - <std[617be2ca0a6fd877]::sys::thread::unix::Thread>::new::thread_start
[INFO] [stdout]   22:     0x7a110b39cdfa - <unknown>
[INFO] [stdout]   23:     0x7a110b4303d4 - clone
[INFO] [stdout]   24:                0x0 - <unknown>
[INFO] [stdout] 
[INFO] [stdout] ---- test_morphological_features stdout ----
[INFO] [stdout] Downloading english-ewt model for integration tests...
[INFO] [stdout] 
[INFO] [stdout] thread 'test_morphological_features' (3049) panicked at tests/integration.rs:27:14:
[INFO] [stdout] Failed to download model for integration tests: UdpipeError { message: "Failed to download: io: failed to lookup address information: Temporary failure in name resolution" }
[INFO] [stdout] stack backtrace:
[INFO] [stdout]    0:     0x63eee0a077b1 - <<std[617be2ca0a6fd877]::sys::backtrace::BacktraceLock>::print::DisplayBacktrace as core[a373ad73a504971]::fmt::Display>::fmt
[INFO] [stdout]    1:     0x63eee0a1d99a - core[a373ad73a504971]::fmt::write
[INFO] [stdout]    2:     0x63eee0a0c01c - <alloc[2e1b2a31b91974c5]::vec::Vec<u8> as core[a373ad73a504971]::io::write::Write>::write_fmt
[INFO] [stdout]    3:     0x63eee09e1396 - std[617be2ca0a6fd877]::panicking::default_hook::{closure#0}
[INFO] [stdout]    4:     0x63eee09feef9 - std[617be2ca0a6fd877]::panicking::default_hook
[INFO] [stdout]    5:     0x63eee0999420 - test[aada8e7e76ba119b]::test_main_inner::{closure#0}
[INFO] [stdout]    6:     0x63eee09ff0b2 - std[617be2ca0a6fd877]::panicking::panic_with_hook
[INFO] [stdout]    7:     0x63eee09e1442 - std[617be2ca0a6fd877]::panicking::panic_handler::{closure#0}
[INFO] [stdout]    8:     0x63eee09d9dc9 - std[617be2ca0a6fd877]::sys::backtrace::__rust_end_short_backtrace::<std[617be2ca0a6fd877]::panicking::panic_handler::{closure#0}, !>
[INFO] [stdout]    9:     0x63eee09e223d - __rustc[ea4f61d10b84890b]::rust_begin_unwind
[INFO] [stdout]   10:     0x63eee0a1e0cc - core[a373ad73a504971]::panicking::panic_fmt
[INFO] [stdout]   11:     0x63eee0a1dea2 - core[a373ad73a504971]::result::unwrap_failed
[INFO] [stdout]   12:     0x63eee07d8157 - <std[617be2ca0a6fd877]::sync::once::Once>::call_once_force::<<std[617be2ca0a6fd877]::sync::once_lock::OnceLock<(tempfile[5ad6ecb5d5aee761]::dir::TempDir, alloc[2e1b2a31b91974c5]::string::String, std[617be2ca0a6fd877]::sync::poison::mutex::Mutex<udpipe_rs[4186d798fb918ecb]::Model>)>>::initialize<<std[617be2ca0a6fd877]::sync::once_lock::OnceLock<(tempfile[5ad6ecb5d5aee761]::dir::TempDir, alloc[2e1b2a31b91974c5]::string::String, std[617be2ca0a6fd877]::sync::poison::mutex::Mutex<udpipe_rs[4186d798fb918ecb]::Model>)>>::get_or_init<integration[e1a49e44f7f7fd13]::get_model_state::{closure#0}>::{closure#0}, !>::{closure#0}>::{closure#0}
[INFO] [stdout]   13:     0x63eee09e7c29 - <std[617be2ca0a6fd877]::sys::sync::once::futex::Once>::call
[INFO] [stdout]   14:     0x63eee07d76dc - <std[617be2ca0a6fd877]::sync::once_lock::OnceLock<(tempfile[5ad6ecb5d5aee761]::dir::TempDir, alloc[2e1b2a31b91974c5]::string::String, std[617be2ca0a6fd877]::sync::poison::mutex::Mutex<udpipe_rs[4186d798fb918ecb]::Model>)>>::initialize::<<std[617be2ca0a6fd877]::sync::once_lock::OnceLock<(tempfile[5ad6ecb5d5aee761]::dir::TempDir, alloc[2e1b2a31b91974c5]::string::String, std[617be2ca0a6fd877]::sync::poison::mutex::Mutex<udpipe_rs[4186d798fb918ecb]::Model>)>>::get_or_init<integration[e1a49e44f7f7fd13]::get_model_state::{closure#0}>::{closure#0}, !>
[INFO] [stdout]   15:     0x63eee07d3d1a - integration[e1a49e44f7f7fd13]::parse
[INFO] [stdout]   16:     0x63eee07d58e6 - <integration[e1a49e44f7f7fd13]::test_morphological_features::{closure#0} as core[a373ad73a504971]::ops::function::FnOnce<()>>::call_once
[INFO] [stdout]   17:     0x63eee098c86b - test[aada8e7e76ba119b]::__rust_begin_short_backtrace::<core[a373ad73a504971]::result::Result<(), alloc[2e1b2a31b91974c5]::string::String>, fn() -> core[a373ad73a504971]::result::Result<(), alloc[2e1b2a31b91974c5]::string::String>>
[INFO] [stdout]   18:     0x63eee0999a45 - test[aada8e7e76ba119b]::run_test::{closure#0}
[INFO] [stdout]   19:     0x63eee0993334 - std[617be2ca0a6fd877]::sys::backtrace::__rust_begin_short_backtrace::<test[aada8e7e76ba119b]::run_test::{closure#1}, ()>
[INFO] [stdout]   20:     0x63eee099cad2 - <std[617be2ca0a6fd877]::thread::lifecycle::spawn_unchecked<test[aada8e7e76ba119b]::run_test::{closure#1}, ()>::{closure#1} as core[a373ad73a504971]::ops::function::FnOnce<()>>::call_once::{shim:vtable#0}
[INFO] [stdout]   21:     0x63eee0a067df - <std[617be2ca0a6fd877]::sys::thread::unix::Thread>::new::thread_start
[INFO] [stdout]   22:     0x7a110b39cdfa - <unknown>
[INFO] [stdout]   23:     0x7a110b4303d4 - clone
[INFO] [stdout]   24:                0x0 - <unknown>
[INFO] [stdout] 
[INFO] [stdout] ---- test_word_ids_are_sequential stdout ----
[INFO] [stdout] Downloading english-ewt model for integration tests...
[INFO] [stdout] 
[INFO] [stdout] thread 'test_word_ids_are_sequential' (3055) panicked at tests/integration.rs:27:14:
[INFO] [stdout] Failed to download model for integration tests: UdpipeError { message: "Failed to download: io: failed to lookup address information: Temporary failure in name resolution" }
[INFO] [stdout] stack backtrace:
[INFO] [stdout]    0:     0x63eee0a077b1 - <<std[617be2ca0a6fd877]::sys::backtrace::BacktraceLock>::print::DisplayBacktrace as core[a373ad73a504971]::fmt::Display>::fmt
[INFO] [stdout]    1:     0x63eee0a1d99a - core[a373ad73a504971]::fmt::write
[INFO] [stdout]    2:     0x63eee0a0c01c - <alloc[2e1b2a31b91974c5]::vec::Vec<u8> as core[a373ad73a504971]::io::write::Write>::write_fmt
[INFO] [stdout]    3:     0x63eee09e1396 - std[617be2ca0a6fd877]::panicking::default_hook::{closure#0}
[INFO] [stdout]    4:     0x63eee09feef9 - std[617be2ca0a6fd877]::panicking::default_hook
[INFO] [stdout]    5:     0x63eee0999420 - test[aada8e7e76ba119b]::test_main_inner::{closure#0}
[INFO] [stdout]    6:     0x63eee09ff0b2 - std[617be2ca0a6fd877]::panicking::panic_with_hook
[INFO] [stdout]    7:     0x63eee09e1442 - std[617be2ca0a6fd877]::panicking::panic_handler::{closure#0}
[INFO] [stdout]    8:     0x63eee09d9dc9 - std[617be2ca0a6fd877]::sys::backtrace::__rust_end_short_backtrace::<std[617be2ca0a6fd877]::panicking::panic_handler::{closure#0}, !>
[INFO] [stdout]    9:     0x63eee09e223d - __rustc[ea4f61d10b84890b]::rust_begin_unwind
[INFO] [stdout]   10:     0x63eee0a1e0cc - core[a373ad73a504971]::panicking::panic_fmt
[INFO] [stdout]   11:     0x63eee0a1dea2 - core[a373ad73a504971]::result::unwrap_failed
[INFO] [stdout]   12:     0x63eee07d8157 - <std[617be2ca0a6fd877]::sync::once::Once>::call_once_force::<<std[617be2ca0a6fd877]::sync::once_lock::OnceLock<(tempfile[5ad6ecb5d5aee761]::dir::TempDir, alloc[2e1b2a31b91974c5]::string::String, std[617be2ca0a6fd877]::sync::poison::mutex::Mutex<udpipe_rs[4186d798fb918ecb]::Model>)>>::initialize<<std[617be2ca0a6fd877]::sync::once_lock::OnceLock<(tempfile[5ad6ecb5d5aee761]::dir::TempDir, alloc[2e1b2a31b91974c5]::string::String, std[617be2ca0a6fd877]::sync::poison::mutex::Mutex<udpipe_rs[4186d798fb918ecb]::Model>)>>::get_or_init<integration[e1a49e44f7f7fd13]::get_model_state::{closure#0}>::{closure#0}, !>::{closure#0}>::{closure#0}
[INFO] [stdout]   13:     0x63eee09e7c29 - <std[617be2ca0a6fd877]::sys::sync::once::futex::Once>::call
[INFO] [stdout]   14:     0x63eee07d76dc - <std[617be2ca0a6fd877]::sync::once_lock::OnceLock<(tempfile[5ad6ecb5d5aee761]::dir::TempDir, alloc[2e1b2a31b91974c5]::string::String, std[617be2ca0a6fd877]::sync::poison::mutex::Mutex<udpipe_rs[4186d798fb918ecb]::Model>)>>::initialize::<<std[617be2ca0a6fd877]::sync::once_lock::OnceLock<(tempfile[5ad6ecb5d5aee761]::dir::TempDir, alloc[2e1b2a31b91974c5]::string::String, std[617be2ca0a6fd877]::sync::poison::mutex::Mutex<udpipe_rs[4186d798fb918ecb]::Model>)>>::get_or_init<integration[e1a49e44f7f7fd13]::get_model_state::{closure#0}>::{closure#0}, !>
[INFO] [stdout]   15:     0x63eee07d3d1a - integration[e1a49e44f7f7fd13]::parse
[INFO] [stdout]   16:     0x63eee07d5b94 - <integration[e1a49e44f7f7fd13]::test_word_ids_are_sequential::{closure#0} as core[a373ad73a504971]::ops::function::FnOnce<()>>::call_once
[INFO] [stdout]   17:     0x63eee098c86b - test[aada8e7e76ba119b]::__rust_begin_short_backtrace::<core[a373ad73a504971]::result::Result<(), alloc[2e1b2a31b91974c5]::string::String>, fn() -> core[a373ad73a504971]::result::Result<(), alloc[2e1b2a31b91974c5]::string::String>>
[INFO] [stdout]   18:     0x63eee0999a45 - test[aada8e7e76ba119b]::run_test::{closure#0}
[INFO] [stdout]   19:     0x63eee0993334 - std[617be2ca0a6fd877]::sys::backtrace::__rust_begin_short_backtrace::<test[aada8e7e76ba119b]::run_test::{closure#1}, ()>
[INFO] [stdout]   20:     0x63eee099cad2 - <std[617be2ca0a6fd877]::thread::lifecycle::spawn_unchecked<test[aada8e7e76ba119b]::run_test::{closure#1}, ()>::{closure#1} as core[a373ad73a504971]::ops::function::FnOnce<()>>::call_once::{shim:vtable#0}
[INFO] [stdout]   21:     0x63eee0a067df - <std[617be2ca0a6fd877]::sys::thread::unix::Thread>::new::thread_start
[INFO] [stdout]   22:     0x7a110b39cdfa - <unknown>
[INFO] [stdout]   23:     0x7a110b4303d4 - clone
[INFO] [stdout]   24:                0x0 - <unknown>
[INFO] [stdout] 
[INFO] [stdout] ---- test_xpostag_field stdout ----
[INFO] [stdout] Downloading english-ewt model for integration tests...
[INFO] [stdout] 
[INFO] [stdout] thread 'test_xpostag_field' (3057) panicked at tests/integration.rs:27:14:
[INFO] [stdout] Failed to download model for integration tests: UdpipeError { message: "Failed to download: io: failed to lookup address information: Temporary failure in name resolution" }
[INFO] [stdout] stack backtrace:
[INFO] [stdout]    0:     0x63eee0a077b1 - <<std[617be2ca0a6fd877]::sys::backtrace::BacktraceLock>::print::DisplayBacktrace as core[a373ad73a504971]::fmt::Display>::fmt
[INFO] [stdout]    1:     0x63eee0a1d99a - core[a373ad73a504971]::fmt::write
[INFO] [stdout]    2:     0x63eee0a0c01c - <alloc[2e1b2a31b91974c5]::vec::Vec<u8> as core[a373ad73a504971]::io::write::Write>::write_fmt
[INFO] [stdout]    3:     0x63eee09e1396 - std[617be2ca0a6fd877]::panicking::default_hook::{closure#0}
[INFO] [stdout]    4:     0x63eee09feef9 - std[617be2ca0a6fd877]::panicking::default_hook
[INFO] [stdout]    5:     0x63eee0999420 - test[aada8e7e76ba119b]::test_main_inner::{closure#0}
[INFO] [stdout]    6:     0x63eee09ff0b2 - std[617be2ca0a6fd877]::panicking::panic_with_hook
[INFO] [stdout]    7:     0x63eee09e1442 - std[617be2ca0a6fd877]::panicking::panic_handler::{closure#0}
[INFO] [stdout]    8:     0x63eee09d9dc9 - std[617be2ca0a6fd877]::sys::backtrace::__rust_end_short_backtrace::<std[617be2ca0a6fd877]::panicking::panic_handler::{closure#0}, !>
[INFO] [stdout]    9:     0x63eee09e223d - __rustc[ea4f61d10b84890b]::rust_begin_unwind
[INFO] [stdout]   10:     0x63eee0a1e0cc - core[a373ad73a504971]::panicking::panic_fmt
[INFO] [stdout]   11:     0x63eee0a1dea2 - core[a373ad73a504971]::result::unwrap_failed
[INFO] [stdout]   12:     0x63eee07d8157 - <std[617be2ca0a6fd877]::sync::once::Once>::call_once_force::<<std[617be2ca0a6fd877]::sync::once_lock::OnceLock<(tempfile[5ad6ecb5d5aee761]::dir::TempDir, alloc[2e1b2a31b91974c5]::string::String, std[617be2ca0a6fd877]::sync::poison::mutex::Mutex<udpipe_rs[4186d798fb918ecb]::Model>)>>::initialize<<std[617be2ca0a6fd877]::sync::once_lock::OnceLock<(tempfile[5ad6ecb5d5aee761]::dir::TempDir, alloc[2e1b2a31b91974c5]::string::String, std[617be2ca0a6fd877]::sync::poison::mutex::Mutex<udpipe_rs[4186d798fb918ecb]::Model>)>>::get_or_init<integration[e1a49e44f7f7fd13]::get_model_state::{closure#0}>::{closure#0}, !>::{closure#0}>::{closure#0}
[INFO] [stdout]   13:     0x63eee09e7c29 - <std[617be2ca0a6fd877]::sys::sync::once::futex::Once>::call
[INFO] [stdout]   14:     0x63eee07d76dc - <std[617be2ca0a6fd877]::sync::once_lock::OnceLock<(tempfile[5ad6ecb5d5aee761]::dir::TempDir, alloc[2e1b2a31b91974c5]::string::String, std[617be2ca0a6fd877]::sync::poison::mutex::Mutex<udpipe_rs[4186d798fb918ecb]::Model>)>>::initialize::<<std[617be2ca0a6fd877]::sync::once_lock::OnceLock<(tempfile[5ad6ecb5d5aee761]::dir::TempDir, alloc[2e1b2a31b91974c5]::string::String, std[617be2ca0a6fd877]::sync::poison::mutex::Mutex<udpipe_rs[4186d798fb918ecb]::Model>)>>::get_or_init<integration[e1a49e44f7f7fd13]::get_model_state::{closure#0}>::{closure#0}, !>
[INFO] [stdout]   15:     0x63eee07d3d1a - integration[e1a49e44f7f7fd13]::parse
[INFO] [stdout]   16:     0x63eee07d41d5 - <integration[e1a49e44f7f7fd13]::test_xpostag_field::{closure#0} as core[a373ad73a504971]::ops::function::FnOnce<()>>::call_once
[INFO] [stdout]   17:     0x63eee098c86b - test[aada8e7e76ba119b]::__rust_begin_short_backtrace::<core[a373ad73a504971]::result::Result<(), alloc[2e1b2a31b91974c5]::string::String>, fn() -> core[a373ad73a504971]::result::Result<(), alloc[2e1b2a31b91974c5]::string::String>>
[INFO] [stdout]   18:     0x63eee0999a45 - test[aada8e7e76ba119b]::run_test::{closure#0}
[INFO] [stdout]   19:     0x63eee0993334 - std[617be2ca0a6fd877]::sys::backtrace::__rust_begin_short_backtrace::<test[aada8e7e76ba119b]::run_test::{closure#1}, ()>
[INFO] [stdout]   20:     0x63eee099cad2 - <std[617be2ca0a6fd877]::thread::lifecycle::spawn_unchecked<test[aada8e7e76ba119b]::run_test::{closure#1}, ()>::{closure#1} as core[a373ad73a504971]::ops::function::FnOnce<()>>::call_once::{shim:vtable#0}
[INFO] [stdout]   21:     0x63eee0a067df - <std[617be2ca0a6fd877]::sys::thread::unix::Thread>::new::thread_start
[INFO] [stdout]   22:     0x7a110b39cdfa - <unknown>
[INFO] [stdout]   23:     0x7a110b4303d4 - clone
[INFO] [stdout]   24:                0x0 - <unknown>
[INFO] [stdout] 
[INFO] [stdout] ---- test_word_pos_helpers stdout ----
[INFO] [stdout] Downloading english-ewt model for integration tests...
[INFO] [stdout] 
[INFO] [stdout] thread 'test_word_pos_helpers' (3056) panicked at tests/integration.rs:27:14:
[INFO] [stdout] Failed to download model for integration tests: UdpipeError { message: "Failed to download: io: failed to lookup address information: Temporary failure in name resolution" }
[INFO] [stdout] stack backtrace:
[INFO] [stdout]    0:     0x63eee0a077b1 - <<std[617be2ca0a6fd877]::sys::backtrace::BacktraceLock>::print::DisplayBacktrace as core[a373ad73a504971]::fmt::Display>::fmt
[INFO] [stdout]    1:     0x63eee0a1d99a - core[a373ad73a504971]::fmt::write
[INFO] [stdout]    2:     0x63eee0a0c01c - <alloc[2e1b2a31b91974c5]::vec::Vec<u8> as core[a373ad73a504971]::io::write::Write>::write_fmt
[INFO] [stdout]    3:     0x63eee09e1396 - std[617be2ca0a6fd877]::panicking::default_hook::{closure#0}
[INFO] [stdout]    4:     0x63eee09feef9 - std[617be2ca0a6fd877]::panicking::default_hook
[INFO] [stdout]    5:     0x63eee0999420 - test[aada8e7e76ba119b]::test_main_inner::{closure#0}
[INFO] [stdout]    6:     0x63eee09ff0b2 - std[617be2ca0a6fd877]::panicking::panic_with_hook
[INFO] [stdout]    7:     0x63eee09e1442 - std[617be2ca0a6fd877]::panicking::panic_handler::{closure#0}
[INFO] [stdout]    8:     0x63eee09d9dc9 - std[617be2ca0a6fd877]::sys::backtrace::__rust_end_short_backtrace::<std[617be2ca0a6fd877]::panicking::panic_handler::{closure#0}, !>
[INFO] [stdout]    9:     0x63eee09e223d - __rustc[ea4f61d10b84890b]::rust_begin_unwind
[INFO] [stdout]   10:     0x63eee0a1e0cc - core[a373ad73a504971]::panicking::panic_fmt
[INFO] [stdout]   11:     0x63eee0a1dea2 - core[a373ad73a504971]::result::unwrap_failed
[INFO] [stdout]   12:     0x63eee07d8157 - <std[617be2ca0a6fd877]::sync::once::Once>::call_once_force::<<std[617be2ca0a6fd877]::sync::once_lock::OnceLock<(tempfile[5ad6ecb5d5aee761]::dir::TempDir, alloc[2e1b2a31b91974c5]::string::String, std[617be2ca0a6fd877]::sync::poison::mutex::Mutex<udpipe_rs[4186d798fb918ecb]::Model>)>>::initialize<<std[617be2ca0a6fd877]::sync::once_lock::OnceLock<(tempfile[5ad6ecb5d5aee761]::dir::TempDir, alloc[2e1b2a31b91974c5]::string::String, std[617be2ca0a6fd877]::sync::poison::mutex::Mutex<udpipe_rs[4186d798fb918ecb]::Model>)>>::get_or_init<integration[e1a49e44f7f7fd13]::get_model_state::{closure#0}>::{closure#0}, !>::{closure#0}>::{closure#0}
[INFO] [stdout]   13:     0x63eee09e7c29 - <std[617be2ca0a6fd877]::sys::sync::once::futex::Once>::call
[INFO] [stdout]   14:     0x63eee07d76dc - <std[617be2ca0a6fd877]::sync::once_lock::OnceLock<(tempfile[5ad6ecb5d5aee761]::dir::TempDir, alloc[2e1b2a31b91974c5]::string::String, std[617be2ca0a6fd877]::sync::poison::mutex::Mutex<udpipe_rs[4186d798fb918ecb]::Model>)>>::initialize::<<std[617be2ca0a6fd877]::sync::once_lock::OnceLock<(tempfile[5ad6ecb5d5aee761]::dir::TempDir, alloc[2e1b2a31b91974c5]::string::String, std[617be2ca0a6fd877]::sync::poison::mutex::Mutex<udpipe_rs[4186d798fb918ecb]::Model>)>>::get_or_init<integration[e1a49e44f7f7fd13]::get_model_state::{closure#0}>::{closure#0}, !>
[INFO] [stdout]   15:     0x63eee07d3d1a - integration[e1a49e44f7f7fd13]::parse
[INFO] [stdout]   16:     0x63eee07d49d4 - <integration[e1a49e44f7f7fd13]::test_word_pos_helpers::{closure#0} as core[a373ad73a504971]::ops::function::FnOnce<()>>::call_once
[INFO] [stdout]   17:     0x63eee098c86b - test[aada8e7e76ba119b]::__rust_begin_short_backtrace::<core[a373ad73a504971]::result::Result<(), alloc[2e1b2a31b91974c5]::string::String>, fn() -> core[a373ad73a504971]::result::Result<(), alloc[2e1b2a31b91974c5]::string::String>>
[INFO] [stdout]   18:     0x63eee0999a45 - test[aada8e7e76ba119b]::run_test::{closure#0}
[INFO] [stdout]   19:     0x63eee0993334 - std[617be2ca0a6fd877]::sys::backtrace::__rust_begin_short_backtrace::<test[aada8e7e76ba119b]::run_test::{closure#1}, ()>
[INFO] [stdout]   20:     0x63eee099cad2 - <std[617be2ca0a6fd877]::thread::lifecycle::spawn_unchecked<test[aada8e7e76ba119b]::run_test::{closure#1}, ()>::{closure#1} as core[a373ad73a504971]::ops::function::FnOnce<()>>::call_once::{shim:vtable#0}
[INFO] [stdout]   21:     0x63eee0a067df - <std[617be2ca0a6fd877]::sys::thread::unix::Thread>::new::thread_start
[INFO] [stdout]   22:     0x7a110b39cdfa - <unknown>
[INFO] [stdout]   23:     0x7a110b4303d4 - clone
[INFO] [stdout]   24:                0x0 - <unknown>
[INFO] [stdout] 
[INFO] [stdout] ---- test_word_get_feature stdout ----
[INFO] [stdout] Downloading english-ewt model for integration tests...
[INFO] [stdout] 
[INFO] [stdout] thread 'test_word_get_feature' (3054) panicked at tests/integration.rs:27:14:
[INFO] [stdout] Failed to download model for integration tests: UdpipeError { message: "Failed to download: io: failed to lookup address information: Temporary failure in name resolution" }
[INFO] [stdout] stack backtrace:
[INFO] [stdout]    0:     0x63eee0a077b1 - <<std[617be2ca0a6fd877]::sys::backtrace::BacktraceLock>::print::DisplayBacktrace as core[a373ad73a504971]::fmt::Display>::fmt
[INFO] [stdout]    1:     0x63eee0a1d99a - core[a373ad73a504971]::fmt::write
[INFO] [stdout]    2:     0x63eee0a0c01c - <alloc[2e1b2a31b91974c5]::vec::Vec<u8> as core[a373ad73a504971]::io::write::Write>::write_fmt
[INFO] [stdout]    3:     0x63eee09e1396 - std[617be2ca0a6fd877]::panicking::default_hook::{closure#0}
[INFO] [stdout]    4:     0x63eee09feef9 - std[617be2ca0a6fd877]::panicking::default_hook
[INFO] [stdout]    5:     0x63eee0999420 - test[aada8e7e76ba119b]::test_main_inner::{closure#0}
[INFO] [stdout]    6:     0x63eee09ff0b2 - std[617be2ca0a6fd877]::panicking::panic_with_hook
[INFO] [stdout]    7:     0x63eee09e1442 - std[617be2ca0a6fd877]::panicking::panic_handler::{closure#0}
[INFO] [stdout]    8:     0x63eee09d9dc9 - std[617be2ca0a6fd877]::sys::backtrace::__rust_end_short_backtrace::<std[617be2ca0a6fd877]::panicking::panic_handler::{closure#0}, !>
[INFO] [stdout]    9:     0x63eee09e223d - __rustc[ea4f61d10b84890b]::rust_begin_unwind
[INFO] [stdout]   10:     0x63eee0a1e0cc - core[a373ad73a504971]::panicking::panic_fmt
[INFO] [stdout]   11:     0x63eee0a1dea2 - core[a373ad73a504971]::result::unwrap_failed
[INFO] [stdout]   12:     0x63eee07d8157 - <std[617be2ca0a6fd877]::sync::once::Once>::call_once_force::<<std[617be2ca0a6fd877]::sync::once_lock::OnceLock<(tempfile[5ad6ecb5d5aee761]::dir::TempDir, alloc[2e1b2a31b91974c5]::string::String, std[617be2ca0a6fd877]::sync::poison::mutex::Mutex<udpipe_rs[4186d798fb918ecb]::Model>)>>::initialize<<std[617be2ca0a6fd877]::sync::once_lock::OnceLock<(tempfile[5ad6ecb5d5aee761]::dir::TempDir, alloc[2e1b2a31b91974c5]::string::String, std[617be2ca0a6fd877]::sync::poison::mutex::Mutex<udpipe_rs[4186d798fb918ecb]::Model>)>>::get_or_init<integration[e1a49e44f7f7fd13]::get_model_state::{closure#0}>::{closure#0}, !>::{closure#0}>::{closure#0}
[INFO] [stdout]   13:     0x63eee09e7c29 - <std[617be2ca0a6fd877]::sys::sync::once::futex::Once>::call
[INFO] [stdout]   14:     0x63eee07d76dc - <std[617be2ca0a6fd877]::sync::once_lock::OnceLock<(tempfile[5ad6ecb5d5aee761]::dir::TempDir, alloc[2e1b2a31b91974c5]::string::String, std[617be2ca0a6fd877]::sync::poison::mutex::Mutex<udpipe_rs[4186d798fb918ecb]::Model>)>>::initialize::<<std[617be2ca0a6fd877]::sync::once_lock::OnceLock<(tempfile[5ad6ecb5d5aee761]::dir::TempDir, alloc[2e1b2a31b91974c5]::string::String, std[617be2ca0a6fd877]::sync::poison::mutex::Mutex<udpipe_rs[4186d798fb918ecb]::Model>)>>::get_or_init<integration[e1a49e44f7f7fd13]::get_model_state::{closure#0}>::{closure#0}, !>
[INFO] [stdout]   15:     0x63eee07d3d1a - integration[e1a49e44f7f7fd13]::parse
[INFO] [stdout]   16:     0x63eee07d4816 - <integration[e1a49e44f7f7fd13]::test_word_get_feature::{closure#0} as core[a373ad73a504971]::ops::function::FnOnce<()>>::call_once
[INFO] [stdout]   17:     0x63eee098c86b - test[aada8e7e76ba119b]::__rust_begin_short_backtrace::<core[a373ad73a504971]::result::Result<(), alloc[2e1b2a31b91974c5]::string::String>, fn() -> core[a373ad73a504971]::result::Result<(), alloc[2e1b2a31b91974c5]::string::String>>
[INFO] [stdout]   18:     0x63eee0999a45 - test[aada8e7e76ba119b]::run_test::{closure#0}
[INFO] [stdout]   19:     0x63eee0993334 - std[617be2ca0a6fd877]::sys::backtrace::__rust_begin_short_backtrace::<test[aada8e7e76ba119b]::run_test::{closure#1}, ()>
[INFO] [stdout]   20:     0x63eee099cad2 - <std[617be2ca0a6fd877]::thread::lifecycle::spawn_unchecked<test[aada8e7e76ba119b]::run_test::{closure#1}, ()>::{closure#1} as core[a373ad73a504971]::ops::function::FnOnce<()>>::call_once::{shim:vtable#0}
[INFO] [stdout]   21:     0x63eee0a067df - <std[617be2ca0a6fd877]::sys::thread::unix::Thread>::new::thread_start
[INFO] [stdout]   22:     0x7a110b39cdfa - <unknown>
[INFO] [stdout]   23:     0x7a110b4303d4 - clone
[INFO] [stdout]   24:                0x0 - <unknown>
[INFO] [stdout] 
[INFO] [stdout] 
[INFO] [stdout] failures:
[INFO] [stdout]     test_dependency_structure
[INFO] [stdout]     test_empty_input
[INFO] [stdout]     test_load_from_memory
[INFO] [stdout]     test_misc_field_space_after
[INFO] [stdout]     test_model_drop
[INFO] [stdout]     test_morphological_features
[INFO] [stdout]     test_parse_multiple_sentences
[INFO] [stdout]     test_parse_simple_sentence
[INFO] [stdout]     test_parse_with_null_byte
[INFO] [stdout]     test_unicode_input
[INFO] [stdout]     test_word_get_feature
[INFO] [stdout]     test_word_ids_are_sequential
[INFO] [stdout]     test_word_pos_helpers
[INFO] [stdout]     test_xpostag_field
[INFO] [stdout] 
[INFO] [stdout] test result: FAILED. 0 passed; 14 failed; 0 ignored; 0 measured; 0 filtered out; finished in 0.01s
[INFO] [stdout] 
[INFO] [stderr] error: test failed, to rerun pass `--test integration`
[INFO] running `Command { std: "docker" "inspect" "aeb7e098822765e34b15d2027101a843336170dac0d13e0a90c7127078818fe4", kill_on_drop: false }`
[INFO] running `Command { std: "docker" "rm" "-f" "aeb7e098822765e34b15d2027101a843336170dac0d13e0a90c7127078818fe4", kill_on_drop: false }`
[INFO] [stdout] aeb7e098822765e34b15d2027101a843336170dac0d13e0a90c7127078818fe4
