[INFO] fetching crate ubt 0.5.1...
[INFO] testing ubt-0.5.1 against 1.99.0-beta.8+cargoflags=--release for beta-release-1.100-2
[INFO] extracting crate ubt 0.5.1 into /workspace/builds/worker-2-tc1/source
[INFO] removed /workspace/builds/worker-2-tc1/source/rust-toolchain.toml
[INFO] started tweaking crates.io crate ubt 0.5.1
[INFO] removed 0 missing tests
[INFO] finished tweaking crates.io crate ubt 0.5.1
[INFO] tweaked toml for crates.io crate ubt 0.5.1 written to /workspace/builds/worker-2-tc1/source/Cargo.toml
[INFO] validating manifest of crates.io crate ubt 0.5.1 on toolchain 1.99.0-beta.8
[INFO] running `Command { std: CARGO_HOME="/workspace/cargo-home" RUSTUP_HOME="/workspace/rustup-home" "/workspace/cargo-home/bin/cargo" "+1.99.0-beta.8" "metadata" "--manifest-path" "Cargo.toml" "--no-deps", kill_on_drop: false }`
[INFO] crate crates.io crate ubt 0.5.1 already has a lockfile, it will not be regenerated
[INFO] running `Command { std: CARGO_HOME="/workspace/cargo-home" RUSTUP_HOME="/workspace/rustup-home" "/workspace/cargo-home/bin/cargo" "+1.99.0-beta.8" "fetch" "--manifest-path" "Cargo.toml", kill_on_drop: false }`
[INFO] [stderr]     Updating crates.io index
[INFO] [stderr]  Downloading crates ...
[INFO] [stderr]   Downloaded wasm-bindgen-macro-support v0.2.116
[INFO] [stderr]   Downloaded wasm-bindgen-shared v0.2.116
[INFO] [stderr]   Downloaded alloy-rlp v0.3.13
[INFO] [stderr]   Downloaded primitive-types v0.12.2
[INFO] [stderr]   Downloaded parity-scale-codec-derive v3.7.5
[INFO] [stderr]   Downloaded ark-ff-macros v0.3.0
[INFO] [stderr]   Downloaded ruint-macro v1.2.1
[INFO] [stderr]   Downloaded fastrlp v0.4.0
[INFO] [stderr]   Downloaded ark-ff-asm v0.3.0
[INFO] [stderr]   Downloaded keccak-asm v0.1.6
[INFO] [stderr]   Downloaded fastrlp v0.3.1
[INFO] [stderr]   Downloaded ark-serialize v0.3.0
[INFO] [stderr]   Downloaded rlp v0.5.2
[INFO] [stderr]   Downloaded wasm-bindgen-macro v0.2.116
[INFO] [stderr]   Downloaded ark-std v0.3.0
[INFO] [stderr]   Downloaded ark-ff v0.3.0
[INFO] [stderr]   Downloaded toml_parser v1.1.1+spec-1.1.0
[INFO] [stderr]   Downloaded const-hex v1.18.1
[INFO] [stderr]   Downloaded rapidhash v4.4.1
[INFO] [stderr]   Downloaded wasm-bindgen v0.2.116
[INFO] [stderr]   Downloaded parity-scale-codec v3.7.5
[INFO] [stderr]   Downloaded toml_edit v0.25.9+spec-1.1.0
[INFO] [stderr]   Downloaded const_format v0.2.35
[INFO] [stderr]   Downloaded cc v1.2.58
[INFO] [stderr]   Downloaded js-sys v0.3.93
[INFO] [stderr]   Downloaded alloy-primitives v1.5.7
[INFO] [stderr]   Downloaded ruint v1.17.2
[INFO] [stderr]   Downloaded winnow v1.0.1
[INFO] [stderr]   Downloaded sha3-asm v0.1.6
[INFO] [stderr]   Downloaded web-sys v0.3.93
[INFO] running `Command { std: "docker" "create" "-v" "/var/lib/crater-agent-workspace/builds/worker-2-tc1/source:/opt/rustwide/workdir:ro,Z" "-v" "/var/lib/crater-agent-workspace/builds/worker-2-tc1/target:/opt/rustwide/target:rw,Z" "-v" "/var/lib/crater-agent-workspace/cargo-home:/opt/rustwide/cargo-home:ro,Z" "-v" "/var/lib/crater-agent-workspace/rustup-home:/opt/rustwide/rustup-home:ro,Z" "-m" "1610612736" "--network" "none" "ghcr.io/rust-lang/crates-build-env/linux@sha256:77db811e55d90add9212f6832c23229e3de5f1c1f9905e8cb07319ea15df73ac" "sleep" "infinity", kill_on_drop: false }`
[INFO] [stdout] 499b416f2c7ae6c09e2b5b02312ab16d1428f279373fe8f39411560b034a2132
[INFO] running `Command { std: "docker" "start" "499b416f2c7ae6c09e2b5b02312ab16d1428f279373fe8f39411560b034a2132", kill_on_drop: false }`
[INFO] running `Command { std: "docker" "inspect" "499b416f2c7ae6c09e2b5b02312ab16d1428f279373fe8f39411560b034a2132", kill_on_drop: false }`
[INFO] running `Command { std: "docker" "exec" "-e" "SOURCE_DIR=/opt/rustwide/workdir" "-e" "CARGO_HOME=/opt/rustwide/cargo-home" "-e" "RUSTUP_HOME=/opt/rustwide/rustup-home" "-e" "CARGO_TARGET_DIR=/opt/rustwide/target" "-w" "/opt/rustwide/workdir" "--user" "0:0" "499b416f2c7ae6c09e2b5b02312ab16d1428f279373fe8f39411560b034a2132" "/opt/rustwide/cargo-home/bin/cargo" "+1.99.0-beta.8" "metadata" "--no-deps" "--format-version=1", kill_on_drop: false }`
[INFO] running `Command { std: "docker" "inspect" "499b416f2c7ae6c09e2b5b02312ab16d1428f279373fe8f39411560b034a2132", kill_on_drop: false }`
[INFO] running `Command { std: "docker" "exec" "-e" "SOURCE_DIR=/opt/rustwide/workdir" "-e" "CARGO_HOME=/opt/rustwide/cargo-home" "-e" "RUSTUP_HOME=/opt/rustwide/rustup-home" "-e" "CARGO_TARGET_DIR=/opt/rustwide/target" "-e" "CARGO_INCREMENTAL=0" "-e" "RUST_BACKTRACE=full" "-e" "RUSTFLAGS=--cap-lints=warn" "-e" "RUSTDOCFLAGS=--cap-lints=warn" "-w" "/opt/rustwide/workdir" "--user" "0:0" "499b416f2c7ae6c09e2b5b02312ab16d1428f279373fe8f39411560b034a2132" "/opt/rustwide/cargo-home/bin/cargo" "+1.99.0-beta.8" "build" "--frozen" "--message-format=json" "--release", kill_on_drop: false }`
[INFO] [stderr]    Compiling typenum v1.19.0
[INFO] [stderr]    Compiling proc-macro2 v1.0.106
[INFO] [stderr]    Compiling version_check v0.9.5
[INFO] [stderr]    Compiling quote v1.0.45
[INFO] [stderr]    Compiling unicode-ident v1.0.24
[INFO] [stderr]    Compiling crossbeam-utils v0.8.21
[INFO] [stderr]    Compiling find-msvc-tools v0.1.9
[INFO] [stderr]    Compiling unicode-segmentation v1.13.2
[INFO] [stderr]    Compiling shlex v1.3.0
[INFO] [stderr]    Compiling cfg-if v1.0.4
[INFO] [stderr]    Compiling paste v1.0.15
[INFO] [stderr]    Compiling unicode-xid v0.2.6
[INFO] [stderr]    Compiling cpufeatures v0.2.17
[INFO] [stderr]    Compiling rayon-core v1.13.0
[INFO] [stderr]    Compiling foldhash v0.2.0
[INFO] [stderr]    Compiling thiserror v2.0.18
[INFO] [stderr]    Compiling keccak v0.1.6
[INFO] [stderr]    Compiling ruint-macro v1.2.1
[INFO] [stderr]    Compiling const-hex v1.18.1
[INFO] [stderr]    Compiling itoa v1.0.18
[INFO] [stderr]    Compiling constant_time_eq v0.4.2
[INFO] [stderr]    Compiling hashbrown v0.16.1
[INFO] [stderr]    Compiling cpufeatures v0.3.0
[INFO] [stderr]    Compiling cc v1.2.58
[INFO] [stderr]    Compiling arrayvec v0.7.6
[INFO] [stderr]    Compiling arrayref v0.3.9
[INFO] [stderr]    Compiling bytes v1.11.1
[INFO] [stderr]    Compiling ruint v1.17.2
[INFO] [stderr]    Compiling either v1.15.0
[INFO] [stderr]    Compiling rustc-hash v2.1.2
[INFO] [stderr]    Compiling hex v0.4.3
[INFO] [stderr]    Compiling generic-array v0.14.7
[INFO] [stderr]    Compiling convert_case v0.10.0
[INFO] [stderr]    Compiling crossbeam-epoch v0.9.18
[INFO] [stderr]    Compiling crossbeam-deque v0.8.6
[INFO] [stderr]    Compiling syn v2.0.117
[INFO] [stderr]    Compiling blake3 v1.8.4
[INFO] [stderr]    Compiling block-buffer v0.10.4
[INFO] [stderr]    Compiling crypto-common v0.1.7
[INFO] [stderr]    Compiling rayon v1.11.0
[INFO] [stderr]    Compiling digest v0.10.7
[INFO] [stderr]    Compiling sha3 v0.10.8
[INFO] [stderr]    Compiling sha2 v0.10.9
[INFO] [stderr]    Compiling derive_more-impl v2.1.1
[INFO] [stderr]    Compiling thiserror-impl v2.0.18
[INFO] [stderr]    Compiling derive_more v2.1.1
[INFO] [stderr]    Compiling alloy-primitives v1.5.7
[INFO] [stderr]    Compiling ubt v0.5.1 (/opt/rustwide/workdir)
[INFO] [stdout] warning: struct `Poseidon2Hasher` is never constructed
[INFO] [stdout]    --> src/hash.rs:120:12
[INFO] [stdout]     |
[INFO] [stdout] 120 | pub struct Poseidon2Hasher;
[INFO] [stdout]     |            ^^^^^^^^^^^^^^^
[INFO] [stdout]     |
[INFO] [stdout]     = note: `#[warn(dead_code)]` (part of `#[warn(unused)]`) on by default
[INFO] [stdout] 
[INFO] [stdout] 
[INFO] [stderr]     Finished `release` profile [optimized] target(s) in 20.97s
[INFO] running `Command { std: "docker" "inspect" "499b416f2c7ae6c09e2b5b02312ab16d1428f279373fe8f39411560b034a2132", kill_on_drop: false }`
[INFO] running `Command { std: "docker" "exec" "-e" "SOURCE_DIR=/opt/rustwide/workdir" "-e" "CARGO_HOME=/opt/rustwide/cargo-home" "-e" "RUSTUP_HOME=/opt/rustwide/rustup-home" "-e" "CARGO_TARGET_DIR=/opt/rustwide/target" "-e" "CARGO_INCREMENTAL=0" "-e" "RUST_BACKTRACE=full" "-e" "RUSTFLAGS=--cap-lints=warn" "-e" "RUSTDOCFLAGS=--cap-lints=warn" "-w" "/opt/rustwide/workdir" "--user" "0:0" "499b416f2c7ae6c09e2b5b02312ab16d1428f279373fe8f39411560b034a2132" "/opt/rustwide/cargo-home/bin/cargo" "+1.99.0-beta.8" "test" "--frozen" "--no-run" "--message-format=json" "--release", kill_on_drop: false }`
[INFO] [stderr]    Compiling libc v0.2.183
[INFO] [stderr]    Compiling zerocopy v0.8.48
[INFO] [stderr]    Compiling serde_core v1.0.228
[INFO] [stderr]    Compiling getrandom v0.3.4
[INFO] [stderr]    Compiling autocfg v1.5.0
[INFO] [stderr]    Compiling serde v1.0.228
[INFO] [stderr]    Compiling zmij v1.0.21
[INFO] [stderr]    Compiling rustix v1.1.4
[INFO] [stderr]    Compiling getrandom v0.4.2
[INFO] [stderr]    Compiling either v1.15.0
[INFO] [stderr]    Compiling zerocopy-derive v0.8.48
[INFO] [stderr]    Compiling serde_derive v1.0.228
[INFO] [stderr]    Compiling once_cell v1.21.4
[INFO] [stderr]    Compiling regex-syntax v0.8.10
[INFO] [stderr]    Compiling bitflags v2.11.0
[INFO] [stderr]    Compiling serde_json v1.0.149
[INFO] [stderr]    Compiling linux-raw-sys v0.12.1
[INFO] [stderr]    Compiling ciborium-io v0.2.2
[INFO] [stderr]    Compiling clap_lex v1.1.0
[INFO] [stderr]    Compiling anstyle v1.0.14
[INFO] [stderr]    Compiling memchr v2.8.0
[INFO] [stderr]    Compiling fastrand v2.3.0
[INFO] [stderr]    Compiling plotters-backend v0.3.7
[INFO] [stderr]    Compiling rayon v1.11.0
[INFO] [stderr]    Compiling itertools v0.10.5
[INFO] [stderr]    Compiling fnv v1.0.7
[INFO] [stderr]    Compiling clap_builder v4.6.0
[INFO] [stderr]    Compiling num-traits v0.2.19
[INFO] [stderr]    Compiling cast v0.3.0
[INFO] [stderr]    Compiling quick-error v1.2.3
[INFO] [stderr]    Compiling bit-vec v0.8.0
[INFO] [stderr]    Compiling plotters-svg v0.3.7
[INFO] [stderr]    Compiling same-file v1.0.6
[INFO] [stderr]    Compiling oorandom v11.1.5
[INFO] [stderr]    Compiling anes v0.1.6
[INFO] [stderr]    Compiling unarray v0.1.4
[INFO] [stderr]    Compiling walkdir v2.5.0
[INFO] [stderr]    Compiling bit-set v0.8.0
[INFO] [stderr]    Compiling getrandom v0.2.17
[INFO] [stderr]    Compiling wait-timeout v0.2.1
[INFO] [stderr]    Compiling is-terminal v0.4.17
[INFO] [stderr]    Compiling num_cpus v1.17.0
[INFO] [stderr]    Compiling rand_core v0.6.4
[INFO] [stderr]    Compiling plotters v0.3.7
[INFO] [stderr]    Compiling rand_core v0.9.5
[INFO] [stderr]    Compiling rand_xorshift v0.4.0
[INFO] [stderr]    Compiling rand v0.9.2
[INFO] [stderr]    Compiling criterion-plot v0.5.0
[INFO] [stderr]    Compiling tempfile v3.27.0
[INFO] [stderr]    Compiling rusty-fork v0.3.1
[INFO] [stderr]    Compiling regex-automata v0.4.14
[INFO] [stderr]    Compiling clap v4.6.0
[INFO] [stderr]    Compiling ubt v0.5.1 (/opt/rustwide/workdir)
[INFO] [stdout] warning: struct `Poseidon2Hasher` is never constructed
[INFO] [stdout]    --> src/hash.rs:120:12
[INFO] [stdout]     |
[INFO] [stdout] 120 | pub struct Poseidon2Hasher;
[INFO] [stdout]     |            ^^^^^^^^^^^^^^^
[INFO] [stdout]     |
[INFO] [stdout]     = note: `#[warn(dead_code)]` (part of `#[warn(unused)]`) on by default
[INFO] [stdout] 
[INFO] [stdout] 
[INFO] [stderr]    Compiling tinytemplate v1.2.1
[INFO] [stderr]    Compiling regex v1.12.3
[INFO] [stderr]    Compiling ppv-lite86 v0.2.21
[INFO] [stderr]    Compiling half v2.7.1
[INFO] [stderr]    Compiling rand_chacha v0.3.1
[INFO] [stderr]    Compiling rand_chacha v0.9.0
[INFO] [stderr]    Compiling ciborium-ll v0.2.2
[INFO] [stderr]    Compiling rand v0.8.5
[INFO] [stderr]    Compiling proptest v1.11.0
[INFO] [stderr]    Compiling ciborium v0.2.2
[INFO] [stderr]    Compiling criterion v0.5.1
[INFO] [stdout] warning: unused import: `ubt_adapter::UbtDatabase`
[INFO] [stdout]   --> tests/simulation/mod.rs:13:9
[INFO] [stdout]    |
[INFO] [stdout] 13 | pub use ubt_adapter::UbtDatabase;
[INFO] [stdout]    |         ^^^^^^^^^^^^^^^^^^^^^^^^
[INFO] [stdout]    |
[INFO] [stdout]    = note: `#[warn(unused_imports)]` (part of `#[warn(unused)]`) on by default
[INFO] [stdout] 
[INFO] [stdout] 
[INFO] [stdout] warning: unused import: `TestableDatabase`
[INFO] [stdout]   --> tests/simulation/mod.rs:14:20
[INFO] [stdout]    |
[INFO] [stdout] 14 | pub use workload::{TestableDatabase, WorkloadConfig, WorkloadRunner};
[INFO] [stdout]    |                    ^^^^^^^^^^^^^^^^
[INFO] [stdout] 
[INFO] [stdout] 
[INFO] [stdout] warning: struct `Poseidon2Hasher` is never constructed
[INFO] [stdout]    --> src/hash.rs:120:12
[INFO] [stdout]     |
[INFO] [stdout] 120 | pub struct Poseidon2Hasher;
[INFO] [stdout]     |            ^^^^^^^^^^^^^^^
[INFO] [stdout]     |
[INFO] [stdout]     = note: `#[warn(dead_code)]` (part of `#[warn(unused)]`) on by default
[INFO] [stdout] 
[INFO] [stdout] 
[INFO] [stderr]     Finished `release` profile [optimized] target(s) in 1m 58s
[INFO] running `Command { std: "docker" "inspect" "499b416f2c7ae6c09e2b5b02312ab16d1428f279373fe8f39411560b034a2132", kill_on_drop: false }`
[INFO] running `Command { std: "docker" "exec" "-e" "SOURCE_DIR=/opt/rustwide/workdir" "-e" "CARGO_HOME=/opt/rustwide/cargo-home" "-e" "RUSTUP_HOME=/opt/rustwide/rustup-home" "-e" "CARGO_TARGET_DIR=/opt/rustwide/target" "-e" "CARGO_INCREMENTAL=0" "-e" "RUST_BACKTRACE=full" "-e" "RUSTFLAGS=--cap-lints=warn" "-e" "RUSTDOCFLAGS=--cap-lints=warn" "-w" "/opt/rustwide/workdir" "--user" "0:0" "499b416f2c7ae6c09e2b5b02312ab16d1428f279373fe8f39411560b034a2132" "/opt/rustwide/cargo-home/bin/cargo" "+1.99.0-beta.8" "test" "--frozen" "--release", kill_on_drop: false }`
[INFO] [stderr] warning: struct `Poseidon2Hasher` is never constructed
[INFO] [stderr]    --> src/hash.rs:120:12
[INFO] [stderr]     |
[INFO] [stderr] 120 | pub struct Poseidon2Hasher;
[INFO] [stderr]     |            ^^^^^^^^^^^^^^^
[INFO] [stderr]     |
[INFO] [stderr]     = note: `#[warn(dead_code)]` (part of `#[warn(unused)]`) on by default
[INFO] [stderr] 
[INFO] [stderr] warning: `ubt` (lib) generated 1 warning
[INFO] [stderr] warning: unused import: `ubt_adapter::UbtDatabase`
[INFO] [stderr]   --> tests/simulation/mod.rs:13:9
[INFO] [stderr]    |
[INFO] [stderr] 13 | pub use ubt_adapter::UbtDatabase;
[INFO] [stderr]    |         ^^^^^^^^^^^^^^^^^^^^^^^^
[INFO] [stderr]    |
[INFO] [stderr]    = note: `#[warn(unused_imports)]` (part of `#[warn(unused)]`) on by default
[INFO] [stderr] 
[INFO] [stderr] warning: unused import: `TestableDatabase`
[INFO] [stderr]   --> tests/simulation/mod.rs:14:20
[INFO] [stderr]    |
[INFO] [stderr] 14 | pub use workload::{TestableDatabase, WorkloadConfig, WorkloadRunner};
[INFO] [stderr]    |                    ^^^^^^^^^^^^^^^^
[INFO] [stderr] 
[INFO] [stderr] warning: `ubt` (test "simulation_test") generated 2 warnings (run `cargo fix --test "simulation_test" -p ubt` to apply 2 suggestions)
[INFO] [stderr] warning: `ubt` (lib test) generated 1 warning (1 duplicate)
[INFO] [stderr]     Finished `release` profile [optimized] target(s) in 0.25s
[INFO] [stderr]      Running unittests src/lib.rs (/opt/rustwide/target/release/deps/ubt-8f11d81ed3b9f705)
[INFO] [stdout] 
[INFO] [stdout] running 109 tests
[INFO] [stdout] test codec::tests::test_decode_node_unknown_tag ... ok
[INFO] [stdout] test code::tests::test_empty_code ... ok
[INFO] [stdout] test code::tests::test_simple_code ... ok
[INFO] [stdout] test codec::tests::test_decode_node_empty_buffer ... ok
[INFO] [stdout] test code::tests::test_code_chunk_encode_decode ... ok
[INFO] [stdout] test codec::tests::test_decode_truncated_values ... ok
[INFO] [stdout] test codec::tests::test_decode_wrong_tag ... ok
[INFO] [stdout] test codec::tests::test_decode_too_short ... ok
[INFO] [stdout] test codec::tests::test_empty_roundtrip ... ok
[INFO] [stdout] test codec::tests::test_encoded_size ... ok
[INFO] [stdout] test codec::tests::test_internal_roundtrip ... ok
[INFO] [stdout] test codec::tests::test_reject_trailing_bytes ... ok
[INFO] [stdout] test codec::tests::test_leaf_roundtrip ... ok
[INFO] [stdout] test codec::tests::test_roundtrip_empty ... ok
[INFO] [stdout] test codec::tests::test_roundtrip_full ... ok
[INFO] [stdout] test codec::tests::test_wire_format_layout ... ok
[INFO] [stdout] test code::tests::test_truncated_push_at_eof ... ok
[INFO] [stdout] test codec::tests::test_roundtrip_sparse ... ok
[INFO] [stdout] test code::tests::test_push32_full_chunk_overflow ... ok
[INFO] [stdout] test code::tests::test_push_spanning_chunks ... ok
[INFO] [stdout] test compat_tests::tests::test_two_keys_match_first_42_bits ... ok
[INFO] [stdout] test codec::tests::test_roundtrip_single_value ... ok
[INFO] [stdout] test code::tests::test_multi_chunk_push_overflow ... ok
[INFO] [stdout] test code::tests::test_roundtrip ... ok
[INFO] [stdout] test compat_tests::tests::test_insert_duplicate_key ... ok
[INFO] [stdout] test embedding::tests::test_key_derivation_geth_vectors ... ok
[INFO] [stdout] test embedding::tests::test_code_chunks_share_account_stem ... ok
[INFO] [stdout] test codec::tests::test_decode_node_dispatches ... ok
[INFO] [stdout] test compat_tests::tests::test_large_number_of_entries ... ok
[INFO] [stdout] test compat_tests::tests::test_merkleize_multiple_entries ... ok
[INFO] [stdout] test compat_tests::tests::test_two_entries_diff_first_bit ... ok
[INFO] [stdout] test embedding::tests::test_basic_data_roundtrip ... ok
[INFO] [stdout] test compat_tests::tests::test_insertion_order_independence ... ok
[INFO] [stdout] test embedding::tests::test_key_derivation_deterministic ... ok
[INFO] [stdout] test embedding::tests::test_code_chunk_key ... ok
[INFO] [stdout] test embedding::tests::test_different_addresses_different_stems ... ok
[INFO] [stdout] test compat_tests::tests::test_two_stem_colocated_values ... ok
[INFO] [stdout] test compat_tests::tests::test_one_stem_colocated_values ... ok
[INFO] [stdout] test compat_tests::tests::test_single_entry ... ok
[INFO] [stdout] test embedding::tests::test_main_storage_slot_key_correctness ... ok
[INFO] [stdout] test embedding::tests::test_storage_key_header_slots ... ok
[INFO] [stdout] test embedding::tests::test_storage_key_main_storage ... ok
[INFO] [stdout] test geth_compat::tests::test_single_entry_sha256 ... ok
[INFO] [stdout] test hash::tests::test_sha256_deterministic ... ok
[INFO] [stdout] test hash::tests::test_zero_hash_special_case_blake3 ... ok
[INFO] [stdout] test embedding::tests::test_storage_slot_boundary_values ... ok
[INFO] [stdout] test geth_compat::tests::test_hash_determinism_sha256 ... ok
[INFO] [stdout] test geth_compat::tests::test_one_sided_subtree_hashes_against_zero ... ok
[INFO] [stdout] test geth_compat::tests::test_one_sided_subtree_streaming ... ok
[INFO] [stdout] test geth_compat::tests::test_stem_node_hash_single_value ... ok
[INFO] [stdout] test node::tests::test_empty_node_hash ... ok
[INFO] [stdout] test key::tests::test_stem_bit_at ... ok
[INFO] [stdout] test node::tests::test_leaf_node_hash ... ok
[INFO] [stdout] test node::tests::test_stem_node_empty_hash ... ok
[INFO] [stdout] test node::tests::test_stem_node_with_value ... ok
[INFO] [stdout] test key::tests::test_tree_key_roundtrip ... ok
[INFO] [stdout] test proof::tests::test_compute_root_rejects_invalid_stem_sibling_lengths ... ok
[INFO] [stdout] test hash::tests::test_zero_hash_special_case_sha256 ... ok
[INFO] [stdout] test node::tests::test_stem_node_hash_sha256 ... ok
[INFO] [stdout] test streaming::tests::test_streaming_empty ... ok
[INFO] [stdout] test embedding::tests::test_storage_slot_all_high_bytes ... ok
[INFO] [stdout] test streaming::tests::test_streaming_matches_tree ... ok
[INFO] [stdout] test streaming::tests::test_tree_depth_exceeded_returns_error ... ok
[INFO] [stdout] test proof::tests::test_proof_size ... ok
[INFO] [stdout] test proof::tests::test_proof_verify_simple ... ok
[INFO] [stdout] test geth_compat::tests::test_two_entries_diff_first_bit_sha256 ... ok
[INFO] [stdout] test embedding::tests::test_storage_slot_high_byte_0xff ... ok
[INFO] [stdout] test geth_compat::tests::test_colocated_values_sha256 ... ok
[INFO] [stdout] test proof::tests::test_stem_proof_generation ... ok
[INFO] [stdout] test hash::tests::test_non_zero_hash_blake3 ... ok
[INFO] [stdout] test tree::hash::tests::test_b256_matches_prefix_depth_0_matches_everything ... ok
[INFO] [stdout] test geth_compat::tests::test_internal_node_hash_sha256 ... ok
[INFO] [stdout] test key::tests::test_first_differing_bit ... ok
[INFO] [stdout] test hash::tests::test_non_zero_hash_sha256 ... ok
[INFO] [stdout] test tree::tests::test_delete_to_empty_resets_root_hash ... ok
[INFO] [stdout] test streaming::tests::test_parallel_empty ... ok
[INFO] [stdout] test tree::tests::test_get_or_create_stem_marks_dirty ... ok
[INFO] [stdout] test streaming::tests::test_parallel_matches_serial ... ok
[INFO] [stdout] test streaming::tests::test_parallel_single_entry ... ok
[INFO] [stdout] test tree::tests::test_incremental_empty_tree ... ok
[INFO] [stdout] test tree::hash::tests::test_b256_matches_prefix_partial_depths ... ok
[INFO] [stdout] test tree::tests::test_insert_batch_clears_dirty_flag ... ok
[INFO] [stdout] test tree::tests::test_multiple_inserts_same_stem ... ok
[INFO] [stdout] test tree::tests::test_multiple_inserts_different_stems ... ok
[INFO] [stdout] test tree::tests::test_incremental_delete_matches_full ... ok
[INFO] [stdout] test tree::tests::test_mixed_single_and_batch_inserts_root ... ok
[INFO] [stdout] test tree::hash::tests::test_b256_matches_prefix_depth_256_requires_full_match ... ok
[INFO] [stdout] test tree::tests::test_reserve_stems ... ok
[INFO] [stdout] test tree::hash::tests::test_incremental_delete_prunes_empty_subtree_cache ... ok
[INFO] [stdout] test tree::hash::tests::test_incremental_hash_update_prunes_cached_empty_subtree_without_dirty_info ... ok
[INFO] [stdout] test tree::hash::tests::test_prune_node_hash_cache_invalid_depth_clears_cache ... ok
[INFO] [stdout] test tree::hash::tests::test_tree_depth_exceeded_returns_error ... ok
[INFO] [stdout] test tree::tests::test_deferred_root_computation ... ok
[INFO] [stdout] test tree::tests::test_incremental_mode_matches_full_rebuild ... ok
[INFO] [stdout] test tree::tests::test_stem_count ... ok
[INFO] [stdout] test tree::tests::test_with_capacity ... ok
[INFO] [stdout] test tree::tests::test_with_store_populated ... ok
[INFO] [stdout] test tree::tests::test_parallel_matches_non_parallel ... ok
[INFO] [stdout] test streaming::tests::test_streaming_single_entry ... ok
[INFO] [stdout] test tree::tests::test_sorted_stems_produces_deterministic_root ... ok
[INFO] [stdout] test tree::tests::test_empty_tree ... ok
[INFO] [stdout] test tree::tests::test_delete ... ok
[INFO] [stdout] test tree::tests::test_root_hash_deterministic ... ok
[INFO] [stdout] test streaming::tests::test_streaming_many_stems ... ok
[INFO] [stdout] test tree::tests::test_single_insert ... ok
[INFO] [stdout] test tree::tests::test_with_hasher_and_capacity ... ok
[INFO] [stdout] test tree::tests::test_parallel_with_incremental_mode ... ok
[INFO] [stdout] test tree::tests::test_with_store_empty ... ok
[INFO] [stdout] test tree::tests::test_parallel_rebuild_many_stems ... ok
[INFO] [stdout] 
[INFO] [stdout] test result: ok. 109 passed; 0 failed; 0 ignored; 0 measured; 0 filtered out; finished in 0.02s
[INFO] [stdout] 
[INFO] [stderr]      Running tests/integration_export.rs (/opt/rustwide/target/release/deps/integration_export-7323e633a2ddf9b2)
[INFO] [stdout] 
[INFO] [stdout] running 2 tests
[INFO] [stdout] test test_verify_expected_results ... ok
[INFO] [stdout] test test_export_integration_data ... FAILED
[INFO] [stdout] 
[INFO] [stdout] failures:
[INFO] [stdout] 
[INFO] [stdout] ---- test_export_integration_data stdout ----
[INFO] [stdout] 
[INFO] [stdout] thread 'test_export_integration_data' (2203) panicked at tests/integration_export.rs:387:39:
[INFO] [stdout] Failed to export test data: Os { code: 2, kind: NotFound, message: "No such file or directory" }
[INFO] [stdout] stack backtrace:
[INFO] [stdout]    0:     0x5d9db4622866 - <<std[70759c8f55707aa4]::sys::backtrace::BacktraceLock>::print::DisplayBacktrace as core[df12db4294e9bfd3]::fmt::Display>::fmt
[INFO] [stdout]    1:     0x5d9db45cf7fa - core[df12db4294e9bfd3]::fmt::write
[INFO] [stdout]    2:     0x5d9db4627d7c - <alloc[2182bb758b4b3781]::vec::Vec<u8> as core[df12db4294e9bfd3]::io::write::Write>::write_fmt
[INFO] [stdout]    3:     0x5d9db45fff32 - std[70759c8f55707aa4]::panicking::default_hook::{closure#0}
[INFO] [stdout]    4:     0x5d9db461b601 - std[70759c8f55707aa4]::panicking::default_hook
[INFO] [stdout]    5:     0x5d9db461b7e2 - std[70759c8f55707aa4]::panicking::panic_with_hook
[INFO] [stdout]    6:     0x5d9db45fffe2 - std[70759c8f55707aa4]::panicking::panic_handler::{closure#0}
[INFO] [stdout]    7:     0x5d9db45f8e79 - std[70759c8f55707aa4]::sys::backtrace::__rust_end_short_backtrace::<std[70759c8f55707aa4]::panicking::panic_handler::{closure#0}, !>
[INFO] [stdout]    8:     0x5d9db4600c8d - __rustc[8fa7c3cbc660c2b3]::rust_begin_unwind
[INFO] [stdout]    9:     0x5d9db45cfeec - core[df12db4294e9bfd3]::panicking::panic_fmt
[INFO] [stdout]   10:     0x5d9db45cfcc2 - core[df12db4294e9bfd3]::result::unwrap_failed
[INFO] [stdout]   11:     0x5d9db45e3637 - <integration_export[93e07ea7adb1fcb4]::test_export_integration_data::{closure#0} as core[df12db4294e9bfd3]::ops::function::FnOnce<()>>::call_once
[INFO] [stdout]   12:     0x5d9db46293eb - test[9d35eded1c95d3be]::__rust_begin_short_backtrace::<core[df12db4294e9bfd3]::result::Result<(), alloc[2182bb758b4b3781]::string::String>, fn() -> core[df12db4294e9bfd3]::result::Result<(), alloc[2182bb758b4b3781]::string::String>>
[INFO] [stdout]   13:     0x5d9db4637541 - test[9d35eded1c95d3be]::run_test::{closure#0}
[INFO] [stdout]   14:     0x5d9db4630c54 - std[70759c8f55707aa4]::sys::backtrace::__rust_begin_short_backtrace::<test[9d35eded1c95d3be]::run_test::{closure#1}, ()>
[INFO] [stdout]   15:     0x5d9db463b362 - <std[70759c8f55707aa4]::thread::lifecycle::spawn_unchecked<test[9d35eded1c95d3be]::run_test::{closure#1}, ()>::{closure#1} as core[df12db4294e9bfd3]::ops::function::FnOnce<()>>::call_once::{shim:vtable#0}
[INFO] [stdout]   16:     0x5d9db462215e - <std[70759c8f55707aa4]::sys::thread::unix::Thread>::new::thread_start
[INFO] [stdout]   17:     0x73732edfddfa - <unknown>
[INFO] [stdout]   18:     0x73732ee913d4 - clone
[INFO] [stdout]   19:                0x0 - <unknown>
[INFO] [stdout] 
[INFO] [stdout] 
[INFO] [stdout] failures:
[INFO] [stdout]     test_export_integration_data
[INFO] [stdout] 
[INFO] [stdout] test result: FAILED. 1 passed; 1 failed; 0 ignored; 0 measured; 0 filtered out; finished in 0.00s
[INFO] [stdout] 
[INFO] [stderr] error: test failed, to rerun pass `--test integration_export`
[INFO] running `Command { std: "docker" "inspect" "499b416f2c7ae6c09e2b5b02312ab16d1428f279373fe8f39411560b034a2132", kill_on_drop: false }`
[INFO] running `Command { std: "docker" "rm" "-f" "499b416f2c7ae6c09e2b5b02312ab16d1428f279373fe8f39411560b034a2132", kill_on_drop: false }`
[INFO] [stdout] 499b416f2c7ae6c09e2b5b02312ab16d1428f279373fe8f39411560b034a2132
