[INFO] fetching crate ubi-rs 0.1.6...
[INFO] testing ubi-rs-0.1.6 against 1.99.0-beta.8+cargoflags=--release for beta-release-1.100-2
[INFO] extracting crate ubi-rs 0.1.6 into /workspace/builds/worker-0-tc1/source
[INFO] started tweaking crates.io crate ubi-rs 0.1.6
[INFO] finished tweaking crates.io crate ubi-rs 0.1.6
[INFO] tweaked toml for crates.io crate ubi-rs 0.1.6 written to /workspace/builds/worker-0-tc1/source/Cargo.toml
[INFO] validating manifest of crates.io crate ubi-rs 0.1.6 on toolchain 1.99.0-beta.8
[INFO] running `Command { std: CARGO_HOME="/workspace/cargo-home" RUSTUP_HOME="/workspace/rustup-home" "/workspace/cargo-home/bin/cargo" "+1.99.0-beta.8" "metadata" "--manifest-path" "Cargo.toml" "--no-deps", kill_on_drop: false }`
[INFO] crate crates.io crate ubi-rs 0.1.6 already has a lockfile, it will not be regenerated
[INFO] running `Command { std: CARGO_HOME="/workspace/cargo-home" RUSTUP_HOME="/workspace/rustup-home" "/workspace/cargo-home/bin/cargo" "+1.99.0-beta.8" "fetch" "--manifest-path" "Cargo.toml", kill_on_drop: false }`
[INFO] [stderr]  Downloading crates ...
[INFO] [stderr]   Downloaded cc v1.2.30
[INFO] [stderr]   Downloaded clap_complete v4.5.55
[INFO] [stderr]   Downloaded reqwest v0.12.22
[INFO] [stderr]   Downloaded rustls v0.23.29
[INFO] [stderr]   Downloaded mockito v1.7.0
[INFO] [stderr]   Downloaded openssl-src v300.5.1+3.5.1
[INFO] running `Command { std: "docker" "create" "-v" "/var/lib/crater-agent-workspace/builds/worker-0-tc1/source:/opt/rustwide/workdir:ro,Z" "-v" "/var/lib/crater-agent-workspace/builds/worker-0-tc1/target:/opt/rustwide/target:rw,Z" "-v" "/var/lib/crater-agent-workspace/cargo-home:/opt/rustwide/cargo-home:ro,Z" "-v" "/var/lib/crater-agent-workspace/rustup-home:/opt/rustwide/rustup-home:ro,Z" "-m" "1610612736" "--network" "none" "ghcr.io/rust-lang/crates-build-env/linux@sha256:77db811e55d90add9212f6832c23229e3de5f1c1f9905e8cb07319ea15df73ac" "sleep" "infinity", kill_on_drop: false }`
[INFO] [stdout] 3658986dfd97dff9d86d28a17cf2a4f760dfdef556fb78bf77f8bf0973e8431f
[INFO] running `Command { std: "docker" "start" "3658986dfd97dff9d86d28a17cf2a4f760dfdef556fb78bf77f8bf0973e8431f", kill_on_drop: false }`
[INFO] running `Command { std: "docker" "inspect" "3658986dfd97dff9d86d28a17cf2a4f760dfdef556fb78bf77f8bf0973e8431f", kill_on_drop: false }`
[INFO] running `Command { std: "docker" "exec" "-e" "SOURCE_DIR=/opt/rustwide/workdir" "-e" "CARGO_HOME=/opt/rustwide/cargo-home" "-e" "RUSTUP_HOME=/opt/rustwide/rustup-home" "-e" "CARGO_TARGET_DIR=/opt/rustwide/target" "-w" "/opt/rustwide/workdir" "--user" "0:0" "3658986dfd97dff9d86d28a17cf2a4f760dfdef556fb78bf77f8bf0973e8431f" "/opt/rustwide/cargo-home/bin/cargo" "+1.99.0-beta.8" "metadata" "--no-deps" "--format-version=1", kill_on_drop: false }`
[INFO] running `Command { std: "docker" "inspect" "3658986dfd97dff9d86d28a17cf2a4f760dfdef556fb78bf77f8bf0973e8431f", kill_on_drop: false }`
[INFO] running `Command { std: "docker" "exec" "-e" "SOURCE_DIR=/opt/rustwide/workdir" "-e" "CARGO_HOME=/opt/rustwide/cargo-home" "-e" "RUSTUP_HOME=/opt/rustwide/rustup-home" "-e" "CARGO_TARGET_DIR=/opt/rustwide/target" "-e" "CARGO_INCREMENTAL=0" "-e" "RUST_BACKTRACE=full" "-e" "RUSTFLAGS=--cap-lints=warn" "-e" "RUSTDOCFLAGS=--cap-lints=warn" "-w" "/opt/rustwide/workdir" "--user" "0:0" "3658986dfd97dff9d86d28a17cf2a4f760dfdef556fb78bf77f8bf0973e8431f" "/opt/rustwide/cargo-home/bin/cargo" "+1.99.0-beta.8" "build" "--frozen" "--message-format=json" "--release", kill_on_drop: false }`
[INFO] [stderr]    Compiling libc v0.2.174
[INFO] [stderr]    Compiling writeable v0.6.1
[INFO] [stderr]    Compiling litemap v0.8.0
[INFO] [stderr]    Compiling cc v1.2.30
[INFO] [stderr]    Compiling tracing-core v0.1.34
[INFO] [stderr]    Compiling cfg-if v1.0.1
[INFO] [stderr]    Compiling icu_normalizer_data v2.0.0
[INFO] [stderr]    Compiling icu_properties_data v2.0.1
[INFO] [stderr]    Compiling openssl v0.10.73
[INFO] [stderr]    Compiling bitflags v2.9.1
[INFO] [stderr]    Compiling syn v2.0.104
[INFO] [stderr]    Compiling hashbrown v0.15.4
[INFO] [stderr]    Compiling serde v1.0.219
[INFO] [stderr]    Compiling slab v0.4.10
[INFO] [stderr]    Compiling native-tls v0.2.14
[INFO] [stderr]    Compiling anstyle-query v1.1.3
[INFO] [stderr]    Compiling anstyle v1.0.11
[INFO] [stderr]    Compiling sync_wrapper v1.0.2
[INFO] [stderr]    Compiling clap_lex v0.7.5
[INFO] [stderr]    Compiling anstream v0.6.19
[INFO] [stderr]    Compiling serde_json v1.0.141
[INFO] [stderr]    Compiling zeroize v1.8.1
[INFO] [stderr]    Compiling memchr v2.7.5
[INFO] [stderr]    Compiling iri-string v0.7.8
[INFO] [stderr]    Compiling thread_local v1.1.9
[INFO] [stderr]    Compiling encoding_rs v0.8.35
[INFO] [stderr]    Compiling rustls-pki-types v1.12.0
[INFO] [stderr]    Compiling clap_builder v4.5.41
[INFO] [stderr]    Compiling tracing-log v0.2.0
[INFO] [stderr]    Compiling openssl-src v300.5.1+3.5.1
[INFO] [stderr]    Compiling tracing-subscriber v0.3.19
[INFO] [stderr]    Compiling indexmap v2.10.0
[INFO] [stderr]    Compiling mio v1.0.4
[INFO] [stderr]    Compiling socket2 v0.5.10
[INFO] [stderr]    Compiling socket2 v0.6.0
[INFO] [stderr]    Compiling openssl-sys v0.9.109
[INFO] [stderr]    Compiling synstructure v0.13.2
[INFO] [stderr]    Compiling zerofrom-derive v0.1.6
[INFO] [stderr]    Compiling yoke-derive v0.8.0
[INFO] [stderr]    Compiling zerovec-derive v0.11.1
[INFO] [stderr]    Compiling displaydoc v0.2.5
[INFO] [stderr]    Compiling tokio-macros v2.5.0
[INFO] [stderr]    Compiling tracing-attributes v0.1.30
[INFO] [stderr]    Compiling openssl-macros v0.1.1
[INFO] [stderr]    Compiling serde_derive v1.0.219
[INFO] [stderr]    Compiling clap_derive v4.5.41
[INFO] [stderr]    Compiling thiserror-impl v2.0.12
[INFO] [stderr]    Compiling zerofrom v0.1.6
[INFO] [stderr]    Compiling tokio v1.46.1
[INFO] [stderr]    Compiling yoke v0.8.0
[INFO] [stderr]    Compiling zerotrie v0.2.2
[INFO] [stderr]    Compiling thiserror v2.0.12
[INFO] [stderr]    Compiling zerovec v0.11.2
[INFO] [stderr]    Compiling tracing v0.1.41
[INFO] [stderr]    Compiling clap v4.5.41
[INFO] [stderr]    Compiling clap_complete v4.5.55
[INFO] [stderr]    Compiling tinystr v0.8.1
[INFO] [stderr]    Compiling potential_utf v0.1.2
[INFO] [stderr]    Compiling icu_collections v2.0.0
[INFO] [stderr]    Compiling icu_locale_core v2.0.0
[INFO] [stderr]    Compiling icu_provider v2.0.0
[INFO] [stderr]    Compiling icu_normalizer v2.0.0
[INFO] [stderr]    Compiling icu_properties v2.0.1
[INFO] [stderr]    Compiling idna_adapter v1.2.1
[INFO] [stderr]    Compiling idna v1.0.3
[INFO] [stderr]    Compiling url v2.5.4
[INFO] [stderr]    Compiling serde_urlencoded v0.7.1
[INFO] [stderr]    Compiling tokio-util v0.7.15
[INFO] [stderr]    Compiling tower v0.5.2
[INFO] [stderr]    Compiling tower-http v0.6.6
[INFO] [stderr]    Compiling h2 v0.4.11
[INFO] [stderr]    Compiling hyper v1.6.0
[INFO] [stderr]    Compiling hyper-util v0.1.16
[INFO] [stderr]    Compiling tokio-native-tls v0.3.1
[INFO] [stderr]    Compiling hyper-tls v0.6.0
[INFO] [stderr]    Compiling reqwest v0.12.22
[INFO] [stderr]    Compiling ubi-rs v0.1.6 (/opt/rustwide/workdir)
[INFO] [stdout] warning: fields `http_client` and `token` are never read
[INFO] [stdout]  --> src/ubiclient.rs:7:5
[INFO] [stdout]   |
[INFO] [stdout] 6 | pub struct UbiClient {
[INFO] [stdout]   |            --------- fields in this struct
[INFO] [stdout] 7 |     http_client: Arc<HTTPClient>,
[INFO] [stdout]   |     ^^^^^^^^^^^
[INFO] [stdout] 8 |     token: String,
[INFO] [stdout]   |     ^^^^^
[INFO] [stdout]   |
[INFO] [stdout]   = note: `#[warn(dead_code)]` (part of `#[warn(unused)]`) on by default
[INFO] [stdout] 
[INFO] [stdout] 
[INFO] [stdout] warning: function `ensure_input` is never used
[INFO] [stdout]    --> src/main.rs:173:4
[INFO] [stdout]     |
[INFO] [stdout] 173 | fn ensure_input(msg: &str) -> bool {
[INFO] [stdout]     |    ^^^^^^^^^^^^
[INFO] [stdout]     |
[INFO] [stdout]     = note: `#[warn(dead_code)]` (part of `#[warn(unused)]`) on by default
[INFO] [stdout] 
[INFO] [stdout] 
[INFO] [stderr]     Finished `release` profile [optimized] target(s) in 2m 51s
[INFO] running `Command { std: "docker" "inspect" "3658986dfd97dff9d86d28a17cf2a4f760dfdef556fb78bf77f8bf0973e8431f", kill_on_drop: false }`
[INFO] running `Command { std: "docker" "exec" "-e" "SOURCE_DIR=/opt/rustwide/workdir" "-e" "CARGO_HOME=/opt/rustwide/cargo-home" "-e" "RUSTUP_HOME=/opt/rustwide/rustup-home" "-e" "CARGO_TARGET_DIR=/opt/rustwide/target" "-e" "CARGO_INCREMENTAL=0" "-e" "RUST_BACKTRACE=full" "-e" "RUSTFLAGS=--cap-lints=warn" "-e" "RUSTDOCFLAGS=--cap-lints=warn" "-w" "/opt/rustwide/workdir" "--user" "0:0" "3658986dfd97dff9d86d28a17cf2a4f760dfdef556fb78bf77f8bf0973e8431f" "/opt/rustwide/cargo-home/bin/cargo" "+1.99.0-beta.8" "test" "--frozen" "--no-run" "--message-format=json" "--release", kill_on_drop: false }`
[INFO] [stderr]    Compiling lock_api v0.4.13
[INFO] [stderr]    Compiling parking_lot_core v0.9.11
[INFO] [stderr]    Compiling getrandom v0.3.3
[INFO] [stderr]    Compiling zerocopy v0.8.26
[INFO] [stderr]    Compiling aho-corasick v1.1.3
[INFO] [stderr]    Compiling async-stream-impl v0.3.6
[INFO] [stderr]    Compiling assert-json-diff v2.0.2
[INFO] [stderr]    Compiling colored v3.0.0
[INFO] [stderr]    Compiling async-stream v0.3.6
[INFO] [stderr]    Compiling rand_core v0.9.3
[INFO] [stderr]    Compiling parking_lot v0.12.4
[INFO] [stderr]    Compiling tokio v1.46.1
[INFO] [stderr]    Compiling regex-automata v0.4.9
[INFO] [stderr]    Compiling ppv-lite86 v0.2.21
[INFO] [stderr]    Compiling rand_chacha v0.9.0
[INFO] [stderr]    Compiling rand v0.9.2
[INFO] [stderr]    Compiling regex v1.11.1
[INFO] [stderr]    Compiling tokio-util v0.7.15
[INFO] [stderr]    Compiling tokio-native-tls v0.3.1
[INFO] [stderr]    Compiling tower v0.5.2
[INFO] [stderr]    Compiling tokio-stream v0.1.17
[INFO] [stderr]    Compiling tower-http v0.6.6
[INFO] [stderr]    Compiling tokio-test v0.4.4
[INFO] [stderr]    Compiling h2 v0.4.11
[INFO] [stderr]    Compiling hyper v1.6.0
[INFO] [stderr]    Compiling hyper-util v0.1.16
[INFO] [stderr]    Compiling hyper-tls v0.6.0
[INFO] [stderr]    Compiling mockito v1.7.0
[INFO] [stderr]    Compiling reqwest v0.12.22
[INFO] [stderr]    Compiling ubi-rs v0.1.6 (/opt/rustwide/workdir)
[INFO] [stdout] warning: fields `http_client` and `token` are never read
[INFO] [stdout]  --> src/ubiclient.rs:7:5
[INFO] [stdout]   |
[INFO] [stdout] 6 | pub struct UbiClient {
[INFO] [stdout]   |            --------- fields in this struct
[INFO] [stdout] 7 |     http_client: Arc<HTTPClient>,
[INFO] [stdout]   |     ^^^^^^^^^^^
[INFO] [stdout] 8 |     token: String,
[INFO] [stdout]   |     ^^^^^
[INFO] [stdout]   |
[INFO] [stdout]   = note: `#[warn(dead_code)]` (part of `#[warn(unused)]`) on by default
[INFO] [stdout] 
[INFO] [stdout] 
[INFO] [stdout] warning: function `ensure_input` is never used
[INFO] [stdout]    --> src/main.rs:173:4
[INFO] [stdout]     |
[INFO] [stdout] 173 | fn ensure_input(msg: &str) -> bool {
[INFO] [stdout]     |    ^^^^^^^^^^^^
[INFO] [stdout]     |
[INFO] [stdout]     = note: `#[warn(dead_code)]` (part of `#[warn(unused)]`) on by default
[INFO] [stdout] 
[INFO] [stdout] 
[INFO] [stdout] warning: fields `http_client` and `token` are never read
[INFO] [stdout]  --> src/ubiclient.rs:7:5
[INFO] [stdout]   |
[INFO] [stdout] 6 | pub struct UbiClient {
[INFO] [stdout]   |            --------- fields in this struct
[INFO] [stdout] 7 |     http_client: Arc<HTTPClient>,
[INFO] [stdout]   |     ^^^^^^^^^^^
[INFO] [stdout] 8 |     token: String,
[INFO] [stdout]   |     ^^^^^
[INFO] [stdout]   |
[INFO] [stdout]   = note: `#[warn(dead_code)]` (part of `#[warn(unused)]`) on by default
[INFO] [stdout] 
[INFO] [stdout] 
[INFO] [stderr]     Finished `release` profile [optimized] target(s) in 59.61s
[INFO] running `Command { std: "docker" "inspect" "3658986dfd97dff9d86d28a17cf2a4f760dfdef556fb78bf77f8bf0973e8431f", kill_on_drop: false }`
[INFO] running `Command { std: "docker" "exec" "-e" "SOURCE_DIR=/opt/rustwide/workdir" "-e" "CARGO_HOME=/opt/rustwide/cargo-home" "-e" "RUSTUP_HOME=/opt/rustwide/rustup-home" "-e" "CARGO_TARGET_DIR=/opt/rustwide/target" "-e" "CARGO_INCREMENTAL=0" "-e" "RUST_BACKTRACE=full" "-e" "RUSTFLAGS=--cap-lints=warn" "-e" "RUSTDOCFLAGS=--cap-lints=warn" "-w" "/opt/rustwide/workdir" "--user" "0:0" "3658986dfd97dff9d86d28a17cf2a4f760dfdef556fb78bf77f8bf0973e8431f" "/opt/rustwide/cargo-home/bin/cargo" "+1.99.0-beta.8" "test" "--frozen" "--release", kill_on_drop: false }`
[INFO] [stderr] warning: fields `http_client` and `token` are never read
[INFO] [stderr]  --> src/ubiclient.rs:7:5
[INFO] [stderr]   |
[INFO] [stderr] 6 | pub struct UbiClient {
[INFO] [stderr]   |            --------- fields in this struct
[INFO] [stderr] 7 |     http_client: Arc<HTTPClient>,
[INFO] [stderr]   |     ^^^^^^^^^^^
[INFO] [stderr] 8 |     token: String,
[INFO] [stderr]   |     ^^^^^
[INFO] [stderr]   |
[INFO] [stderr]   = note: `#[warn(dead_code)]` (part of `#[warn(unused)]`) on by default
[INFO] [stderr] 
[INFO] [stderr] warning: `ubi-rs` (lib) generated 1 warning
[INFO] [stderr] warning: `ubi-rs` (lib test) generated 1 warning (1 duplicate)
[INFO] [stderr] warning: function `ensure_input` is never used
[INFO] [stderr]    --> src/main.rs:173:4
[INFO] [stderr]     |
[INFO] [stderr] 173 | fn ensure_input(msg: &str) -> bool {
[INFO] [stderr]     |    ^^^^^^^^^^^^
[INFO] [stderr]     |
[INFO] [stderr]     = note: `#[warn(dead_code)]` (part of `#[warn(unused)]`) on by default
[INFO] [stderr] 
[INFO] [stderr] warning: `ubi-rs` (bin "ubi-rs" test) generated 1 warning
[INFO] [stderr]     Finished `release` profile [optimized] target(s) in 0.20s
[INFO] [stderr]      Running unittests src/lib.rs (/opt/rustwide/target/release/deps/ubi_rs-b53bdabd46e982b3)
[INFO] [stdout] 
[INFO] [stdout] running 29 tests
[INFO] [stdout] test commands::kc::tests::test_cluster_item_serialization ... ok
[INFO] [stdout] test commands::kc::tests::test_req_cluster_create_default ... ok
[INFO] [stdout] test commands::kc::tests::test_query_params_default ... ok
[INFO] [stdout] test commands::project::tests::test_delete_project_forbidden ... ok
[INFO] [stdout] test commands::kc::tests::test_list_kubernetes_clusters_api_error ... ok
[INFO] [stdout] test commands::project::tests::test_create_project_validation_error ... ok
[INFO] [stdout] test commands::kc::tests::test_create_kubernetes_cluster_validation_error ... ok
[INFO] [stdout] test commands::project::tests::test_delete_project_success ... ok
[INFO] [stdout] test commands::kc::tests::test_delete_kubernetes_cluster_success ... ok
[INFO] [stdout] test commands::project::tests::test_project_list_default ... ok
[INFO] [stdout] test commands::project::tests::test_project_list_serialization ... ok
[INFO] [stdout] test commands::project::tests::test_delete_project_not_found ... ok
[INFO] [stdout] test commands::kc::tests::test_encode_param_in_urls ... ok
[INFO] [stdout] test commands::project::tests::test_user_project_serialization ... ok
[INFO] [stdout] test commands::project::tests::test_user_project_default ... ok
[INFO] [stdout] test commands::kc::tests::test_download_kc_config_with_encoded_params ... ok
[INFO] [stdout] test commands::project::tests::test_create_project_success ... ok
[INFO] [stdout] test commands::kc::tests::test_list_kubernetes_clusters_success ... ok
[INFO] [stdout] test commands::kc::tests::test_download_kc_config_success ... FAILED
[INFO] [stdout] test commands::project::tests::test_create_project_conflict_error ... ok
[INFO] [stdout] test commands::kc::tests::test_list_kubernetes_clusters_with_query_params ... ok
[INFO] [stdout] test commands::kc::tests::test_delete_kubernetes_cluster_not_found ... ok
[INFO] [stdout] test commands::project::tests::test_list_projects_success ... ok
[INFO] [stdout] test commands::kc::tests::test_create_kubernetes_cluster_success ... ok
[INFO] [stdout] test commands::project::tests::test_create_project_with_special_characters ... ok
[INFO] [stdout] test commands::project::tests::test_list_projects_empty ... ok
[INFO] [stdout] test commands::project::tests::test_project_new ... ok
[INFO] [stdout] test commands::project::tests::test_delete_project_with_special_id ... ok
[INFO] [stdout] test commands::project::tests::test_list_projects_api_error ... ok
[INFO] [stdout] 
[INFO] [stdout] failures:
[INFO] [stdout] 
[INFO] [stdout] ---- commands::kc::tests::test_download_kc_config_success stdout ----
[INFO] [stdout] 
[INFO] [stdout] thread 'commands::kc::tests::test_download_kc_config_success' (12694) panicked at src/commands/kc.rs:401:14:
[INFO] [stdout] called `Result::unwrap()` on an `Err` value: ReqwestError(reqwest::Error { kind: Decode, source: Error("EOF while parsing a value", line: 1, column: 0) })
[INFO] [stdout] stack backtrace:
[INFO] [stdout]    0:     0x628a163b17f1 - <<std[70759c8f55707aa4]::sys::backtrace::BacktraceLock>::print::DisplayBacktrace as core[df12db4294e9bfd3]::fmt::Display>::fmt
[INFO] [stdout]    1:     0x628a163c8b7a - core[df12db4294e9bfd3]::fmt::write
[INFO] [stdout]    2:     0x628a163b630c - <alloc[2182bb758b4b3781]::vec::Vec<u8> as core[df12db4294e9bfd3]::io::write::Write>::write_fmt
[INFO] [stdout]    3:     0x628a1638cce6 - std[70759c8f55707aa4]::panicking::default_hook::{closure#0}
[INFO] [stdout]    4:     0x628a163a9819 - std[70759c8f55707aa4]::panicking::default_hook
[INFO] [stdout]    5:     0x628a15d65a30 - test[9d35eded1c95d3be]::test_main_inner::<test[9d35eded1c95d3be]::test_main_static::{closure#0}>::{closure#0}
[INFO] [stdout]    6:     0x628a163a9b42 - std[70759c8f55707aa4]::panicking::panic_with_hook
[INFO] [stdout]    7:     0x628a1638cd92 - std[70759c8f55707aa4]::panicking::panic_handler::{closure#0}
[INFO] [stdout]    8:     0x628a16385a39 - std[70759c8f55707aa4]::sys::backtrace::__rust_end_short_backtrace::<std[70759c8f55707aa4]::panicking::panic_handler::{closure#0}, !>
[INFO] [stdout]    9:     0x628a1638db7d - __rustc[8fa7c3cbc660c2b3]::rust_begin_unwind
[INFO] [stdout]   10:     0x628a163c935c - core[df12db4294e9bfd3]::panicking::panic_fmt
[INFO] [stdout]   11:     0x628a163c9132 - core[df12db4294e9bfd3]::result::unwrap_failed
[INFO] [stdout]   12:     0x628a15d1e1d6 - ubi_rs[4523c3d2183598c0]::commands::kc::tests::test_download_kc_config_success::{closure#0}
[INFO] [stdout]   13:     0x628a15d5576a - <tokio[3c2600fe8727da39]::runtime::scheduler::current_thread::CurrentThread>::block_on::<core[df12db4294e9bfd3]::pin::Pin<&mut dyn core[df12db4294e9bfd3]::future::future::Future<Output = ()>>>
[INFO] [stdout]   14:     0x628a15d4e632 - <tokio[3c2600fe8727da39]::runtime::runtime::Runtime>::block_on::<core[df12db4294e9bfd3]::pin::Pin<&mut dyn core[df12db4294e9bfd3]::future::future::Future<Output = ()>>>
[INFO] [stdout]   15:     0x628a15d2594b - ubi_rs[4523c3d2183598c0]::commands::kc::tests::test_download_kc_config_success
[INFO] [stdout]   16:     0x628a15d4d729 - <ubi_rs[4523c3d2183598c0]::commands::kc::tests::test_download_kc_config_success::{closure#0} as core[df12db4294e9bfd3]::ops::function::FnOnce<()>>::call_once
[INFO] [stdout]   17:     0x628a15d58d1b - test[9d35eded1c95d3be]::__rust_begin_short_backtrace::<core[df12db4294e9bfd3]::result::Result<(), alloc[2182bb758b4b3781]::string::String>, fn() -> core[df12db4294e9bfd3]::result::Result<(), alloc[2182bb758b4b3781]::string::String>>
[INFO] [stdout]   18:     0x628a15d66385 - test[9d35eded1c95d3be]::run_test::{closure#0}
[INFO] [stdout]   19:     0x628a15d5fc44 - std[70759c8f55707aa4]::sys::backtrace::__rust_begin_short_backtrace::<test[9d35eded1c95d3be]::run_test::{closure#1}, ()>
[INFO] [stdout]   20:     0x628a15d694e2 - <std[70759c8f55707aa4]::thread::lifecycle::spawn_unchecked<test[9d35eded1c95d3be]::run_test::{closure#1}, ()>::{closure#1} as core[df12db4294e9bfd3]::ops::function::FnOnce<()>>::call_once::{shim:vtable#0}
[INFO] [stdout]   21:     0x628a163b0d19 - <std[70759c8f55707aa4]::sys::thread::unix::Thread>::new::thread_start
[INFO] [stdout]   22:     0x71dc8e312dfa - <unknown>
[INFO] [stdout]   23:     0x71dc8e3a63d4 - clone
[INFO] [stdout]   24:                0x0 - <unknown>
[INFO] [stdout] 
[INFO] [stdout] 
[INFO] [stdout] failures:
[INFO] [stdout]     commands::kc::tests::test_download_kc_config_success
[INFO] [stdout] 
[INFO] [stdout] test result: FAILED. 28 passed; 1 failed; 0 ignored; 0 measured; 0 filtered out; finished in 0.24s
[INFO] [stdout] 
[INFO] [stderr] error: test failed, to rerun pass `--lib`
[INFO] running `Command { std: "docker" "inspect" "3658986dfd97dff9d86d28a17cf2a4f760dfdef556fb78bf77f8bf0973e8431f", kill_on_drop: false }`
[INFO] running `Command { std: "docker" "rm" "-f" "3658986dfd97dff9d86d28a17cf2a4f760dfdef556fb78bf77f8bf0973e8431f", kill_on_drop: false }`
[INFO] [stdout] 3658986dfd97dff9d86d28a17cf2a4f760dfdef556fb78bf77f8bf0973e8431f
