[INFO] fetching crate uasset-lens-scanner 0.2.0...
[INFO] testing uasset-lens-scanner-0.2.0 against 1.100.0-beta.1+cargoflags=--release for beta-release-1.100-2
[INFO] extracting crate uasset-lens-scanner 0.2.0 into /workspace/builds/worker-0-tc2/source
[INFO] started tweaking crates.io crate uasset-lens-scanner 0.2.0
[INFO] removed 0 missing tests
[INFO] finished tweaking crates.io crate uasset-lens-scanner 0.2.0
[INFO] tweaked toml for crates.io crate uasset-lens-scanner 0.2.0 written to /workspace/builds/worker-0-tc2/source/Cargo.toml
[INFO] validating manifest of crates.io crate uasset-lens-scanner 0.2.0 on toolchain 1.100.0-beta.1
[INFO] running `Command { std: CARGO_HOME="/workspace/cargo-home" RUSTUP_HOME="/workspace/rustup-home" "/workspace/cargo-home/bin/cargo" "+1.100.0-beta.1" "metadata" "--manifest-path" "Cargo.toml" "--no-deps", kill_on_drop: false }`
[INFO] crate crates.io crate uasset-lens-scanner 0.2.0 already has a lockfile, it will not be regenerated
[INFO] running `Command { std: CARGO_HOME="/workspace/cargo-home" RUSTUP_HOME="/workspace/rustup-home" "/workspace/cargo-home/bin/cargo" "+1.100.0-beta.1" "fetch" "--manifest-path" "Cargo.toml", kill_on_drop: false }`
[INFO] [stderr] warning: `package.homepage` is redundant with `package.repository`
[INFO] [stderr]   --> Cargo.toml:34:12
[INFO] [stderr]    |
[INFO] [stderr] 34 | homepage = "https://github.com/itsakeyfut/uasset-lens"
[INFO] [stderr]    |            ^^^^^^^^^^^^^^^^^^^^^^^^^^^^^^^^^^^^^^^^^^^
[INFO] [stderr] ...
[INFO] [stderr] 39 | repository = "https://github.com/itsakeyfut/uasset-lens"
[INFO] [stderr]    |              -------------------------------------------
[INFO] [stderr]    |
[INFO] [stderr]    = note: `cargo::redundant_homepage` is set to `warn` by default
[INFO] [stderr] help: consider removing `package.homepage`
[INFO] [stderr] warning: `uasset-lens-scanner` (manifest) generated 1 warning
[INFO] running `Command { std: "docker" "create" "-v" "/var/lib/crater-agent-workspace/builds/worker-0-tc2/source:/opt/rustwide/workdir:ro,Z" "-v" "/var/lib/crater-agent-workspace/builds/worker-0-tc2/target:/opt/rustwide/target:rw,Z" "-v" "/var/lib/crater-agent-workspace/cargo-home:/opt/rustwide/cargo-home:ro,Z" "-v" "/var/lib/crater-agent-workspace/rustup-home:/opt/rustwide/rustup-home:ro,Z" "-m" "1610612736" "--network" "none" "ghcr.io/rust-lang/crates-build-env/linux@sha256:77db811e55d90add9212f6832c23229e3de5f1c1f9905e8cb07319ea15df73ac" "sleep" "infinity", kill_on_drop: false }`
[INFO] [stdout] 945e58d03c22dcbf758e21eab99db53d50b550733739f93c835a3fba1b04cfe5
[INFO] running `Command { std: "docker" "start" "945e58d03c22dcbf758e21eab99db53d50b550733739f93c835a3fba1b04cfe5", kill_on_drop: false }`
[INFO] running `Command { std: "docker" "inspect" "945e58d03c22dcbf758e21eab99db53d50b550733739f93c835a3fba1b04cfe5", kill_on_drop: false }`
[INFO] running `Command { std: "docker" "exec" "-e" "SOURCE_DIR=/opt/rustwide/workdir" "-e" "CARGO_HOME=/opt/rustwide/cargo-home" "-e" "RUSTUP_HOME=/opt/rustwide/rustup-home" "-e" "CARGO_TARGET_DIR=/opt/rustwide/target" "-w" "/opt/rustwide/workdir" "--user" "0:0" "945e58d03c22dcbf758e21eab99db53d50b550733739f93c835a3fba1b04cfe5" "/opt/rustwide/cargo-home/bin/cargo" "+1.100.0-beta.1" "metadata" "--no-deps" "--format-version=1", kill_on_drop: false }`
[INFO] running `Command { std: "docker" "inspect" "945e58d03c22dcbf758e21eab99db53d50b550733739f93c835a3fba1b04cfe5", kill_on_drop: false }`
[INFO] running `Command { std: "docker" "exec" "-e" "SOURCE_DIR=/opt/rustwide/workdir" "-e" "CARGO_HOME=/opt/rustwide/cargo-home" "-e" "RUSTUP_HOME=/opt/rustwide/rustup-home" "-e" "CARGO_TARGET_DIR=/opt/rustwide/target" "-e" "CARGO_INCREMENTAL=0" "-e" "RUST_BACKTRACE=full" "-e" "RUSTFLAGS=--cap-lints=warn" "-e" "RUSTDOCFLAGS=--cap-lints=warn" "-w" "/opt/rustwide/workdir" "--user" "0:0" "945e58d03c22dcbf758e21eab99db53d50b550733739f93c835a3fba1b04cfe5" "/opt/rustwide/cargo-home/bin/cargo" "+1.100.0-beta.1" "build" "--frozen" "--message-format=json" "--release", kill_on_drop: false }`
[INFO] [stderr] warning: `package.homepage` is redundant with `package.repository`
[INFO] [stderr]   --> Cargo.toml:34:12
[INFO] [stderr]    |
[INFO] [stderr] 34 | homepage = "https://github.com/itsakeyfut/uasset-lens"
[INFO] [stderr]    |            ^^^^^^^^^^^^^^^^^^^^^^^^^^^^^^^^^^^^^^^^^^^
[INFO] [stderr] ...
[INFO] [stderr] 39 | repository = "https://github.com/itsakeyfut/uasset-lens"
[INFO] [stderr]    |              -------------------------------------------
[INFO] [stderr]    |
[INFO] [stderr]    = note: `cargo::redundant_homepage` is set to `warn` by default
[INFO] [stderr] help: consider removing `package.homepage`
[INFO] [stderr] warning: `uasset-lens-scanner` (manifest) generated 1 warning
[INFO] [stderr]    Compiling quote v1.0.45
[INFO] [stderr]    Compiling crossbeam-utils v0.8.21
[INFO] [stderr]    Compiling either v1.15.0
[INFO] [stderr]    Compiling syn v2.0.117
[INFO] [stderr]    Compiling crossbeam-epoch v0.9.18
[INFO] [stderr]    Compiling crossbeam-deque v0.8.6
[INFO] [stderr]    Compiling rayon-core v1.13.0
[INFO] [stderr]    Compiling rayon v1.12.0
[INFO] [stderr]    Compiling serde_derive v1.0.228
[INFO] [stderr]    Compiling thiserror-impl v2.0.18
[INFO] [stderr]    Compiling tracing-attributes v0.1.31
[INFO] [stderr]    Compiling tracing v0.1.44
[INFO] [stderr]    Compiling thiserror v2.0.18
[INFO] [stderr]    Compiling serde v1.0.228
[INFO] [stderr]    Compiling uasset-lens-shared v0.2.0
[INFO] [stderr]    Compiling uasset-lens-scanner v0.2.0 (/opt/rustwide/workdir)
[INFO] [stderr]     Finished `release` profile [optimized] target(s) in 21.82s
[INFO] running `Command { std: "docker" "inspect" "945e58d03c22dcbf758e21eab99db53d50b550733739f93c835a3fba1b04cfe5", kill_on_drop: false }`
[INFO] running `Command { std: "docker" "exec" "-e" "SOURCE_DIR=/opt/rustwide/workdir" "-e" "CARGO_HOME=/opt/rustwide/cargo-home" "-e" "RUSTUP_HOME=/opt/rustwide/rustup-home" "-e" "CARGO_TARGET_DIR=/opt/rustwide/target" "-e" "CARGO_INCREMENTAL=0" "-e" "RUST_BACKTRACE=full" "-e" "RUSTFLAGS=--cap-lints=warn" "-e" "RUSTDOCFLAGS=--cap-lints=warn" "-w" "/opt/rustwide/workdir" "--user" "0:0" "945e58d03c22dcbf758e21eab99db53d50b550733739f93c835a3fba1b04cfe5" "/opt/rustwide/cargo-home/bin/cargo" "+1.100.0-beta.1" "test" "--frozen" "--no-run" "--message-format=json" "--release", kill_on_drop: false }`
[INFO] [stderr] warning: `package.homepage` is redundant with `package.repository`
[INFO] [stderr]   --> Cargo.toml:34:12
[INFO] [stderr]    |
[INFO] [stderr] 34 | homepage = "https://github.com/itsakeyfut/uasset-lens"
[INFO] [stderr]    |            ^^^^^^^^^^^^^^^^^^^^^^^^^^^^^^^^^^^^^^^^^^^
[INFO] [stderr] ...
[INFO] [stderr] 39 | repository = "https://github.com/itsakeyfut/uasset-lens"
[INFO] [stderr]    |              -------------------------------------------
[INFO] [stderr]    |
[INFO] [stderr]    = note: `cargo::redundant_homepage` is set to `warn` by default
[INFO] [stderr] help: consider removing `package.homepage`
[INFO] [stderr] warning: `uasset-lens-scanner` (manifest) generated 1 warning
[INFO] [stderr]    Compiling uasset-lens-scanner v0.2.0 (/opt/rustwide/workdir)
[INFO] [stderr]     Finished `release` profile [optimized] target(s) in 5.26s
[INFO] running `Command { std: "docker" "inspect" "945e58d03c22dcbf758e21eab99db53d50b550733739f93c835a3fba1b04cfe5", kill_on_drop: false }`
[INFO] running `Command { std: "docker" "exec" "-e" "SOURCE_DIR=/opt/rustwide/workdir" "-e" "CARGO_HOME=/opt/rustwide/cargo-home" "-e" "RUSTUP_HOME=/opt/rustwide/rustup-home" "-e" "CARGO_TARGET_DIR=/opt/rustwide/target" "-e" "CARGO_INCREMENTAL=0" "-e" "RUST_BACKTRACE=full" "-e" "RUSTFLAGS=--cap-lints=warn" "-e" "RUSTDOCFLAGS=--cap-lints=warn" "-w" "/opt/rustwide/workdir" "--user" "0:0" "945e58d03c22dcbf758e21eab99db53d50b550733739f93c835a3fba1b04cfe5" "/opt/rustwide/cargo-home/bin/cargo" "+1.100.0-beta.1" "test" "--frozen" "--release", kill_on_drop: false }`
[INFO] [stderr] warning: `package.homepage` is redundant with `package.repository`
[INFO] [stderr]   --> Cargo.toml:34:12
[INFO] [stderr]    |
[INFO] [stderr] 34 | homepage = "https://github.com/itsakeyfut/uasset-lens"
[INFO] [stderr]    |            ^^^^^^^^^^^^^^^^^^^^^^^^^^^^^^^^^^^^^^^^^^^
[INFO] [stderr] ...
[INFO] [stderr] 39 | repository = "https://github.com/itsakeyfut/uasset-lens"
[INFO] [stderr]    |              -------------------------------------------
[INFO] [stderr]    |
[INFO] [stderr]    = note: `cargo::redundant_homepage` is set to `warn` by default
[INFO] [stderr] help: consider removing `package.homepage`
[INFO] [stderr] warning: `uasset-lens-scanner` (manifest) generated 1 warning
[INFO] [stderr]     Finished `release` profile [optimized] target(s) in 0.06s
[INFO] [stdout] 
[INFO] [stderr]      Running unittests src/lib.rs (/opt/rustwide/target/release/build/uasset-lens-scanner/94711f0c6537d146/out/uasset_lens_scanner-94711f0c6537d146)
[INFO] [stdout] running 88 tests
[INFO] [stdout] test anim_montage::tests::extract_anim_montage_soft_refs_should_skip_non_game_paths ... ok
[INFO] [stdout] test anim_montage::tests::extract_anim_montage_soft_refs_should_extract_soft_ref_inside_struct_array ... ok
[INFO] [stdout] test anim_montage::tests::extract_anim_montage_soft_refs_should_extract_refs_from_multiple_struct_elements ... ok
[INFO] [stdout] test blueprint::tests::extract_blueprint_metrics_should_count_k2node_exports ... ok
[INFO] [stdout] test blueprint::tests::extract_blueprint_metrics_should_not_count_non_k2node_exports ... ok
[INFO] [stdout] test blueprint::tests::extract_blueprint_metrics_should_not_set_event_tick_without_receive_tick_in_name_table ... ok
[INFO] [stdout] test blueprint::tests::extract_blueprint_metrics_should_set_dependency_depth_from_deps_count ... ok
[INFO] [stdout] test anim_montage::tests::extract_anim_montage_soft_refs_should_extract_top_level_soft_object_property ... ok
[INFO] [stdout] test anim_montage::tests::is_anim_montage_asset_should_return_true_for_anim_montage ... ok
[INFO] [stdout] test data_table::tests::extract_data_table_soft_refs_should_extract_name_property_game_path ... ok
[INFO] [stdout] test blueprint::tests::is_blueprint_asset_should_return_false_for_non_blueprint_types ... ok
[INFO] [stdout] test data_table::tests::extract_data_table_soft_refs_should_extract_soft_object_property_path ... ok
[INFO] [stdout] test data_table::tests::extract_data_table_soft_refs_should_extract_str_property_path ... ok
[INFO] [stdout] test data_table::tests::extract_data_table_soft_refs_should_handle_multiple_rows ... ok
[INFO] [stdout] test anim_montage::tests::is_anim_montage_asset_should_return_false_for_non_anim_montage ... ok
[INFO] [stdout] test data_table::tests::extract_data_table_soft_refs_should_skip_non_game_paths ... ok
[INFO] [stdout] test data_table::tests::extract_data_table_soft_refs_should_return_empty_for_non_data_table_export ... ok
[INFO] [stdout] test anim_montage::tests::extract_anim_montage_soft_refs_should_return_empty_for_zero_export_count ... ok
[INFO] [stdout] test data_table::tests::extract_data_table_soft_refs_should_return_empty_for_zero_export_count ... ok
[INFO] [stdout] test data_table::tests::extract_data_table_soft_refs_should_skip_own_props_before_rows ... ok
[INFO] [stdout] test data_table::tests::is_data_table_asset_should_return_false_for_non_data_table ... ok
[INFO] [stdout] test anim_montage::tests::extract_anim_montage_soft_refs_should_return_empty_for_non_anim_montage_export ... ok
[INFO] [stdout] test blueprint::tests::is_blueprint_asset_should_return_true_for_blueprint_anim_blueprint_user_widget ... ok
[INFO] [stdout] test data_table::tests::is_data_table_asset_should_return_true_for_data_table ... ok
[INFO] [stdout] test anim_montage::tests::extract_anim_montage_soft_refs_should_extract_deeply_nested_ref ... ok
[INFO] [stdout] test level_sequence::tests::is_level_sequence_asset_should_return_false_for_non_level_sequence ... ok
[INFO] [stdout] test level_sequence::tests::extract_level_sequence_soft_refs_should_extract_soft_ref_from_single_export ... ok
[INFO] [stdout] test level_sequence::tests::is_level_sequence_asset_should_return_true_for_level_sequence ... ok
[INFO] [stdout] test level_sequence::tests::extract_level_sequence_soft_refs_should_return_empty_for_zero_export_count ... ok
[INFO] [stdout] test level_sequence::tests::extract_level_sequence_soft_refs_should_skip_non_game_paths ... ok
[INFO] [stdout] test material::tests::is_material_asset_should_return_true_for_material_and_false_for_others ... ok
[INFO] [stdout] test parser::export::tests::class_name_to_asset_type_should_return_blueprint_interface_for_blueprint_interface ... ok
[INFO] [stdout] test parser::export::tests::class_name_to_asset_type_should_return_data_asset_for_data_asset ... ok
[INFO] [stdout] test parser::export::tests::class_name_to_asset_type_should_return_data_table_for_data_table ... ok
[INFO] [stdout] test parser::export::tests::class_name_to_asset_type_should_return_dialogue_wave_for_dialogue_wave ... ok
[INFO] [stdout] test parser::export::tests::class_name_to_asset_type_should_return_ik_retargeter_for_ik_retargeter ... ok
[INFO] [stdout] test level_sequence::tests::extract_level_sequence_soft_refs_should_extract_ref_from_nested_struct ... ok
[INFO] [stdout] test material::tests::extract_texture_sample_count_should_count_only_texture_sample_class_exports ... ok
[INFO] [stdout] test parser::export::tests::class_name_to_asset_type_should_return_level_sequence_for_level_sequence ... ok
[INFO] [stdout] test level_sequence::tests::extract_level_sequence_soft_refs_should_extract_refs_from_multiple_exports ... ok
[INFO] [stdout] test material::tests::extract_texture_sample_count_should_return_zero_when_no_exports_match ... ok
[INFO] [stdout] test parser::export::tests::class_name_to_asset_type_should_return_material_function_for_material_function ... ok
[INFO] [stdout] test level_sequence::tests::extract_level_sequence_soft_refs_should_skip_exports_with_zero_serial_size ... ok
[INFO] [stdout] test parser::export::tests::class_name_to_asset_type_should_return_anim_montage_for_anim_montage ... ok
[INFO] [stdout] test parser::export::tests::class_name_to_asset_type_should_return_niagara_emitter_for_niagara_emitter ... ok
[INFO] [stdout] test parser::export::tests::class_name_to_asset_type_should_return_anim_sequence_for_anim_sequence ... ok
[INFO] [stdout] test parser::export::tests::class_name_to_asset_type_should_return_niagara_system_for_niagara_system ... ok
[INFO] [stdout] test parser::export::tests::class_name_to_asset_type_should_return_none_for_unknown_class ... ok
[INFO] [stdout] test parser::export::tests::parse_export_table_should_return_unknown_for_empty_count ... ok
[INFO] [stdout] test parser::header::tests::parse_header_should_return_invalid_data_when_export_count_is_negative ... FAILED
[INFO] [stdout] test parser::header::tests::parse_header_should_return_invalid_data_when_name_count_is_negative ... FAILED
[INFO] [stdout] test parser::header::tests::parse_header_should_return_invalid_data_when_name_offset_is_negative ... FAILED
[INFO] [stdout] test parser::export::tests::class_name_to_asset_type_should_return_ik_rig_definition_for_ik_rig_definition ... ok
[INFO] [stdout] test parser::export::tests::parse_export_table_should_return_blueprint_for_bp_simple_fixture ... FAILED
[INFO] [stdout] test parser::export::tests::parse_export_table_should_return_object_redirector_for_redirect_fixture ... FAILED
[INFO] [stdout] test parser::export::tests::parse_export_table_should_return_texture2d_for_t_rock_fixture ... FAILED
[INFO] [stdout] test parser::export::tests::class_name_to_asset_type_should_return_sound_cue_for_sound_cue ... ok
[INFO] [stdout] test parser::export::tests::class_name_to_asset_type_should_return_sound_wave_for_sound_wave ... ok
[INFO] [stdout] test parser::header::tests::parse_header_should_return_invalid_magic_for_bad_magic_bin ... FAILED
[INFO] [stdout] test parser::header::tests::parse_header_should_return_unexpected_eof_for_truncated_bin ... FAILED
[INFO] [stdout] test parser::header::tests::parse_header_should_succeed_for_redirect_fixture ... FAILED
[INFO] [stdout] test parser::header::tests::parse_header_should_succeed_for_sm_cube_fixture ... FAILED
[INFO] [stdout] test parser::header::tests::parse_header_should_succeed_for_l_test_map_fixture ... FAILED
[INFO] [stdout] test parser::header::tests::parse_header_should_succeed_for_t_rock_fixture ... FAILED
[INFO] [stdout] test parser::import::tests::parse_import_entries_should_exclude_script_and_engine_paths ... ok
[INFO] [stdout] test parser::import::tests::parse_import_entries_should_ignore_non_package_level_entries ... ok
[INFO] [stdout] test parser::import::tests::parse_import_entries_should_return_game_paths_for_bp_simple_fixture ... FAILED
[INFO] [stdout] test parser::name_table::tests::parse_name_table_should_handle_utf16_entry_as_empty_string_and_continue ... ok
[INFO] [stdout] test parser::header::tests::parse_header_should_succeed_for_m_basic_fixture ... FAILED
[INFO] [stdout] test parser::name_table::tests::parse_name_table_should_parse_inline_byte_sequence ... ok
[INFO] [stdout] test parser::header::tests::parse_header_should_succeed_for_bp_simple_fixture ... FAILED
[INFO] [stdout] test parser::name_table::tests::parse_name_table_should_return_expected_names_for_bp_simple_fixture ... FAILED
[INFO] [stdout] test parser::properties::tests::parse_properties_should_parse_int_bool_array_followed_by_none ... ok
[INFO] [stdout] test parser::properties::tests::parse_properties_should_parse_object_property ... ok
[INFO] [stdout] test parser::properties::tests::parse_properties_should_respect_offset_parameter ... ok
[INFO] [stdout] test parser::properties::tests::parse_properties_should_return_empty_vec_when_first_name_is_none ... ok
[INFO] [stdout] test parser::import::tests::parse_import_entries_should_return_class_name_idxs_matching_on_idx_field ... ok
[INFO] [stdout] test parser::soft_object_paths::tests::parse_soft_object_paths_should_return_all_entries_without_deduplication ... ok
[INFO] [stdout] test parser::soft_object_paths::tests::parse_soft_object_paths_should_return_empty_when_count_is_zero ... ok
[INFO] [stdout] test parser::soft_object_paths::tests::parse_soft_object_paths_should_return_game_paths_only ... ok
[INFO] [stdout] test parser::soft_object_paths::tests::parse_soft_object_paths_should_skip_sub_path_fstring ... ok
[INFO] [stdout] test tests::scan_files_should_set_blueprint_metrics_for_blueprint_asset ... FAILED
[INFO] [stdout] test tests::scan_files_should_set_material_texture_samples_for_material_asset ... FAILED
[INFO] [stdout] test tests::scan_files_should_set_no_blueprint_metrics_for_texture_asset ... FAILED
[INFO] [stdout] test parser::properties::tests::parse_properties_should_return_err_on_truncated_data ... ok
[INFO] [stdout] test parser::properties::tests::parse_properties_should_skip_unknown_type_and_continue_parsing ... ok
[INFO] [stdout] test tests::scan_files_should_extract_soft_refs_from_level_sequence_asset ... FAILED
[INFO] [stdout] test tests::scan_files_with_progress_should_invoke_callback_for_each_file_including_skipped ... FAILED
[INFO] [stdout] 
[INFO] [stdout] failures:
[INFO] [stdout] 
[INFO] [stdout] ---- parser::header::tests::parse_header_should_return_invalid_data_when_export_count_is_negative stdout ----
[INFO] [stdout] 
[INFO] [stdout] thread 'parser::header::tests::parse_header_should_return_invalid_data_when_export_count_is_negative' (516) panicked at src/parser/test_utils.rs:6:48:
[INFO] [stdout] called `Result::unwrap()` on an `Err` value: Os { code: 2, kind: NotFound, message: "No such file or directory" }
[INFO] [stdout] stack backtrace:
[INFO] [stdout]    0:     0x59cda0113c81 - <<std[617be2ca0a6fd877]::sys::backtrace::BacktraceLock>::print::DisplayBacktrace as core[a373ad73a504971]::fmt::Display>::fmt
[INFO] [stdout]    1:     0x59cda0127dfa - core[a373ad73a504971]::fmt::write
[INFO] [stdout]    2:     0x59cda0117f0c - <alloc[2e1b2a31b91974c5]::vec::Vec<u8> as core[a373ad73a504971]::io::write::Write>::write_fmt
[INFO] [stdout]    3:     0x59cda00ef2e6 - std[617be2ca0a6fd877]::panicking::default_hook::{closure#0}
[INFO] [stdout]    4:     0x59cda010bc59 - std[617be2ca0a6fd877]::panicking::default_hook
[INFO] [stdout]    5:     0x59cda009def0 - test[aada8e7e76ba119b]::test_main_inner::{closure#0}
[INFO] [stdout]    6:     0x59cda010bf82 - std[617be2ca0a6fd877]::panicking::panic_with_hook
[INFO] [stdout]    7:     0x59cda00ef392 - std[617be2ca0a6fd877]::panicking::panic_handler::{closure#0}
[INFO] [stdout]    8:     0x59cda00e7f19 - std[617be2ca0a6fd877]::sys::backtrace::__rust_end_short_backtrace::<std[617be2ca0a6fd877]::panicking::panic_handler::{closure#0}, !>
[INFO] [stdout]    9:     0x59cda00eff9d - __rustc[ea4f61d10b84890b]::rust_begin_unwind
[INFO] [stdout]   10:     0x59cda012855c - core[a373ad73a504971]::panicking::panic_fmt
[INFO] [stdout]   11:     0x59cda0128332 - core[a373ad73a504971]::result::unwrap_failed
[INFO] [stdout]   12:     0x59cda006e8d5 - uasset_lens_scanner[d454a00dc6120460]::parser::test_utils::read_fixture
[INFO] [stdout]   13:     0x59cda007c10e - <uasset_lens_scanner[d454a00dc6120460]::parser::header::tests::parse_header_should_return_invalid_data_when_export_count_is_negative::{closure#0} as core[a373ad73a504971]::ops::function::FnOnce<()>>::call_once
[INFO] [stdout]   14:     0x59cda009133b - test[aada8e7e76ba119b]::__rust_begin_short_backtrace::<core[a373ad73a504971]::result::Result<(), alloc[2e1b2a31b91974c5]::string::String>, fn() -> core[a373ad73a504971]::result::Result<(), alloc[2e1b2a31b91974c5]::string::String>>
[INFO] [stdout]   15:     0x59cda009e515 - test[aada8e7e76ba119b]::run_test::{closure#0}
[INFO] [stdout]   16:     0x59cda0097e04 - std[617be2ca0a6fd877]::sys::backtrace::__rust_begin_short_backtrace::<test[aada8e7e76ba119b]::run_test::{closure#1}, ()>
[INFO] [stdout]   17:     0x59cda00a15a2 - <std[617be2ca0a6fd877]::thread::lifecycle::spawn_unchecked<test[aada8e7e76ba119b]::run_test::{closure#1}, ()>::{closure#1} as core[a373ad73a504971]::ops::function::FnOnce<()>>::call_once::{shim:vtable#0}
[INFO] [stdout]   18:     0x59cda011318f - <std[617be2ca0a6fd877]::sys::thread::unix::Thread>::new::thread_start
[INFO] [stdout]   19:     0x703553893dfa - <unknown>
[INFO] [stdout]   20:     0x7035539273d4 - clone
[INFO] [stdout]   21:                0x0 - <unknown>
[INFO] [stdout] 
[INFO] [stdout] ---- parser::header::tests::parse_header_should_return_invalid_data_when_name_count_is_negative stdout ----
[INFO] [stdout] 
[INFO] [stdout] thread 'parser::header::tests::parse_header_should_return_invalid_data_when_name_count_is_negative' (517) panicked at src/parser/test_utils.rs:6:48:
[INFO] [stdout] called `Result::unwrap()` on an `Err` value: Os { code: 2, kind: NotFound, message: "No such file or directory" }
[INFO] [stdout] stack backtrace:
[INFO] [stdout]    0:     0x59cda0113c81 - <<std[617be2ca0a6fd877]::sys::backtrace::BacktraceLock>::print::DisplayBacktrace as core[a373ad73a504971]::fmt::Display>::fmt
[INFO] [stdout]    1:     0x59cda0127dfa - core[a373ad73a504971]::fmt::write
[INFO] [stdout]    2:     0x59cda0117f0c - <alloc[2e1b2a31b91974c5]::vec::Vec<u8> as core[a373ad73a504971]::io::write::Write>::write_fmt
[INFO] [stdout]    3:     0x59cda00ef2e6 - std[617be2ca0a6fd877]::panicking::default_hook::{closure#0}
[INFO] [stdout]    4:     0x59cda010bc59 - std[617be2ca0a6fd877]::panicking::default_hook
[INFO] [stdout]    5:     0x59cda009def0 - test[aada8e7e76ba119b]::test_main_inner::{closure#0}
[INFO] [stdout]    6:     0x59cda010bf82 - std[617be2ca0a6fd877]::panicking::panic_with_hook
[INFO] [stdout]    7:     0x59cda00ef392 - std[617be2ca0a6fd877]::panicking::panic_handler::{closure#0}
[INFO] [stdout]    8:     0x59cda00e7f19 - std[617be2ca0a6fd877]::sys::backtrace::__rust_end_short_backtrace::<std[617be2ca0a6fd877]::panicking::panic_handler::{closure#0}, !>
[INFO] [stdout]    9:     0x59cda00eff9d - __rustc[ea4f61d10b84890b]::rust_begin_unwind
[INFO] [stdout]   10:     0x59cda012855c - core[a373ad73a504971]::panicking::panic_fmt
[INFO] [stdout]   11:     0x59cda0128332 - core[a373ad73a504971]::result::unwrap_failed
[INFO] [stdout]   12:     0x59cda006e8d5 - uasset_lens_scanner[d454a00dc6120460]::parser::test_utils::read_fixture
[INFO] [stdout]   13:     0x59cda007bf0e - <uasset_lens_scanner[d454a00dc6120460]::parser::header::tests::parse_header_should_return_invalid_data_when_name_count_is_negative::{closure#0} as core[a373ad73a504971]::ops::function::FnOnce<()>>::call_once
[INFO] [stdout]   14:     0x59cda009133b - test[aada8e7e76ba119b]::__rust_begin_short_backtrace::<core[a373ad73a504971]::result::Result<(), alloc[2e1b2a31b91974c5]::string::String>, fn() -> core[a373ad73a504971]::result::Result<(), alloc[2e1b2a31b91974c5]::string::String>>
[INFO] [stdout]   15:     0x59cda009e515 - test[aada8e7e76ba119b]::run_test::{closure#0}
[INFO] [stdout]   16:     0x59cda0097e04 - std[617be2ca0a6fd877]::sys::backtrace::__rust_begin_short_backtrace::<test[aada8e7e76ba119b]::run_test::{closure#1}, ()>
[INFO] [stdout]   17:     0x59cda00a15a2 - <std[617be2ca0a6fd877]::thread::lifecycle::spawn_unchecked<test[aada8e7e76ba119b]::run_test::{closure#1}, ()>::{closure#1} as core[a373ad73a504971]::ops::function::FnOnce<()>>::call_once::{shim:vtable#0}
[INFO] [stdout]   18:     0x59cda011318f - <std[617be2ca0a6fd877]::sys::thread::unix::Thread>::new::thread_start
[INFO] [stdout]   19:     0x703553893dfa - <unknown>
[INFO] [stdout]   20:     0x7035539273d4 - clone
[INFO] [stdout]   21:                0x0 - <unknown>
[INFO] [stdout] 
[INFO] [stdout] ---- parser::header::tests::parse_header_should_return_invalid_data_when_name_offset_is_negative stdout ----
[INFO] [stdout] 
[INFO] [stdout] thread 'parser::header::tests::parse_header_should_return_invalid_data_when_name_offset_is_negative' (518) panicked at src/parser/test_utils.rs:6:48:
[INFO] [stdout] called `Result::unwrap()` on an `Err` value: Os { code: 2, kind: NotFound, message: "No such file or directory" }
[INFO] [stdout] stack backtrace:
[INFO] [stdout]    0:     0x59cda0113c81 - <<std[617be2ca0a6fd877]::sys::backtrace::BacktraceLock>::print::DisplayBacktrace as core[a373ad73a504971]::fmt::Display>::fmt
[INFO] [stdout]    1:     0x59cda0127dfa - core[a373ad73a504971]::fmt::write
[INFO] [stdout]    2:     0x59cda0117f0c - <alloc[2e1b2a31b91974c5]::vec::Vec<u8> as core[a373ad73a504971]::io::write::Write>::write_fmt
[INFO] [stdout]    3:     0x59cda00ef2e6 - std[617be2ca0a6fd877]::panicking::default_hook::{closure#0}
[INFO] [stdout]    4:     0x59cda010bc59 - std[617be2ca0a6fd877]::panicking::default_hook
[INFO] [stdout]    5:     0x59cda009def0 - test[aada8e7e76ba119b]::test_main_inner::{closure#0}
[INFO] [stdout]    6:     0x59cda010bf82 - std[617be2ca0a6fd877]::panicking::panic_with_hook
[INFO] [stdout]    7:     0x59cda00ef392 - std[617be2ca0a6fd877]::panicking::panic_handler::{closure#0}
[INFO] [stdout]    8:     0x59cda00e7f19 - std[617be2ca0a6fd877]::sys::backtrace::__rust_end_short_backtrace::<std[617be2ca0a6fd877]::panicking::panic_handler::{closure#0}, !>
[INFO] [stdout]    9:     0x59cda00eff9d - __rustc[ea4f61d10b84890b]::rust_begin_unwind
[INFO] [stdout]   10:     0x59cda012855c - core[a373ad73a504971]::panicking::panic_fmt
[INFO] [stdout]   11:     0x59cda0128332 - core[a373ad73a504971]::result::unwrap_failed
[INFO] [stdout]   12:     0x59cda006e8d5 - uasset_lens_scanner[d454a00dc6120460]::parser::test_utils::read_fixture
[INFO] [stdout]   13:     0x59cda007c00e - <uasset_lens_scanner[d454a00dc6120460]::parser::header::tests::parse_header_should_return_invalid_data_when_name_offset_is_negative::{closure#0} as core[a373ad73a504971]::ops::function::FnOnce<()>>::call_once
[INFO] [stdout]   14:     0x59cda009133b - test[aada8e7e76ba119b]::__rust_begin_short_backtrace::<core[a373ad73a504971]::result::Result<(), alloc[2e1b2a31b91974c5]::string::String>, fn() -> core[a373ad73a504971]::result::Result<(), alloc[2e1b2a31b91974c5]::string::String>>
[INFO] [stdout]   15:     0x59cda009e515 - test[aada8e7e76ba119b]::run_test::{closure#0}
[INFO] [stdout]   16:     0x59cda0097e04 - std[617be2ca0a6fd877]::sys::backtrace::__rust_begin_short_backtrace::<test[aada8e7e76ba119b]::run_test::{closure#1}, ()>
[INFO] [stdout]   17:     0x59cda00a15a2 - <std[617be2ca0a6fd877]::thread::lifecycle::spawn_unchecked<test[aada8e7e76ba119b]::run_test::{closure#1}, ()>::{closure#1} as core[a373ad73a504971]::ops::function::FnOnce<()>>::call_once::{shim:vtable#0}
[INFO] [stdout]   18:     0x59cda011318f - <std[617be2ca0a6fd877]::sys::thread::unix::Thread>::new::thread_start
[INFO] [stdout]   19:     0x703553893dfa - <unknown>
[INFO] [stdout]   20:     0x7035539273d4 - clone
[INFO] [stdout]   21:                0x0 - <unknown>
[INFO] [stdout] 
[INFO] [stdout] ---- parser::export::tests::parse_export_table_should_return_blueprint_for_bp_simple_fixture stdout ----
[INFO] [stdout] 
[INFO] [stdout] thread 'parser::export::tests::parse_export_table_should_return_blueprint_for_bp_simple_fixture' (512) panicked at src/parser/test_utils.rs:6:48:
[INFO] [stdout] called `Result::unwrap()` on an `Err` value: Os { code: 2, kind: NotFound, message: "No such file or directory" }
[INFO] [stdout] stack backtrace:
[INFO] [stdout]    0:     0x59cda0113c81 - <<std[617be2ca0a6fd877]::sys::backtrace::BacktraceLock>::print::DisplayBacktrace as core[a373ad73a504971]::fmt::Display>::fmt
[INFO] [stdout]    1:     0x59cda0127dfa - core[a373ad73a504971]::fmt::write
[INFO] [stdout]    2:     0x59cda0117f0c - <alloc[2e1b2a31b91974c5]::vec::Vec<u8> as core[a373ad73a504971]::io::write::Write>::write_fmt
[INFO] [stdout]    3:     0x59cda00ef2e6 - std[617be2ca0a6fd877]::panicking::default_hook::{closure#0}
[INFO] [stdout]    4:     0x59cda010bc59 - std[617be2ca0a6fd877]::panicking::default_hook
[INFO] [stdout]    5:     0x59cda009def0 - test[aada8e7e76ba119b]::test_main_inner::{closure#0}
[INFO] [stdout]    6:     0x59cda010bf82 - std[617be2ca0a6fd877]::panicking::panic_with_hook
[INFO] [stdout]    7:     0x59cda00ef392 - std[617be2ca0a6fd877]::panicking::panic_handler::{closure#0}
[INFO] [stdout]    8:     0x59cda00e7f19 - std[617be2ca0a6fd877]::sys::backtrace::__rust_end_short_backtrace::<std[617be2ca0a6fd877]::panicking::panic_handler::{closure#0}, !>
[INFO] [stdout]    9:     0x59cda00eff9d - __rustc[ea4f61d10b84890b]::rust_begin_unwind
[INFO] [stdout]   10:     0x59cda012855c - core[a373ad73a504971]::panicking::panic_fmt
[INFO] [stdout]   11:     0x59cda0128332 - core[a373ad73a504971]::result::unwrap_failed
[INFO] [stdout]   12:     0x59cda006e8d5 - uasset_lens_scanner[d454a00dc6120460]::parser::test_utils::read_fixture
[INFO] [stdout]   13:     0x59cda007e43d - <uasset_lens_scanner[d454a00dc6120460]::parser::export::tests::parse_export_table_should_return_blueprint_for_bp_simple_fixture::{closure#0} as core[a373ad73a504971]::ops::function::FnOnce<()>>::call_once
[INFO] [stdout]   14:     0x59cda009133b - test[aada8e7e76ba119b]::__rust_begin_short_backtrace::<core[a373ad73a504971]::result::Result<(), alloc[2e1b2a31b91974c5]::string::String>, fn() -> core[a373ad73a504971]::result::Result<(), alloc[2e1b2a31b91974c5]::string::String>>
[INFO] [stdout]   15:     0x59cda009e515 - test[aada8e7e76ba119b]::run_test::{closure#0}
[INFO] [stdout]   16:     0x59cda0097e04 - std[617be2ca0a6fd877]::sys::backtrace::__rust_begin_short_backtrace::<test[aada8e7e76ba119b]::run_test::{closure#1}, ()>
[INFO] [stdout]   17:     0x59cda00a15a2 - <std[617be2ca0a6fd877]::thread::lifecycle::spawn_unchecked<test[aada8e7e76ba119b]::run_test::{closure#1}, ()>::{closure#1} as core[a373ad73a504971]::ops::function::FnOnce<()>>::call_once::{shim:vtable#0}
[INFO] [stdout]   18:     0x59cda011318f - <std[617be2ca0a6fd877]::sys::thread::unix::Thread>::new::thread_start
[INFO] [stdout]   19:     0x703553893dfa - <unknown>
[INFO] [stdout]   20:     0x7035539273d4 - clone
[INFO] [stdout]   21:                0x0 - <unknown>
[INFO] [stdout] 
[INFO] [stdout] ---- parser::export::tests::parse_export_table_should_return_object_redirector_for_redirect_fixture stdout ----
[INFO] [stdout] 
[INFO] [stdout] thread 'parser::export::tests::parse_export_table_should_return_object_redirector_for_redirect_fixture' (513) panicked at src/parser/test_utils.rs:6:48:
[INFO] [stdout] called `Result::unwrap()` on an `Err` value: Os { code: 2, kind: NotFound, message: "No such file or directory" }
[INFO] [stdout] stack backtrace:
[INFO] [stdout]    0:     0x59cda0113c81 - <<std[617be2ca0a6fd877]::sys::backtrace::BacktraceLock>::print::DisplayBacktrace as core[a373ad73a504971]::fmt::Display>::fmt
[INFO] [stdout]    1:     0x59cda0127dfa - core[a373ad73a504971]::fmt::write
[INFO] [stdout]    2:     0x59cda0117f0c - <alloc[2e1b2a31b91974c5]::vec::Vec<u8> as core[a373ad73a504971]::io::write::Write>::write_fmt
[INFO] [stdout]    3:     0x59cda00ef2e6 - std[617be2ca0a6fd877]::panicking::default_hook::{closure#0}
[INFO] [stdout]    4:     0x59cda010bc59 - std[617be2ca0a6fd877]::panicking::default_hook
[INFO] [stdout]    5:     0x59cda009def0 - test[aada8e7e76ba119b]::test_main_inner::{closure#0}
[INFO] [stdout]    6:     0x59cda010bf82 - std[617be2ca0a6fd877]::panicking::panic_with_hook
[INFO] [stdout]    7:     0x59cda00ef392 - std[617be2ca0a6fd877]::panicking::panic_handler::{closure#0}
[INFO] [stdout]    8:     0x59cda00e7f19 - std[617be2ca0a6fd877]::sys::backtrace::__rust_end_short_backtrace::<std[617be2ca0a6fd877]::panicking::panic_handler::{closure#0}, !>
[INFO] [stdout]    9:     0x59cda00eff9d - __rustc[ea4f61d10b84890b]::rust_begin_unwind
[INFO] [stdout]   10:     0x59cda012855c - core[a373ad73a504971]::panicking::panic_fmt
[INFO] [stdout]   11:     0x59cda0128332 - core[a373ad73a504971]::result::unwrap_failed
[INFO] [stdout]   12:     0x59cda006e8d5 - uasset_lens_scanner[d454a00dc6120460]::parser::test_utils::read_fixture
[INFO] [stdout]   13:     0x59cda007e90d - <uasset_lens_scanner[d454a00dc6120460]::parser::export::tests::parse_export_table_should_return_object_redirector_for_redirect_fixture::{closure#0} as core[a373ad73a504971]::ops::function::FnOnce<()>>::call_once
[INFO] [stdout]   14:     0x59cda009133b - test[aada8e7e76ba119b]::__rust_begin_short_backtrace::<core[a373ad73a504971]::result::Result<(), alloc[2e1b2a31b91974c5]::string::String>, fn() -> core[a373ad73a504971]::result::Result<(), alloc[2e1b2a31b91974c5]::string::String>>
[INFO] [stdout]   15:     0x59cda009e515 - test[aada8e7e76ba119b]::run_test::{closure#0}
[INFO] [stdout]   16:     0x59cda0097e04 - std[617be2ca0a6fd877]::sys::backtrace::__rust_begin_short_backtrace::<test[aada8e7e76ba119b]::run_test::{closure#1}, ()>
[INFO] [stdout]   17:     0x59cda00a15a2 - <std[617be2ca0a6fd877]::thread::lifecycle::spawn_unchecked<test[aada8e7e76ba119b]::run_test::{closure#1}, ()>::{closure#1} as core[a373ad73a504971]::ops::function::FnOnce<()>>::call_once::{shim:vtable#0}
[INFO] [stdout]   18:     0x59cda011318f - <std[617be2ca0a6fd877]::sys::thread::unix::Thread>::new::thread_start
[INFO] [stdout]   19:     0x703553893dfa - <unknown>
[INFO] [stdout]   20:     0x7035539273d4 - clone
[INFO] [stdout]   21:                0x0 - <unknown>
[INFO] [stdout] 
[INFO] [stdout] ---- parser::export::tests::parse_export_table_should_return_texture2d_for_t_rock_fixture stdout ----
[INFO] [stdout] 
[INFO] [stdout] thread 'parser::export::tests::parse_export_table_should_return_texture2d_for_t_rock_fixture' (514) panicked at src/parser/test_utils.rs:6:48:
[INFO] [stdout] called `Result::unwrap()` on an `Err` value: Os { code: 2, kind: NotFound, message: "No such file or directory" }
[INFO] [stdout] stack backtrace:
[INFO] [stdout]    0:     0x59cda0113c81 - <<std[617be2ca0a6fd877]::sys::backtrace::BacktraceLock>::print::DisplayBacktrace as core[a373ad73a504971]::fmt::Display>::fmt
[INFO] [stdout]    1:     0x59cda0127dfa - core[a373ad73a504971]::fmt::write
[INFO] [stdout]    2:     0x59cda0117f0c - <alloc[2e1b2a31b91974c5]::vec::Vec<u8> as core[a373ad73a504971]::io::write::Write>::write_fmt
[INFO] [stdout]    3:     0x59cda00ef2e6 - std[617be2ca0a6fd877]::panicking::default_hook::{closure#0}
[INFO] [stdout]    4:     0x59cda010bc59 - std[617be2ca0a6fd877]::panicking::default_hook
[INFO] [stdout]    5:     0x59cda009def0 - test[aada8e7e76ba119b]::test_main_inner::{closure#0}
[INFO] [stdout]    6:     0x59cda010bf82 - std[617be2ca0a6fd877]::panicking::panic_with_hook
[INFO] [stdout]    7:     0x59cda00ef392 - std[617be2ca0a6fd877]::panicking::panic_handler::{closure#0}
[INFO] [stdout]    8:     0x59cda00e7f19 - std[617be2ca0a6fd877]::sys::backtrace::__rust_end_short_backtrace::<std[617be2ca0a6fd877]::panicking::panic_handler::{closure#0}, !>
[INFO] [stdout]    9:     0x59cda00eff9d - __rustc[ea4f61d10b84890b]::rust_begin_unwind
[INFO] [stdout]   10:     0x59cda012855c - core[a373ad73a504971]::panicking::panic_fmt
[INFO] [stdout]   11:     0x59cda0128332 - core[a373ad73a504971]::result::unwrap_failed
[INFO] [stdout]   12:     0x59cda006e8d5 - uasset_lens_scanner[d454a00dc6120460]::parser::test_utils::read_fixture
[INFO] [stdout]   13:     0x59cda007df5d - <uasset_lens_scanner[d454a00dc6120460]::parser::export::tests::parse_export_table_should_return_texture2d_for_t_rock_fixture::{closure#0} as core[a373ad73a504971]::ops::function::FnOnce<()>>::call_once
[INFO] [stdout]   14:     0x59cda009133b - test[aada8e7e76ba119b]::__rust_begin_short_backtrace::<core[a373ad73a504971]::result::Result<(), alloc[2e1b2a31b91974c5]::string::String>, fn() -> core[a373ad73a504971]::result::Result<(), alloc[2e1b2a31b91974c5]::string::String>>
[INFO] [stdout]   15:     0x59cda009e515 - test[aada8e7e76ba119b]::run_test::{closure#0}
[INFO] [stdout]   16:     0x59cda0097e04 - std[617be2ca0a6fd877]::sys::backtrace::__rust_begin_short_backtrace::<test[aada8e7e76ba119b]::run_test::{closure#1}, ()>
[INFO] [stdout]   17:     0x59cda00a15a2 - <std[617be2ca0a6fd877]::thread::lifecycle::spawn_unchecked<test[aada8e7e76ba119b]::run_test::{closure#1}, ()>::{closure#1} as core[a373ad73a504971]::ops::function::FnOnce<()>>::call_once::{shim:vtable#0}
[INFO] [stdout]   18:     0x59cda011318f - <std[617be2ca0a6fd877]::sys::thread::unix::Thread>::new::thread_start
[INFO] [stdout]   19:     0x703553893dfa - <unknown>
[INFO] [stdout]   20:     0x7035539273d4 - clone
[INFO] [stdout]   21:                0x0 - <unknown>
[INFO] [stdout] 
[INFO] [stdout] ---- parser::header::tests::parse_header_should_return_invalid_magic_for_bad_magic_bin stdout ----
[INFO] [stdout] 
[INFO] [stdout] thread 'parser::header::tests::parse_header_should_return_invalid_magic_for_bad_magic_bin' (519) panicked at src/parser/test_utils.rs:6:48:
[INFO] [stdout] called `Result::unwrap()` on an `Err` value: Os { code: 2, kind: NotFound, message: "No such file or directory" }
[INFO] [stdout] stack backtrace:
[INFO] [stdout]    0:     0x59cda0113c81 - <<std[617be2ca0a6fd877]::sys::backtrace::BacktraceLock>::print::DisplayBacktrace as core[a373ad73a504971]::fmt::Display>::fmt
[INFO] [stdout]    1:     0x59cda0127dfa - core[a373ad73a504971]::fmt::write
[INFO] [stdout]    2:     0x59cda0117f0c - <alloc[2e1b2a31b91974c5]::vec::Vec<u8> as core[a373ad73a504971]::io::write::Write>::write_fmt
[INFO] [stdout]    3:     0x59cda00ef2e6 - std[617be2ca0a6fd877]::panicking::default_hook::{closure#0}
[INFO] [stdout]    4:     0x59cda010bc59 - std[617be2ca0a6fd877]::panicking::default_hook
[INFO] [stdout]    5:     0x59cda009def0 - test[aada8e7e76ba119b]::test_main_inner::{closure#0}
[INFO] [stdout]    6:     0x59cda010bf82 - std[617be2ca0a6fd877]::panicking::panic_with_hook
[INFO] [stdout]    7:     0x59cda00ef392 - std[617be2ca0a6fd877]::panicking::panic_handler::{closure#0}
[INFO] [stdout]    8:     0x59cda00e7f19 - std[617be2ca0a6fd877]::sys::backtrace::__rust_end_short_backtrace::<std[617be2ca0a6fd877]::panicking::panic_handler::{closure#0}, !>
[INFO] [stdout]    9:     0x59cda00eff9d - __rustc[ea4f61d10b84890b]::rust_begin_unwind
[INFO] [stdout]   10:     0x59cda012855c - core[a373ad73a504971]::panicking::panic_fmt
[INFO] [stdout]   11:     0x59cda0128332 - core[a373ad73a504971]::result::unwrap_failed
[INFO] [stdout]   12:     0x59cda006e8d5 - uasset_lens_scanner[d454a00dc6120460]::parser::test_utils::read_fixture
[INFO] [stdout]   13:     0x59cda007bd8e - <uasset_lens_scanner[d454a00dc6120460]::parser::header::tests::parse_header_should_return_invalid_magic_for_bad_magic_bin::{closure#0} as core[a373ad73a504971]::ops::function::FnOnce<()>>::call_once
[INFO] [stdout]   14:     0x59cda009133b - test[aada8e7e76ba119b]::__rust_begin_short_backtrace::<core[a373ad73a504971]::result::Result<(), alloc[2e1b2a31b91974c5]::string::String>, fn() -> core[a373ad73a504971]::result::Result<(), alloc[2e1b2a31b91974c5]::string::String>>
[INFO] [stdout]   15:     0x59cda009e515 - test[aada8e7e76ba119b]::run_test::{closure#0}
[INFO] [stdout]   16:     0x59cda0097e04 - std[617be2ca0a6fd877]::sys::backtrace::__rust_begin_short_backtrace::<test[aada8e7e76ba119b]::run_test::{closure#1}, ()>
[INFO] [stdout]   17:     0x59cda00a15a2 - <std[617be2ca0a6fd877]::thread::lifecycle::spawn_unchecked<test[aada8e7e76ba119b]::run_test::{closure#1}, ()>::{closure#1} as core[a373ad73a504971]::ops::function::FnOnce<()>>::call_once::{shim:vtable#0}
[INFO] [stdout]   18:     0x59cda011318f - <std[617be2ca0a6fd877]::sys::thread::unix::Thread>::new::thread_start
[INFO] [stdout]   19:     0x703553893dfa - <unknown>
[INFO] [stdout]   20:     0x7035539273d4 - clone
[INFO] [stdout]   21:                0x0 - <unknown>
[INFO] [stdout] 
[INFO] [stdout] ---- parser::header::tests::parse_header_should_return_unexpected_eof_for_truncated_bin stdout ----
[INFO] [stdout] 
[INFO] [stdout] thread 'parser::header::tests::parse_header_should_return_unexpected_eof_for_truncated_bin' (520) panicked at src/parser/test_utils.rs:6:48:
[INFO] [stdout] called `Result::unwrap()` on an `Err` value: Os { code: 2, kind: NotFound, message: "No such file or directory" }
[INFO] [stdout] stack backtrace:
[INFO] [stdout]    0:     0x59cda0113c81 - <<std[617be2ca0a6fd877]::sys::backtrace::BacktraceLock>::print::DisplayBacktrace as core[a373ad73a504971]::fmt::Display>::fmt
[INFO] [stdout]    1:     0x59cda0127dfa - core[a373ad73a504971]::fmt::write
[INFO] [stdout]    2:     0x59cda0117f0c - <alloc[2e1b2a31b91974c5]::vec::Vec<u8> as core[a373ad73a504971]::io::write::Write>::write_fmt
[INFO] [stdout]    3:     0x59cda00ef2e6 - std[617be2ca0a6fd877]::panicking::default_hook::{closure#0}
[INFO] [stdout]    4:     0x59cda010bc59 - std[617be2ca0a6fd877]::panicking::default_hook
[INFO] [stdout]    5:     0x59cda009def0 - test[aada8e7e76ba119b]::test_main_inner::{closure#0}
[INFO] [stdout]    6:     0x59cda010bf82 - std[617be2ca0a6fd877]::panicking::panic_with_hook
[INFO] [stdout]    7:     0x59cda00ef392 - std[617be2ca0a6fd877]::panicking::panic_handler::{closure#0}
[INFO] [stdout]    8:     0x59cda00e7f19 - std[617be2ca0a6fd877]::sys::backtrace::__rust_end_short_backtrace::<std[617be2ca0a6fd877]::panicking::panic_handler::{closure#0}, !>
[INFO] [stdout]    9:     0x59cda00eff9d - __rustc[ea4f61d10b84890b]::rust_begin_unwind
[INFO] [stdout]   10:     0x59cda012855c - core[a373ad73a504971]::panicking::panic_fmt
[INFO] [stdout]   11:     0x59cda0128332 - core[a373ad73a504971]::result::unwrap_failed
[INFO] [stdout]   12:     0x59cda006e8d5 - uasset_lens_scanner[d454a00dc6120460]::parser::test_utils::read_fixture
[INFO] [stdout]   13:     0x59cda007be4e - <uasset_lens_scanner[d454a00dc6120460]::parser::header::tests::parse_header_should_return_unexpected_eof_for_truncated_bin::{closure#0} as core[a373ad73a504971]::ops::function::FnOnce<()>>::call_once
[INFO] [stdout]   14:     0x59cda009133b - test[aada8e7e76ba119b]::__rust_begin_short_backtrace::<core[a373ad73a504971]::result::Result<(), alloc[2e1b2a31b91974c5]::string::String>, fn() -> core[a373ad73a504971]::result::Result<(), alloc[2e1b2a31b91974c5]::string::String>>
[INFO] [stdout]   15:     0x59cda009e515 - test[aada8e7e76ba119b]::run_test::{closure#0}
[INFO] [stdout]   16:     0x59cda0097e04 - std[617be2ca0a6fd877]::sys::backtrace::__rust_begin_short_backtrace::<test[aada8e7e76ba119b]::run_test::{closure#1}, ()>
[INFO] [stdout]   17:     0x59cda00a15a2 - <std[617be2ca0a6fd877]::thread::lifecycle::spawn_unchecked<test[aada8e7e76ba119b]::run_test::{closure#1}, ()>::{closure#1} as core[a373ad73a504971]::ops::function::FnOnce<()>>::call_once::{shim:vtable#0}
[INFO] [stdout]   18:     0x59cda011318f - <std[617be2ca0a6fd877]::sys::thread::unix::Thread>::new::thread_start
[INFO] [stdout]   19:     0x703553893dfa - <unknown>
[INFO] [stdout]   20:     0x7035539273d4 - clone
[INFO] [stdout]   21:                0x0 - <unknown>
[INFO] [stdout] 
[INFO] [stdout] ---- parser::header::tests::parse_header_should_succeed_for_redirect_fixture stdout ----
[INFO] [stdout] 
[INFO] [stdout] thread 'parser::header::tests::parse_header_should_succeed_for_redirect_fixture' (524) panicked at src/parser/test_utils.rs:6:48:
[INFO] [stdout] called `Result::unwrap()` on an `Err` value: Os { code: 2, kind: NotFound, message: "No such file or directory" }
[INFO] [stdout] stack backtrace:
[INFO] [stdout]    0:     0x59cda0113c81 - <<std[617be2ca0a6fd877]::sys::backtrace::BacktraceLock>::print::DisplayBacktrace as core[a373ad73a504971]::fmt::Display>::fmt
[INFO] [stdout]    1:     0x59cda0127dfa - core[a373ad73a504971]::fmt::write
[INFO] [stdout]    2:     0x59cda0117f0c - <alloc[2e1b2a31b91974c5]::vec::Vec<u8> as core[a373ad73a504971]::io::write::Write>::write_fmt
[INFO] [stdout]    3:     0x59cda00ef2e6 - std[617be2ca0a6fd877]::panicking::default_hook::{closure#0}
[INFO] [stdout]    4:     0x59cda010bc59 - std[617be2ca0a6fd877]::panicking::default_hook
[INFO] [stdout]    5:     0x59cda009def0 - test[aada8e7e76ba119b]::test_main_inner::{closure#0}
[INFO] [stdout]    6:     0x59cda010bf82 - std[617be2ca0a6fd877]::panicking::panic_with_hook
[INFO] [stdout]    7:     0x59cda00ef392 - std[617be2ca0a6fd877]::panicking::panic_handler::{closure#0}
[INFO] [stdout]    8:     0x59cda00e7f19 - std[617be2ca0a6fd877]::sys::backtrace::__rust_end_short_backtrace::<std[617be2ca0a6fd877]::panicking::panic_handler::{closure#0}, !>
[INFO] [stdout]    9:     0x59cda00eff9d - __rustc[ea4f61d10b84890b]::rust_begin_unwind
[INFO] [stdout]   10:     0x59cda012855c - core[a373ad73a504971]::panicking::panic_fmt
[INFO] [stdout]   11:     0x59cda0128332 - core[a373ad73a504971]::result::unwrap_failed
[INFO] [stdout]   12:     0x59cda006e8d5 - uasset_lens_scanner[d454a00dc6120460]::parser::test_utils::read_fixture
[INFO] [stdout]   13:     0x59cda007b815 - <uasset_lens_scanner[d454a00dc6120460]::parser::header::tests::parse_header_should_succeed_for_redirect_fixture::{closure#0} as core[a373ad73a504971]::ops::function::FnOnce<()>>::call_once
[INFO] [stdout]   14:     0x59cda009133b - test[aada8e7e76ba119b]::__rust_begin_short_backtrace::<core[a373ad73a504971]::result::Result<(), alloc[2e1b2a31b91974c5]::string::String>, fn() -> core[a373ad73a504971]::result::Result<(), alloc[2e1b2a31b91974c5]::string::String>>
[INFO] [stdout]   15:     0x59cda009e515 - test[aada8e7e76ba119b]::run_test::{closure#0}
[INFO] [stdout]   16:     0x59cda0097e04 - std[617be2ca0a6fd877]::sys::backtrace::__rust_begin_short_backtrace::<test[aada8e7e76ba119b]::run_test::{closure#1}, ()>
[INFO] [stdout]   17:     0x59cda00a15a2 - <std[617be2ca0a6fd877]::thread::lifecycle::spawn_unchecked<test[aada8e7e76ba119b]::run_test::{closure#1}, ()>::{closure#1} as core[a373ad73a504971]::ops::function::FnOnce<()>>::call_once::{shim:vtable#0}
[INFO] [stdout]   18:     0x59cda011318f - <std[617be2ca0a6fd877]::sys::thread::unix::Thread>::new::thread_start
[INFO] [stdout]   19:     0x703553893dfa - <unknown>
[INFO] [stdout]   20:     0x7035539273d4 - clone
[INFO] [stdout]   21:                0x0 - <unknown>
[INFO] [stdout] 
[INFO] [stdout] ---- parser::header::tests::parse_header_should_succeed_for_sm_cube_fixture stdout ----
[INFO] [stdout] 
[INFO] [stdout] thread 'parser::header::tests::parse_header_should_succeed_for_sm_cube_fixture' (525) panicked at src/parser/test_utils.rs:6:48:
[INFO] [stdout] called `Result::unwrap()` on an `Err` value: Os { code: 2, kind: NotFound, message: "No such file or directory" }
[INFO] [stdout] stack backtrace:
[INFO] [stdout]    0:     0x59cda0113c81 - <<std[617be2ca0a6fd877]::sys::backtrace::BacktraceLock>::print::DisplayBacktrace as core[a373ad73a504971]::fmt::Display>::fmt
[INFO] [stdout]    1:     0x59cda0127dfa - core[a373ad73a504971]::fmt::write
[INFO] [stdout]    2:     0x59cda0117f0c - <alloc[2e1b2a31b91974c5]::vec::Vec<u8> as core[a373ad73a504971]::io::write::Write>::write_fmt
[INFO] [stdout]    3:     0x59cda00ef2e6 - std[617be2ca0a6fd877]::panicking::default_hook::{closure#0}
[INFO] [stdout]    4:     0x59cda010bc59 - std[617be2ca0a6fd877]::panicking::default_hook
[INFO] [stdout]    5:     0x59cda009def0 - test[aada8e7e76ba119b]::test_main_inner::{closure#0}
[INFO] [stdout]    6:     0x59cda010bf82 - std[617be2ca0a6fd877]::panicking::panic_with_hook
[INFO] [stdout]    7:     0x59cda00ef392 - std[617be2ca0a6fd877]::panicking::panic_handler::{closure#0}
[INFO] [stdout]    8:     0x59cda00e7f19 - std[617be2ca0a6fd877]::sys::backtrace::__rust_end_short_backtrace::<std[617be2ca0a6fd877]::panicking::panic_handler::{closure#0}, !>
[INFO] [stdout]    9:     0x59cda00eff9d - __rustc[ea4f61d10b84890b]::rust_begin_unwind
[INFO] [stdout]   10:     0x59cda012855c - core[a373ad73a504971]::panicking::panic_fmt
[INFO] [stdout]   11:     0x59cda0128332 - core[a373ad73a504971]::result::unwrap_failed
[INFO] [stdout]   12:     0x59cda006e8d5 - uasset_lens_scanner[d454a00dc6120460]::parser::test_utils::read_fixture
[INFO] [stdout]   13:     0x59cda007b685 - <uasset_lens_scanner[d454a00dc6120460]::parser::header::tests::parse_header_should_succeed_for_sm_cube_fixture::{closure#0} as core[a373ad73a504971]::ops::function::FnOnce<()>>::call_once
[INFO] [stdout]   14:     0x59cda009133b - test[aada8e7e76ba119b]::__rust_begin_short_backtrace::<core[a373ad73a504971]::result::Result<(), alloc[2e1b2a31b91974c5]::string::String>, fn() -> core[a373ad73a504971]::result::Result<(), alloc[2e1b2a31b91974c5]::string::String>>
[INFO] [stdout]   15:     0x59cda009e515 - test[aada8e7e76ba119b]::run_test::{closure#0}
[INFO] [stdout]   16:     0x59cda0097e04 - std[617be2ca0a6fd877]::sys::backtrace::__rust_begin_short_backtrace::<test[aada8e7e76ba119b]::run_test::{closure#1}, ()>
[INFO] [stdout]   17:     0x59cda00a15a2 - <std[617be2ca0a6fd877]::thread::lifecycle::spawn_unchecked<test[aada8e7e76ba119b]::run_test::{closure#1}, ()>::{closure#1} as core[a373ad73a504971]::ops::function::FnOnce<()>>::call_once::{shim:vtable#0}
[INFO] [stdout]   18:     0x59cda011318f - <std[617be2ca0a6fd877]::sys::thread::unix::Thread>::new::thread_start
[INFO] [stdout]   19:     0x703553893dfa - <unknown>
[INFO] [stdout]   20:     0x7035539273d4 - clone
[INFO] [stdout]   21:                0x0 - <unknown>
[INFO] [stdout] 
[INFO] [stdout] ---- parser::header::tests::parse_header_should_succeed_for_l_test_map_fixture stdout ----
[INFO] [stdout] 
[INFO] [stdout] thread 'parser::header::tests::parse_header_should_succeed_for_l_test_map_fixture' (522) panicked at src/parser/test_utils.rs:6:48:
[INFO] [stdout] called `Result::unwrap()` on an `Err` value: Os { code: 2, kind: NotFound, message: "No such file or directory" }
[INFO] [stdout] stack backtrace:
[INFO] [stdout]    0:     0x59cda0113c81 - <<std[617be2ca0a6fd877]::sys::backtrace::BacktraceLock>::print::DisplayBacktrace as core[a373ad73a504971]::fmt::Display>::fmt
[INFO] [stdout]    1:     0x59cda0127dfa - core[a373ad73a504971]::fmt::write
[INFO] [stdout]    2:     0x59cda0117f0c - <alloc[2e1b2a31b91974c5]::vec::Vec<u8> as core[a373ad73a504971]::io::write::Write>::write_fmt
[INFO] [stdout]    3:     0x59cda00ef2e6 - std[617be2ca0a6fd877]::panicking::default_hook::{closure#0}
[INFO] [stdout]    4:     0x59cda010bc59 - std[617be2ca0a6fd877]::panicking::default_hook
[INFO] [stdout]    5:     0x59cda009def0 - test[aada8e7e76ba119b]::test_main_inner::{closure#0}
[INFO] [stdout]    6:     0x59cda010bf82 - std[617be2ca0a6fd877]::panicking::panic_with_hook
[INFO] [stdout]    7:     0x59cda00ef392 - std[617be2ca0a6fd877]::panicking::panic_handler::{closure#0}
[INFO] [stdout]    8:     0x59cda00e7f19 - std[617be2ca0a6fd877]::sys::backtrace::__rust_end_short_backtrace::<std[617be2ca0a6fd877]::panicking::panic_handler::{closure#0}, !>
[INFO] [stdout]    9:     0x59cda00eff9d - __rustc[ea4f61d10b84890b]::rust_begin_unwind
[INFO] [stdout]   10:     0x59cda012855c - core[a373ad73a504971]::panicking::panic_fmt
[INFO] [stdout]   11:     0x59cda0128332 - core[a373ad73a504971]::result::unwrap_failed
[INFO] [stdout]   12:     0x59cda006e8d5 - uasset_lens_scanner[d454a00dc6120460]::parser::test_utils::read_fixture
[INFO] [stdout]   13:     0x59cda007bc05 - <uasset_lens_scanner[d454a00dc6120460]::parser::header::tests::parse_header_should_succeed_for_l_test_map_fixture::{closure#0} as core[a373ad73a504971]::ops::function::FnOnce<()>>::call_once
[INFO] [stdout]   14:     0x59cda009133b - test[aada8e7e76ba119b]::__rust_begin_short_backtrace::<core[a373ad73a504971]::result::Result<(), alloc[2e1b2a31b91974c5]::string::String>, fn() -> core[a373ad73a504971]::result::Result<(), alloc[2e1b2a31b91974c5]::string::String>>
[INFO] [stdout]   15:     0x59cda009e515 - test[aada8e7e76ba119b]::run_test::{closure#0}
[INFO] [stdout]   16:     0x59cda0097e04 - std[617be2ca0a6fd877]::sys::backtrace::__rust_begin_short_backtrace::<test[aada8e7e76ba119b]::run_test::{closure#1}, ()>
[INFO] [stdout]   17:     0x59cda00a15a2 - <std[617be2ca0a6fd877]::thread::lifecycle::spawn_unchecked<test[aada8e7e76ba119b]::run_test::{closure#1}, ()>::{closure#1} as core[a373ad73a504971]::ops::function::FnOnce<()>>::call_once::{shim:vtable#0}
[INFO] [stdout]   18:     0x59cda011318f - <std[617be2ca0a6fd877]::sys::thread::unix::Thread>::new::thread_start
[INFO] [stdout]   19:     0x703553893dfa - <unknown>
[INFO] [stdout]   20:     0x7035539273d4 - clone
[INFO] [stdout]   21:                0x0 - <unknown>
[INFO] [stdout] 
[INFO] [stdout] ---- parser::header::tests::parse_header_should_succeed_for_t_rock_fixture stdout ----
[INFO] [stdout] 
[INFO] [stdout] thread 'parser::header::tests::parse_header_should_succeed_for_t_rock_fixture' (526) panicked at src/parser/test_utils.rs:6:48:
[INFO] [stdout] called `Result::unwrap()` on an `Err` value: Os { code: 2, kind: NotFound, message: "No such file or directory" }
[INFO] [stdout] stack backtrace:
[INFO] [stdout]    0:     0x59cda0113c81 - <<std[617be2ca0a6fd877]::sys::backtrace::BacktraceLock>::print::DisplayBacktrace as core[a373ad73a504971]::fmt::Display>::fmt
[INFO] [stdout]    1:     0x59cda0127dfa - core[a373ad73a504971]::fmt::write
[INFO] [stdout]    2:     0x59cda0117f0c - <alloc[2e1b2a31b91974c5]::vec::Vec<u8> as core[a373ad73a504971]::io::write::Write>::write_fmt
[INFO] [stdout]    3:     0x59cda00ef2e6 - std[617be2ca0a6fd877]::panicking::default_hook::{closure#0}
[INFO] [stdout]    4:     0x59cda010bc59 - std[617be2ca0a6fd877]::panicking::default_hook
[INFO] [stdout]    5:     0x59cda009def0 - test[aada8e7e76ba119b]::test_main_inner::{closure#0}
[INFO] [stdout]    6:     0x59cda010bf82 - std[617be2ca0a6fd877]::panicking::panic_with_hook
[INFO] [stdout]    7:     0x59cda00ef392 - std[617be2ca0a6fd877]::panicking::panic_handler::{closure#0}
[INFO] [stdout]    8:     0x59cda00e7f19 - std[617be2ca0a6fd877]::sys::backtrace::__rust_end_short_backtrace::<std[617be2ca0a6fd877]::panicking::panic_handler::{closure#0}, !>
[INFO] [stdout]    9:     0x59cda00eff9d - __rustc[ea4f61d10b84890b]::rust_begin_unwind
[INFO] [stdout]   10:     0x59cda012855c - core[a373ad73a504971]::panicking::panic_fmt
[INFO] [stdout]   11:     0x59cda0128332 - core[a373ad73a504971]::result::unwrap_failed
[INFO] [stdout]   12:     0x59cda006e8d5 - uasset_lens_scanner[d454a00dc6120460]::parser::test_utils::read_fixture
[INFO] [stdout]   13:     0x59cda007b365 - <uasset_lens_scanner[d454a00dc6120460]::parser::header::tests::parse_header_should_succeed_for_t_rock_fixture::{closure#0} as core[a373ad73a504971]::ops::function::FnOnce<()>>::call_once
[INFO] [stdout]   14:     0x59cda009133b - test[aada8e7e76ba119b]::__rust_begin_short_backtrace::<core[a373ad73a504971]::result::Result<(), alloc[2e1b2a31b91974c5]::string::String>, fn() -> core[a373ad73a504971]::result::Result<(), alloc[2e1b2a31b91974c5]::string::String>>
[INFO] [stdout]   15:     0x59cda009e515 - test[aada8e7e76ba119b]::run_test::{closure#0}
[INFO] [stdout]   16:     0x59cda0097e04 - std[617be2ca0a6fd877]::sys::backtrace::__rust_begin_short_backtrace::<test[aada8e7e76ba119b]::run_test::{closure#1}, ()>
[INFO] [stdout]   17:     0x59cda00a15a2 - <std[617be2ca0a6fd877]::thread::lifecycle::spawn_unchecked<test[aada8e7e76ba119b]::run_test::{closure#1}, ()>::{closure#1} as core[a373ad73a504971]::ops::function::FnOnce<()>>::call_once::{shim:vtable#0}
[INFO] [stdout]   18:     0x59cda011318f - <std[617be2ca0a6fd877]::sys::thread::unix::Thread>::new::thread_start
[INFO] [stdout]   19:     0x703553893dfa - <unknown>
[INFO] [stdout]   20:     0x7035539273d4 - clone
[INFO] [stdout]   21:                0x0 - <unknown>
[INFO] [stdout] 
[INFO] [stdout] ---- parser::import::tests::parse_import_entries_should_return_game_paths_for_bp_simple_fixture stdout ----
[INFO] [stdout] 
[INFO] [stdout] thread 'parser::import::tests::parse_import_entries_should_return_game_paths_for_bp_simple_fixture' (530) panicked at src/parser/test_utils.rs:6:48:
[INFO] [stdout] called `Result::unwrap()` on an `Err` value: Os { code: 2, kind: NotFound, message: "No such file or directory" }
[INFO] [stdout] stack backtrace:
[INFO] [stdout]    0:     0x59cda0113c81 - <<std[617be2ca0a6fd877]::sys::backtrace::BacktraceLock>::print::DisplayBacktrace as core[a373ad73a504971]::fmt::Display>::fmt
[INFO] [stdout]    1:     0x59cda0127dfa - core[a373ad73a504971]::fmt::write
[INFO] [stdout]    2:     0x59cda0117f0c - <alloc[2e1b2a31b91974c5]::vec::Vec<u8> as core[a373ad73a504971]::io::write::Write>::write_fmt
[INFO] [stdout]    3:     0x59cda00ef2e6 - std[617be2ca0a6fd877]::panicking::default_hook::{closure#0}
[INFO] [stdout]    4:     0x59cda010bc59 - std[617be2ca0a6fd877]::panicking::default_hook
[INFO] [stdout]    5:     0x59cda009def0 - test[aada8e7e76ba119b]::test_main_inner::{closure#0}
[INFO] [stdout]    6:     0x59cda010bf82 - std[617be2ca0a6fd877]::panicking::panic_with_hook
[INFO] [stdout]    7:     0x59cda00ef392 - std[617be2ca0a6fd877]::panicking::panic_handler::{closure#0}
[INFO] [stdout]    8:     0x59cda00e7f19 - std[617be2ca0a6fd877]::sys::backtrace::__rust_end_short_backtrace::<std[617be2ca0a6fd877]::panicking::panic_handler::{closure#0}, !>
[INFO] [stdout]    9:     0x59cda00eff9d - __rustc[ea4f61d10b84890b]::rust_begin_unwind
[INFO] [stdout]   10:     0x59cda012855c - core[a373ad73a504971]::panicking::panic_fmt
[INFO] [stdout]   11:     0x59cda0128332 - core[a373ad73a504971]::result::unwrap_failed
[INFO] [stdout]   12:     0x59cda006e8d5 - uasset_lens_scanner[d454a00dc6120460]::parser::test_utils::read_fixture
[INFO] [stdout]   13:     0x59cda007cd4a - <uasset_lens_scanner[d454a00dc6120460]::parser::import::tests::parse_import_entries_should_return_game_paths_for_bp_simple_fixture::{closure#0} as core[a373ad73a504971]::ops::function::FnOnce<()>>::call_once
[INFO] [stdout]   14:     0x59cda009133b - test[aada8e7e76ba119b]::__rust_begin_short_backtrace::<core[a373ad73a504971]::result::Result<(), alloc[2e1b2a31b91974c5]::string::String>, fn() -> core[a373ad73a504971]::result::Result<(), alloc[2e1b2a31b91974c5]::string::String>>
[INFO] [stdout]   15:     0x59cda009e515 - test[aada8e7e76ba119b]::run_test::{closure#0}
[INFO] [stdout]   16:     0x59cda0097e04 - std[617be2ca0a6fd877]::sys::backtrace::__rust_begin_short_backtrace::<test[aada8e7e76ba119b]::run_test::{closure#1}, ()>
[INFO] [stdout]   17:     0x59cda00a15a2 - <std[617be2ca0a6fd877]::thread::lifecycle::spawn_unchecked<test[aada8e7e76ba119b]::run_test::{closure#1}, ()>::{closure#1} as core[a373ad73a504971]::ops::function::FnOnce<()>>::call_once::{shim:vtable#0}
[INFO] [stdout]   18:     0x59cda011318f - <std[617be2ca0a6fd877]::sys::thread::unix::Thread>::new::thread_start
[INFO] [stdout]   19:     0x703553893dfa - <unknown>
[INFO] [stdout]   20:     0x7035539273d4 - clone
[INFO] [stdout]   21:                0x0 - <unknown>
[INFO] [stdout] 
[INFO] [stdout] ---- parser::header::tests::parse_header_should_succeed_for_m_basic_fixture stdout ----
[INFO] [stdout] 
[INFO] [stdout] thread 'parser::header::tests::parse_header_should_succeed_for_m_basic_fixture' (523) panicked at src/parser/test_utils.rs:6:48:
[INFO] [stdout] called `Result::unwrap()` on an `Err` value: Os { code: 2, kind: NotFound, message: "No such file or directory" }
[INFO] [stdout] stack backtrace:
[INFO] [stdout]    0:     0x59cda0113c81 - <<std[617be2ca0a6fd877]::sys::backtrace::BacktraceLock>::print::DisplayBacktrace as core[a373ad73a504971]::fmt::Display>::fmt
[INFO] [stdout]    1:     0x59cda0127dfa - core[a373ad73a504971]::fmt::write
[INFO] [stdout]    2:     0x59cda0117f0c - <alloc[2e1b2a31b91974c5]::vec::Vec<u8> as core[a373ad73a504971]::io::write::Write>::write_fmt
[INFO] [stdout]    3:     0x59cda00ef2e6 - std[617be2ca0a6fd877]::panicking::default_hook::{closure#0}
[INFO] [stdout]    4:     0x59cda010bc59 - std[617be2ca0a6fd877]::panicking::default_hook
[INFO] [stdout]    5:     0x59cda009def0 - test[aada8e7e76ba119b]::test_main_inner::{closure#0}
[INFO] [stdout]    6:     0x59cda010bf82 - std[617be2ca0a6fd877]::panicking::panic_with_hook
[INFO] [stdout]    7:     0x59cda00ef392 - std[617be2ca0a6fd877]::panicking::panic_handler::{closure#0}
[INFO] [stdout]    8:     0x59cda00e7f19 - std[617be2ca0a6fd877]::sys::backtrace::__rust_end_short_backtrace::<std[617be2ca0a6fd877]::panicking::panic_handler::{closure#0}, !>
[INFO] [stdout]    9:     0x59cda00eff9d - __rustc[ea4f61d10b84890b]::rust_begin_unwind
[INFO] [stdout]   10:     0x59cda012855c - core[a373ad73a504971]::panicking::panic_fmt
[INFO] [stdout]   11:     0x59cda0128332 - core[a373ad73a504971]::result::unwrap_failed
[INFO] [stdout]   12:     0x59cda006e8d5 - uasset_lens_scanner[d454a00dc6120460]::parser::test_utils::read_fixture
[INFO] [stdout]   13:     0x59cda007b4f5 - <uasset_lens_scanner[d454a00dc6120460]::parser::header::tests::parse_header_should_succeed_for_m_basic_fixture::{closure#0} as core[a373ad73a504971]::ops::function::FnOnce<()>>::call_once
[INFO] [stdout]   14:     0x59cda009133b - test[aada8e7e76ba119b]::__rust_begin_short_backtrace::<core[a373ad73a504971]::result::Result<(), alloc[2e1b2a31b91974c5]::string::String>, fn() -> core[a373ad73a504971]::result::Result<(), alloc[2e1b2a31b91974c5]::string::String>>
[INFO] [stdout]   15:     0x59cda009e515 - test[aada8e7e76ba119b]::run_test::{closure#0}
[INFO] [stdout]   16:     0x59cda0097e04 - std[617be2ca0a6fd877]::sys::backtrace::__rust_begin_short_backtrace::<test[aada8e7e76ba119b]::run_test::{closure#1}, ()>
[INFO] [stdout]   17:     0x59cda00a15a2 - <std[617be2ca0a6fd877]::thread::lifecycle::spawn_unchecked<test[aada8e7e76ba119b]::run_test::{closure#1}, ()>::{closure#1} as core[a373ad73a504971]::ops::function::FnOnce<()>>::call_once::{shim:vtable#0}
[INFO] [stdout]   18:     0x59cda011318f - <std[617be2ca0a6fd877]::sys::thread::unix::Thread>::new::thread_start
[INFO] [stdout]   19:     0x703553893dfa - <unknown>
[INFO] [stdout]   20:     0x7035539273d4 - clone
[INFO] [stdout]   21:                0x0 - <unknown>
[INFO] [stdout] 
[INFO] [stdout] ---- parser::header::tests::parse_header_should_succeed_for_bp_simple_fixture stdout ----
[INFO] [stdout] 
[INFO] [stdout] thread 'parser::header::tests::parse_header_should_succeed_for_bp_simple_fixture' (521) panicked at src/parser/test_utils.rs:6:48:
[INFO] [stdout] called `Result::unwrap()` on an `Err` value: Os { code: 2, kind: NotFound, message: "No such file or directory" }
[INFO] [stdout] stack backtrace:
[INFO] [stdout]    0:     0x59cda0113c81 - <<std[617be2ca0a6fd877]::sys::backtrace::BacktraceLock>::print::DisplayBacktrace as core[a373ad73a504971]::fmt::Display>::fmt
[INFO] [stdout]    1:     0x59cda0127dfa - core[a373ad73a504971]::fmt::write
[INFO] [stdout]    2:     0x59cda0117f0c - <alloc[2e1b2a31b91974c5]::vec::Vec<u8> as core[a373ad73a504971]::io::write::Write>::write_fmt
[INFO] [stdout]    3:     0x59cda00ef2e6 - std[617be2ca0a6fd877]::panicking::default_hook::{closure#0}
[INFO] [stdout]    4:     0x59cda010bc59 - std[617be2ca0a6fd877]::panicking::default_hook
[INFO] [stdout]    5:     0x59cda009def0 - test[aada8e7e76ba119b]::test_main_inner::{closure#0}
[INFO] [stdout]    6:     0x59cda010bf82 - std[617be2ca0a6fd877]::panicking::panic_with_hook
[INFO] [stdout]    7:     0x59cda00ef392 - std[617be2ca0a6fd877]::panicking::panic_handler::{closure#0}
[INFO] [stdout]    8:     0x59cda00e7f19 - std[617be2ca0a6fd877]::sys::backtrace::__rust_end_short_backtrace::<std[617be2ca0a6fd877]::panicking::panic_handler::{closure#0}, !>
[INFO] [stdout]    9:     0x59cda00eff9d - __rustc[ea4f61d10b84890b]::rust_begin_unwind
[INFO] [stdout]   10:     0x59cda012855c - core[a373ad73a504971]::panicking::panic_fmt
[INFO] [stdout]   11:     0x59cda0128332 - core[a373ad73a504971]::result::unwrap_failed
[INFO] [stdout]   12:     0x59cda006e8d5 - uasset_lens_scanner[d454a00dc6120460]::parser::test_utils::read_fixture
[INFO] [stdout]   13:     0x59cda007b9a5 - <uasset_lens_scanner[d454a00dc6120460]::parser::header::tests::parse_header_should_succeed_for_bp_simple_fixture::{closure#0} as core[a373ad73a504971]::ops::function::FnOnce<()>>::call_once
[INFO] [stdout]   14:     0x59cda009133b - test[aada8e7e76ba119b]::__rust_begin_short_backtrace::<core[a373ad73a504971]::result::Result<(), alloc[2e1b2a31b91974c5]::string::String>, fn() -> core[a373ad73a504971]::result::Result<(), alloc[2e1b2a31b91974c5]::string::String>>
[INFO] [stdout]   15:     0x59cda009e515 - test[aada8e7e76ba119b]::run_test::{closure#0}
[INFO] [stdout]   16:     0x59cda0097e04 - std[617be2ca0a6fd877]::sys::backtrace::__rust_begin_short_backtrace::<test[aada8e7e76ba119b]::run_test::{closure#1}, ()>
[INFO] [stdout]   17:     0x59cda00a15a2 - <std[617be2ca0a6fd877]::thread::lifecycle::spawn_unchecked<test[aada8e7e76ba119b]::run_test::{closure#1}, ()>::{closure#1} as core[a373ad73a504971]::ops::function::FnOnce<()>>::call_once::{shim:vtable#0}
[INFO] [stdout]   18:     0x59cda011318f - <std[617be2ca0a6fd877]::sys::thread::unix::Thread>::new::thread_start
[INFO] [stdout]   19:     0x703553893dfa - <unknown>
[INFO] [stdout]   20:     0x7035539273d4 - clone
[INFO] [stdout]   21:                0x0 - <unknown>
[INFO] [stdout] 
[INFO] [stdout] ---- parser::name_table::tests::parse_name_table_should_return_expected_names_for_bp_simple_fixture stdout ----
[INFO] [stdout] 
[INFO] [stdout] thread 'parser::name_table::tests::parse_name_table_should_return_expected_names_for_bp_simple_fixture' (533) panicked at src/parser/test_utils.rs:6:48:
[INFO] [stdout] called `Result::unwrap()` on an `Err` value: Os { code: 2, kind: NotFound, message: "No such file or directory" }
[INFO] [stdout] stack backtrace:
[INFO] [stdout]    0:     0x59cda0113c81 - <<std[617be2ca0a6fd877]::sys::backtrace::BacktraceLock>::print::DisplayBacktrace as core[a373ad73a504971]::fmt::Display>::fmt
[INFO] [stdout]    1:     0x59cda0127dfa - core[a373ad73a504971]::fmt::write
[INFO] [stdout]    2:     0x59cda0117f0c - <alloc[2e1b2a31b91974c5]::vec::Vec<u8> as core[a373ad73a504971]::io::write::Write>::write_fmt
[INFO] [stdout]    3:     0x59cda00ef2e6 - std[617be2ca0a6fd877]::panicking::default_hook::{closure#0}
[INFO] [stdout]    4:     0x59cda010bc59 - std[617be2ca0a6fd877]::panicking::default_hook
[INFO] [stdout]    5:     0x59cda009def0 - test[aada8e7e76ba119b]::test_main_inner::{closure#0}
[INFO] [stdout]    6:     0x59cda010bf82 - std[617be2ca0a6fd877]::panicking::panic_with_hook
[INFO] [stdout]    7:     0x59cda00ef392 - std[617be2ca0a6fd877]::panicking::panic_handler::{closure#0}
[INFO] [stdout]    8:     0x59cda00e7f19 - std[617be2ca0a6fd877]::sys::backtrace::__rust_end_short_backtrace::<std[617be2ca0a6fd877]::panicking::panic_handler::{closure#0}, !>
[INFO] [stdout]    9:     0x59cda00eff9d - __rustc[ea4f61d10b84890b]::rust_begin_unwind
[INFO] [stdout]   10:     0x59cda012855c - core[a373ad73a504971]::panicking::panic_fmt
[INFO] [stdout]   11:     0x59cda0128332 - core[a373ad73a504971]::result::unwrap_failed
[INFO] [stdout]   12:     0x59cda006e8d5 - uasset_lens_scanner[d454a00dc6120460]::parser::test_utils::read_fixture
[INFO] [stdout]   13:     0x59cda00808b6 - <uasset_lens_scanner[d454a00dc6120460]::parser::name_table::tests::parse_name_table_should_return_expected_names_for_bp_simple_fixture::{closure#0} as core[a373ad73a504971]::ops::function::FnOnce<()>>::call_once
[INFO] [stdout]   14:     0x59cda009133b - test[aada8e7e76ba119b]::__rust_begin_short_backtrace::<core[a373ad73a504971]::result::Result<(), alloc[2e1b2a31b91974c5]::string::String>, fn() -> core[a373ad73a504971]::result::Result<(), alloc[2e1b2a31b91974c5]::string::String>>
[INFO] [stdout]   15:     0x59cda009e515 - test[aada8e7e76ba119b]::run_test::{closure#0}
[INFO] [stdout]   16:     0x59cda0097e04 - std[617be2ca0a6fd877]::sys::backtrace::__rust_begin_short_backtrace::<test[aada8e7e76ba119b]::run_test::{closure#1}, ()>
[INFO] [stdout]   17:     0x59cda00a15a2 - <std[617be2ca0a6fd877]::thread::lifecycle::spawn_unchecked<test[aada8e7e76ba119b]::run_test::{closure#1}, ()>::{closure#1} as core[a373ad73a504971]::ops::function::FnOnce<()>>::call_once::{shim:vtable#0}
[INFO] [stdout]   18:     0x59cda011318f - <std[617be2ca0a6fd877]::sys::thread::unix::Thread>::new::thread_start
[INFO] [stdout]   19:     0x703553893dfa - <unknown>
[INFO] [stdout]   20:     0x7035539273d4 - clone
[INFO] [stdout]   21:                0x0 - <unknown>
[INFO] [stdout] 
[INFO] [stdout] ---- tests::scan_files_should_set_blueprint_metrics_for_blueprint_asset stdout ----
[INFO] [stdout] 
[INFO] [stdout] thread 'tests::scan_files_should_set_blueprint_metrics_for_blueprint_asset' (545) panicked at src/lib.rs:270:9:
[INFO] [stdout] assertion failed: result.skipped.is_empty()
[INFO] [stdout] stack backtrace:
[INFO] [stdout]    0:     0x59cda0113c81 - <<std[617be2ca0a6fd877]::sys::backtrace::BacktraceLock>::print::DisplayBacktrace as core[a373ad73a504971]::fmt::Display>::fmt
[INFO] [stdout]    1:     0x59cda0127dfa - core[a373ad73a504971]::fmt::write
[INFO] [stdout]    2:     0x59cda0117f0c - <alloc[2e1b2a31b91974c5]::vec::Vec<u8> as core[a373ad73a504971]::io::write::Write>::write_fmt
[INFO] [stdout]    3:     0x59cda00ef2e6 - std[617be2ca0a6fd877]::panicking::default_hook::{closure#0}
[INFO] [stdout]    4:     0x59cda010bc59 - std[617be2ca0a6fd877]::panicking::default_hook
[INFO] [stdout]    5:     0x59cda009def0 - test[aada8e7e76ba119b]::test_main_inner::{closure#0}
[INFO] [stdout]    6:     0x59cda010bf82 - std[617be2ca0a6fd877]::panicking::panic_with_hook
[INFO] [stdout]    7:     0x59cda00ef3c4 - std[617be2ca0a6fd877]::panicking::panic_handler::{closure#0}
[INFO] [stdout]    8:     0x59cda00e7f19 - std[617be2ca0a6fd877]::sys::backtrace::__rust_end_short_backtrace::<std[617be2ca0a6fd877]::panicking::panic_handler::{closure#0}, !>
[INFO] [stdout]    9:     0x59cda00eff9d - __rustc[ea4f61d10b84890b]::rust_begin_unwind
[INFO] [stdout]   10:     0x59cda012855c - core[a373ad73a504971]::panicking::panic_fmt
[INFO] [stdout]   11:     0x59cda0128522 - core[a373ad73a504971]::panicking::panic
[INFO] [stdout]   12:     0x59cda00767cd - <uasset_lens_scanner[d454a00dc6120460]::tests::scan_files_should_set_blueprint_metrics_for_blueprint_asset::{closure#0} as core[a373ad73a504971]::ops::function::FnOnce<()>>::call_once
[INFO] [stdout]   13:     0x59cda009133b - test[aada8e7e76ba119b]::__rust_begin_short_backtrace::<core[a373ad73a504971]::result::Result<(), alloc[2e1b2a31b91974c5]::string::String>, fn() -> core[a373ad73a504971]::result::Result<(), alloc[2e1b2a31b91974c5]::string::String>>
[INFO] [stdout]   14:     0x59cda009e515 - test[aada8e7e76ba119b]::run_test::{closure#0}
[INFO] [stdout]   15:     0x59cda0097e04 - std[617be2ca0a6fd877]::sys::backtrace::__rust_begin_short_backtrace::<test[aada8e7e76ba119b]::run_test::{closure#1}, ()>
[INFO] [stdout]   16:     0x59cda00a15a2 - <std[617be2ca0a6fd877]::thread::lifecycle::spawn_unchecked<test[aada8e7e76ba119b]::run_test::{closure#1}, ()>::{closure#1} as core[a373ad73a504971]::ops::function::FnOnce<()>>::call_once::{shim:vtable#0}
[INFO] [stdout]   17:     0x59cda011318f - <std[617be2ca0a6fd877]::sys::thread::unix::Thread>::new::thread_start
[INFO] [stdout]   18:     0x703553893dfa - <unknown>
[INFO] [stdout]   19:     0x7035539273d4 - clone
[INFO] [stdout]   20:                0x0 - <unknown>
[INFO] [stdout] 
[INFO] [stdout] ---- tests::scan_files_should_set_material_texture_samples_for_material_asset stdout ----
[INFO] [stdout] 
[INFO] [stdout] thread 'tests::scan_files_should_set_material_texture_samples_for_material_asset' (554) panicked at src/lib.rs:291:9:
[INFO] [stdout] assertion failed: result.skipped.is_empty()
[INFO] [stdout] stack backtrace:
[INFO] [stdout]    0:     0x59cda0113c81 - <<std[617be2ca0a6fd877]::sys::backtrace::BacktraceLock>::print::DisplayBacktrace as core[a373ad73a504971]::fmt::Display>::fmt
[INFO] [stdout]    1:     0x59cda0127dfa - core[a373ad73a504971]::fmt::write
[INFO] [stdout]    2:     0x59cda0117f0c - <alloc[2e1b2a31b91974c5]::vec::Vec<u8> as core[a373ad73a504971]::io::write::Write>::write_fmt
[INFO] [stdout]    3:     0x59cda00ef2e6 - std[617be2ca0a6fd877]::panicking::default_hook::{closure#0}
[INFO] [stdout]    4:     0x59cda010bc59 - std[617be2ca0a6fd877]::panicking::default_hook
[INFO] [stdout]    5:     0x59cda009def0 - test[aada8e7e76ba119b]::test_main_inner::{closure#0}
[INFO] [stdout]    6:     0x59cda010bf82 - std[617be2ca0a6fd877]::panicking::panic_with_hook
[INFO] [stdout]    7:     0x59cda00ef3c4 - std[617be2ca0a6fd877]::panicking::panic_handler::{closure#0}
[INFO] [stdout]    8:     0x59cda00e7f19 - std[617be2ca0a6fd877]::sys::backtrace::__rust_end_short_backtrace::<std[617be2ca0a6fd877]::panicking::panic_handler::{closure#0}, !>
[INFO] [stdout]    9:     0x59cda00eff9d - __rustc[ea4f61d10b84890b]::rust_begin_unwind
[INFO] [stdout]   10:     0x59cda012855c - core[a373ad73a504971]::panicking::panic_fmt
[INFO] [stdout]   11:     0x59cda0128522 - core[a373ad73a504971]::panicking::panic
[INFO] [stdout]   12:     0x59cda0076faf - <uasset_lens_scanner[d454a00dc6120460]::tests::scan_files_should_set_material_texture_samples_for_material_asset::{closure#0} as core[a373ad73a504971]::ops::function::FnOnce<()>>::call_once
[INFO] [stdout]   13:     0x59cda009133b - test[aada8e7e76ba119b]::__rust_begin_short_backtrace::<core[a373ad73a504971]::result::Result<(), alloc[2e1b2a31b91974c5]::string::String>, fn() -> core[a373ad73a504971]::result::Result<(), alloc[2e1b2a31b91974c5]::string::String>>
[INFO] [stdout]   14:     0x59cda009e515 - test[aada8e7e76ba119b]::run_test::{closure#0}
[INFO] [stdout]   15:     0x59cda0097e04 - std[617be2ca0a6fd877]::sys::backtrace::__rust_begin_short_backtrace::<test[aada8e7e76ba119b]::run_test::{closure#1}, ()>
[INFO] [stdout]   16:     0x59cda00a15a2 - <std[617be2ca0a6fd877]::thread::lifecycle::spawn_unchecked<test[aada8e7e76ba119b]::run_test::{closure#1}, ()>::{closure#1} as core[a373ad73a504971]::ops::function::FnOnce<()>>::call_once::{shim:vtable#0}
[INFO] [stdout]   17:     0x59cda011318f - <std[617be2ca0a6fd877]::sys::thread::unix::Thread>::new::thread_start
[INFO] [stdout]   18:     0x703553893dfa - <unknown>
[INFO] [stdout]   19:     0x7035539273d4 - clone
[INFO] [stdout]   20:                0x0 - <unknown>
[INFO] [stdout] 
[INFO] [stdout] ---- tests::scan_files_should_set_no_blueprint_metrics_for_texture_asset stdout ----
[INFO] [stdout] 
[INFO] [stdout] thread 'tests::scan_files_should_set_no_blueprint_metrics_for_texture_asset' (555) panicked at src/lib.rs:310:9:
[INFO] [stdout] assertion failed: result.skipped.is_empty()
[INFO] [stdout] stack backtrace:
[INFO] [stdout]    0:     0x59cda0113c81 - <<std[617be2ca0a6fd877]::sys::backtrace::BacktraceLock>::print::DisplayBacktrace as core[a373ad73a504971]::fmt::Display>::fmt
[INFO] [stdout]    1:     0x59cda0127dfa - core[a373ad73a504971]::fmt::write
[INFO] [stdout]    2:     0x59cda0117f0c - <alloc[2e1b2a31b91974c5]::vec::Vec<u8> as core[a373ad73a504971]::io::write::Write>::write_fmt
[INFO] [stdout]    3:     0x59cda00ef2e6 - std[617be2ca0a6fd877]::panicking::default_hook::{closure#0}
[INFO] [stdout]    4:     0x59cda010bc59 - std[617be2ca0a6fd877]::panicking::default_hook
[INFO] [stdout]    5:     0x59cda009def0 - test[aada8e7e76ba119b]::test_main_inner::{closure#0}
[INFO] [stdout]    6:     0x59cda010bf82 - std[617be2ca0a6fd877]::panicking::panic_with_hook
[INFO] [stdout]    7:     0x59cda00ef3c4 - std[617be2ca0a6fd877]::panicking::panic_handler::{closure#0}
[INFO] [stdout]    8:     0x59cda00e7f19 - std[617be2ca0a6fd877]::sys::backtrace::__rust_end_short_backtrace::<std[617be2ca0a6fd877]::panicking::panic_handler::{closure#0}, !>
[INFO] [stdout]    9:     0x59cda00eff9d - __rustc[ea4f61d10b84890b]::rust_begin_unwind
[INFO] [stdout]   10:     0x59cda012855c - core[a373ad73a504971]::panicking::panic_fmt
[INFO] [stdout]   11:     0x59cda0128522 - core[a373ad73a504971]::panicking::panic
[INFO] [stdout]   12:     0x59cda00769da - <uasset_lens_scanner[d454a00dc6120460]::tests::scan_files_should_set_no_blueprint_metrics_for_texture_asset::{closure#0} as core[a373ad73a504971]::ops::function::FnOnce<()>>::call_once
[INFO] [stdout]   13:     0x59cda009133b - test[aada8e7e76ba119b]::__rust_begin_short_backtrace::<core[a373ad73a504971]::result::Result<(), alloc[2e1b2a31b91974c5]::string::String>, fn() -> core[a373ad73a504971]::result::Result<(), alloc[2e1b2a31b91974c5]::string::String>>
[INFO] [stdout]   14:     0x59cda009e515 - test[aada8e7e76ba119b]::run_test::{closure#0}
[INFO] [stdout]   15:     0x59cda0097e04 - std[617be2ca0a6fd877]::sys::backtrace::__rust_begin_short_backtrace::<test[aada8e7e76ba119b]::run_test::{closure#1}, ()>
[INFO] [stdout]   16:     0x59cda00a15a2 - <std[617be2ca0a6fd877]::thread::lifecycle::spawn_unchecked<test[aada8e7e76ba119b]::run_test::{closure#1}, ()>::{closure#1} as core[a373ad73a504971]::ops::function::FnOnce<()>>::call_once::{shim:vtable#0}
[INFO] [stdout]   17:     0x59cda011318f - <std[617be2ca0a6fd877]::sys::thread::unix::Thread>::new::thread_start
[INFO] [stdout]   18:     0x703553893dfa - <unknown>
[INFO] [stdout]   19:     0x7035539273d4 - clone
[INFO] [stdout]   20:                0x0 - <unknown>
[INFO] [stdout] 
[INFO] [stdout] ---- tests::scan_files_should_extract_soft_refs_from_level_sequence_asset stdout ----
[INFO] [stdout] 
[INFO] [stdout] thread 'tests::scan_files_should_extract_soft_refs_from_level_sequence_asset' (544) panicked at src/lib.rs:329:9:
[INFO] [stdout] assertion failed: result.skipped.is_empty()
[INFO] [stdout] stack backtrace:
[INFO] [stdout]    0:     0x59cda0113c81 - <<std[617be2ca0a6fd877]::sys::backtrace::BacktraceLock>::print::DisplayBacktrace as core[a373ad73a504971]::fmt::Display>::fmt
[INFO] [stdout]    1:     0x59cda0127dfa - core[a373ad73a504971]::fmt::write
[INFO] [stdout]    2:     0x59cda0117f0c - <alloc[2e1b2a31b91974c5]::vec::Vec<u8> as core[a373ad73a504971]::io::write::Write>::write_fmt
[INFO] [stdout]    3:     0x59cda00ef2e6 - std[617be2ca0a6fd877]::panicking::default_hook::{closure#0}
[INFO] [stdout]    4:     0x59cda010bc59 - std[617be2ca0a6fd877]::panicking::default_hook
[INFO] [stdout]    5:     0x59cda009def0 - test[aada8e7e76ba119b]::test_main_inner::{closure#0}
[INFO] [stdout]    6:     0x59cda010bf82 - std[617be2ca0a6fd877]::panicking::panic_with_hook
[INFO] [stdout]    7:     0x59cda00ef3c4 - std[617be2ca0a6fd877]::panicking::panic_handler::{closure#0}
[INFO] [stdout]    8:     0x59cda00e7f19 - std[617be2ca0a6fd877]::sys::backtrace::__rust_end_short_backtrace::<std[617be2ca0a6fd877]::panicking::panic_handler::{closure#0}, !>
[INFO] [stdout]    9:     0x59cda00eff9d - __rustc[ea4f61d10b84890b]::rust_begin_unwind
[INFO] [stdout]   10:     0x59cda012855c - core[a373ad73a504971]::panicking::panic_fmt
[INFO] [stdout]   11:     0x59cda0128522 - core[a373ad73a504971]::panicking::panic
[INFO] [stdout]   12:     0x59cda0076d4c - <uasset_lens_scanner[d454a00dc6120460]::tests::scan_files_should_extract_soft_refs_from_level_sequence_asset::{closure#0} as core[a373ad73a504971]::ops::function::FnOnce<()>>::call_once
[INFO] [stdout]   13:     0x59cda009133b - test[aada8e7e76ba119b]::__rust_begin_short_backtrace::<core[a373ad73a504971]::result::Result<(), alloc[2e1b2a31b91974c5]::string::String>, fn() -> core[a373ad73a504971]::result::Result<(), alloc[2e1b2a31b91974c5]::string::String>>
[INFO] [stdout]   14:     0x59cda009e515 - test[aada8e7e76ba119b]::run_test::{closure#0}
[INFO] [stdout]   15:     0x59cda0097e04 - std[617be2ca0a6fd877]::sys::backtrace::__rust_begin_short_backtrace::<test[aada8e7e76ba119b]::run_test::{closure#1}, ()>
[INFO] [stdout]   16:     0x59cda00a15a2 - <std[617be2ca0a6fd877]::thread::lifecycle::spawn_unchecked<test[aada8e7e76ba119b]::run_test::{closure#1}, ()>::{closure#1} as core[a373ad73a504971]::ops::function::FnOnce<()>>::call_once::{shim:vtable#0}
[INFO] [stdout]   17:     0x59cda011318f - <std[617be2ca0a6fd877]::sys::thread::unix::Thread>::new::thread_start
[INFO] [stdout]   18:     0x703553893dfa - <unknown>
[INFO] [stdout]   19:     0x7035539273d4 - clone
[INFO] [stdout]   20:                0x0 - <unknown>
[INFO] [stdout] 
[INFO] [stdout] ---- tests::scan_files_with_progress_should_invoke_callback_for_each_file_including_skipped stdout ----
[INFO] [stdout] 
[INFO] [stdout] thread 'tests::scan_files_with_progress_should_invoke_callback_for_each_file_including_skipped' (556) panicked at src/lib.rs:260:9:
[INFO] [stdout] assertion `left == right` failed
[INFO] [stdout]   left: 0
[INFO] [stdout]  right: 1
[INFO] [stdout] stack backtrace:
[INFO] [stdout]    0:     0x59cda0113c81 - <<std[617be2ca0a6fd877]::sys::backtrace::BacktraceLock>::print::DisplayBacktrace as core[a373ad73a504971]::fmt::Display>::fmt
[INFO] [stdout]    1:     0x59cda0127dfa - core[a373ad73a504971]::fmt::write
[INFO] [stdout]    2:     0x59cda0117f0c - <alloc[2e1b2a31b91974c5]::vec::Vec<u8> as core[a373ad73a504971]::io::write::Write>::write_fmt
[INFO] [stdout]    3:     0x59cda00ef2e6 - std[617be2ca0a6fd877]::panicking::default_hook::{closure#0}
[INFO] [stdout]    4:     0x59cda010bc59 - std[617be2ca0a6fd877]::panicking::default_hook
[INFO] [stdout]    5:     0x59cda009def0 - test[aada8e7e76ba119b]::test_main_inner::{closure#0}
[INFO] [stdout]    6:     0x59cda010bf82 - std[617be2ca0a6fd877]::panicking::panic_with_hook
[INFO] [stdout]    7:     0x59cda00ef392 - std[617be2ca0a6fd877]::panicking::panic_handler::{closure#0}
[INFO] [stdout]    8:     0x59cda00e7f19 - std[617be2ca0a6fd877]::sys::backtrace::__rust_end_short_backtrace::<std[617be2ca0a6fd877]::panicking::panic_handler::{closure#0}, !>
[INFO] [stdout]    9:     0x59cda00eff9d - __rustc[ea4f61d10b84890b]::rust_begin_unwind
[INFO] [stdout]   10:     0x59cda012855c - core[a373ad73a504971]::panicking::panic_fmt
[INFO] [stdout]   11:     0x59cda0128473 - core[a373ad73a504971]::panicking::assert_failed_inner
[INFO] [stdout]   12:     0x59cda0124b08 - core[a373ad73a504971]::panicking::assert_failed::<usize, usize>
[INFO] [stdout]   13:     0x59cda00772f4 - <uasset_lens_scanner[d454a00dc6120460]::tests::scan_files_with_progress_should_invoke_callback_for_each_file_including_skipped::{closure#0} as core[a373ad73a504971]::ops::function::FnOnce<()>>::call_once
[INFO] [stdout]   14:     0x59cda009133b - test[aada8e7e76ba119b]::__rust_begin_short_backtrace::<core[a373ad73a504971]::result::Result<(), alloc[2e1b2a31b91974c5]::string::String>, fn() -> core[a373ad73a504971]::result::Result<(), alloc[2e1b2a31b91974c5]::string::String>>
[INFO] [stdout]   15:     0x59cda009e515 - test[aada8e7e76ba119b]::run_test::{closure#0}
[INFO] [stdout]   16:     0x59cda0097e04 - std[617be2ca0a6fd877]::sys::backtrace::__rust_begin_short_backtrace::<test[aada8e7e76ba119b]::run_test::{closure#1}, ()>
[INFO] [stdout]   17:     0x59cda00a15a2 - <std[617be2ca0a6fd877]::thread::lifecycle::spawn_unchecked<test[aada8e7e76ba119b]::run_test::{closure#1}, ()>::{closure#1} as core[a373ad73a504971]::ops::function::FnOnce<()>>::call_once::{shim:vtable#0}
[INFO] [stdout]   18:     0x59cda011318f - <std[617be2ca0a6fd877]::sys::thread::unix::Thread>::new::thread_start
[INFO] [stdout]   19:     0x703553893dfa - <unknown>
[INFO] [stdout]   20:     0x7035539273d4 - clone
[INFO] [stdout]   21:                0x0 - <unknown>
[INFO] [stdout] 
[INFO] [stdout] 
[INFO] [stdout] failures:
[INFO] [stdout]     parser::export::tests::parse_export_table_should_return_blueprint_for_bp_simple_fixture
[INFO] [stdout]     parser::export::tests::parse_export_table_should_return_object_redirector_for_redirect_fixture
[INFO] [stdout]     parser::export::tests::parse_export_table_should_return_texture2d_for_t_rock_fixture
[INFO] [stdout]     parser::header::tests::parse_header_should_return_invalid_data_when_export_count_is_negative
[INFO] [stdout]     parser::header::tests::parse_header_should_return_invalid_data_when_name_count_is_negative
[INFO] [stdout]     parser::header::tests::parse_header_should_return_invalid_data_when_name_offset_is_negative
[INFO] [stdout]     parser::header::tests::parse_header_should_return_invalid_magic_for_bad_magic_bin
[INFO] [stdout]     parser::header::tests::parse_header_should_return_unexpected_eof_for_truncated_bin
[INFO] [stdout]     parser::header::tests::parse_header_should_succeed_for_bp_simple_fixture
[INFO] [stdout]     parser::header::tests::parse_header_should_succeed_for_l_test_map_fixture
[INFO] [stdout]     parser::header::tests::parse_header_should_succeed_for_m_basic_fixture
[INFO] [stdout]     parser::header::tests::parse_header_should_succeed_for_redirect_fixture
[INFO] [stdout]     parser::header::tests::parse_header_should_succeed_for_sm_cube_fixture
[INFO] [stdout]     parser::header::tests::parse_header_should_succeed_for_t_rock_fixture
[INFO] [stdout]     parser::import::tests::parse_import_entries_should_return_game_paths_for_bp_simple_fixture
[INFO] [stdout]     parser::name_table::tests::parse_name_table_should_return_expected_names_for_bp_simple_fixture
[INFO] [stdout]     tests::scan_files_should_extract_soft_refs_from_level_sequence_asset
[INFO] [stdout]     tests::scan_files_should_set_blueprint_metrics_for_blueprint_asset
[INFO] [stdout]     tests::scan_files_should_set_material_texture_samples_for_material_asset
[INFO] [stdout]     tests::scan_files_should_set_no_blueprint_metrics_for_texture_asset
[INFO] [stdout]     tests::scan_files_with_progress_should_invoke_callback_for_each_file_including_skipped
[INFO] [stdout] 
[INFO] [stdout] test result: FAILED. 67 passed; 21 failed; 0 ignored; 0 measured; 0 filtered out; finished in 0.03s
[INFO] [stdout] 
[INFO] [stderr] error: test failed, to rerun pass `--lib`
[INFO] running `Command { std: "docker" "inspect" "945e58d03c22dcbf758e21eab99db53d50b550733739f93c835a3fba1b04cfe5", kill_on_drop: false }`
[INFO] running `Command { std: "docker" "rm" "-f" "945e58d03c22dcbf758e21eab99db53d50b550733739f93c835a3fba1b04cfe5", kill_on_drop: false }`
[INFO] [stdout] 945e58d03c22dcbf758e21eab99db53d50b550733739f93c835a3fba1b04cfe5
