[INFO] fetching crate u-siem-syslog 0.2.0...
[INFO] testing u-siem-syslog-0.2.0 against 1.99.0-beta.8+cargoflags=--release for beta-release-1.100-2
[INFO] extracting crate u-siem-syslog 0.2.0 into /workspace/builds/worker-2-tc1/source
[INFO] started tweaking crates.io crate u-siem-syslog 0.2.0
[INFO] finished tweaking crates.io crate u-siem-syslog 0.2.0
[INFO] tweaked toml for crates.io crate u-siem-syslog 0.2.0 written to /workspace/builds/worker-2-tc1/source/Cargo.toml
[INFO] validating manifest of crates.io crate u-siem-syslog 0.2.0 on toolchain 1.99.0-beta.8
[INFO] running `Command { std: CARGO_HOME="/workspace/cargo-home" RUSTUP_HOME="/workspace/rustup-home" "/workspace/cargo-home/bin/cargo" "+1.99.0-beta.8" "metadata" "--manifest-path" "Cargo.toml" "--no-deps", kill_on_drop: false }`
[INFO] running `Command { std: CARGO_HOME="/workspace/cargo-home" RUSTUP_HOME="/workspace/rustup-home" "/workspace/cargo-home/bin/cargo" "+1.99.0-beta.8" "generate-lockfile" "--manifest-path" "Cargo.toml", kill_on_drop: false }`
[INFO] [stderr]     Updating crates.io index
[INFO] [stderr]      Locking 84 packages to highest compatible versions
[INFO] [stderr]       Adding rustls v0.22.4 (available: v0.23.46)
[INFO] [stderr]       Adding serial_test v3.5.0 (available: v4.0.1)
[INFO] running `Command { std: CARGO_HOME="/workspace/cargo-home" RUSTUP_HOME="/workspace/rustup-home" "/workspace/cargo-home/bin/cargo" "+1.99.0-beta.8" "fetch" "--manifest-path" "Cargo.toml", kill_on_drop: false }`
[INFO] [stderr] warning: Cargo.toml: `default_features` is deprecated in favor of `default-features` and will not work in the 2024 edition
[INFO] [stderr] (in the `rustls` dependency)
[INFO] [stderr] warning: `u-siem-syslog` (manifest) generated 1 warning
[INFO] [stderr]  Downloading crates ...
[INFO] [stderr]   Downloaded serial_test v3.5.0
[INFO] [stderr]   Downloaded coarsetime v0.1.38
[INFO] [stderr]   Downloaded serial_test_derive v3.5.0
[INFO] [stderr]   Downloaded u-siem v0.7.0
[INFO] [stderr]   Downloaded rustls v0.22.4
[INFO] running `Command { std: "docker" "create" "-v" "/var/lib/crater-agent-workspace/builds/worker-2-tc1/source:/opt/rustwide/workdir:ro,Z" "-v" "/var/lib/crater-agent-workspace/builds/worker-2-tc1/target:/opt/rustwide/target:rw,Z" "-v" "/var/lib/crater-agent-workspace/cargo-home:/opt/rustwide/cargo-home:ro,Z" "-v" "/var/lib/crater-agent-workspace/rustup-home:/opt/rustwide/rustup-home:ro,Z" "-m" "1610612736" "--network" "none" "ghcr.io/rust-lang/crates-build-env/linux@sha256:77db811e55d90add9212f6832c23229e3de5f1c1f9905e8cb07319ea15df73ac" "sleep" "infinity", kill_on_drop: false }`
[INFO] [stdout] b9b94a8b9d26fa97e3b2a5fe615ccf05abd756a717aa758e78c958956b405303
[INFO] running `Command { std: "docker" "start" "b9b94a8b9d26fa97e3b2a5fe615ccf05abd756a717aa758e78c958956b405303", kill_on_drop: false }`
[INFO] running `Command { std: "docker" "inspect" "b9b94a8b9d26fa97e3b2a5fe615ccf05abd756a717aa758e78c958956b405303", kill_on_drop: false }`
[INFO] running `Command { std: "docker" "exec" "-e" "SOURCE_DIR=/opt/rustwide/workdir" "-e" "CARGO_HOME=/opt/rustwide/cargo-home" "-e" "RUSTUP_HOME=/opt/rustwide/rustup-home" "-e" "CARGO_TARGET_DIR=/opt/rustwide/target" "-w" "/opt/rustwide/workdir" "--user" "0:0" "b9b94a8b9d26fa97e3b2a5fe615ccf05abd756a717aa758e78c958956b405303" "/opt/rustwide/cargo-home/bin/cargo" "+1.99.0-beta.8" "metadata" "--no-deps" "--format-version=1", kill_on_drop: false }`
[INFO] running `Command { std: "docker" "inspect" "b9b94a8b9d26fa97e3b2a5fe615ccf05abd756a717aa758e78c958956b405303", kill_on_drop: false }`
[INFO] running `Command { std: "docker" "exec" "-e" "SOURCE_DIR=/opt/rustwide/workdir" "-e" "CARGO_HOME=/opt/rustwide/cargo-home" "-e" "RUSTUP_HOME=/opt/rustwide/rustup-home" "-e" "CARGO_TARGET_DIR=/opt/rustwide/target" "-e" "CARGO_INCREMENTAL=0" "-e" "RUST_BACKTRACE=full" "-e" "RUSTFLAGS=--cap-lints=warn" "-e" "RUSTDOCFLAGS=--cap-lints=warn" "-w" "/opt/rustwide/workdir" "--user" "0:0" "b9b94a8b9d26fa97e3b2a5fe615ccf05abd756a717aa758e78c958956b405303" "/opt/rustwide/cargo-home/bin/cargo" "+1.99.0-beta.8" "build" "--frozen" "--message-format=json" "--release", kill_on_drop: false }`
[INFO] [stderr] warning: Cargo.toml: `default_features` is deprecated in favor of `default-features` and will not work in the 2024 edition
[INFO] [stderr] (in the `rustls` dependency)
[INFO] [stderr] warning: `u-siem-syslog` (manifest) generated 1 warning
[INFO] [stderr]    Compiling zeroize v1.9.1
[INFO] [stderr]    Compiling rustls v0.22.4
[INFO] [stderr]    Compiling crossbeam-utils v0.8.23
[INFO] [stderr]    Compiling getrandom v0.2.17
[INFO] [stderr]    Compiling regex-automata v0.4.18
[INFO] [stderr]    Compiling dyn-clone v1.0.20
[INFO] [stderr]    Compiling coarsetime v0.1.38
[INFO] [stderr]    Compiling serde_json v1.0.154
[INFO] [stderr]    Compiling chrono v0.4.45
[INFO] [stderr]    Compiling ring v0.17.14
[INFO] [stderr]    Compiling rustls-pki-types v1.15.1
[INFO] [stderr]    Compiling rustls-pemfile v2.2.0
[INFO] [stderr]    Compiling crossbeam-channel v0.5.17
[INFO] [stderr]    Compiling rustls-webpki v0.102.8
[INFO] [stderr]    Compiling regex v1.13.1
[INFO] [stderr]    Compiling u-siem v0.7.0
[INFO] [stderr]    Compiling u-siem-syslog v0.2.0 (/opt/rustwide/workdir)
[INFO] [stderr]     Finished `release` profile [optimized] target(s) in 46.75s
[INFO] running `Command { std: "docker" "inspect" "b9b94a8b9d26fa97e3b2a5fe615ccf05abd756a717aa758e78c958956b405303", kill_on_drop: false }`
[INFO] running `Command { std: "docker" "exec" "-e" "SOURCE_DIR=/opt/rustwide/workdir" "-e" "CARGO_HOME=/opt/rustwide/cargo-home" "-e" "RUSTUP_HOME=/opt/rustwide/rustup-home" "-e" "CARGO_TARGET_DIR=/opt/rustwide/target" "-e" "CARGO_INCREMENTAL=0" "-e" "RUST_BACKTRACE=full" "-e" "RUSTFLAGS=--cap-lints=warn" "-e" "RUSTDOCFLAGS=--cap-lints=warn" "-w" "/opt/rustwide/workdir" "--user" "0:0" "b9b94a8b9d26fa97e3b2a5fe615ccf05abd756a717aa758e78c958956b405303" "/opt/rustwide/cargo-home/bin/cargo" "+1.99.0-beta.8" "test" "--frozen" "--no-run" "--message-format=json" "--release", kill_on_drop: false }`
[INFO] [stderr] warning: Cargo.toml: `default_features` is deprecated in favor of `default-features` and will not work in the 2024 edition
[INFO] [stderr] (in the `rustls` dependency)
[INFO] [stderr] warning: `u-siem-syslog` (manifest) generated 1 warning
[INFO] [stderr]    Compiling parking_lot_core v0.9.12
[INFO] [stderr]    Compiling syn v2.0.119
[INFO] [stderr]    Compiling futures-util v0.3.34
[INFO] [stderr]    Compiling parking_lot v0.12.5
[INFO] [stderr]    Compiling futures-executor v0.3.34
[INFO] [stderr]    Compiling serial_test_derive v3.5.0
[INFO] [stderr]    Compiling serial_test v3.5.0
[INFO] [stderr]    Compiling u-siem-syslog v0.2.0 (/opt/rustwide/workdir)
[INFO] [stderr]     Finished `release` profile [optimized] target(s) in 11.31s
[INFO] running `Command { std: "docker" "inspect" "b9b94a8b9d26fa97e3b2a5fe615ccf05abd756a717aa758e78c958956b405303", kill_on_drop: false }`
[INFO] running `Command { std: "docker" "exec" "-e" "SOURCE_DIR=/opt/rustwide/workdir" "-e" "CARGO_HOME=/opt/rustwide/cargo-home" "-e" "RUSTUP_HOME=/opt/rustwide/rustup-home" "-e" "CARGO_TARGET_DIR=/opt/rustwide/target" "-e" "CARGO_INCREMENTAL=0" "-e" "RUST_BACKTRACE=full" "-e" "RUSTFLAGS=--cap-lints=warn" "-e" "RUSTDOCFLAGS=--cap-lints=warn" "-w" "/opt/rustwide/workdir" "--user" "0:0" "b9b94a8b9d26fa97e3b2a5fe615ccf05abd756a717aa758e78c958956b405303" "/opt/rustwide/cargo-home/bin/cargo" "+1.99.0-beta.8" "test" "--frozen" "--release", kill_on_drop: false }`
[INFO] [stderr] warning: Cargo.toml: `default_features` is deprecated in favor of `default-features` and will not work in the 2024 edition
[INFO] [stderr] (in the `rustls` dependency)
[INFO] [stderr] warning: `u-siem-syslog` (manifest) generated 1 warning
[INFO] [stderr]     Finished `release` profile [optimized] target(s) in 0.09s
[INFO] [stderr]      Running unittests src/lib.rs (/opt/rustwide/target/release/deps/usiem_syslog-397f8d6dfe3ecbc1)
[INFO] [stdout] 
[INFO] [stdout] running 3 tests
[INFO] [stdout] test common::parses_syslog_msg ... ignored
[INFO] [stdout] test tcp::tst::tcp_syslog_basic_test ... FAILED
[INFO] [stdout] test tls::tst::tls_syslog_basic_test ... FAILED
[INFO] [stdout] 
[INFO] [stdout] failures:
[INFO] [stdout] 
[INFO] [stdout] ---- tcp::tst::tcp_syslog_basic_test stdout ----
[INFO] [stdout] 
[INFO] [stdout] thread 'tcp::tst::tcp_syslog_basic_test' (652) panicked at src/tcp.rs:202:71:
[INFO] [stdout] Must connect to localhost: Os { code: 111, kind: ConnectionRefused, message: "Connection refused" }
[INFO] [stdout] stack backtrace:
[INFO] [stdout]    0:     0x611db164fbe1 - <<std[70759c8f55707aa4]::sys::backtrace::BacktraceLock>::print::DisplayBacktrace as core[df12db4294e9bfd3]::fmt::Display>::fmt
[INFO] [stdout]    1:     0x611db16676ea - core[df12db4294e9bfd3]::fmt::write
[INFO] [stdout]    2:     0x611db165451c - <alloc[2182bb758b4b3781]::vec::Vec<u8> as core[df12db4294e9bfd3]::io::write::Write>::write_fmt
[INFO] [stdout]    3:     0x611db162b146 - std[70759c8f55707aa4]::panicking::default_hook::{closure#0}
[INFO] [stdout]    4:     0x611db1647839 - std[70759c8f55707aa4]::panicking::default_hook
[INFO] [stdout]    5:     0x611db1421720 - test[9d35eded1c95d3be]::test_main_inner::<test[9d35eded1c95d3be]::test_main_static::{closure#0}>::{closure#0}
[INFO] [stdout]    6:     0x611db16479f2 - std[70759c8f55707aa4]::panicking::panic_with_hook
[INFO] [stdout]    7:     0x611db162b1f2 - std[70759c8f55707aa4]::panicking::panic_handler::{closure#0}
[INFO] [stdout]    8:     0x611db1623ec9 - std[70759c8f55707aa4]::sys::backtrace::__rust_end_short_backtrace::<std[70759c8f55707aa4]::panicking::panic_handler::{closure#0}, !>
[INFO] [stdout]    9:     0x611db162bfdd - __rustc[8fa7c3cbc660c2b3]::rust_begin_unwind
[INFO] [stdout]   10:     0x611db1667ecc - core[df12db4294e9bfd3]::panicking::panic_fmt
[INFO] [stdout]   11:     0x611db1667ca2 - core[df12db4294e9bfd3]::result::unwrap_failed
[INFO] [stdout]   12:     0x611db1413baa - usiem_syslog[8a81e0fd9d373f1a]::tcp::tst::tcp_syslog_basic_test
[INFO] [stdout]   13:     0x611db1409259 - <usiem_syslog[8a81e0fd9d373f1a]::tcp::tst::tcp_syslog_basic_test::{closure#0} as core[df12db4294e9bfd3]::ops::function::FnOnce<()>>::call_once
[INFO] [stdout]   14:     0x611db1414a0b - test[9d35eded1c95d3be]::__rust_begin_short_backtrace::<core[df12db4294e9bfd3]::result::Result<(), alloc[2182bb758b4b3781]::string::String>, fn() -> core[df12db4294e9bfd3]::result::Result<(), alloc[2182bb758b4b3781]::string::String>>
[INFO] [stdout]   15:     0x611db1422075 - test[9d35eded1c95d3be]::run_test::{closure#0}
[INFO] [stdout]   16:     0x611db141b934 - std[70759c8f55707aa4]::sys::backtrace::__rust_begin_short_backtrace::<test[9d35eded1c95d3be]::run_test::{closure#1}, ()>
[INFO] [stdout]   17:     0x611db14251d2 - <std[70759c8f55707aa4]::thread::lifecycle::spawn_unchecked<test[9d35eded1c95d3be]::run_test::{closure#1}, ()>::{closure#1} as core[df12db4294e9bfd3]::ops::function::FnOnce<()>>::call_once::{shim:vtable#0}
[INFO] [stdout]   18:     0x611db164ed19 - <std[70759c8f55707aa4]::sys::thread::unix::Thread>::new::thread_start
[INFO] [stdout]   19:     0x75c614812dfa - <unknown>
[INFO] [stdout]   20:     0x75c6148a63d4 - clone
[INFO] [stdout]   21:                0x0 - <unknown>
[INFO] [stdout] 
[INFO] [stdout] ---- tls::tst::tls_syslog_basic_test stdout ----
[INFO] [stdout] 
[INFO] [stdout] thread 'tls::tst::tls_syslog_basic_test' (653) panicked at src/testing.rs:67:57:
[INFO] [stdout] called `Result::unwrap()` on an `Err` value: Os { code: 111, kind: ConnectionRefused, message: "Connection refused" }
[INFO] [stdout] stack backtrace:
[INFO] [stdout]    0:     0x611db164fbe1 - <<std[70759c8f55707aa4]::sys::backtrace::BacktraceLock>::print::DisplayBacktrace as core[df12db4294e9bfd3]::fmt::Display>::fmt
[INFO] [stdout]    1:     0x611db16676ea - core[df12db4294e9bfd3]::fmt::write
[INFO] [stdout]    2:     0x611db165451c - <alloc[2182bb758b4b3781]::vec::Vec<u8> as core[df12db4294e9bfd3]::io::write::Write>::write_fmt
[INFO] [stdout]    3:     0x611db162b146 - std[70759c8f55707aa4]::panicking::default_hook::{closure#0}
[INFO] [stdout]    4:     0x611db1647839 - std[70759c8f55707aa4]::panicking::default_hook
[INFO] [stdout]    5:     0x611db1421720 - test[9d35eded1c95d3be]::test_main_inner::<test[9d35eded1c95d3be]::test_main_static::{closure#0}>::{closure#0}
[INFO] [stdout]    6:     0x611db16479f2 - std[70759c8f55707aa4]::panicking::panic_with_hook
[INFO] [stdout]    7:     0x611db162b1f2 - std[70759c8f55707aa4]::panicking::panic_handler::{closure#0}
[INFO] [stdout]    8:     0x611db1623ec9 - std[70759c8f55707aa4]::sys::backtrace::__rust_end_short_backtrace::<std[70759c8f55707aa4]::panicking::panic_handler::{closure#0}, !>
[INFO] [stdout]    9:     0x611db162bfdd - __rustc[8fa7c3cbc660c2b3]::rust_begin_unwind
[INFO] [stdout]   10:     0x611db1667ecc - core[df12db4294e9bfd3]::panicking::panic_fmt
[INFO] [stdout]   11:     0x611db1667ca2 - core[df12db4294e9bfd3]::result::unwrap_failed
[INFO] [stdout]   12:     0x611db13ea6d3 - usiem_syslog[8a81e0fd9d373f1a]::testing::testing_tls_client
[INFO] [stdout]   13:     0x611db1413ce3 - usiem_syslog[8a81e0fd9d373f1a]::tls::tst::tls_syslog_basic_test
[INFO] [stdout]   14:     0x611db1409279 - <usiem_syslog[8a81e0fd9d373f1a]::tls::tst::tls_syslog_basic_test::{closure#0} as core[df12db4294e9bfd3]::ops::function::FnOnce<()>>::call_once
[INFO] [stdout]   15:     0x611db1414a0b - test[9d35eded1c95d3be]::__rust_begin_short_backtrace::<core[df12db4294e9bfd3]::result::Result<(), alloc[2182bb758b4b3781]::string::String>, fn() -> core[df12db4294e9bfd3]::result::Result<(), alloc[2182bb758b4b3781]::string::String>>
[INFO] [stdout]   16:     0x611db1422075 - test[9d35eded1c95d3be]::run_test::{closure#0}
[INFO] [stdout]   17:     0x611db141b934 - std[70759c8f55707aa4]::sys::backtrace::__rust_begin_short_backtrace::<test[9d35eded1c95d3be]::run_test::{closure#1}, ()>
[INFO] [stdout]   18:     0x611db14251d2 - <std[70759c8f55707aa4]::thread::lifecycle::spawn_unchecked<test[9d35eded1c95d3be]::run_test::{closure#1}, ()>::{closure#1} as core[df12db4294e9bfd3]::ops::function::FnOnce<()>>::call_once::{shim:vtable#0}
[INFO] [stdout]   19:     0x611db164ed19 - <std[70759c8f55707aa4]::sys::thread::unix::Thread>::new::thread_start
[INFO] [stdout]   20:     0x75c614812dfa - <unknown>
[INFO] [stdout]   21:     0x75c6148a63d4 - clone
[INFO] [stdout]   22:                0x0 - <unknown>
[INFO] [stdout] 
[INFO] [stdout] 
[INFO] [stdout] failures:
[INFO] [stdout]     tcp::tst::tcp_syslog_basic_test
[INFO] [stdout]     tls::tst::tls_syslog_basic_test
[INFO] [stdout] 
[INFO] [stdout] test result: FAILED. 0 passed; 2 failed; 1 ignored; 0 measured; 0 filtered out; finished in 0.00s
[INFO] [stdout] 
[INFO] [stderr] error: test failed, to rerun pass `--lib`
[INFO] running `Command { std: "docker" "inspect" "b9b94a8b9d26fa97e3b2a5fe615ccf05abd756a717aa758e78c958956b405303", kill_on_drop: false }`
[INFO] running `Command { std: "docker" "rm" "-f" "b9b94a8b9d26fa97e3b2a5fe615ccf05abd756a717aa758e78c958956b405303", kill_on_drop: false }`
[INFO] [stdout] b9b94a8b9d26fa97e3b2a5fe615ccf05abd756a717aa758e78c958956b405303
