[INFO] fetching crate u-nesting-ffi 0.21.0...
[INFO] testing u-nesting-ffi-0.21.0 against 1.100.0-beta.1+cargoflags=--release for beta-release-1.100-2
[INFO] extracting crate u-nesting-ffi 0.21.0 into /workspace/builds/worker-4-tc2/source
[INFO] started tweaking crates.io crate u-nesting-ffi 0.21.0
[INFO] finished tweaking crates.io crate u-nesting-ffi 0.21.0
[INFO] tweaked toml for crates.io crate u-nesting-ffi 0.21.0 written to /workspace/builds/worker-4-tc2/source/Cargo.toml
[INFO] validating manifest of crates.io crate u-nesting-ffi 0.21.0 on toolchain 1.100.0-beta.1
[INFO] running `Command { std: CARGO_HOME="/workspace/cargo-home" RUSTUP_HOME="/workspace/rustup-home" "/workspace/cargo-home/bin/cargo" "+1.100.0-beta.1" "metadata" "--manifest-path" "Cargo.toml" "--no-deps", kill_on_drop: false }`
[INFO] crate crates.io crate u-nesting-ffi 0.21.0 already has a lockfile, it will not be regenerated
[INFO] running `Command { std: CARGO_HOME="/workspace/cargo-home" RUSTUP_HOME="/workspace/rustup-home" "/workspace/cargo-home/bin/cargo" "+1.100.0-beta.1" "fetch" "--manifest-path" "Cargo.toml", kill_on_drop: false }`
[INFO] running `Command { std: "docker" "create" "-v" "/var/lib/crater-agent-workspace/builds/worker-4-tc2/source:/opt/rustwide/workdir:ro,Z" "-v" "/var/lib/crater-agent-workspace/builds/worker-4-tc2/target:/opt/rustwide/target:rw,Z" "-v" "/var/lib/crater-agent-workspace/cargo-home:/opt/rustwide/cargo-home:ro,Z" "-v" "/var/lib/crater-agent-workspace/rustup-home:/opt/rustwide/rustup-home:ro,Z" "-m" "1610612736" "--network" "none" "ghcr.io/rust-lang/crates-build-env/linux@sha256:77db811e55d90add9212f6832c23229e3de5f1c1f9905e8cb07319ea15df73ac" "sleep" "infinity", kill_on_drop: false }`
[INFO] [stdout] c8814e6c0159b8bc1fec3d900697a2405e95bd172fd066172f97e2e4cfa7564f
[INFO] running `Command { std: "docker" "start" "c8814e6c0159b8bc1fec3d900697a2405e95bd172fd066172f97e2e4cfa7564f", kill_on_drop: false }`
[INFO] running `Command { std: "docker" "inspect" "c8814e6c0159b8bc1fec3d900697a2405e95bd172fd066172f97e2e4cfa7564f", kill_on_drop: false }`
[INFO] running `Command { std: "docker" "exec" "-e" "SOURCE_DIR=/opt/rustwide/workdir" "-e" "CARGO_HOME=/opt/rustwide/cargo-home" "-e" "RUSTUP_HOME=/opt/rustwide/rustup-home" "-e" "CARGO_TARGET_DIR=/opt/rustwide/target" "-w" "/opt/rustwide/workdir" "--user" "0:0" "c8814e6c0159b8bc1fec3d900697a2405e95bd172fd066172f97e2e4cfa7564f" "/opt/rustwide/cargo-home/bin/cargo" "+1.100.0-beta.1" "metadata" "--no-deps" "--format-version=1", kill_on_drop: false }`
[INFO] running `Command { std: "docker" "inspect" "c8814e6c0159b8bc1fec3d900697a2405e95bd172fd066172f97e2e4cfa7564f", kill_on_drop: false }`
[INFO] running `Command { std: "docker" "exec" "-e" "SOURCE_DIR=/opt/rustwide/workdir" "-e" "CARGO_HOME=/opt/rustwide/cargo-home" "-e" "RUSTUP_HOME=/opt/rustwide/rustup-home" "-e" "CARGO_TARGET_DIR=/opt/rustwide/target" "-e" "CARGO_INCREMENTAL=0" "-e" "RUST_BACKTRACE=full" "-e" "RUSTFLAGS=--cap-lints=warn" "-e" "RUSTDOCFLAGS=--cap-lints=warn" "-w" "/opt/rustwide/workdir" "--user" "0:0" "c8814e6c0159b8bc1fec3d900697a2405e95bd172fd066172f97e2e4cfa7564f" "/opt/rustwide/cargo-home/bin/cargo" "+1.100.0-beta.1" "build" "--frozen" "--message-format=json" "--release", kill_on_drop: false }`
[INFO] [stderr]    Compiling num-traits v0.2.19
[INFO] [stderr]    Compiling bytemuck v1.25.2
[INFO] [stderr]    Compiling matrixmultiply v0.3.11
[INFO] [stderr]    Compiling syn v3.0.9
[INFO] [stderr]    Compiling syn v2.0.119
[INFO] [stderr]    Compiling chacha20 v0.10.2
[INFO] [stderr]    Compiling getrandom v0.4.3
[INFO] [stderr]    Compiling utf8parse v0.2.2
[INFO] [stderr]    Compiling anstyle-parse v1.0.0
[INFO] [stderr]    Compiling safe_arch v1.2.0
[INFO] [stderr]    Compiling is_terminal_polyfill v1.70.2
[INFO] [stderr]    Compiling rand v0.10.3
[INFO] [stderr]    Compiling anstyle v1.0.14
[INFO] [stderr]    Compiling colorchoice v1.0.5
[INFO] [stderr]    Compiling anstyle-query v1.1.5
[INFO] [stderr]    Compiling rustix v1.1.5
[INFO] [stderr]    Compiling anstream v1.0.0
[INFO] [stderr]    Compiling winnow v1.0.4
[INFO] [stderr]    Compiling linux-raw-sys v0.12.1
[INFO] [stderr]    Compiling wide v1.7.1
[INFO] [stderr]    Compiling serde v1.0.229
[INFO] [stderr]    Compiling bitflags v2.13.2
[INFO] [stderr]    Compiling robust v1.2.0
[INFO] [stderr]    Compiling u-numflow v0.12.0
[INFO] [stderr]    Compiling approx v0.5.1
[INFO] [stderr]    Compiling num-integer v0.1.47
[INFO] [stderr]    Compiling clap_lex v1.1.1
[INFO] [stderr]    Compiling clap_builder v4.6.7
[INFO] [stderr]    Compiling num-rational v0.4.2
[INFO] [stderr]    Compiling serde_derive v1.0.229
[INFO] [stderr]    Compiling thiserror-impl v2.0.21
[INFO] [stderr]    Compiling serde_json v1.0.154
[INFO] [stderr]    Compiling toml_parser v1.1.5+spec-1.1.0
[INFO] [stderr]    Compiling serde_path_to_error v0.1.20
[INFO] [stderr]    Compiling serde_spanned v1.1.2
[INFO] [stderr]    Compiling thiserror v2.0.21
[INFO] [stderr]    Compiling toml_datetime v0.7.5+spec-1.1.0
[INFO] [stderr]    Compiling once_cell v1.21.4
[INFO] [stderr]    Compiling fastrand v2.5.0
[INFO] [stderr]    Compiling winnow v0.7.15
[INFO] [stderr]    Compiling byteorder v1.5.0
[INFO] [stderr]    Compiling equivalent v1.0.3
[INFO] [stderr]    Compiling heapless v0.8.0
[INFO] [stderr]    Compiling itoa v1.0.18
[INFO] [stderr]    Compiling cbindgen v0.29.4
[INFO] [stderr]    Compiling web-time v1.1.0
[INFO] [stderr]    Compiling indexmap v2.14.2
[INFO] [stderr]    Compiling hash32 v0.3.1
[INFO] [stderr]    Compiling tempfile v3.27.0
[INFO] [stderr]    Compiling clap v4.6.7
[INFO] [stderr]    Compiling i_float v5.0.0
[INFO] [stderr]    Compiling nalgebra-macros v0.3.0
[INFO] [stderr]    Compiling log v0.4.34
[INFO] [stderr]    Compiling i_shape v5.0.0
[INFO] [stderr]    Compiling smallvec v1.16.3
[INFO] [stderr]    Compiling i_key_sort v0.12.0
[INFO] [stderr]    Compiling i_tree v0.20.0
[INFO] [stderr]    Compiling toml v0.9.12+spec-1.1.0
[INFO] [stderr]    Compiling rstar v0.13.0
[INFO] [stderr]    Compiling i_overlay v9.1.0
[INFO] [stderr]    Compiling num-complex v0.4.6
[INFO] [stderr]    Compiling u-metaheur v0.10.0
[INFO] [stderr]    Compiling simba v0.10.2
[INFO] [stderr]    Compiling u-nesting-ffi v0.21.0 (/opt/rustwide/workdir)
[INFO] [stderr]    Compiling nalgebra v0.35.0
[INFO] [stderr]    Compiling u-geometry v0.5.0
[INFO] [stderr]    Compiling u-nesting-core v0.21.0
[INFO] [stderr]    Compiling u-nesting-d2 v0.21.0
[INFO] [stderr]    Compiling u-nesting-d3 v0.21.0
[INFO] [stderr]    Compiling u-nesting-cutting v0.21.0
[INFO] [stderr]     Finished `release` profile [optimized] target(s) in 2m 36s
[INFO] running `Command { std: "docker" "inspect" "c8814e6c0159b8bc1fec3d900697a2405e95bd172fd066172f97e2e4cfa7564f", kill_on_drop: false }`
[INFO] running `Command { std: "docker" "exec" "-e" "SOURCE_DIR=/opt/rustwide/workdir" "-e" "CARGO_HOME=/opt/rustwide/cargo-home" "-e" "RUSTUP_HOME=/opt/rustwide/rustup-home" "-e" "CARGO_TARGET_DIR=/opt/rustwide/target" "-e" "CARGO_INCREMENTAL=0" "-e" "RUST_BACKTRACE=full" "-e" "RUSTFLAGS=--cap-lints=warn" "-e" "RUSTDOCFLAGS=--cap-lints=warn" "-w" "/opt/rustwide/workdir" "--user" "0:0" "c8814e6c0159b8bc1fec3d900697a2405e95bd172fd066172f97e2e4cfa7564f" "/opt/rustwide/cargo-home/bin/cargo" "+1.100.0-beta.1" "test" "--frozen" "--no-run" "--message-format=json" "--release", kill_on_drop: false }`
[INFO] [stderr]    Compiling u-nesting-ffi v0.21.0 (/opt/rustwide/workdir)
[INFO] [stderr]     Finished `release` profile [optimized] target(s) in 17.53s
[INFO] running `Command { std: "docker" "inspect" "c8814e6c0159b8bc1fec3d900697a2405e95bd172fd066172f97e2e4cfa7564f", kill_on_drop: false }`
[INFO] running `Command { std: "docker" "exec" "-e" "SOURCE_DIR=/opt/rustwide/workdir" "-e" "CARGO_HOME=/opt/rustwide/cargo-home" "-e" "RUSTUP_HOME=/opt/rustwide/rustup-home" "-e" "CARGO_TARGET_DIR=/opt/rustwide/target" "-e" "CARGO_INCREMENTAL=0" "-e" "RUST_BACKTRACE=full" "-e" "RUSTFLAGS=--cap-lints=warn" "-e" "RUSTDOCFLAGS=--cap-lints=warn" "-w" "/opt/rustwide/workdir" "--user" "0:0" "c8814e6c0159b8bc1fec3d900697a2405e95bd172fd066172f97e2e4cfa7564f" "/opt/rustwide/cargo-home/bin/cargo" "+1.100.0-beta.1" "test" "--frozen" "--release", kill_on_drop: false }`
[INFO] [stderr]     Finished `release` profile [optimized] target(s) in 0.21s
[INFO] [stderr]      Running unittests src/lib.rs (/opt/rustwide/target/release/build/u-nesting-ffi/a7eb684d7d99d788/out/u_nesting_ffi-a7eb684d7d99d788)
[INFO] [stdout] 
[INFO] [stdout] running 69 tests
[INFO] [stdout] test api::tests::a_layout_is_checked_against_the_problem_it_answers ... ok
[INFO] [stdout] test api::tests::a_hole_the_kerf_collapses_is_reported_not_dropped ... ok
[INFO] [stdout] test api::tests::a_boundary_measure_not_above_zero_is_out_of_range ... ok
[INFO] [stdout] test api::tests::a_packing_is_checked_against_the_problem_it_answers ... ok
[INFO] [stdout] test api::tests::a_negative_count_is_out_of_range_not_malformed ... ok
[INFO] [stdout] test api::tests::a_kerf_wider_than_the_part_gap_is_refused_with_the_gap ... ok
[INFO] [stdout] test api::tests::a_set_budget_is_kept_and_an_omitted_one_is_left_to_the_strategy ... ok
[INFO] [stdout] test api::tests::an_unknown_mode_is_refused ... ok
[INFO] [stdout] test api::tests::cutting_counts_are_read_as_given ... ok
[INFO] [stdout] test api::tests::cutting_config_refuses_what_it_used_to_adjust ... ok
[INFO] [stdout] test api::tests::an_empty_list_of_geometries_is_empty_input ... ok
[INFO] [stdout] test api::tests::cutting_speeds_are_judged_and_the_estimate_is_a_number ... ok
[INFO] [stdout] test api::tests::a_fractional_count_is_malformed_with_its_path ... ok
[INFO] [stdout] test api::tests::empty_rotations_are_refused ... ok
[INFO] [stdout] test api::tests::schema_guard_3d_matches_csharp_placement3d_contract ... ok
[INFO] [stdout] test api::tests::schema_guard_2d_matches_csharp_placement2d_contract ... ok
[INFO] [stdout] test api::tests::schema_guard_3d_orientation_actually_flows ... ok
[INFO] [stdout] test api::tests::guard_panic_converts_string_panic_to_error_value ... ok
[INFO] [stdout] test api::tests::guard_panic_converts_str_panic_to_error_value ... ok
[INFO] [stdout] test api::tests::test_build_config_default ... ok
[INFO] [stdout] test api::tests::schema_guard_3d_z_value_actually_flows ... ok
[INFO] [stdout] test api::tests::test_build_config_with_values ... ok
[INFO] [stdout] test api::tests::strategies_are_the_catalog_of_this_build ... ok
[INFO] [stdout] test api::tests::test_cutting_path_basic ... ok
[INFO] [stdout] test api::tests::guard_panic_passes_through_the_ok_value ... ok
[INFO] [stdout] test api::tests::requests_are_read_as_given ... ok
[INFO] [stdout] test api::tests::test_cutting_config_parsing ... ok
[INFO] [stdout] test api::tests::test_cutting_path_null_pointer ... ok
[INFO] [stdout] test api::tests::test_internal_solve_2d ... ok
[INFO] [stdout] test api::tests::test_internal_solve_3d ... ok
[INFO] [stdout] test api::tests::test_invalid_json_error ... ok
[INFO] [stdout] test api::tests::test_null_pointer_error ... ok
[INFO] [stdout] test api::tests::test_cutting_path_with_holes ... ok
[INFO] [stdout] test api::tests::test_free_null_string ... ok
[INFO] [stdout] test api::tests::test_cutting_path_ffi ... ok
[INFO] [stdout] test api::tests::test_cutting_path_invalid_json ... ok
[INFO] [stdout] test api::tests::test_solve_2d_basic ... ok
[INFO] [stdout] test api::tests::test_solve_2d_multi_sheet_distributes_and_localizes ... ok
[INFO] [stdout] test api::tests::test_solve_2d_with_progress_cancel ... ok
[INFO] [stdout] test api::tests::test_solve_2d_with_rotations ... ok
[INFO] [stdout] test api::tests::test_solve_2d_total_requested_is_instance_level ... ok
[INFO] [stdout] test api::tests::test_solve_2d_single_sheet_default_no_overflow_distribution ... ok
[INFO] [stdout] test api::tests::test_solve_2d_with_progress_no_callback ... ok
[INFO] [stdout] test api::tests::test_solve_auto_detect_2d ... ok
[INFO] [stdout] test api::tests::test_solve_3d_with_progress_callback ... ok
[INFO] [stdout] test api::tests::test_solve_3d_basic ... ok
[INFO] [stdout] test api::tests::test_solve_auto_detect_3d ... ok
[INFO] [stdout] test api::tests::test_solve_3d_total_requested_is_instance_level ... ok
[INFO] [stdout] test api::tests::test_solve_with_config ... ok
[INFO] [stdout] test callback::tests::test_callback_wrapper_cancel ... ok
[INFO] [stdout] test callback::tests::test_callback_wrapper_no_callback ... ok
[INFO] [stdout] test callback::tests::test_callback_wrapper_with_user_data ... ok
[INFO] [stdout] test callback::tests::test_progress_json_from_progress_info ... ok
[INFO] [stdout] test api::tests::test_version ... ok
[INFO] [stdout] test api::tests::test_solve_2d_with_progress_callback ... ok
[INFO] [stdout] test api::tests::test_solve_with_progress_auto_detect ... ok
[INFO] [stdout] test api::tests::test_strategy_parsing ... ok
[INFO] [stdout] test callback::tests::test_callback_wrapper_continue ... ok
[INFO] [stdout] test request_schema::each_strategy_enum_is_what_its_dimension_runs ... FAILED
[INFO] [stdout] test callback::tests::test_progress_json_serialization ... ok
[INFO] [stdout] test request_schema::each_config_schema_lists_the_settings_its_dimension_accepts ... FAILED
[INFO] [stdout] test request_schema::the_3d_request_schema_has_the_keys_the_request_takes ... FAILED
[INFO] [stdout] test doc_examples::every_fragment_marker_marks_a_json_block ... FAILED
[INFO] [stdout] test doc_examples::every_json_example_is_a_request_the_engine_takes_or_a_marked_fragment ... FAILED
[INFO] [stdout] test request_schema::the_2d_request_schema_has_the_keys_the_request_takes ... FAILED
[INFO] [stdout] test request_schema::the_response_schema_has_the_keys_a_response_carries ... FAILED
[INFO] [stdout] test request_schema::the_orientation_enum_is_what_a_box_accepts ... FAILED
[INFO] [stdout] test api::tests::a_solve_says_why_it_stopped ... ok
[INFO] [stdout] test api::tests::a_callback_hears_the_run_and_can_stop_it ... ok
[INFO] [stdout] 
[INFO] [stdout] failures:
[INFO] [stdout] 
[INFO] [stdout] ---- request_schema::each_strategy_enum_is_what_its_dimension_runs stdout ----
[INFO] [stdout] 
[INFO] [stdout] thread 'request_schema::each_strategy_enum_is_what_its_dimension_runs' (1359) panicked at src/request_schema.rs:24:66:
[INFO] [stdout] /opt/rustwide/workdir/../../docs/json-schema/request-2d.schema.json: No such file or directory (os error 2)
[INFO] [stdout] stack backtrace:
[INFO] [stdout]    0:     0x608efbe1ffe1 - <<std[617be2ca0a6fd877]::sys::backtrace::BacktraceLock>::print::DisplayBacktrace as core[a373ad73a504971]::fmt::Display>::fmt
[INFO] [stdout]    1:     0x608efbe3773a - core[a373ad73a504971]::fmt::write
[INFO] [stdout]    2:     0x608efbe244ec - <alloc[2e1b2a31b91974c5]::vec::Vec<u8> as core[a373ad73a504971]::io::write::Write>::write_fmt
[INFO] [stdout]    3:     0x608efbdfbc26 - std[617be2ca0a6fd877]::panicking::default_hook::{closure#0}
[INFO] [stdout]    4:     0x608efbe18109 - std[617be2ca0a6fd877]::panicking::default_hook
[INFO] [stdout]    5:     0x608efbc511e0 - test[aada8e7e76ba119b]::test_main_inner::{closure#0}
[INFO] [stdout]    6:     0x608efbe182c2 - std[617be2ca0a6fd877]::panicking::panic_with_hook
[INFO] [stdout]    7:     0x608efbdfbcd2 - std[617be2ca0a6fd877]::panicking::panic_handler::{closure#0}
[INFO] [stdout]    8:     0x608efbdf47b9 - std[617be2ca0a6fd877]::sys::backtrace::__rust_end_short_backtrace::<std[617be2ca0a6fd877]::panicking::panic_handler::{closure#0}, !>
[INFO] [stdout]    9:     0x608efbdfc8dd - __rustc[ea4f61d10b84890b]::rust_begin_unwind
[INFO] [stdout]   10:     0x608efbe37e6c - core[a373ad73a504971]::panicking::panic_fmt
[INFO] [stdout]   11:     0x608efbc07c1a - u_nesting_ffi[f8dcc9e990996174]::request_schema::schema::{closure#0}
[INFO] [stdout]   12:     0x608efbc0ba4b - u_nesting_ffi[f8dcc9e990996174]::request_schema::schema
[INFO] [stdout]   13:     0x608efbc1042d - <u_nesting_ffi[f8dcc9e990996174]::request_schema::each_strategy_enum_is_what_its_dimension_runs::{closure#0} as core[a373ad73a504971]::ops::function::FnOnce<()>>::call_once
[INFO] [stdout]   14:     0x608efbc4462b - test[aada8e7e76ba119b]::__rust_begin_short_backtrace::<core[a373ad73a504971]::result::Result<(), alloc[2e1b2a31b91974c5]::string::String>, fn() -> core[a373ad73a504971]::result::Result<(), alloc[2e1b2a31b91974c5]::string::String>>
[INFO] [stdout]   15:     0x608efbc51805 - test[aada8e7e76ba119b]::run_test::{closure#0}
[INFO] [stdout]   16:     0x608efbc4b0f4 - std[617be2ca0a6fd877]::sys::backtrace::__rust_begin_short_backtrace::<test[aada8e7e76ba119b]::run_test::{closure#1}, ()>
[INFO] [stdout]   17:     0x608efbc54892 - <std[617be2ca0a6fd877]::thread::lifecycle::spawn_unchecked<test[aada8e7e76ba119b]::run_test::{closure#1}, ()>::{closure#1} as core[a373ad73a504971]::ops::function::FnOnce<()>>::call_once::{shim:vtable#0}
[INFO] [stdout]   18:     0x608efbe1f4df - <std[617be2ca0a6fd877]::sys::thread::unix::Thread>::new::thread_start
[INFO] [stdout]   19:     0x7de1fba44dfa - <unknown>
[INFO] [stdout]   20:     0x7de1fbad83d4 - clone
[INFO] [stdout]   21:                0x0 - <unknown>
[INFO] [stdout] 
[INFO] [stdout] ---- request_schema::each_config_schema_lists_the_settings_its_dimension_accepts stdout ----
[INFO] [stdout] 
[INFO] [stdout] thread 'request_schema::each_config_schema_lists_the_settings_its_dimension_accepts' (1358) panicked at src/request_schema.rs:24:66:
[INFO] [stdout] /opt/rustwide/workdir/../../docs/json-schema/request-2d.schema.json: No such file or directory (os error 2)
[INFO] [stdout] stack backtrace:
[INFO] [stdout]    0:     0x608efbe1ffe1 - <<std[617be2ca0a6fd877]::sys::backtrace::BacktraceLock>::print::DisplayBacktrace as core[a373ad73a504971]::fmt::Display>::fmt
[INFO] [stdout]    1:     0x608efbe3773a - core[a373ad73a504971]::fmt::write
[INFO] [stdout]    2:     0x608efbe244ec - <alloc[2e1b2a31b91974c5]::vec::Vec<u8> as core[a373ad73a504971]::io::write::Write>::write_fmt
[INFO] [stdout]    3:     0x608efbdfbc26 - std[617be2ca0a6fd877]::panicking::default_hook::{closure#0}
[INFO] [stdout]    4:     0x608efbe18109 - std[617be2ca0a6fd877]::panicking::default_hook
[INFO] [stdout]    5:     0x608efbc511e0 - test[aada8e7e76ba119b]::test_main_inner::{closure#0}
[INFO] [stdout]    6:     0x608efbe182c2 - std[617be2ca0a6fd877]::panicking::panic_with_hook
[INFO] [stdout]    7:     0x608efbdfbcd2 - std[617be2ca0a6fd877]::panicking::panic_handler::{closure#0}
[INFO] [stdout]    8:     0x608efbdf47b9 - std[617be2ca0a6fd877]::sys::backtrace::__rust_end_short_backtrace::<std[617be2ca0a6fd877]::panicking::panic_handler::{closure#0}, !>
[INFO] [stdout]    9:     0x608efbdfc8dd - __rustc[ea4f61d10b84890b]::rust_begin_unwind
[INFO] [stdout]   10:     0x608efbe37e6c - core[a373ad73a504971]::panicking::panic_fmt
[INFO] [stdout]   11:     0x608efbc07c1a - u_nesting_ffi[f8dcc9e990996174]::request_schema::schema::{closure#0}
[INFO] [stdout]   12:     0x608efbc0ba4b - u_nesting_ffi[f8dcc9e990996174]::request_schema::schema
[INFO] [stdout]   13:     0x608efbc145cf - <u_nesting_ffi[f8dcc9e990996174]::request_schema::each_config_schema_lists_the_settings_its_dimension_accepts::{closure#0} as core[a373ad73a504971]::ops::function::FnOnce<()>>::call_once
[INFO] [stdout]   14:     0x608efbc4462b - test[aada8e7e76ba119b]::__rust_begin_short_backtrace::<core[a373ad73a504971]::result::Result<(), alloc[2e1b2a31b91974c5]::string::String>, fn() -> core[a373ad73a504971]::result::Result<(), alloc[2e1b2a31b91974c5]::string::String>>
[INFO] [stdout]   15:     0x608efbc51805 - test[aada8e7e76ba119b]::run_test::{closure#0}
[INFO] [stdout]   16:     0x608efbc4b0f4 - std[617be2ca0a6fd877]::sys::backtrace::__rust_begin_short_backtrace::<test[aada8e7e76ba119b]::run_test::{closure#1}, ()>
[INFO] [stdout]   17:     0x608efbc54892 - <std[617be2ca0a6fd877]::thread::lifecycle::spawn_unchecked<test[aada8e7e76ba119b]::run_test::{closure#1}, ()>::{closure#1} as core[a373ad73a504971]::ops::function::FnOnce<()>>::call_once::{shim:vtable#0}
[INFO] [stdout]   18:     0x608efbe1f4df - <std[617be2ca0a6fd877]::sys::thread::unix::Thread>::new::thread_start
[INFO] [stdout]   19:     0x7de1fba44dfa - <unknown>
[INFO] [stdout]   20:     0x7de1fbad83d4 - clone
[INFO] [stdout]   21:                0x0 - <unknown>
[INFO] [stdout] 
[INFO] [stdout] ---- request_schema::the_3d_request_schema_has_the_keys_the_request_takes stdout ----
[INFO] [stdout] 
[INFO] [stdout] thread 'request_schema::the_3d_request_schema_has_the_keys_the_request_takes' (1361) panicked at src/request_schema.rs:24:66:
[INFO] [stdout] /opt/rustwide/workdir/../../docs/json-schema/request-3d.schema.json: No such file or directory (os error 2)
[INFO] [stdout] stack backtrace:
[INFO] [stdout]    0:     0x608efbe1ffe1 - <<std[617be2ca0a6fd877]::sys::backtrace::BacktraceLock>::print::DisplayBacktrace as core[a373ad73a504971]::fmt::Display>::fmt
[INFO] [stdout]    1:     0x608efbe3773a - core[a373ad73a504971]::fmt::write
[INFO] [stdout]    2:     0x608efbe244ec - <alloc[2e1b2a31b91974c5]::vec::Vec<u8> as core[a373ad73a504971]::io::write::Write>::write_fmt
[INFO] [stdout]    3:     0x608efbdfbc26 - std[617be2ca0a6fd877]::panicking::default_hook::{closure#0}
[INFO] [stdout]    4:     0x608efbe18109 - std[617be2ca0a6fd877]::panicking::default_hook
[INFO] [stdout]    5:     0x608efbc511e0 - test[aada8e7e76ba119b]::test_main_inner::{closure#0}
[INFO] [stdout]    6:     0x608efbe182c2 - std[617be2ca0a6fd877]::panicking::panic_with_hook
[INFO] [stdout]    7:     0x608efbdfbcd2 - std[617be2ca0a6fd877]::panicking::panic_handler::{closure#0}
[INFO] [stdout]    8:     0x608efbdf47b9 - std[617be2ca0a6fd877]::sys::backtrace::__rust_end_short_backtrace::<std[617be2ca0a6fd877]::panicking::panic_handler::{closure#0}, !>
[INFO] [stdout]    9:     0x608efbdfc8dd - __rustc[ea4f61d10b84890b]::rust_begin_unwind
[INFO] [stdout]   10:     0x608efbe37e6c - core[a373ad73a504971]::panicking::panic_fmt
[INFO] [stdout]   11:     0x608efbc07c1a - u_nesting_ffi[f8dcc9e990996174]::request_schema::schema::{closure#0}
[INFO] [stdout]   12:     0x608efbc0ba4b - u_nesting_ffi[f8dcc9e990996174]::request_schema::schema
[INFO] [stdout]   13:     0x608efbc124c2 - <u_nesting_ffi[f8dcc9e990996174]::request_schema::the_3d_request_schema_has_the_keys_the_request_takes::{closure#0} as core[a373ad73a504971]::ops::function::FnOnce<()>>::call_once
[INFO] [stdout]   14:     0x608efbc4462b - test[aada8e7e76ba119b]::__rust_begin_short_backtrace::<core[a373ad73a504971]::result::Result<(), alloc[2e1b2a31b91974c5]::string::String>, fn() -> core[a373ad73a504971]::result::Result<(), alloc[2e1b2a31b91974c5]::string::String>>
[INFO] [stdout]   15:     0x608efbc51805 - test[aada8e7e76ba119b]::run_test::{closure#0}
[INFO] [stdout]   16:     0x608efbc4b0f4 - std[617be2ca0a6fd877]::sys::backtrace::__rust_begin_short_backtrace::<test[aada8e7e76ba119b]::run_test::{closure#1}, ()>
[INFO] [stdout]   17:     0x608efbc54892 - <std[617be2ca0a6fd877]::thread::lifecycle::spawn_unchecked<test[aada8e7e76ba119b]::run_test::{closure#1}, ()>::{closure#1} as core[a373ad73a504971]::ops::function::FnOnce<()>>::call_once::{shim:vtable#0}
[INFO] [stdout]   18:     0x608efbe1f4df - <std[617be2ca0a6fd877]::sys::thread::unix::Thread>::new::thread_start
[INFO] [stdout]   19:     0x7de1fba44dfa - <unknown>
[INFO] [stdout]   20:     0x7de1fbad83d4 - clone
[INFO] [stdout]   21:                0x0 - <unknown>
[INFO] [stdout] 
[INFO] [stdout] ---- doc_examples::every_fragment_marker_marks_a_json_block stdout ----
[INFO] [stdout] 
[INFO] [stdout] thread 'doc_examples::every_fragment_marker_marks_a_json_block' (1356) panicked at src/doc_examples.rs:44:29:
[INFO] [stdout] /opt/rustwide/workdir/../../docs/user-guide: No such file or directory (os error 2)
[INFO] [stdout] stack backtrace:
[INFO] [stdout]    0:     0x608efbe1ffe1 - <<std[617be2ca0a6fd877]::sys::backtrace::BacktraceLock>::print::DisplayBacktrace as core[a373ad73a504971]::fmt::Display>::fmt
[INFO] [stdout]    1:     0x608efbe3773a - core[a373ad73a504971]::fmt::write
[INFO] [stdout]    2:     0x608efbe244ec - <alloc[2e1b2a31b91974c5]::vec::Vec<u8> as core[a373ad73a504971]::io::write::Write>::write_fmt
[INFO] [stdout]    3:     0x608efbdfbc26 - std[617be2ca0a6fd877]::panicking::default_hook::{closure#0}
[INFO] [stdout]    4:     0x608efbe18109 - std[617be2ca0a6fd877]::panicking::default_hook
[INFO] [stdout]    5:     0x608efbc511e0 - test[aada8e7e76ba119b]::test_main_inner::{closure#0}
[INFO] [stdout]    6:     0x608efbe182c2 - std[617be2ca0a6fd877]::panicking::panic_with_hook
[INFO] [stdout]    7:     0x608efbdfbcd2 - std[617be2ca0a6fd877]::panicking::panic_handler::{closure#0}
[INFO] [stdout]    8:     0x608efbdf47b9 - std[617be2ca0a6fd877]::sys::backtrace::__rust_end_short_backtrace::<std[617be2ca0a6fd877]::panicking::panic_handler::{closure#0}, !>
[INFO] [stdout]    9:     0x608efbdfc8dd - __rustc[ea4f61d10b84890b]::rust_begin_unwind
[INFO] [stdout]   10:     0x608efbe37e6c - core[a373ad73a504971]::panicking::panic_fmt
[INFO] [stdout]   11:     0x608efbc2ceb9 - u_nesting_ffi[f8dcc9e990996174]::doc_examples::pages::{closure#1}
[INFO] [stdout]   12:     0x608efbc2d130 - u_nesting_ffi[f8dcc9e990996174]::doc_examples::pages
[INFO] [stdout]   13:     0x608efbc2d6a6 - <u_nesting_ffi[f8dcc9e990996174]::doc_examples::every_fragment_marker_marks_a_json_block::{closure#0} as core[a373ad73a504971]::ops::function::FnOnce<()>>::call_once
[INFO] [stdout]   14:     0x608efbc4462b - test[aada8e7e76ba119b]::__rust_begin_short_backtrace::<core[a373ad73a504971]::result::Result<(), alloc[2e1b2a31b91974c5]::string::String>, fn() -> core[a373ad73a504971]::result::Result<(), alloc[2e1b2a31b91974c5]::string::String>>
[INFO] [stdout]   15:     0x608efbc51805 - test[aada8e7e76ba119b]::run_test::{closure#0}
[INFO] [stdout]   16:     0x608efbc4b0f4 - std[617be2ca0a6fd877]::sys::backtrace::__rust_begin_short_backtrace::<test[aada8e7e76ba119b]::run_test::{closure#1}, ()>
[INFO] [stdout]   17:     0x608efbc54892 - <std[617be2ca0a6fd877]::thread::lifecycle::spawn_unchecked<test[aada8e7e76ba119b]::run_test::{closure#1}, ()>::{closure#1} as core[a373ad73a504971]::ops::function::FnOnce<()>>::call_once::{shim:vtable#0}
[INFO] [stdout]   18:     0x608efbe1f4df - <std[617be2ca0a6fd877]::sys::thread::unix::Thread>::new::thread_start
[INFO] [stdout]   19:     0x7de1fba44dfa - <unknown>
[INFO] [stdout]   20:     0x7de1fbad83d4 - clone
[INFO] [stdout]   21:                0x0 - <unknown>
[INFO] [stdout] 
[INFO] [stdout] ---- doc_examples::every_json_example_is_a_request_the_engine_takes_or_a_marked_fragment stdout ----
[INFO] [stdout] 
[INFO] [stdout] thread 'doc_examples::every_json_example_is_a_request_the_engine_takes_or_a_marked_fragment' (1357) panicked at src/doc_examples.rs:44:29:
[INFO] [stdout] /opt/rustwide/workdir/../../docs/user-guide: No such file or directory (os error 2)
[INFO] [stdout] stack backtrace:
[INFO] [stdout]    0:     0x608efbe1ffe1 - <<std[617be2ca0a6fd877]::sys::backtrace::BacktraceLock>::print::DisplayBacktrace as core[a373ad73a504971]::fmt::Display>::fmt
[INFO] [stdout]    1:     0x608efbe3773a - core[a373ad73a504971]::fmt::write
[INFO] [stdout]    2:     0x608efbe244ec - <alloc[2e1b2a31b91974c5]::vec::Vec<u8> as core[a373ad73a504971]::io::write::Write>::write_fmt
[INFO] [stdout]    3:     0x608efbdfbc26 - std[617be2ca0a6fd877]::panicking::default_hook::{closure#0}
[INFO] [stdout]    4:     0x608efbe18109 - std[617be2ca0a6fd877]::panicking::default_hook
[INFO] [stdout]    5:     0x608efbc511e0 - test[aada8e7e76ba119b]::test_main_inner::{closure#0}
[INFO] [stdout]    6:     0x608efbe182c2 - std[617be2ca0a6fd877]::panicking::panic_with_hook
[INFO] [stdout]    7:     0x608efbdfbcd2 - std[617be2ca0a6fd877]::panicking::panic_handler::{closure#0}
[INFO] [stdout]    8:     0x608efbdf47b9 - std[617be2ca0a6fd877]::sys::backtrace::__rust_end_short_backtrace::<std[617be2ca0a6fd877]::panicking::panic_handler::{closure#0}, !>
[INFO] [stdout]    9:     0x608efbdfc8dd - __rustc[ea4f61d10b84890b]::rust_begin_unwind
[INFO] [stdout]   10:     0x608efbe37e6c - core[a373ad73a504971]::panicking::panic_fmt
[INFO] [stdout]   11:     0x608efbc2ceb9 - u_nesting_ffi[f8dcc9e990996174]::doc_examples::pages::{closure#1}
[INFO] [stdout]   12:     0x608efbc2d130 - u_nesting_ffi[f8dcc9e990996174]::doc_examples::pages
[INFO] [stdout]   13:     0x608efbc2dd1c - <u_nesting_ffi[f8dcc9e990996174]::doc_examples::every_json_example_is_a_request_the_engine_takes_or_a_marked_fragment::{closure#0} as core[a373ad73a504971]::ops::function::FnOnce<()>>::call_once
[INFO] [stdout]   14:     0x608efbc4462b - test[aada8e7e76ba119b]::__rust_begin_short_backtrace::<core[a373ad73a504971]::result::Result<(), alloc[2e1b2a31b91974c5]::string::String>, fn() -> core[a373ad73a504971]::result::Result<(), alloc[2e1b2a31b91974c5]::string::String>>
[INFO] [stdout]   15:     0x608efbc51805 - test[aada8e7e76ba119b]::run_test::{closure#0}
[INFO] [stdout]   16:     0x608efbc4b0f4 - std[617be2ca0a6fd877]::sys::backtrace::__rust_begin_short_backtrace::<test[aada8e7e76ba119b]::run_test::{closure#1}, ()>
[INFO] [stdout]   17:     0x608efbc54892 - <std[617be2ca0a6fd877]::thread::lifecycle::spawn_unchecked<test[aada8e7e76ba119b]::run_test::{closure#1}, ()>::{closure#1} as core[a373ad73a504971]::ops::function::FnOnce<()>>::call_once::{shim:vtable#0}
[INFO] [stdout]   18:     0x608efbe1f4df - <std[617be2ca0a6fd877]::sys::thread::unix::Thread>::new::thread_start
[INFO] [stdout]   19:     0x7de1fba44dfa - <unknown>
[INFO] [stdout]   20:     0x7de1fbad83d4 - clone
[INFO] [stdout]   21:                0x0 - <unknown>
[INFO] [stdout] 
[INFO] [stdout] ---- request_schema::the_2d_request_schema_has_the_keys_the_request_takes stdout ----
[INFO] [stdout] 
[INFO] [stdout] thread 'request_schema::the_2d_request_schema_has_the_keys_the_request_takes' (1360) panicked at src/request_schema.rs:24:66:
[INFO] [stdout] /opt/rustwide/workdir/../../docs/json-schema/request-2d.schema.json: No such file or directory (os error 2)
[INFO] [stdout] stack backtrace:
[INFO] [stdout]    0:     0x608efbe1ffe1 - <<std[617be2ca0a6fd877]::sys::backtrace::BacktraceLock>::print::DisplayBacktrace as core[a373ad73a504971]::fmt::Display>::fmt
[INFO] [stdout]    1:     0x608efbe3773a - core[a373ad73a504971]::fmt::write
[INFO] [stdout]    2:     0x608efbe244ec - <alloc[2e1b2a31b91974c5]::vec::Vec<u8> as core[a373ad73a504971]::io::write::Write>::write_fmt
[INFO] [stdout]    3:     0x608efbdfbc26 - std[617be2ca0a6fd877]::panicking::default_hook::{closure#0}
[INFO] [stdout]    4:     0x608efbe18109 - std[617be2ca0a6fd877]::panicking::default_hook
[INFO] [stdout]    5:     0x608efbc511e0 - test[aada8e7e76ba119b]::test_main_inner::{closure#0}
[INFO] [stdout]    6:     0x608efbe182c2 - std[617be2ca0a6fd877]::panicking::panic_with_hook
[INFO] [stdout]    7:     0x608efbdfbcd2 - std[617be2ca0a6fd877]::panicking::panic_handler::{closure#0}
[INFO] [stdout]    8:     0x608efbdf47b9 - std[617be2ca0a6fd877]::sys::backtrace::__rust_end_short_backtrace::<std[617be2ca0a6fd877]::panicking::panic_handler::{closure#0}, !>
[INFO] [stdout]    9:     0x608efbdfc8dd - __rustc[ea4f61d10b84890b]::rust_begin_unwind
[INFO] [stdout]   10:     0x608efbe37e6c - core[a373ad73a504971]::panicking::panic_fmt
[INFO] [stdout]   11:     0x608efbc07c1a - u_nesting_ffi[f8dcc9e990996174]::request_schema::schema::{closure#0}
[INFO] [stdout]   12:     0x608efbc0ba4b - u_nesting_ffi[f8dcc9e990996174]::request_schema::schema
[INFO] [stdout]   13:     0x608efbc0c05a - u_nesting_ffi[f8dcc9e990996174]::request_schema::the_2d_request_schema_has_the_keys_the_request_takes
[INFO] [stdout]   14:     0x608efbc12479 - <u_nesting_ffi[f8dcc9e990996174]::request_schema::the_2d_request_schema_has_the_keys_the_request_takes::{closure#0} as core[a373ad73a504971]::ops::function::FnOnce<()>>::call_once
[INFO] [stdout]   15:     0x608efbc4462b - test[aada8e7e76ba119b]::__rust_begin_short_backtrace::<core[a373ad73a504971]::result::Result<(), alloc[2e1b2a31b91974c5]::string::String>, fn() -> core[a373ad73a504971]::result::Result<(), alloc[2e1b2a31b91974c5]::string::String>>
[INFO] [stdout]   16:     0x608efbc51805 - test[aada8e7e76ba119b]::run_test::{closure#0}
[INFO] [stdout]   17:     0x608efbc4b0f4 - std[617be2ca0a6fd877]::sys::backtrace::__rust_begin_short_backtrace::<test[aada8e7e76ba119b]::run_test::{closure#1}, ()>
[INFO] [stdout]   18:     0x608efbc54892 - <std[617be2ca0a6fd877]::thread::lifecycle::spawn_unchecked<test[aada8e7e76ba119b]::run_test::{closure#1}, ()>::{closure#1} as core[a373ad73a504971]::ops::function::FnOnce<()>>::call_once::{shim:vtable#0}
[INFO] [stdout]   19:     0x608efbe1f4df - <std[617be2ca0a6fd877]::sys::thread::unix::Thread>::new::thread_start
[INFO] [stdout]   20:     0x7de1fba44dfa - <unknown>
[INFO] [stdout]   21:     0x7de1fbad83d4 - clone
[INFO] [stdout]   22:                0x0 - <unknown>
[INFO] [stdout] 
[INFO] [stdout] ---- request_schema::the_response_schema_has_the_keys_a_response_carries stdout ----
[INFO] [stdout] 
[INFO] [stdout] thread 'request_schema::the_response_schema_has_the_keys_a_response_carries' (1363) panicked at src/request_schema.rs:24:66:
[INFO] [stdout] /opt/rustwide/workdir/../../docs/json-schema/response.schema.json: No such file or directory (os error 2)
[INFO] [stdout] stack backtrace:
[INFO] [stdout]    0:     0x608efbe1ffe1 - <<std[617be2ca0a6fd877]::sys::backtrace::BacktraceLock>::print::DisplayBacktrace as core[a373ad73a504971]::fmt::Display>::fmt
[INFO] [stdout]    1:     0x608efbe3773a - core[a373ad73a504971]::fmt::write
[INFO] [stdout]    2:     0x608efbe244ec - <alloc[2e1b2a31b91974c5]::vec::Vec<u8> as core[a373ad73a504971]::io::write::Write>::write_fmt
[INFO] [stdout]    3:     0x608efbdfbc26 - std[617be2ca0a6fd877]::panicking::default_hook::{closure#0}
[INFO] [stdout]    4:     0x608efbe18109 - std[617be2ca0a6fd877]::panicking::default_hook
[INFO] [stdout]    5:     0x608efbc511e0 - test[aada8e7e76ba119b]::test_main_inner::{closure#0}
[INFO] [stdout]    6:     0x608efbe182c2 - std[617be2ca0a6fd877]::panicking::panic_with_hook
[INFO] [stdout]    7:     0x608efbdfbcd2 - std[617be2ca0a6fd877]::panicking::panic_handler::{closure#0}
[INFO] [stdout]    8:     0x608efbdf47b9 - std[617be2ca0a6fd877]::sys::backtrace::__rust_end_short_backtrace::<std[617be2ca0a6fd877]::panicking::panic_handler::{closure#0}, !>
[INFO] [stdout]    9:     0x608efbdfc8dd - __rustc[ea4f61d10b84890b]::rust_begin_unwind
[INFO] [stdout]   10:     0x608efbe37e6c - core[a373ad73a504971]::panicking::panic_fmt
[INFO] [stdout]   11:     0x608efbc07c1a - u_nesting_ffi[f8dcc9e990996174]::request_schema::schema::{closure#0}
[INFO] [stdout]   12:     0x608efbc0ba4b - u_nesting_ffi[f8dcc9e990996174]::request_schema::schema
[INFO] [stdout]   13:     0x608efbc10cbd - <u_nesting_ffi[f8dcc9e990996174]::request_schema::the_response_schema_has_the_keys_a_response_carries::{closure#0} as core[a373ad73a504971]::ops::function::FnOnce<()>>::call_once
[INFO] [stdout]   14:     0x608efbc4462b - test[aada8e7e76ba119b]::__rust_begin_short_backtrace::<core[a373ad73a504971]::result::Result<(), alloc[2e1b2a31b91974c5]::string::String>, fn() -> core[a373ad73a504971]::result::Result<(), alloc[2e1b2a31b91974c5]::string::String>>
[INFO] [stdout]   15:     0x608efbc51805 - test[aada8e7e76ba119b]::run_test::{closure#0}
[INFO] [stdout]   16:     0x608efbc4b0f4 - std[617be2ca0a6fd877]::sys::backtrace::__rust_begin_short_backtrace::<test[aada8e7e76ba119b]::run_test::{closure#1}, ()>
[INFO] [stdout]   17:     0x608efbc54892 - <std[617be2ca0a6fd877]::thread::lifecycle::spawn_unchecked<test[aada8e7e76ba119b]::run_test::{closure#1}, ()>::{closure#1} as core[a373ad73a504971]::ops::function::FnOnce<()>>::call_once::{shim:vtable#0}
[INFO] [stdout]   18:     0x608efbe1f4df - <std[617be2ca0a6fd877]::sys::thread::unix::Thread>::new::thread_start
[INFO] [stdout]   19:     0x7de1fba44dfa - <unknown>
[INFO] [stdout]   20:     0x7de1fbad83d4 - clone
[INFO] [stdout]   21:                0x0 - <unknown>
[INFO] [stdout] 
[INFO] [stdout] ---- request_schema::the_orientation_enum_is_what_a_box_accepts stdout ----
[INFO] [stdout] 
[INFO] [stdout] thread 'request_schema::the_orientation_enum_is_what_a_box_accepts' (1362) panicked at src/request_schema.rs:24:66:
[INFO] [stdout] /opt/rustwide/workdir/../../docs/json-schema/request-3d.schema.json: No such file or directory (os error 2)
[INFO] [stdout] stack backtrace:
[INFO] [stdout]    0:     0x608efbe1ffe1 - <<std[617be2ca0a6fd877]::sys::backtrace::BacktraceLock>::print::DisplayBacktrace as core[a373ad73a504971]::fmt::Display>::fmt
[INFO] [stdout]    1:     0x608efbe3773a - core[a373ad73a504971]::fmt::write
[INFO] [stdout]    2:     0x608efbe244ec - <alloc[2e1b2a31b91974c5]::vec::Vec<u8> as core[a373ad73a504971]::io::write::Write>::write_fmt
[INFO] [stdout]    3:     0x608efbdfbc26 - std[617be2ca0a6fd877]::panicking::default_hook::{closure#0}
[INFO] [stdout]    4:     0x608efbe18109 - std[617be2ca0a6fd877]::panicking::default_hook
[INFO] [stdout]    5:     0x608efbc511e0 - test[aada8e7e76ba119b]::test_main_inner::{closure#0}
[INFO] [stdout]    6:     0x608efbe182c2 - std[617be2ca0a6fd877]::panicking::panic_with_hook
[INFO] [stdout]    7:     0x608efbdfbcd2 - std[617be2ca0a6fd877]::panicking::panic_handler::{closure#0}
[INFO] [stdout]    8:     0x608efbdf47b9 - std[617be2ca0a6fd877]::sys::backtrace::__rust_end_short_backtrace::<std[617be2ca0a6fd877]::panicking::panic_handler::{closure#0}, !>
[INFO] [stdout]    9:     0x608efbdfc8dd - __rustc[ea4f61d10b84890b]::rust_begin_unwind
[INFO] [stdout]   10:     0x608efbe37e6c - core[a373ad73a504971]::panicking::panic_fmt
[INFO] [stdout]   11:     0x608efbc07c1a - u_nesting_ffi[f8dcc9e990996174]::request_schema::schema::{closure#0}
[INFO] [stdout]   12:     0x608efbc0ba4b - u_nesting_ffi[f8dcc9e990996174]::request_schema::schema
[INFO] [stdout]   13:     0x608efbc0f695 - <u_nesting_ffi[f8dcc9e990996174]::request_schema::the_orientation_enum_is_what_a_box_accepts::{closure#0} as core[a373ad73a504971]::ops::function::FnOnce<()>>::call_once
[INFO] [stdout]   14:     0x608efbc4462b - test[aada8e7e76ba119b]::__rust_begin_short_backtrace::<core[a373ad73a504971]::result::Result<(), alloc[2e1b2a31b91974c5]::string::String>, fn() -> core[a373ad73a504971]::result::Result<(), alloc[2e1b2a31b91974c5]::string::String>>
[INFO] [stdout]   15:     0x608efbc51805 - test[aada8e7e76ba119b]::run_test::{closure#0}
[INFO] [stdout]   16:     0x608efbc4b0f4 - std[617be2ca0a6fd877]::sys::backtrace::__rust_begin_short_backtrace::<test[aada8e7e76ba119b]::run_test::{closure#1}, ()>
[INFO] [stdout]   17:     0x608efbc54892 - <std[617be2ca0a6fd877]::thread::lifecycle::spawn_unchecked<test[aada8e7e76ba119b]::run_test::{closure#1}, ()>::{closure#1} as core[a373ad73a504971]::ops::function::FnOnce<()>>::call_once::{shim:vtable#0}
[INFO] [stdout]   18:     0x608efbe1f4df - <std[617be2ca0a6fd877]::sys::thread::unix::Thread>::new::thread_start
[INFO] [stdout]   19:     0x7de1fba44dfa - <unknown>
[INFO] [stdout]   20:     0x7de1fbad83d4 - clone
[INFO] [stdout]   21:                0x0 - <unknown>
[INFO] [stdout] 
[INFO] [stdout] 
[INFO] [stdout] failures:
[INFO] [stdout]     doc_examples::every_fragment_marker_marks_a_json_block
[INFO] [stdout]     doc_examples::every_json_example_is_a_request_the_engine_takes_or_a_marked_fragment
[INFO] [stdout]     request_schema::each_config_schema_lists_the_settings_its_dimension_accepts
[INFO] [stdout]     request_schema::each_strategy_enum_is_what_its_dimension_runs
[INFO] [stdout]     request_schema::the_2d_request_schema_has_the_keys_the_request_takes
[INFO] [stdout]     request_schema::the_3d_request_schema_has_the_keys_the_request_takes
[INFO] [stdout]     request_schema::the_orientation_enum_is_what_a_box_accepts
[INFO] [stdout]     request_schema::the_response_schema_has_the_keys_a_response_carries
[INFO] [stdout] 
[INFO] [stdout] test result: FAILED. 61 passed; 8 failed; 0 ignored; 0 measured; 0 filtered out; finished in 3.65s
[INFO] [stdout] 
[INFO] [stderr] error: test failed, to rerun pass `--lib`
[INFO] running `Command { std: "docker" "inspect" "c8814e6c0159b8bc1fec3d900697a2405e95bd172fd066172f97e2e4cfa7564f", kill_on_drop: false }`
[INFO] running `Command { std: "docker" "rm" "-f" "c8814e6c0159b8bc1fec3d900697a2405e95bd172fd066172f97e2e4cfa7564f", kill_on_drop: false }`
[INFO] [stdout] c8814e6c0159b8bc1fec3d900697a2405e95bd172fd066172f97e2e4cfa7564f
