[INFO] fetching crate tzap 0.2.5...
[INFO] testing tzap-0.2.5 against 1.100.0-beta.1+cargoflags=--release for beta-release-1.100-2
[INFO] extracting crate tzap 0.2.5 into /workspace/builds/worker-4-tc2/source
[INFO] started tweaking crates.io crate tzap 0.2.5
[INFO] removed 0 missing tests
[INFO] finished tweaking crates.io crate tzap 0.2.5
[INFO] tweaked toml for crates.io crate tzap 0.2.5 written to /workspace/builds/worker-4-tc2/source/Cargo.toml
[INFO] validating manifest of crates.io crate tzap 0.2.5 on toolchain 1.100.0-beta.1
[INFO] running `Command { std: CARGO_HOME="/workspace/cargo-home" RUSTUP_HOME="/workspace/rustup-home" "/workspace/cargo-home/bin/cargo" "+1.100.0-beta.1" "metadata" "--manifest-path" "Cargo.toml" "--no-deps", kill_on_drop: false }`
[INFO] crate crates.io crate tzap 0.2.5 already has a lockfile, it will not be regenerated
[INFO] running `Command { std: CARGO_HOME="/workspace/cargo-home" RUSTUP_HOME="/workspace/rustup-home" "/workspace/cargo-home/bin/cargo" "+1.100.0-beta.1" "fetch" "--manifest-path" "Cargo.toml", kill_on_drop: false }`
[INFO] [stderr]     Blocking waiting for file lock on package cache
[INFO] running `Command { std: "docker" "create" "-v" "/var/lib/crater-agent-workspace/builds/worker-4-tc2/source:/opt/rustwide/workdir:ro,Z" "-v" "/var/lib/crater-agent-workspace/builds/worker-4-tc2/target:/opt/rustwide/target:rw,Z" "-v" "/var/lib/crater-agent-workspace/cargo-home:/opt/rustwide/cargo-home:ro,Z" "-v" "/var/lib/crater-agent-workspace/rustup-home:/opt/rustwide/rustup-home:ro,Z" "-m" "1610612736" "--network" "none" "ghcr.io/rust-lang/crates-build-env/linux@sha256:77db811e55d90add9212f6832c23229e3de5f1c1f9905e8cb07319ea15df73ac" "sleep" "infinity", kill_on_drop: false }`
[INFO] [stdout] b830692edc3f8053f831b0a3cd27ffc4eabfe108fca3c4634bc086fb80bb9cb2
[INFO] running `Command { std: "docker" "start" "b830692edc3f8053f831b0a3cd27ffc4eabfe108fca3c4634bc086fb80bb9cb2", kill_on_drop: false }`
[INFO] running `Command { std: "docker" "inspect" "b830692edc3f8053f831b0a3cd27ffc4eabfe108fca3c4634bc086fb80bb9cb2", kill_on_drop: false }`
[INFO] running `Command { std: "docker" "exec" "-e" "SOURCE_DIR=/opt/rustwide/workdir" "-e" "CARGO_HOME=/opt/rustwide/cargo-home" "-e" "RUSTUP_HOME=/opt/rustwide/rustup-home" "-e" "CARGO_TARGET_DIR=/opt/rustwide/target" "-w" "/opt/rustwide/workdir" "--user" "0:0" "b830692edc3f8053f831b0a3cd27ffc4eabfe108fca3c4634bc086fb80bb9cb2" "/opt/rustwide/cargo-home/bin/cargo" "+1.100.0-beta.1" "metadata" "--no-deps" "--format-version=1", kill_on_drop: false }`
[INFO] running `Command { std: "docker" "inspect" "b830692edc3f8053f831b0a3cd27ffc4eabfe108fca3c4634bc086fb80bb9cb2", kill_on_drop: false }`
[INFO] running `Command { std: "docker" "exec" "-e" "SOURCE_DIR=/opt/rustwide/workdir" "-e" "CARGO_HOME=/opt/rustwide/cargo-home" "-e" "RUSTUP_HOME=/opt/rustwide/rustup-home" "-e" "CARGO_TARGET_DIR=/opt/rustwide/target" "-e" "CARGO_INCREMENTAL=0" "-e" "RUST_BACKTRACE=full" "-e" "RUSTFLAGS=--cap-lints=warn" "-e" "RUSTDOCFLAGS=--cap-lints=warn" "-w" "/opt/rustwide/workdir" "--user" "0:0" "b830692edc3f8053f831b0a3cd27ffc4eabfe108fca3c4634bc086fb80bb9cb2" "/opt/rustwide/cargo-home/bin/cargo" "+1.100.0-beta.1" "build" "--frozen" "--message-format=json" "--release", kill_on_drop: false }`
[INFO] [stderr]    Compiling typenum v1.20.1
[INFO] [stderr]    Compiling subtle v2.6.1
[INFO] [stderr]    Compiling generic-array v0.14.7
[INFO] [stderr]    Compiling find-msvc-tools v0.1.10
[INFO] [stderr]    Compiling getrandom v0.4.3
[INFO] [stderr]    Compiling cpufeatures v0.2.17
[INFO] [stderr]    Compiling pkg-config v0.3.33
[INFO] [stderr]    Compiling semver v1.0.28
[INFO] [stderr]    Compiling rustix v1.1.4
[INFO] [stderr]    Compiling linux-raw-sys v0.12.1
[INFO] [stderr]    Compiling cmov v0.5.4
[INFO] [stderr]    Compiling io-lifetimes v3.0.1
[INFO] [stderr]    Compiling syn v2.0.119
[INFO] [stderr]    Compiling num-traits v0.2.19
[INFO] [stderr]    Compiling io-lifetimes v2.0.4
[INFO] [stderr]    Compiling thiserror-impl v2.0.20
[INFO] [stderr]    Compiling num-conv v0.2.2
[INFO] [stderr]    Compiling minimal-lexical v0.2.1
[INFO] [stderr]    Compiling cc v1.4.2
[INFO] [stderr]    Compiling cpubits v0.1.1
[INFO] [stderr]    Compiling time-core v0.1.9
[INFO] [stderr]    Compiling ctutils v0.4.2
[INFO] [stderr]    Compiling io-extras v0.19.0
[INFO] [stderr]    Compiling vcpkg v0.2.15
[INFO] [stderr]    Compiling nom v7.1.3
[INFO] [stderr]    Compiling cap-primitives v4.0.2
[INFO] [stderr]    Compiling rustc_version v0.4.1
[INFO] [stderr]    Compiling const-oid v0.9.6
[INFO] [stderr]    Compiling getrandom v0.3.4
[INFO] [stderr]    Compiling ff v0.13.1
[INFO] [stderr]    Compiling time-macros v0.2.32
[INFO] [stderr]    Compiling curve25519-dalek v4.1.3
[INFO] [stderr]    Compiling displaydoc v0.2.7
[INFO] [stderr]    Compiling ipnet v2.12.1
[INFO] [stderr]    Compiling zstd-safe v7.2.4
[INFO] [stderr]    Compiling maybe-owned v0.3.4
[INFO] [stderr]    Compiling ambient-authority v0.0.2
[INFO] [stderr]    Compiling base16ct v0.2.0
[INFO] [stderr]    Compiling cap-std v4.0.2
[INFO] [stderr]    Compiling crc32c v0.6.8
[INFO] [stderr]    Compiling group v0.13.0
[INFO] [stderr]    Compiling oid-registry v0.8.1
[INFO] [stderr]    Compiling base64ct v1.8.3
[INFO] [stderr]    Compiling zerocopy v0.8.56
[INFO] [stderr]    Compiling cap-fs-ext v4.0.2
[INFO] [stderr]    Compiling tinyvec_macros v0.1.1
[INFO] [stderr]    Compiling tinyvec v1.12.0
[INFO] [stderr]    Compiling foreign-types-shared v0.1.1
[INFO] [stderr]    Compiling password-hash v0.5.0
[INFO] [stderr]    Compiling openssl v0.10.81
[INFO] [stderr]    Compiling hybrid-array v0.4.14
[INFO] [stderr]    Compiling openssl-src v300.6.1+3.6.3
[INFO] [stderr]    Compiling foreign-types v0.3.2
[INFO] [stderr]    Compiling unicode-normalization v0.1.25
[INFO] [stderr]    Compiling uuid v1.24.0
[INFO] [stderr]    Compiling serde_core v1.0.229
[INFO] [stderr]    Compiling num-integer v0.1.46
[INFO] [stderr]    Compiling signature v2.2.0
[INFO] [stderr]    Compiling data-encoding v2.11.1
[INFO] [stderr]    Compiling rand_core v0.9.5
[INFO] [stderr]    Compiling thiserror v2.0.20
[INFO] [stderr]    Compiling ed25519 v2.2.3
[INFO] [stderr]    Compiling num-bigint v0.4.8
[INFO] [stderr]    Compiling rtoolbox v0.0.5
[INFO] [stderr]    Compiling crypto-common v0.2.2
[INFO] [stderr]    Compiling inout v0.2.2
[INFO] [stderr]    Compiling block-buffer v0.12.1
[INFO] [stderr]    Compiling rpassword v7.5.4
[INFO] [stderr]    Compiling time v0.3.55
[INFO] [stderr]    Compiling sha2-asm v0.6.4
[INFO] [stderr]    Compiling zstd-sys v2.0.16+zstd.1.5.7
[INFO] [stderr]    Compiling openssl-sys v0.9.117
[INFO] [stderr]    Compiling rusticata-macros v4.1.0
[INFO] [stderr]    Compiling cipher v0.5.2
[INFO] [stderr]    Compiling universal-hash v0.6.1
[INFO] [stderr]    Compiling polyval v0.7.3
[INFO] [stderr]    Compiling aead v0.6.1
[INFO] [stderr]    Compiling ctr v0.10.1
[INFO] [stderr]    Compiling aes v0.9.2
[INFO] [stderr]    Compiling ghash v0.6.0
[INFO] [stderr]    Compiling poly1305 v0.9.1
[INFO] [stderr]    Compiling chacha20 v0.10.2
[INFO] [stderr]    Compiling chacha20poly1305 v0.11.0
[INFO] [stderr]    Compiling serde_json v1.0.151
[INFO] [stderr]    Compiling synstructure v0.13.2
[INFO] [stderr]    Compiling fs-set-times v0.20.3
[INFO] [stderr]    Compiling rustix-linux-procfs v0.1.1
[INFO] [stderr]    Compiling tempfile v3.27.0
[INFO] [stderr]    Compiling xattr v1.6.1
[INFO] [stderr]    Compiling aes-gcm v0.11.0
[INFO] [stderr]    Compiling aes-gcm-siv v0.12.0
[INFO] [stderr]    Compiling zeroize_derive v1.5.0
[INFO] [stderr]    Compiling asn1-rs-impl v0.2.0
[INFO] [stderr]    Compiling asn1-rs-derive v0.6.0
[INFO] [stderr]    Compiling curve25519-dalek-derive v0.1.1
[INFO] [stderr]    Compiling zeroize v1.9.0
[INFO] [stderr]    Compiling der v0.7.10
[INFO] [stderr]    Compiling openssl-macros v0.1.1
[INFO] [stderr]    Compiling ppv-lite86 v0.2.21
[INFO] [stderr]    Compiling rand_chacha v0.3.1
[INFO] [stderr]    Compiling asn1-rs v0.7.2
[INFO] [stderr]    Compiling crypto-common v0.1.7
[INFO] [stderr]    Compiling block-buffer v0.10.4
[INFO] [stderr]    Compiling inout v0.1.4
[INFO] [stderr]    Compiling crypto-bigint v0.5.5
[INFO] [stderr]    Compiling universal-hash v0.5.1
[INFO] [stderr]    Compiling aead v0.5.2
[INFO] [stderr]    Compiling digest v0.10.7
[INFO] [stderr]    Compiling cipher v0.4.4
[INFO] [stderr]    Compiling polyval v0.6.2
[INFO] [stderr]    Compiling poly1305 v0.8.0
[INFO] [stderr]    Compiling rand v0.8.7
[INFO] [stderr]    Compiling aes v0.8.4
[INFO] [stderr]    Compiling chacha20 v0.9.1
[INFO] [stderr]    Compiling hmac v0.12.1
[INFO] [stderr]    Compiling hkdf v0.12.4
[INFO] [stderr]    Compiling sec1 v0.7.3
[INFO] [stderr]    Compiling sha2 v0.10.9
[INFO] [stderr]    Compiling blake2 v0.10.6
[INFO] [stderr]    Compiling ghash v0.5.1
[INFO] [stderr]    Compiling ctr v0.9.2
[INFO] [stderr]    Compiling aes-gcm v0.10.3
[INFO] [stderr]    Compiling chacha20poly1305 v0.10.1
[INFO] [stderr]    Compiling der-parser v10.0.0
[INFO] [stderr]    Compiling argon2 v0.5.3
[INFO] [stderr]    Compiling elliptic-curve v0.13.8
[INFO] [stderr]    Compiling x25519-dalek v2.0.1
[INFO] [stderr]    Compiling x509-parser v0.18.1
[INFO] [stderr]    Compiling ed25519-dalek v2.2.0
[INFO] [stderr]    Compiling primeorder v0.13.6
[INFO] [stderr]    Compiling p256 v0.13.2
[INFO] [stderr]    Compiling hpke v0.13.0
[INFO] [stderr]    Compiling zstd v0.13.3
[INFO] [stderr]    Compiling tzap-core v0.2.5
[INFO] [stderr]    Compiling tzap-plugin-signing v0.2.5
[INFO] [stderr]    Compiling tzap-plugin-keywrap v0.2.5
[INFO] [stderr]    Compiling tzap v0.2.5 (/opt/rustwide/workdir)
[INFO] [stderr]     Finished `release` profile [optimized] target(s) in 4m 08s
[INFO] running `Command { std: "docker" "inspect" "b830692edc3f8053f831b0a3cd27ffc4eabfe108fca3c4634bc086fb80bb9cb2", kill_on_drop: false }`
[INFO] running `Command { std: "docker" "exec" "-e" "SOURCE_DIR=/opt/rustwide/workdir" "-e" "CARGO_HOME=/opt/rustwide/cargo-home" "-e" "RUSTUP_HOME=/opt/rustwide/rustup-home" "-e" "CARGO_TARGET_DIR=/opt/rustwide/target" "-e" "CARGO_INCREMENTAL=0" "-e" "RUST_BACKTRACE=full" "-e" "RUSTFLAGS=--cap-lints=warn" "-e" "RUSTDOCFLAGS=--cap-lints=warn" "-w" "/opt/rustwide/workdir" "--user" "0:0" "b830692edc3f8053f831b0a3cd27ffc4eabfe108fca3c4634bc086fb80bb9cb2" "/opt/rustwide/cargo-home/bin/cargo" "+1.100.0-beta.1" "test" "--frozen" "--no-run" "--message-format=json" "--release", kill_on_drop: false }`
[INFO] [stderr]    Compiling regex-automata v0.4.18
[INFO] [stderr]    Compiling predicates-core v1.0.10
[INFO] [stderr]    Compiling float-cmp v0.10.0
[INFO] [stderr]    Compiling termtree v0.5.1
[INFO] [stderr]    Compiling normalize-line-endings v0.3.0
[INFO] [stderr]    Compiling difflib v0.4.0
[INFO] [stderr]    Compiling assert_cmd v2.2.2
[INFO] [stderr]    Compiling predicates-tree v1.0.13
[INFO] [stderr]    Compiling regex v1.13.1
[INFO] [stderr]    Compiling bstr v1.13.1
[INFO] [stderr]    Compiling predicates v3.1.4
[INFO] [stderr]    Compiling tzap v0.2.5 (/opt/rustwide/workdir)
[INFO] [stderr]     Finished `release` profile [optimized] target(s) in 42.59s
[INFO] running `Command { std: "docker" "inspect" "b830692edc3f8053f831b0a3cd27ffc4eabfe108fca3c4634bc086fb80bb9cb2", kill_on_drop: false }`
[INFO] running `Command { std: "docker" "exec" "-e" "SOURCE_DIR=/opt/rustwide/workdir" "-e" "CARGO_HOME=/opt/rustwide/cargo-home" "-e" "RUSTUP_HOME=/opt/rustwide/rustup-home" "-e" "CARGO_TARGET_DIR=/opt/rustwide/target" "-e" "CARGO_INCREMENTAL=0" "-e" "RUST_BACKTRACE=full" "-e" "RUSTFLAGS=--cap-lints=warn" "-e" "RUSTDOCFLAGS=--cap-lints=warn" "-w" "/opt/rustwide/workdir" "--user" "0:0" "b830692edc3f8053f831b0a3cd27ffc4eabfe108fca3c4634bc086fb80bb9cb2" "/opt/rustwide/cargo-home/bin/cargo" "+1.100.0-beta.1" "test" "--frozen" "--release", kill_on_drop: false }`
[INFO] [stderr]     Finished `release` profile [optimized] target(s) in 0.34s
[INFO] [stderr]      Running unittests src/main.rs (/opt/rustwide/target/release/build/tzap/ab79941838774de0/out/tzap-ab79941838774de0)
[INFO] [stdout] 
[INFO] [stdout] running 69 tests
[INFO] [stdout] test tests::a_file_shortened_mid_archive_is_padded_and_reported ... ok
[INFO] [stdout] test plaintext_spool::tests::zero_byte_cap_allows_empty_raw_stdin_only ... ok
[INFO] [stdout] test plaintext_spool::tests::temp_file_uses_owner_only_permissions_on_unix ... ok
[INFO] [stdout] test tests::bootstrap_required_errors_keep_missing_bootstrap_diagnostic ... ok
[INFO] [stdout] test tests::classify_error_maps_wrapped_core_errors_and_fallbacks ... ok
[INFO] [stdout] test tests::bare_relative_path_discovers_volume_siblings_in_current_directory ... FAILED
[INFO] [stdout] test tests::bare_relative_path_detects_output_collision_for_multi_volume ... FAILED
[INFO] [stdout] test tests::archive_timestamp_canonicalizes_fractional_pre_epoch_times ... ok
[INFO] [stdout] test plaintext_spool::tests::spools_plaintext_to_known_size_source_and_removes_on_drop ... ok
[INFO] [stdout] test plaintext_spool::tests::cap_excess_returns_error_and_removes_partial_spool ... ok
[INFO] [stdout] test tests::classify_format_error_covers_corrupt_archive_and_missing_volume ... ok
[INFO] [stdout] test tests::classify_format_error_covers_corrupt_header_structures ... ok
[INFO] [stdout] test tests::classify_format_error_covers_corrupt_payload_group ... ok
[INFO] [stdout] test tests::classify_format_error_covers_invalid_arguments ... ok
[INFO] [stdout] test tests::an_archive_path_beyond_the_configured_maximum_is_refused ... ok
[INFO] [stdout] test tests::classify_format_error_covers_unsafe_path ... ok
[INFO] [stdout] test tests::classify_format_error_covers_unsupported_feature_fallback ... ok
[INFO] [stdout] test tests::classify_format_error_covers_unsupported_revision_group ... ok
[INFO] [stdout] test tests::classify_format_error_covers_wrong_key_group ... ok
[INFO] [stdout] test tests::classify_format_error_pins_dictionary_extent_message_as_corrupt_archive ... ok
[INFO] [stdout] test tests::a_sparse_file_shortened_mid_archive_is_padded_and_reported ... ok
[INFO] [stdout] test tests::classify_io_error_covers_kinds_and_actions ... ok
[INFO] [stdout] test tests::create_groups_selected_hardlinks_under_deterministic_canonical_target ... ok
[INFO] [stdout] test tests::cli_stdin_validation_and_errors ... ok
[INFO] [stdout] test tests::create_layout_chunk_override_grows_implicit_envelope ... ok
[INFO] [stdout] test tests::create_layout_defaults_scale_by_input_size ... ok
[INFO] [stdout] test tests::archive_entry_kind_label_covers_all_kinds ... ok
[INFO] [stdout] test tests::classify_format_error_wildcard_is_corrupt_archive ... ok
[INFO] [stdout] test tests::cli_json_and_error_reporting_suite ... ok
[INFO] [stdout] test tests::directory_input_open_tolerates_scan_time_child_changes ... ok
[INFO] [stdout] test tests::embedded_official_root_fingerprint_matches_certificate ... ok
[INFO] [stdout] test tests::cli_keygen_command_suite ... ok
[INFO] [stdout] test tests::format_duration_three_decimal_seconds ... ok
[INFO] [stdout] test tests::embedded_staging_root_parses_cleanly ... ok
[INFO] [stdout] test tests::a_long_non_ascii_filename_round_trips_from_disk ... ok
[INFO] [stdout] test tests::metadata_verification_json_reports_diagnostics_and_policies ... ok
[INFO] [stdout] test tests::missing_volume_errors_keep_stable_diagnostic ... ok
[INFO] [stdout] test tests::cli_signing_keygen_command_suite ... ok
[INFO] [stdout] test tests::metadata_diagnostic_line_includes_optional_suffixes ... ok
[INFO] [stdout] test tests::metadata_diagnostic_lines_use_stable_cli_warning_prefix ... ok
[INFO] [stdout] test tests::metadata_verification_stdout_lines_cover_partial_and_policy_counts ... ok
[INFO] [stdout] test tests::reporting_unsupported_revision_json_has_observed_supported_action_only ... ok
[INFO] [stdout] hello worldtest tests::archive_paths_differing_only_by_case_are_distinct_members ... ok
[INFO] [stdout] test tests::a_directory_archived_without_native_metadata_still_writes_and_restores ... ok
[INFO] [stdout] test tests::filesystem_scan_captures_linux_native_profile_and_user_xattr ... ok
[INFO] [stdout] test tests::one_observation_of_an_input_describes_a_single_object ... ok
[INFO] [stdout] test tests::cli_multivolume_and_signing_suite ... ok
[INFO] [stdout] test tests::read_kdf_params_rejects_stripe_width_mismatch_before_returning_kdf ... ok
[INFO] [stdout] test tests::reporting_public_no_key_status_is_metadata_only ... ok
[INFO] [stdout] test tests::selected_metadata_diagnostic_lines_filter_to_requested_paths ... ok
[INFO] [stdout] test tests::cli_create_list_verify_extract_full_workflow ... ok
[INFO] [stdout] test tests::cli_encrypted_keyfile_workflow ... ok
[INFO] [stdout] test tests::dangling_symlink_round_trips_without_resolving_its_target ... ok
[INFO] [stdout] test tests::symlink_to_a_directory_is_stored_as_a_link_not_walked_into ... ok
[INFO] [stdout] test tests::test_sparse_extent_input_reader_and_macos_system_xattr ... ok
[INFO] [stdout] test tests::test_extract_helper_functions ... ok
[INFO] [stdout] test tests::test_verify_option_rejections_and_warnings ... ok
[INFO] [stdout] test tests::test_run_list_modes_and_jobs ... ok
[INFO] [stdout] test tests::filesystem_scan_discovers_linux_sparse_extents ... ok
[INFO] [stdout] test tests::the_capture_race_predicate_matches_every_wording_the_capture_paths_emit ... ok
[INFO] [stdout] test tests::unsupported_revision_error_json_covers_all_branches ... ok
[INFO] [stdout] test tests::unsupported_revision_errors_suggest_reader_upgrade ... ok
[INFO] [stdout] test tests::tar_stdin_signer_failure_removes_temporary_archive_output ... ok
[INFO] [stdout] first file contenttest tests::test_create_dry_run_and_timings_and_bootstrap ... ok
[INFO] [stdout] test tests::cli_bootstrap_sidecar_and_options_suite ... ok
[INFO] [stdout] test tests::raw_spool_multi_volume_signer_failure_removes_temporary_archive_outputs_and_spool ... ok
[INFO] [stdout] test tests::filesystem_scan_and_restore_preserve_linux_fifo ... ok
[INFO] [stdout] test tests::test_run_extract_modes_and_helpers ... ok
[INFO] [stdout] test tests::names_and_paths_at_the_filesystem_limits_round_trip ... ok
[INFO] [stdout] 
[INFO] [stdout] failures:
[INFO] [stdout] 
[INFO] [stdout] ---- tests::bare_relative_path_discovers_volume_siblings_in_current_directory stdout ----
[INFO] [stdout] 
[INFO] [stdout] thread 'tests::bare_relative_path_discovers_volume_siblings_in_current_directory' (13510) panicked at src/tests.rs:3840:31:
[INFO] [stdout] called `Result::unwrap()` on an `Err` value: Os { code: 30, kind: ReadOnlyFilesystem, message: "Read-only file system" }
[INFO] [stdout] stack backtrace:
[INFO] [stdout]    0:     0x60f9b89faf51 - <<std[617be2ca0a6fd877]::sys::backtrace::BacktraceLock>::print::DisplayBacktrace as core[a373ad73a504971]::fmt::Display>::fmt
[INFO] [stdout]    1:     0x60f9b8a117ba - core[a373ad73a504971]::fmt::write
[INFO] [stdout]    2:     0x60f9b8a0037c - <alloc[2e1b2a31b91974c5]::vec::Vec<u8> as core[a373ad73a504971]::io::write::Write>::write_fmt
[INFO] [stdout]    3:     0x60f9b89d2856 - std[617be2ca0a6fd877]::panicking::default_hook::{closure#0}
[INFO] [stdout]    4:     0x60f9b89f1109 - std[617be2ca0a6fd877]::panicking::default_hook
[INFO] [stdout]    5:     0x60f9b8409810 - test[aada8e7e76ba119b]::test_main_inner::{closure#0}
[INFO] [stdout]    6:     0x60f9b89f1432 - std[617be2ca0a6fd877]::panicking::panic_with_hook
[INFO] [stdout]    7:     0x60f9b89d2902 - std[617be2ca0a6fd877]::panicking::panic_handler::{closure#0}
[INFO] [stdout]    8:     0x60f9b89ca889 - std[617be2ca0a6fd877]::sys::backtrace::__rust_end_short_backtrace::<std[617be2ca0a6fd877]::panicking::panic_handler::{closure#0}, !>
[INFO] [stdout]    9:     0x60f9b89d396d - __rustc[ea4f61d10b84890b]::rust_begin_unwind
[INFO] [stdout]   10:     0x60f9b8a11eec - core[a373ad73a504971]::panicking::panic_fmt
[INFO] [stdout]   11:     0x60f9b8a11cc2 - core[a373ad73a504971]::result::unwrap_failed
[INFO] [stdout]   12:     0x60f9b830ff97 - <tzap[c313671d8a133307]::tests::bare_relative_path_discovers_volume_siblings_in_current_directory::{closure#0} as core[a373ad73a504971]::ops::function::FnOnce<()>>::call_once
[INFO] [stdout]   13:     0x60f9b83fcc5b - test[aada8e7e76ba119b]::__rust_begin_short_backtrace::<core[a373ad73a504971]::result::Result<(), alloc[2e1b2a31b91974c5]::string::String>, fn() -> core[a373ad73a504971]::result::Result<(), alloc[2e1b2a31b91974c5]::string::String>>
[INFO] [stdout]   14:     0x60f9b8409e35 - test[aada8e7e76ba119b]::run_test::{closure#0}
[INFO] [stdout]   15:     0x60f9b8403724 - std[617be2ca0a6fd877]::sys::backtrace::__rust_begin_short_backtrace::<test[aada8e7e76ba119b]::run_test::{closure#1}, ()>
[INFO] [stdout]   16:     0x60f9b840cec2 - <std[617be2ca0a6fd877]::thread::lifecycle::spawn_unchecked<test[aada8e7e76ba119b]::run_test::{closure#1}, ()>::{closure#1} as core[a373ad73a504971]::ops::function::FnOnce<()>>::call_once::{shim:vtable#0}
[INFO] [stdout]   17:     0x60f9b89fa17f - <std[617be2ca0a6fd877]::sys::thread::unix::Thread>::new::thread_start
[INFO] [stdout]   18:     0x7f900bc4bdfa - <unknown>
[INFO] [stdout]   19:     0x7f900bcdf3d4 - clone
[INFO] [stdout]   20:                0x0 - <unknown>
[INFO] [stdout] 
[INFO] [stdout] ---- tests::bare_relative_path_detects_output_collision_for_multi_volume stdout ----
[INFO] [stdout] 
[INFO] [stdout] thread 'tests::bare_relative_path_detects_output_collision_for_multi_volume' (13509) panicked at src/tests.rs:3865:42:
[INFO] [stdout] called `Result::unwrap()` on an `Err` value: Os { code: 30, kind: ReadOnlyFilesystem, message: "Read-only file system" }
[INFO] [stdout] stack backtrace:
[INFO] [stdout]    0:     0x60f9b89faf51 - <<std[617be2ca0a6fd877]::sys::backtrace::BacktraceLock>::print::DisplayBacktrace as core[a373ad73a504971]::fmt::Display>::fmt
[INFO] [stdout]    1:     0x60f9b8a117ba - core[a373ad73a504971]::fmt::write
[INFO] [stdout]    2:     0x60f9b8a0037c - <alloc[2e1b2a31b91974c5]::vec::Vec<u8> as core[a373ad73a504971]::io::write::Write>::write_fmt
[INFO] [stdout]    3:     0x60f9b89d2856 - std[617be2ca0a6fd877]::panicking::default_hook::{closure#0}
[INFO] [stdout]    4:     0x60f9b89f1109 - std[617be2ca0a6fd877]::panicking::default_hook
[INFO] [stdout]    5:     0x60f9b8409810 - test[aada8e7e76ba119b]::test_main_inner::{closure#0}
[INFO] [stdout]    6:     0x60f9b89f1432 - std[617be2ca0a6fd877]::panicking::panic_with_hook
[INFO] [stdout]    7:     0x60f9b89d2902 - std[617be2ca0a6fd877]::panicking::panic_handler::{closure#0}
[INFO] [stdout]    8:     0x60f9b89ca889 - std[617be2ca0a6fd877]::sys::backtrace::__rust_end_short_backtrace::<std[617be2ca0a6fd877]::panicking::panic_handler::{closure#0}, !>
[INFO] [stdout]    9:     0x60f9b89d396d - __rustc[ea4f61d10b84890b]::rust_begin_unwind
[INFO] [stdout]   10:     0x60f9b8a11eec - core[a373ad73a504971]::panicking::panic_fmt
[INFO] [stdout]   11:     0x60f9b8a11cc2 - core[a373ad73a504971]::result::unwrap_failed
[INFO] [stdout]   12:     0x60f9b830df9e - <tzap[c313671d8a133307]::tests::bare_relative_path_detects_output_collision_for_multi_volume::{closure#0} as core[a373ad73a504971]::ops::function::FnOnce<()>>::call_once
[INFO] [stdout]   13:     0x60f9b83fcc5b - test[aada8e7e76ba119b]::__rust_begin_short_backtrace::<core[a373ad73a504971]::result::Result<(), alloc[2e1b2a31b91974c5]::string::String>, fn() -> core[a373ad73a504971]::result::Result<(), alloc[2e1b2a31b91974c5]::string::String>>
[INFO] [stdout]   14:     0x60f9b8409e35 - test[aada8e7e76ba119b]::run_test::{closure#0}
[INFO] [stdout]   15:     0x60f9b8403724 - std[617be2ca0a6fd877]::sys::backtrace::__rust_begin_short_backtrace::<test[aada8e7e76ba119b]::run_test::{closure#1}, ()>
[INFO] [stdout]   16:     0x60f9b840cec2 - <std[617be2ca0a6fd877]::thread::lifecycle::spawn_unchecked<test[aada8e7e76ba119b]::run_test::{closure#1}, ()>::{closure#1} as core[a373ad73a504971]::ops::function::FnOnce<()>>::call_once::{shim:vtable#0}
[INFO] [stdout]   17:     0x60f9b89fa17f - <std[617be2ca0a6fd877]::sys::thread::unix::Thread>::new::thread_start
[INFO] [stdout]   18:     0x7f900bc4bdfa - <unknown>
[INFO] [stdout]   19:     0x7f900bcdf3d4 - clone
[INFO] [stdout]   20:                0x0 - <unknown>
[INFO] [stdout] 
[INFO] [stdout] 
[INFO] [stdout] failures:
[INFO] [stdout]     tests::bare_relative_path_detects_output_collision_for_multi_volume
[INFO] [stdout]     tests::bare_relative_path_discovers_volume_siblings_in_current_directory
[INFO] [stdout] 
[INFO] [stdout] test result: FAILED. 67 passed; 2 failed; 0 ignored; 0 measured; 0 filtered out; finished in 0.10s
[INFO] [stdout] 
[INFO] [stderr] error: test failed, to rerun pass `--bin tzap`
[INFO] running `Command { std: "docker" "inspect" "b830692edc3f8053f831b0a3cd27ffc4eabfe108fca3c4634bc086fb80bb9cb2", kill_on_drop: false }`
[INFO] running `Command { std: "docker" "rm" "-f" "b830692edc3f8053f831b0a3cd27ffc4eabfe108fca3c4634bc086fb80bb9cb2", kill_on_drop: false }`
[INFO] [stdout] b830692edc3f8053f831b0a3cd27ffc4eabfe108fca3c4634bc086fb80bb9cb2
